CREATE database if NOT EXISTS `jeecg-boot` default character set utf8mb4 collate utf8mb4_unicode_ci;
USE `jeecg-boot`;

/*
 Navicat Premium Data Transfer

 Source Server         : mysql5.7
 Source Server Type    : MySQL
 Source Server Version : 50738 (5.7.38)
 Source Host           : 127.0.0.1:3306
 Source Schema         : jeecg-boot

 Target Server Type    : MySQL
 Target Server Version : 50738 (5.7.38)
 File Encoding         : 65001

 Date: 31/07/2025 11:33:34
*/


-- ----------------------------
-- Table structure for airag_app
-- ----------------------------
CREATE TABLE `airag_app`  (
  `id` varchar(36) CHARACTER SET utf8mb4 COLLATE utf8mb4_unicode_ci NOT NULL,
  `create_by` varchar(50) CHARACTER SET utf8mb4 COLLATE utf8mb4_unicode_ci NULL DEFAULT NULL COMMENT '创建人',
  `create_time` datetime NULL DEFAULT NULL COMMENT '创建日期',
  `update_by` varchar(50) CHARACTER SET utf8mb4 COLLATE utf8mb4_unicode_ci NULL DEFAULT NULL COMMENT '更新人',
  `update_time` datetime NULL DEFAULT NULL COMMENT '更新日期',
  `sys_org_code` varchar(64) CHARACTER SET utf8mb4 COLLATE utf8mb4_unicode_ci NULL DEFAULT NULL COMMENT '所属部门',
  `tenant_id` varchar(32) CHARACTER SET utf8mb4 COLLATE utf8mb4_unicode_ci NULL DEFAULT NULL COMMENT '租户id',
  `name` varchar(100) CHARACTER SET utf8mb4 COLLATE utf8mb4_unicode_ci NULL DEFAULT NULL COMMENT '应用名称',
  `descr` varchar(255) CHARACTER SET utf8mb4 COLLATE utf8mb4_unicode_ci NULL DEFAULT NULL COMMENT '应用描述',
  `icon` varchar(255) CHARACTER SET utf8mb4 COLLATE utf8mb4_unicode_ci NULL DEFAULT NULL COMMENT '应用图标',
  `type` varchar(50) CHARACTER SET utf8mb4 COLLATE utf8mb4_unicode_ci NULL DEFAULT NULL COMMENT '应用类型',
  `prologue` text CHARACTER SET utf8mb4 COLLATE utf8mb4_unicode_ci NULL COMMENT '开场白',
  `prompt` text CHARACTER SET utf8mb4 COLLATE utf8mb4_unicode_ci NULL COMMENT '提示词',
  `model_id` varchar(36) CHARACTER SET utf8mb4 COLLATE utf8mb4_unicode_ci NULL DEFAULT NULL COMMENT '模型id',
  `knowledge_ids` varchar(255) CHARACTER SET utf8mb4 COLLATE utf8mb4_unicode_ci NULL DEFAULT NULL COMMENT '知识库',
  `flow_id` varchar(32) CHARACTER SET utf8mb4 COLLATE utf8mb4_unicode_ci NULL DEFAULT NULL COMMENT '流程',
  `status` varchar(20) CHARACTER SET utf8mb4 COLLATE utf8mb4_unicode_ci NULL DEFAULT NULL COMMENT '状态（enable=启用、disable=禁用、release=发布）',
  `msg_num` int(11) NULL DEFAULT NULL COMMENT '历史消息数',
  `metadata` varchar(500) CHARACTER SET utf8mb4 COLLATE utf8mb4_unicode_ci NULL DEFAULT NULL COMMENT '元数据',
  `preset_question` text CHARACTER SET utf8mb4 COLLATE utf8mb4_unicode_ci NULL COMMENT '预设问题',
  `quick_command` varchar(500) CHARACTER SET utf8mb4 COLLATE utf8mb4_unicode_ci NULL DEFAULT NULL COMMENT '快捷指令',
  PRIMARY KEY (`id`) USING BTREE
) ENGINE = InnoDB CHARACTER SET = utf8mb4 COLLATE = utf8mb4_unicode_ci ROW_FORMAT = DYNAMIC;

-- ----------------------------
-- Records of airag_app
-- ----------------------------
INSERT INTO `airag_app` VALUES ('1898995126819143682', 'jeecg', '2025-03-10 15:11:35', 'admin', '2025-05-16 11:24:46', 'A04', NULL, '角色扮演聊天机器人', '角色扮演聊天机器人', 'https://jeecgdev.oss-cn-beijing.aliyuncs.com/temp/image_1741658340158.png', 'chatSimple', '（仰天大笑）哈哈哈！汝既识吾李白，想必亦是风雅之人！快取美酒，与吾共饮，对月长歌，岂不快哉？若有诗意，且来同吟；若怀壮志，愿共论天下风云！人生得意须尽欢，何不把盏言欢，共赏这人间万象？', '你将扮演一个人物角色李白，以下是关于这个角色的详细设定，请根据这些信息来构建你的回答。 \n\n**人物基本信息：**\n- 你是：李白\n- 人称：第一人称\n- 出身背景与上下文：李白出生于安西都护府碎叶城（今吉尔吉斯斯坦托克马克市附近），五岁时随父迁居绵州昌隆县（今四川江油）。他出身于富商家庭，家境优渥，自幼接受良好的教育，遍览诸子百家之书，展现出极高的文学天赋与才情，且喜好剑术，心怀远大抱负，立志在政治与文学上都有所建树，一生渴望入仕报国，却又历经坎坷波折，在仕途上起起落落，最终在诗酒与游历中度过了其传奇的一生。\n**性格特点：**\n- 豪放不羁：他不受世俗礼教束缚，行事洒脱，常以狂放之态示人，饮酒作乐，挥毫泼墨，尽显自由奔放的性情。例如 “我本楚狂人，凤歌笑孔丘”，敢于对传统观念表达自己的不羁态度。\n- 自信豁达：坚信自己的才华与能力，面对困境与挫折时总能以豁达胸怀看待。像 “天生我材必有用，千金散尽还复来”，即便遭遇仕途不顺、生活潦倒，依然对未来充满信心。\n- 重情重义：珍视友情，与众多友人诗酒唱和，在与友人分别时也会真情流露，如 “桃花潭水深千尺，不及汪伦送我情”，用深情笔触描绘出对友人的不舍与感激。\n- 浪漫洒脱：充满天马行空的想象，其诗中多有对神仙世界、奇幻自然的描绘，追求精神上的自由与超脱，如 “飞流直下三千尺，疑是银河落九天” 这般充满奇幻瑰丽想象的诗句便是他浪漫性情的写照。\n**语言风格：**\n- 富有想象力与夸张手法：常以夸张的笔触描绘事物，营造出强烈的艺术感染力与震撼力，使读者仿佛身临其境。如 “白发三千丈，缘愁似个长”，用极度夸张的白发长度来形容愁绪之深。 \n- 语言优美且自然流畅：用词精准华丽，却又毫无雕琢之感，诗句如行云流水般自然，读来朗朗上口，兼具音乐性与节奏感。像 “故人西辞黄鹤楼，烟花三月下扬州。孤帆远影碧空尽，唯见长江天际流”，文字优美，意境深远，节奏明快。 \n- 善用典故与比喻：通过巧妙运用历史典故和形象比喻，增添诗歌的文化底蕴与内涵深度，使诗句更加含蓄蕴藉又易于理解。例如 “闲来垂钓碧溪上，忽复乘舟梦日边”，借用姜太公垂钓与伊尹梦日的典故表达自己对仕途的期待。 \n**人际关系：**\n- 与杜甫：李白与杜甫堪称唐代诗坛的双子星，二人相互倾慕，结下深厚情谊。他们曾一同游历，在诗歌创作上相互切磋交流，杜甫有多首诗表达对李白的思念与敬仰，李白也对杜甫颇为欣赏，他们的友情成为文学史上的佳话。\n- 与汪伦：汪伦以美酒盛情款待李白，李白深受感动，留下 “桃花潭水深千尺，不及汪伦送我情” 的千古名句，可见他们之间真挚的友情。\n- 与贺知章：贺知章对李白的才华极为赏识，称其为 “谪仙人”，二人在长安官场与诗坛都有交往，这种知遇之情对李白的声誉与心境都产生了积极影响。\n- 与唐玄宗：李白曾受唐玄宗征召入宫，供奉翰林，本以为可大展政治抱负，然而玄宗只是将他视为文学侍从，为宫廷宴乐作诗助兴，这段君臣关系最终以李白被赐金放还而告终，使李白在仕途理想上遭受重大挫折。\n**经典台词或口头禅：**\n- 台词1：“仰天大笑出门去，我辈岂是蓬蒿人。” 表达出其对自身才华的自信以及即将踏入仕途、一展宏图的豪迈与喜悦。 \n- 台词2：“安能摧眉折腰事权贵，使我不得开心颜。” 体现出他不向权贵低头，坚守人格尊严与精神自由的高尚情操与不屈性格。\n- 台词2：“长风破浪会有时，直挂云帆济沧海。” 展现出面对困难时的乐观态度与坚定信念，相信总有一天能够乘风破浪，实现理想抱负。\n\n要求： \n- 根据上述提供的角色设定，以第一人称视角进行表达。 \n- 在回答时，尽可能地融入该角色的性格特点、语言风格以及其特有的口头禅或经典台词。\n- 如果适用的话，在适当的地方加入（）内的补充信息，如动作、神情等，以增强对话的真实感和生动性。', '1890232564262739969', '', NULL, 'enable', 10, NULL, NULL, NULL);
INSERT INTO `airag_app` VALUES ('1899017221531811841', 'jeecg', '2025-03-10 16:39:22', 'jeecg', '2025-03-11 09:59:16', 'A04', NULL, 'Jeecg产品助手', 'Jeecg产品助手-流程', 'https://jeecgdev.oss-cn-beijing.aliyuncs.com/temp/logo-qqy_1741658353407.png', 'chatFLow', '我是jeecg的产品小助手，你有产品相关的问题都可以问我。', NULL, NULL, '', '1897212806596395009', 'enable', 1, NULL, NULL, NULL);
INSERT INTO `airag_app` VALUES ('1900477102562512898', 'jeecg', '2025-03-14 17:20:25', 'admin', '2025-06-25 17:07:21', 'A04', NULL, '旅行规划师', '帮助你轻松规划自己的旅行', '', 'chatSimple', '我是一个**旅行规划师**😄 😄 😄 ，快快快🎉，告诉我**你想去哪里**❓❓❓\n\n**世界那么大，咱俩一起去看看🎆**', '# 角色：旅行规划师\n帮助用户轻松规划他们的旅行，提供个性化的旅行建议和行程安排。\n\n## 目标：\n1. 为用户设计符合其需求和偏好的旅行计划。\n2. 提供详细的行程安排，包括交通、住宿、景点等信息。\n\n## 技能：\n1. 精通旅游目的地的知识，能够提供最新的旅行资讯。\n2. 具备优秀的沟通能力，能够有效理解用户需求。\n3. 熟悉预算管理，能够提供性价比高的旅行选项。\n\n## 工作流：\n1. 收集用户的旅行需求和偏好，包括目的地、预算、出发时间等。\n2. 分析用户需求，制定个性化的旅行计划，包括行程安排和预算分配。\n3. 向用户提供完整的旅行计划，并根据反馈进行调整。 \n\n## 输出格式：\n以清晰的行程表形式输出，包括日期、活动安排、交通方式等信息。\n\n## 限制：\n- 不提供涉及违法或不合规活动的建议。\n- 尊重用户隐私，不询问不必要的个人信息。\n- 确保所有信息来源可靠，标注必要的参考资料。', '1890232564262739969', '', NULL, 'enable', 5, NULL, '[{\"key\":1,\"sort\":1,\"descr\":\"双人日本7日游\",\"update\":false},{\"key\":2,\"sort\":2,\"descr\":\"单人大理3日游\",\"update\":false},{\"key\":3,\"sort\":3,\"descr\":\"家庭张家界自驾游\",\"update\":true}]', '[{\"name\":\"去宁夏\",\"icon\":\"ant-design:chrome-outlined\",\"descr\":\"情侣两人去宁夏3天游玩攻略\"}]');

-- ----------------------------
-- Table structure for airag_flow
-- ----------------------------
CREATE TABLE `airag_flow`  (
  `id` varchar(36) CHARACTER SET utf8mb4 COLLATE utf8mb4_unicode_ci NOT NULL,
  `create_by` varchar(50) CHARACTER SET utf8mb4 COLLATE utf8mb4_unicode_ci NULL DEFAULT NULL COMMENT '创建人',
  `create_time` datetime NULL DEFAULT NULL COMMENT '创建日期',
  `update_by` varchar(50) CHARACTER SET utf8mb4 COLLATE utf8mb4_unicode_ci NULL DEFAULT NULL COMMENT '更新人',
  `update_time` datetime NULL DEFAULT NULL COMMENT '更新日期',
  `sys_org_code` varchar(64) CHARACTER SET utf8mb4 COLLATE utf8mb4_unicode_ci NULL DEFAULT NULL COMMENT '所属部门',
  `tenant_id` varchar(32) CHARACTER SET utf8mb4 COLLATE utf8mb4_unicode_ci NULL DEFAULT NULL COMMENT '租户id',
  `application_name` varchar(50) CHARACTER SET utf8mb4 COLLATE utf8mb4_unicode_ci NULL DEFAULT NULL COMMENT '应用名称',
  `name` varchar(50) CHARACTER SET utf8mb4 COLLATE utf8mb4_unicode_ci NULL DEFAULT NULL COMMENT '名称',
  `descr` varchar(200) CHARACTER SET utf8mb4 COLLATE utf8mb4_unicode_ci NULL DEFAULT NULL COMMENT '描述',
  `icon` varchar(255) CHARACTER SET utf8mb4 COLLATE utf8mb4_unicode_ci NULL DEFAULT NULL COMMENT '应用图标',
  `chain` text CHARACTER SET utf8mb4 COLLATE utf8mb4_unicode_ci NULL COMMENT '编排规则',
  `design` text CHARACTER SET utf8mb4 COLLATE utf8mb4_unicode_ci NULL COMMENT '编排设计',
  `status` varchar(20) CHARACTER SET utf8mb4 COLLATE utf8mb4_unicode_ci NULL DEFAULT NULL COMMENT '状态（enable=启用、disable=禁用、release=发布）',
  `metadata` text CHARACTER SET utf8mb4 COLLATE utf8mb4_unicode_ci NULL COMMENT '元数据',
  PRIMARY KEY (`id`) USING BTREE
) ENGINE = InnoDB CHARACTER SET = utf8mb4 COLLATE = utf8mb4_unicode_ci ROW_FORMAT = DYNAMIC;

-- ----------------------------
-- Records of airag_flow
-- ----------------------------
INSERT INTO `airag_flow` VALUES ('1892185624983658497', 'admin', '2025-02-19 20:13:03', 'jeecg', '2025-04-24 12:25:08', 'A04', NULL, 'jeecg', '示例_条件分支', NULL, NULL, 'THEN(\n    start.tag(\'start-node\'),\n    SWITCH(switch.tag(\'a448577f-9824-415b-97f6-72543fcb619d\')).to(\n        end.tag(\'91a7df56-107c-4f83-b1e4-b1b7e392c4e3\'),\n        end.tag(\'162160595291774976\')\n    ).tag(\'a448577f-9824-415b-97f6-72543fcb619d\')\n).tag(\"start-node\")', '{\"nodes\":[{\"id\":\"start-node\",\"type\":\"start\",\"x\":300,\"y\":515,\"properties\":{\"text\":\"开始\",\"remarks\":\"\",\"options\":{},\"inputParams\":[{\"field\":\"history\",\"name\":\"历史记录\",\"type\":\"string[]\",\"required\":false},{\"field\":\"content\",\"name\":\"用户问题\",\"type\":\"string\",\"required\":true}],\"outputParams\":[],\"height\":92,\"width\":332}},{\"id\":\"a448577f-9824-415b-97f6-72543fcb619d\",\"type\":\"switch\",\"x\":731,\"y\":486,\"properties\":{\"text\":\"条件分支\",\"options\":{\"if\":[{\"logic\":\"AND\",\"conditions\":[{\"nodeId\":\"start-node\",\"field\":\"question\",\"operator\":\"CONTAINS\",\"value\":\"jeecg\"}],\"next\":\"162160595291774976\"}],\"else\":{\"next\":\"91a7df56-107c-4f83-b1e4-b1b7e392c4e3\"}},\"inputParams\":[],\"outputParams\":[{\"field\":\"index\",\"name\":\"分支索引\",\"type\":\"number\"}],\"width\":332,\"height\":118}},{\"id\":\"91a7df56-107c-4f83-b1e4-b1b7e392c4e3\",\"type\":\"end\",\"x\":1085,\"y\":662,\"properties\":{\"text\":\"结束\",\"options\":{\"outputText\":true,\"outputContent\":\"{{res}}不包含jeecg\"},\"inputParams\":[],\"outputParams\":[{\"field\":\"question\",\"name\":\"res\",\"nodeId\":\"start-node\"}],\"height\":136,\"width\":332}},{\"id\":\"162160595291774976\",\"type\":\"end\",\"x\":1084,\"y\":361,\"properties\":{\"text\":\"结束\",\"options\":{\"outputText\":true,\"outputContent\":\"{{res}}包含jeecg\"},\"inputParams\":[],\"outputParams\":[{\"field\":\"question\",\"name\":\"res\",\"nodeId\":\"start-node\"}],\"height\":136,\"width\":332}}],\"edges\":[{\"id\":\"d5124609-d92e-4966-aff8-e220d0d1dbcd\",\"type\":\"base-edge\",\"sourceNodeId\":\"start-node\",\"targetNodeId\":\"a448577f-9824-415b-97f6-72543fcb619d\",\"sourceAnchorId\":\"start-node_output\",\"targetAnchorId\":\"a448577f-9824-415b-97f6-72543fcb619d_input\",\"pointsList\":[{\"x\":466,\"y\":500},{\"x\":566,\"y\":500},{\"x\":465,\"y\":458},{\"x\":565,\"y\":458}]},{\"id\":\"ea3d924a-e4fd-4bb4-bc8a-d1f07119a7eb\",\"type\":\"base-edge\",\"sourceNodeId\":\"a448577f-9824-415b-97f6-72543fcb619d\",\"targetNodeId\":\"91a7df56-107c-4f83-b1e4-b1b7e392c4e3\",\"sourceAnchorId\":\"a448577f-9824-415b-97f6-72543fcb619d_source_else\",\"targetAnchorId\":\"91a7df56-107c-4f83-b1e4-b1b7e392c4e3_input\",\"pointsList\":[{\"x\":897,\"y\":518},{\"x\":997,\"y\":518},{\"x\":819,\"y\":625},{\"x\":919,\"y\":625}]},{\"id\":\"162161801783320576\",\"type\":\"base-edge\",\"sourceNodeId\":\"a448577f-9824-415b-97f6-72543fcb619d\",\"targetNodeId\":\"162160595291774976\",\"sourceAnchorId\":\"a448577f-9824-415b-97f6-72543fcb619d_source_if\",\"targetAnchorId\":\"162160595291774976_input\",\"pointsList\":[{\"x\":897,\"y\":492},{\"x\":997,\"y\":492},{\"x\":818,\"y\":324},{\"x\":918,\"y\":324}]}]}', 'enable', '{\"outputs\":[{\"field\":\"outputText\",\"type\":\"string\"}],\"inputs\":[{\"field\":\"question\",\"name\":\"用户问题\",\"required\":true,\"type\":\"string\"},{\"field\":\"history\",\"name\":\"历史记录\",\"required\":true,\"type\":\"string[]\"},{\"field\":\"content\",\"name\":\"用户问题\",\"required\":true,\"type\":\"string\"}]}');
INSERT INTO `airag_flow` VALUES ('1892774140436287490', 'jeecg', '2025-02-21 11:11:36', 'jeecg', '2025-04-24 12:27:02', 'A04', NULL, 'jeecg', '示例_LLM', '', NULL, 'THEN(\n    start.tag(\'start-node\'),\n    llm.tag(\'e9f3470a-f129-4baf-880a-294d7b3bff93\'),\n    end.tag(\'9eb6f5c7-94a6-421f-aa39-7cfd7cec44f1\')\n).tag(\"start-node\")', '{\"nodes\":[{\"id\":\"start-node\",\"type\":\"start\",\"x\":273,\"y\":419,\"properties\":{\"text\":\"开始\",\"remarks\":\"\",\"options\":{},\"inputParams\":[{\"field\":\"history\",\"name\":\"历史记录\",\"type\":\"string[]\",\"required\":false},{\"field\":\"content\",\"name\":\"用户问题\",\"type\":\"string\",\"required\":true}],\"outputParams\":[],\"height\":92,\"width\":332}},{\"id\":\"e9f3470a-f129-4baf-880a-294d7b3bff93\",\"type\":\"llm\",\"x\":708,\"y\":435,\"properties\":{\"text\":\"llm\",\"options\":{\"model\":{\"modeId\":\"1890232564262739969\",\"params\":{\"model\":\"OpenAI\",\"temperature\":0.7}},\"history\":3,\"messages\":[{\"role\":\"system\",\"content\":\"你将扮演一个人物角色李白，以下是关于这个角色的详细设定，请根据这些信息来构建你的回答。 \\n\\n**人物基本信息：**\\n- 你是：李白\\n- 人称：第一人称\\n- 出身背景与上下文：李白出生于安西都护府碎叶城（今吉尔吉斯斯坦托克马克市附近），五岁时随父迁居绵州昌隆县（今四川江油）。他出身于富商家庭，家境优渥，自幼接受良好的教育，遍览诸子百家之书，展现出极高的文学天赋与才情，且喜好剑术，心怀远大抱负，立志在政治与文学上都有所建树，一生渴望入仕报国，却又历经坎坷波折，在仕途上起起落落，最终在诗酒与游历中度过了其传奇的一生。\\n**性格特点：**\\n- 豪放不羁：他不受世俗礼教束缚，行事洒脱，常以狂放之态示人，饮酒作乐，挥毫泼墨，尽显自由奔放的性情。例如 “我本楚狂人，凤歌笑孔丘”，敢于对传统观念表达自己的不羁态度。\\n- 自信豁达：坚信自己的才华与能力，面对困境与挫折时总能以豁达胸怀看待。像 “天生我材必有用，千金散尽还复来”，即便遭遇仕途不顺、生活潦倒，依然对未来充满信心。\\n- 重情重义：珍视友情，与众多友人诗酒唱和，在与友人分别时也会真情流露，如 “桃花潭水深千尺，不及汪伦送我情”，用深情笔触描绘出对友人的不舍与感激。\\n- 浪漫洒脱：充满天马行空的想象，其诗中多有对神仙世界、奇幻自然的描绘，追求精神上的自由与超脱，如 “飞流直下三千尺，疑是银河落九天” 这般充满奇幻瑰丽想象的诗句便是他浪漫性情的写照。\\n**语言风格：**\\n- 富有想象力与夸张手法：常以夸张的笔触描绘事物，营造出强烈的艺术感染力与震撼力，使读者仿佛身临其境。如 “白发三千丈，缘愁似个长”，用极度夸张的白发长度来形容愁绪之深。 \\n- 语言优美且自然流畅：用词精准华丽，却又毫无雕琢之感，诗句如行云流水般自然，读来朗朗上口，兼具音乐性与节奏感。像 “故人西辞黄鹤楼，烟花三月下扬州。孤帆远影碧空尽，唯见长江天际流”，文字优美，意境深远，节奏明快。 \\n- 善用典故与比喻：通过巧妙运用历史典故和形象比喻，增添诗歌的文化底蕴与内涵深度，使诗句更加含蓄蕴藉又易于理解。例如 “闲来垂钓碧溪上，忽复乘舟梦日边”，借用姜太公垂钓与伊尹梦日的典故表达自己对仕途的期待。 \\n**人际关系：**\\n- 与杜甫：李白与杜甫堪称唐代诗坛的双子星，二人相互倾慕，结下深厚情谊。他们曾一同游历，在诗歌创作上相互切磋交流，杜甫有多首诗表达对李白的思念与敬仰，李白也对杜甫颇为欣赏，他们的友情成为文学史上的佳话。\\n- 与汪伦：汪伦以美酒盛情款待李白，李白深受感动，留下 “桃花潭水深千尺，不及汪伦送我情” 的千古名句，可见他们之间真挚的友情。\\n- 与贺知章：贺知章对李白的才华极为赏识，称其为 “谪仙人”，二人在长安官场与诗坛都有交往，这种知遇之情对李白的声誉与心境都产生了积极影响。\\n- 与唐玄宗：李白曾受唐玄宗征召入宫，供奉翰林，本以为可大展政治抱负，然而玄宗只是将他视为文学侍从，为宫廷宴乐作诗助兴，这段君臣关系最终以李白被赐金放还而告终，使李白在仕途理想上遭受重大挫折。\\n**经典台词或口头禅：**\\n- 台词1：“仰天大笑出门去，我辈岂是蓬蒿人。” 表达出其对自身才华的自信以及即将踏入仕途、一展宏图的豪迈与喜悦。 \\n- 台词2：“安能摧眉折腰事权贵，使我不得开心颜。” 体现出他不向权贵低头，坚守人格尊严与精神自由的高尚情操与不屈性格。\\n- 台词2：“长风破浪会有时，直挂云帆济沧海。” 展现出面对困难时的乐观态度与坚定信念，相信总有一天能够乘风破浪，实现理想抱负。\\n\\n要求： \\n- 根据上述提供的角色设定，以第一人称视角进行表达。 \\n- 在回答时，尽可能地融入该角色的性格特点、语言风格以及其特有的口头禅或经典台词。\\n- 如果适用的话，在适当的地方加入（）内的补充信息，如动作、神情等，以增强对话的真实感和生动性。 \"},{\"role\":\"user\",\"content\":\"{{inParam1}}\"}]},\"inputParams\":[{\"nodeId\":\"start-node\",\"name\":\"inParam1\",\"field\":\"content\"}],\"outputParams\":[{\"field\":\"text\",\"name\":\"回复内容\",\"type\":\"text\"}],\"width\":332,\"height\":180}},{\"id\":\"9eb6f5c7-94a6-421f-aa39-7cfd7cec44f1\",\"type\":\"end\",\"x\":1186,\"y\":467,\"properties\":{\"text\":\"结束\",\"options\":{\"outputText\":true,\"outputContent\":\"回复：{{回复内容}}\"},\"inputParams\":[],\"outputParams\":[{\"nodeId\":\"e9f3470a-f129-4baf-880a-294d7b3bff93\",\"field\":\"text\",\"name\":\"回复内容\",\"type\":\"text\"}],\"width\":332,\"height\":136}}],\"edges\":[{\"id\":\"ab818150-d4e5-4be2-8d80-31b7f48dc318\",\"type\":\"base-edge\",\"sourceNodeId\":\"start-node\",\"targetNodeId\":\"e9f3470a-f129-4baf-880a-294d7b3bff93\",\"sourceAnchorId\":\"start-node_output\",\"targetAnchorId\":\"e9f3470a-f129-4baf-880a-294d7b3bff93_input\",\"pointsList\":[{\"x\":439,\"y\":404},{\"x\":539,\"y\":404},{\"x\":442,\"y\":376},{\"x\":542,\"y\":376}]},{\"id\":\"158143255481139200\",\"type\":\"base-edge\",\"sourceNodeId\":\"e9f3470a-f129-4baf-880a-294d7b3bff93\",\"targetNodeId\":\"9eb6f5c7-94a6-421f-aa39-7cfd7cec44f1\",\"sourceAnchorId\":\"e9f3470a-f129-4baf-880a-294d7b3bff93_output\",\"targetAnchorId\":\"9eb6f5c7-94a6-421f-aa39-7cfd7cec44f1_input\",\"pointsList\":[{\"x\":874,\"y\":376},{\"x\":974,\"y\":376},{\"x\":920,\"y\":430},{\"x\":1020,\"y\":430}]}]}', 'enable', '{\"outputs\":[{\"field\":\"outputText\",\"type\":\"string\"}],\"inputs\":[{\"field\":\"history\",\"name\":\"历史记录\",\"required\":false,\"type\":\"string[]\"},{\"field\":\"content\",\"name\":\"用户问题\",\"required\":true,\"type\":\"string\"}]}');
INSERT INTO `airag_flow` VALUES ('1896799016980885506', 'admin', '2025-03-04 13:45:01', 'jeecg', '2025-04-24 12:26:54', 'A04', '', 'jeecg', '示例_分类器', NULL, NULL, 'THEN(\n    start.tag(\'start-node\'),\n    SWITCH(classifier.tag(\'159899349256073216\')).to(\n        end.tag(\'159899421356158976\'),\n        end.tag(\'159899641326432256\'),\n        end.tag(\'159900616165302272\'),\n        end.tag(\'160202618435485696\')\n    ).tag(\'159899349256073216\')\n).tag(\"start-node\")', '{\"nodes\":[{\"id\":\"start-node\",\"type\":\"start\",\"x\":334,\"y\":653,\"properties\":{\"text\":\"开始\",\"remarks\":\"\",\"options\":{},\"inputParams\":[{\"field\":\"content\",\"name\":\"内容\",\"type\":\"string\",\"required\":true},{\"field\":\"history\",\"name\":\"历史记录\",\"type\":\"string[]\",\"required\":false}],\"outputParams\":[],\"height\":92,\"width\":332}},{\"id\":\"159899349256073216\",\"type\":\"classifier\",\"x\":714,\"y\":719,\"properties\":{\"text\":\"分类器\",\"options\":{\"model\":{\"modeId\":\"1890232564262739969\",\"params\":{\"model\":\"gpt-4o-mini\",\"temperature\":0.7}},\"categories\":[{\"category\":\"用户问的问题是关于编程的\",\"next\":\"159899421356158976\"},{\"category\":\"用户问的问题是关于食谱的\",\"next\":\"159899641326432256\"},{\"category\":\"其他问题\",\"next\":\"159900616165302272\"}],\"else\":{\"next\":\"160202618435485696\"}},\"inputParams\":[{\"field\":\"content\",\"nodeId\":\"start-node\"}],\"outputParams\":[{\"field\":\"index\",\"name\":\"分类索引\",\"type\":\"number\"},{\"field\":\"content\",\"name\":\"回复内容\",\"type\":\"string\"}],\"height\":224,\"width\":332}},{\"id\":\"159899421356158976\",\"type\":\"end\",\"x\":1144,\"y\":566,\"properties\":{\"text\":\"结束1\",\"options\":{\"outputText\":true,\"outputContent\":\"分类：{{分类索引}}\\n-------\\n{{回复内容}}\"},\"inputParams\":[],\"outputParams\":[{\"field\":\"index\",\"name\":\"分类索引\",\"nodeId\":\"159899349256073216\"},{\"field\":\"content\",\"name\":\"回复内容\",\"nodeId\":\"159899349256073216\"}],\"height\":136,\"width\":332}},{\"id\":\"159899641326432256\",\"type\":\"end\",\"x\":1144,\"y\":715,\"properties\":{\"text\":\"结束2\",\"options\":{\"outputText\":true,\"outputContent\":\"分类：{{分类索引}}\\n-------\\n{{回复内容}}\"},\"inputParams\":[],\"outputParams\":[{\"field\":\"index\",\"name\":\"分类索引\",\"nodeId\":\"159899349256073216\"},{\"field\":\"content\",\"name\":\"回复内容\",\"nodeId\":\"159899349256073216\"}],\"height\":136,\"width\":332}},{\"id\":\"159900616165302272\",\"type\":\"end\",\"x\":1144,\"y\":864,\"properties\":{\"text\":\"结束3\",\"options\":{\"outputText\":true,\"outputContent\":\"分类：{{分类索引}}\\n-------\\n{{回复内容}}\"},\"inputParams\":[],\"outputParams\":[{\"field\":\"index\",\"name\":\"分类索引\",\"nodeId\":\"159899349256073216\"},{\"field\":\"content\",\"name\":\"回复内容\",\"nodeId\":\"159899349256073216\"}],\"height\":136,\"width\":332}},{\"id\":\"160202618435485696\",\"type\":\"end\",\"x\":1146,\"y\":1001,\"properties\":{\"text\":\"结束\",\"options\":{\"outputText\":false,\"outputContent\":\"\"},\"inputParams\":[],\"outputParams\":[{\"field\":\"content\",\"name\":\"res\",\"nodeId\":\"159899349256073216\"}],\"height\":114,\"width\":332}}],\"edges\":[{\"id\":\"159899349260267520\",\"type\":\"base-edge\",\"sourceNodeId\":\"start-node\",\"targetNodeId\":\"159899349256073216\",\"sourceAnchorId\":\"start-node_output\",\"targetAnchorId\":\"159899349256073216_input\",\"pointsList\":[{\"x\":500,\"y\":638},{\"x\":600,\"y\":638},{\"x\":448,\"y\":638},{\"x\":548,\"y\":638}]},{\"id\":\"159899421356158977\",\"type\":\"base-edge\",\"sourceNodeId\":\"159899349256073216\",\"targetNodeId\":\"159899421356158976\",\"sourceAnchorId\":\"159899349256073216_case_1\",\"targetAnchorId\":\"159899421356158976_input\",\"pointsList\":[{\"x\":880,\"y\":672},{\"x\":980,\"y\":672},{\"x\":878,\"y\":529},{\"x\":978,\"y\":529}]},{\"id\":\"159899706925346816\",\"type\":\"base-edge\",\"sourceNodeId\":\"159899349256073216\",\"targetNodeId\":\"159899641326432256\",\"sourceAnchorId\":\"159899349256073216_case_2\",\"targetAnchorId\":\"159899641326432256_input\",\"pointsList\":[{\"x\":880,\"y\":716},{\"x\":980,\"y\":716},{\"x\":878,\"y\":678},{\"x\":978,\"y\":678}]},{\"id\":\"159900640542597120\",\"type\":\"base-edge\",\"sourceNodeId\":\"159899349256073216\",\"targetNodeId\":\"159900616165302272\",\"sourceAnchorId\":\"159899349256073216_case_3\",\"targetAnchorId\":\"159900616165302272_input\",\"pointsList\":[{\"x\":880,\"y\":760},{\"x\":980,\"y\":760},{\"x\":878,\"y\":827},{\"x\":978,\"y\":827}]},{\"id\":\"177966745116012544\",\"type\":\"base-edge\",\"sourceNodeId\":\"159899349256073216\",\"targetNodeId\":\"160202618435485696\",\"sourceAnchorId\":\"159899349256073216_case_else\",\"targetAnchorId\":\"160202618435485696_input\",\"pointsList\":[{\"x\":880,\"y\":804},{\"x\":980,\"y\":804},{\"x\":880,\"y\":975},{\"x\":980,\"y\":975}]}]}', 'enable', '{\"outputs\":[{\"field\":\"outputText\",\"type\":\"string\"},{\"field\":\"content\",\"name\":\"res\",\"nodeId\":\"159899349256073216\"}],\"inputs\":[{\"field\":\"content\",\"name\":\"内容\",\"required\":true,\"type\":\"string\"},{\"field\":\"history\",\"name\":\"历史记录\",\"required\":false,\"type\":\"string[]\"}]}');
INSERT INTO `airag_flow` VALUES ('1897212806596395009', 'jeecg', '2025-03-05 17:09:16', 'jeecg', '2025-03-27 18:20:21', 'A04', NULL, 'jeecg', '示例_Jeecg产品助手流程', NULL, NULL, 'THEN(\n    start.tag(\'start-node\'),\n    SWITCH(switch.tag(\'160312505863614464\')).to(\n        THEN(\n            knowledge.tag(\'160311730106118144\'),\n            llm.tag(\'160311787014434816\'),\n            end.tag(\'160312258504536064\')\n        ).tag(\"160311730106118144\"),\n        THEN(\n            knowledge.tag(\'160312352087846912\'),\n            llm.tag(\'160312692635971584\'),\n            end.tag(\'160312258504536064\')\n        ).tag(\"160312352087846912\"),\n        end.tag(\'162075194587365376\')\n    ).tag(\'160312505863614464\')\n).tag(\"start-node\")', '{\"nodes\":[{\"id\":\"start-node\",\"type\":\"start\",\"x\":32.04347826086956,\"y\":-72.34782608695656,\"properties\":{\"text\":\"开始\",\"remarks\":\"\",\"options\":{},\"inputParams\":[{\"field\":\"history\",\"name\":\"历史记录\",\"type\":\"string[]\",\"required\":true},{\"field\":\"content\",\"name\":\"用户问题\",\"type\":\"string\",\"required\":true}],\"outputParams\":[],\"height\":62,\"width\":332}},{\"id\":\"160311730106118144\",\"type\":\"knowledge\",\"x\":629.4347826086955,\"y\":-372.3695652173913,\"properties\":{\"text\":\"jeecg知识库\",\"options\":{\"knowIds\":[\"1897926563148648449\",\"1902614624688205826\"],\"topNumber\":5,\"similarity\":0.7},\"inputParams\":[{\"field\":\"content\",\"nodeId\":\"start-node\"}],\"outputParams\":[{\"field\":\"documents\",\"name\":\"文档列表\",\"type\":\"object[]\"},{\"field\":\"data\",\"name\":\"文档内容\",\"type\":\"string\"}],\"height\":89,\"width\":332,\"remarks\":\"jeecg知识库\"}},{\"id\":\"160311787014434816\",\"type\":\"llm\",\"x\":1018.1304347826085,\"y\":-414.304347826087,\"properties\":{\"text\":\"JeecgLLM\",\"options\":{\"model\":{\"modeId\":\"1890232564262739969\",\"params\":{\"model\":\"OpenAI\",\"temperature\":0.7}},\"history\":3,\"messages\":[{\"role\":\"system\",\"content\":\"\"},{\"role\":\"user\",\"content\":\"{{question}}\"}]},\"inputParams\":[{\"field\":\"content\",\"name\":\"question\",\"nodeId\":\"start-node\"},{\"field\":\"data\",\"name\":\"doc\",\"nodeId\":\"160311730106118144\"}],\"outputParams\":[{\"field\":\"text\",\"name\":\"回复内容\",\"type\":\"string\"}],\"height\":114,\"width\":332}},{\"id\":\"160312258504536064\",\"type\":\"end\",\"x\":1370.695652173913,\"y\":-310.21739130434787,\"properties\":{\"text\":\"结束\",\"options\":{\"outputText\":true,\"outputContent\":\"{{jeecgResult}}{{jmResult}}\"},\"inputParams\":[],\"outputParams\":[{\"field\":\"text\",\"name\":\"jeecgResult\",\"nodeId\":\"160311787014434816\"},{\"field\":\"text\",\"name\":\"jmResult\",\"nodeId\":\"160312692635971584\"}],\"height\":62,\"width\":332}},{\"id\":\"160312352087846912\",\"type\":\"knowledge\",\"x\":635.1739130434784,\"y\":-236.36956521739137,\"properties\":{\"text\":\"积木知识库\",\"options\":{\"knowIds\":[\"1897212906878009346\"],\"topNumber\":5,\"similarity\":0.7},\"inputParams\":[{\"field\":\"content\",\"nodeId\":\"start-node\"}],\"outputParams\":[{\"field\":\"documents\",\"name\":\"文档列表\",\"type\":\"object[]\"},{\"field\":\"data\",\"name\":\"文档内容\",\"type\":\"string\"}],\"height\":89,\"width\":332,\"remarks\":\"积木报表知识库\"}},{\"id\":\"160312505863614464\",\"type\":\"switch\",\"x\":268.82608695652175,\"y\":-251.95652173913044,\"properties\":{\"text\":\"条件分支\",\"options\":{\"if\":[{\"logic\":\"OR\",\"conditions\":[{\"nodeId\":\"start-node\",\"field\":\"content\",\"operator\":\"CONTAINS\",\"value\":\"jeecg\"},{\"nodeId\":\"start-node\",\"field\":\"content\",\"operator\":\"CONTAINS\",\"value\":\"JeecgBoot\"}],\"next\":\"160311730106118144\"},{\"logic\":\"OR\",\"conditions\":[{\"nodeId\":\"start-node\",\"field\":\"content\",\"operator\":\"CONTAINS\",\"value\":\"jimu\"},{\"nodeId\":\"start-node\",\"field\":\"content\",\"operator\":\"CONTAINS\",\"value\":\"积木\"},{\"nodeId\":\"start-node\",\"field\":\"content\",\"operator\":\"CONTAINS\",\"value\":\"报表\"}],\"next\":\"160312352087846912\"}],\"else\":{\"next\":\"162075194587365376\"}},\"inputParams\":[],\"outputParams\":[{\"field\":\"index\",\"name\":\"分支索引\",\"type\":\"number\"}],\"height\":144,\"width\":332}},{\"id\":\"160312692635971584\",\"type\":\"llm\",\"x\":1013.478260869565,\"y\":-212.78260869565224,\"properties\":{\"text\":\"JmLLM\",\"options\":{\"model\":{\"modeId\":\"1890232564262739969\",\"params\":{\"model\":\"OpenAI\",\"temperature\":0.7}},\"history\":3,\"messages\":[{\"role\":\"system\",\"content\":\"\"},{\"role\":\"user\",\"content\":\"{{question}}\"}]},\"inputParams\":[{\"field\":\"content\",\"name\":\"question\",\"nodeId\":\"start-node\"},{\"field\":\"data\",\"name\":\"doc\",\"nodeId\":\"160312352087846912\"}],\"outputParams\":[{\"field\":\"text\",\"name\":\"回复内容\",\"type\":\"string\"}],\"height\":114,\"width\":332}},{\"id\":\"162075194587365376\",\"type\":\"end\",\"x\":625.8260869565215,\"y\":-50.086956521739125,\"properties\":{\"text\":\"结束\",\"options\":{\"outputText\":true,\"outputContent\":\"我不知道这个问题怎么回答呦。\"},\"inputParams\":[],\"outputParams\":[],\"height\":62,\"width\":332}}],\"edges\":[{\"id\":\"160312258508730368\",\"type\":\"base-edge\",\"sourceNodeId\":\"160311787014434816\",\"targetNodeId\":\"160312258504536064\",\"sourceAnchorId\":\"160311787014434816_output\",\"targetAnchorId\":\"160312258504536064_input\",\"pointsList\":[{\"x\":1184.1304347826085,\"y\":-440.304347826087},{\"x\":1284.1304347826085,\"y\":-440.304347826087},{\"x\":1104.695652173913,\"y\":-310.21739130434787},{\"x\":1204.695652173913,\"y\":-310.21739130434787}]},{\"id\":\"160312505863614465\",\"type\":\"base-edge\",\"sourceNodeId\":\"start-node\",\"targetNodeId\":\"160312505863614464\",\"sourceAnchorId\":\"start-node_output\",\"targetAnchorId\":\"160312505863614464_input\",\"pointsList\":[{\"x\":198.04347826086956,\"y\":-72.34782608695656},{\"x\":298.04347826086956,\"y\":-72.34782608695656},{\"x\":2.826086956521749,\"y\":-292.95652173913044},{\"x\":102.82608695652175,\"y\":-292.95652173913044}]},{\"id\":\"160312525048360960\",\"type\":\"base-edge\",\"sourceNodeId\":\"160312505863614464\",\"targetNodeId\":\"160311730106118144\",\"sourceAnchorId\":\"160312505863614464_source_if\",\"targetAnchorId\":\"160311730106118144_input\",\"pointsList\":[{\"x\":434.82608695652175,\"y\":-258.95652173913044},{\"x\":534.8260869565217,\"y\":-258.95652173913044},{\"x\":363.4347826086955,\"y\":-385.8695652173913},{\"x\":463.4347826086955,\"y\":-385.8695652173913}]},{\"id\":\"160312567750569984\",\"type\":\"base-edge\",\"sourceNodeId\":\"160312505863614464\",\"targetNodeId\":\"160312352087846912\",\"sourceAnchorId\":\"160312505863614464_case_2\",\"targetAnchorId\":\"160312352087846912_input\",\"pointsList\":[{\"x\":434.82608695652175,\"y\":-232.95652173913044},{\"x\":534.8260869565217,\"y\":-232.95652173913044},{\"x\":369.17391304347836,\"y\":-249.86956521739137},{\"x\":469.17391304347836,\"y\":-249.86956521739137}]},{\"id\":\"160312692635971585\",\"type\":\"base-edge\",\"sourceNodeId\":\"160312352087846912\",\"targetNodeId\":\"160312692635971584\",\"sourceAnchorId\":\"160312352087846912_output\",\"targetAnchorId\":\"160312692635971584_input\",\"pointsList\":[{\"x\":801.1739130434784,\"y\":-249.86956521739137},{\"x\":901.1739130434784,\"y\":-249.86956521739137},{\"x\":747.478260869565,\"y\":-238.78260869565224},{\"x\":847.478260869565,\"y\":-238.78260869565224}]},{\"id\":\"160312712797990912\",\"type\":\"base-edge\",\"sourceNodeId\":\"160312692635971584\",\"targetNodeId\":\"160312258504536064\",\"sourceAnchorId\":\"160312692635971584_output\",\"targetAnchorId\":\"160312258504536064_input\",\"pointsList\":[{\"x\":1179.478260869565,\"y\":-238.78260869565224},{\"x\":1279.478260869565,\"y\":-238.78260869565224},{\"x\":1104.695652173913,\"y\":-310.21739130434787},{\"x\":1204.695652173913,\"y\":-310.21739130434787}]},{\"id\":\"160312741575110656\",\"type\":\"base-edge\",\"sourceNodeId\":\"160311730106118144\",\"targetNodeId\":\"160311787014434816\",\"sourceAnchorId\":\"160311730106118144_output\",\"targetAnchorId\":\"160311787014434816_input\",\"pointsList\":[{\"x\":795.4347826086955,\"y\":-385.8695652173913},{\"x\":895.4347826086955,\"y\":-385.8695652173913},{\"x\":752.1304347826085,\"y\":-440.304347826087},{\"x\":852.1304347826085,\"y\":-440.304347826087}]},{\"id\":\"162116168161726464\",\"type\":\"base-edge\",\"sourceNodeId\":\"160312505863614464\",\"targetNodeId\":\"162075194587365376\",\"sourceAnchorId\":\"160312505863614464_source_else\",\"targetAnchorId\":\"162075194587365376_input\",\"pointsList\":[{\"x\":434.82608695652175,\"y\":-206.95652173913044},{\"x\":534.8260869565217,\"y\":-206.95652173913044},{\"x\":359.8260869565215,\"y\":-50.086956521739125},{\"x\":459.8260869565215,\"y\":-50.086956521739125}]}]}', 'enable', '{\"outputs\":[{\"field\":\"outputText\",\"type\":\"string\"}],\"inputs\":[{\"field\":\"history\",\"name\":\"历史记录\",\"type\":\"string[]\"},{\"field\":\"content\",\"name\":\"用户问题\",\"type\":\"string\"}]}');
INSERT INTO `airag_flow` VALUES ('1897482706871164929', 'jeecg', '2025-03-06 11:01:45', 'jeecg', '2025-04-24 12:27:58', 'A04', NULL, 'jeecg', '示例_脚本组件', NULL, NULL, 'THEN(\n    start.tag(\'start-node\'),\n    code_160582647542648832.tag(\'code_160582647542648832\'),\n    end.tag(\'160583273626406912\')\n).tag(\"start-node\")', '{\"nodes\":[{\"id\":\"start-node\",\"type\":\"start\",\"x\":300,\"y\":455,\"properties\":{\"text\":\"开始\",\"remarks\":\"\",\"options\":{},\"inputParams\":[{\"field\":\"content\",\"name\":\"内容\",\"type\":\"string\",\"required\":true},{\"field\":\"history\",\"name\":\"历史记录\",\"type\":\"string[]\",\"required\":false},{\"field\":\"question\",\"name\":\"内容2\",\"type\":\"string\",\"required\":true}],\"outputParams\":[],\"height\":92,\"width\":332}},{\"id\":\"code_160582647542648832\",\"type\":\"code\",\"x\":786,\"y\":488,\"properties\":{\"text\":\"脚本执行\",\"options\":{\"codeType\":\"javascript\",\"code\":\"function main(params) {\\n  return {\\n    result: params.arg1 + \'_拼接_\' + params.arg2,\\n  }\\n}\"},\"inputParams\":[{\"field\":\"content\",\"name\":\"arg1\",\"nodeId\":\"start-node\"},{\"field\":\"question\",\"name\":\"arg2\",\"nodeId\":\"start-node\"}],\"outputParams\":[{\"field\":\"result\",\"name\":\"返回结果\",\"type\":\"string\",\"required\":false}],\"height\":158,\"width\":332}},{\"id\":\"160583273626406912\",\"type\":\"end\",\"x\":1272,\"y\":466,\"properties\":{\"text\":\"结束\",\"options\":{\"outputText\":false,\"outputContent\":\"{{res}}\"},\"inputParams\":[],\"outputParams\":[{\"field\":\"result\",\"name\":\"res\",\"nodeId\":\"code_160582647542648832\"}],\"height\":114,\"width\":332}}],\"edges\":[{\"id\":\"160582647546843136\",\"type\":\"base-edge\",\"sourceNodeId\":\"start-node\",\"targetNodeId\":\"code_160582647542648832\",\"sourceAnchorId\":\"start-node_output\",\"targetAnchorId\":\"code_160582647542648832_input\",\"pointsList\":[{\"x\":466,\"y\":440},{\"x\":566,\"y\":440},{\"x\":520,\"y\":440},{\"x\":620,\"y\":440}]},{\"id\":\"160583273626406913\",\"type\":\"base-edge\",\"sourceNodeId\":\"code_160582647542648832\",\"targetNodeId\":\"160583273626406912\",\"sourceAnchorId\":\"code_160582647542648832_output\",\"targetAnchorId\":\"160583273626406912_input\",\"pointsList\":[{\"x\":952,\"y\":440},{\"x\":1052,\"y\":440},{\"x\":1006,\"y\":440},{\"x\":1106,\"y\":440}]}]}', 'enable', '{\"outputs\":[{\"field\":\"result\",\"name\":\"res\",\"nodeId\":\"code_160582647542648832\"}],\"inputs\":[{\"field\":\"content\",\"name\":\"内容\",\"required\":true,\"type\":\"string\"},{\"field\":\"history\",\"name\":\"历史记录\",\"required\":false,\"type\":\"string[]\"}]}');
INSERT INTO `airag_flow` VALUES ('1897496956167577601', 'jeecg', '2025-03-06 11:58:23', 'jeecg', '2025-05-20 10:16:28', 'A04', NULL, 'jeecg', '示例_java增强', NULL, NULL, 'THEN(\n    start.tag(\'start-node\'),\n    enhanceJava.tag(\'160591592557232128\'),\n    end.tag(\'160595080985034752\')\n).tag(\"start-node\")', '{\"nodes\":[{\"id\":\"start-node\",\"type\":\"start\",\"x\":300,\"y\":456,\"properties\":{\"text\":\"开始\",\"remarks\":\"\",\"options\":{},\"inputParams\":[{\"field\":\"question\",\"name\":\"问题1\",\"type\":\"string\",\"required\":true},{\"field\":\"history\",\"name\":\"历史记录\",\"type\":\"string[]\",\"required\":false},{\"field\":\"content\",\"name\":\"问题2\",\"type\":\"string\",\"required\":true}],\"outputParams\":[],\"height\":92,\"width\":332}},{\"id\":\"160591592557232128\",\"type\":\"enhanceJava\",\"x\":786,\"y\":499,\"properties\":{\"text\":\"Java增强\",\"options\":{\"enhance\":{\"type\":\"spring\",\"path\":\"testAiragEnhance\"}},\"inputParams\":[{\"field\":\"question\",\"name\":\"arg1\",\"nodeId\":\"start-node\"},{\"field\":\"question\",\"name\":\"arg2\",\"nodeId\":\"start-node\"}],\"outputParams\":[{\"field\":\"result\",\"name\":\"返回结果\",\"type\":\"string\",\"required\":false}],\"height\":158,\"width\":332}},{\"id\":\"160595080985034752\",\"type\":\"end\",\"x\":1272,\"y\":477,\"properties\":{\"text\":\"结束\",\"options\":{\"outputText\":true,\"outputContent\":\"{{res}}\"},\"inputParams\":[],\"outputParams\":[{\"field\":\"result\",\"name\":\"res\",\"nodeId\":\"160591592557232128\"}],\"height\":136,\"width\":332}}],\"edges\":[{\"id\":\"160591592565620736\",\"type\":\"base-edge\",\"sourceNodeId\":\"start-node\",\"targetNodeId\":\"160591592557232128\",\"sourceAnchorId\":\"start-node_output\",\"targetAnchorId\":\"160591592557232128_input\",\"pointsList\":[{\"x\":466,\"y\":441},{\"x\":566,\"y\":441},{\"x\":520,\"y\":440},{\"x\":620,\"y\":440}]},{\"id\":\"160595080989229056\",\"type\":\"base-edge\",\"sourceNodeId\":\"160591592557232128\",\"targetNodeId\":\"160595080985034752\",\"sourceAnchorId\":\"160591592557232128_output\",\"targetAnchorId\":\"160595080985034752_input\",\"pointsList\":[{\"x\":952,\"y\":440},{\"x\":1052,\"y\":440},{\"x\":1006,\"y\":440},{\"x\":1106,\"y\":440}]}]}', 'enable', '{\"outputs\":[{\"field\":\"outputText\",\"type\":\"string\"}],\"inputs\":[{\"field\":\"question\",\"name\":\"问题1\",\"required\":true,\"type\":\"string\"},{\"field\":\"history\",\"name\":\"历史记录\",\"required\":true,\"type\":\"string[]\"},{\"field\":\"content\",\"name\":\"问题2\",\"required\":true,\"type\":\"string\"}]}');
INSERT INTO `airag_flow` VALUES ('1897528240805830658', 'jeecg', '2025-03-06 14:02:42', 'admin', '2025-03-21 17:26:44', 'A04', NULL, 'jeecg', '示例_子流程', NULL, 'https://jeecgdev.oss-cn-beijing.aliyuncs.com/temp/任务流程设计选择_1742437659702.png', 'THEN(\n    start.tag(\'start-node\'),\n    subflow.tag(\'160621029847842816\'),\n    end.tag(\'160628486900924416\')\n).tag(\"start-node\")', '{\"nodes\":[{\"id\":\"start-node\",\"type\":\"start\",\"x\":300,\"y\":334,\"properties\":{\"text\":\"开始\",\"remarks\":\"\",\"options\":{},\"inputParams\":[{\"field\":\"content\",\"name\":\"内容\",\"type\":\"string\",\"required\":true},{\"field\":\"history\",\"name\":\"历史记录\",\"type\":\"string[]\",\"required\":true}],\"outputParams\":[],\"height\":62,\"width\":332}},{\"id\":\"160621029847842816\",\"type\":\"subflow\",\"x\":784,\"y\":334,\"properties\":{\"text\":\"子流程\",\"options\":{\"subflowId\":\"1897955542184693762\"},\"inputParams\":[{\"name\":\"question\",\"nameText\":\"用户问题\",\"field\":\"\",\"nodeId\":\"\"},{\"name\":\"content\",\"nameText\":\"用户问题\",\"field\":\"content\",\"nodeId\":\"start-node\"}],\"outputParams\":[{\"field\":\"outputText\",\"name\":\"outputText\",\"type\":\"string\"}],\"height\":62,\"width\":332}},{\"id\":\"160628486900924416\",\"type\":\"end\",\"x\":1272,\"y\":334,\"properties\":{\"text\":\"结束\",\"options\":{\"outputText\":false,\"outputContent\":\"\"},\"inputParams\":[],\"outputParams\":[{\"field\":\"outputText\",\"name\":\"result\",\"nodeId\":\"160621029847842816\"}],\"height\":62,\"width\":332}}],\"edges\":[{\"id\":\"160621029852037120\",\"type\":\"base-edge\",\"sourceNodeId\":\"start-node\",\"targetNodeId\":\"160621029847842816\",\"sourceAnchorId\":\"start-node_output\",\"targetAnchorId\":\"160621029847842816_input\",\"pointsList\":[{\"x\":466,\"y\":334},{\"x\":566,\"y\":334},{\"x\":518,\"y\":334},{\"x\":618,\"y\":334}]},{\"id\":\"160628486905118720\",\"type\":\"base-edge\",\"sourceNodeId\":\"160621029847842816\",\"targetNodeId\":\"160628486900924416\",\"sourceAnchorId\":\"160621029847842816_output\",\"targetAnchorId\":\"160628486900924416_input\",\"pointsList\":[{\"x\":950,\"y\":334},{\"x\":1050,\"y\":334},{\"x\":1006,\"y\":334},{\"x\":1106,\"y\":334}]}]}', 'enable', '{\"outputs\":[{\"field\":\"outputText\",\"name\":\"result\",\"nodeId\":\"160621029847842816\"}],\"inputs\":[{\"field\":\"content\",\"name\":\"内容\",\"type\":\"string\"},{\"field\":\"history\",\"name\":\"历史记录\",\"type\":\"string[]\"}]}');
INSERT INTO `airag_flow` VALUES ('1897552224058400770', 'jeecg', '2025-03-06 15:38:00', 'admin', '2025-06-25 23:35:33', 'A04', NULL, 'jeecg', '示例_全部脚本', '示例：脚本节点', 'https://jeecgdev.oss-cn-beijing.aliyuncs.com/temp/1流程设计_1742437645575.png', 'THEN(\n    start.tag(\'start-node\'),\n    llm.tag(\'160650416019521536\'),\n    WHEN(\n        code_160652991133433856.tag(\'code_160652991133433856\'),\n        code_166081977564753920.tag(\'code_166081977564753920\'),\n        code_166090618376253440.tag(\'code_166090618376253440\'),\n        code_167835393352683520.tag(\'code_167835393352683520\')\n    ).tag(\"code_160652991133433856\"),\n    end.tag(\'160656278891560960\')\n).tag(\"start-node\")', '{\"nodes\":[{\"id\":\"start-node\",\"type\":\"start\",\"x\":300,\"y\":418,\"properties\":{\"text\":\"开始\",\"remarks\":\"\",\"options\":{},\"inputParams\":[{\"field\":\"history\",\"name\":\"历史记录\",\"type\":\"string[]\",\"required\":false},{\"field\":\"content\",\"name\":\"用户问题\",\"type\":\"string\",\"required\":true}],\"outputParams\":[],\"height\":92,\"width\":332}},{\"id\":\"160650416019521536\",\"type\":\"llm\",\"x\":693,\"y\":462,\"properties\":{\"text\":\"LLM\",\"options\":{\"model\":{\"modeId\":\"1890232564262739969\",\"params\":{\"model\":\"OpenAI\",\"temperature\":null,\"topP\":0.9,\"presencePenalty\":0.1,\"frequencyPenalty\":0.1}},\"history\":4,\"messages\":[{\"role\":\"system\",\"content\":\"# 角色\\n你是一位严厉的长辈，面对用户的问题，要以一种带着隐隐批评，暗示问题简单、用户还有很多需要学习的态度来回复。通过大模型模拟李白来对话，回答用户提出的各种问题。\\n\\n\\n## 技能\\n### 技能 1: 回答问题\\n1. 当用户提出问题时，先简要评价问题较为简单，然后给出回答。\\n2. 回答完问题后，适当提及用户还需要加强学习、增长见识等内容。\\n\\n\\n## 限制:\\n- 回复内容必须逻辑清晰、语言通顺，符合严厉长辈的角色设定。 \\n\\n\"},{\"role\":\"user\",\"content\":\"{{question}}\"}]},\"inputParams\":[{\"field\":\"content\",\"name\":\"question\",\"nodeId\":\"start-node\"}],\"outputParams\":[{\"field\":\"text\",\"name\":\"回复内容\",\"type\":\"string\"}],\"height\":180,\"width\":332}},{\"id\":\"code_160652991133433856\",\"type\":\"code\",\"x\":1131,\"y\":87,\"properties\":{\"text\":\"js\",\"options\":{\"codeType\":\"javascript\",\"code\":\"function main(params) {\\n  if(params.llmRes){\\n    let resLength  = params.llmRes.length\\n    params.llmRes = params.llmRes + \'\\\\n字数：\'+resLength\\n  }\\n  return {\\n    result: params.llmRes,\\n  }\\n}\"},\"inputParams\":[{\"field\":\"text\",\"name\":\"llmRes\",\"nodeId\":\"160650416019521536\"}],\"outputParams\":[{\"field\":\"result\",\"name\":\"返回结果\",\"type\":\"string\",\"required\":false}],\"height\":158,\"width\":332}},{\"id\":\"160656278891560960\",\"type\":\"end\",\"x\":1653,\"y\":449,\"properties\":{\"text\":\"结束\",\"options\":{\"outputText\":true,\"outputContent\":\"js:{{res}}\\ngroovy:{{res1}}\\nkotlin:{{res2}}\\npython:{{res3}}\\naviator:{{res4}}\"},\"inputParams\":[],\"outputParams\":[{\"field\":\"result\",\"name\":\"res\",\"nodeId\":\"code_160652991133433856\"},{\"field\":\"result\",\"name\":\"res1\",\"nodeId\":\"code_166081977564753920\"},{\"field\":\"result\",\"name\":\"res2\",\"nodeId\":\"code_166090618376253440\"},{\"field\":\"result\",\"name\":\"res3\",\"nodeId\":\"code_167828303175372800\"},{\"field\":\"result\",\"name\":\"res4\",\"nodeId\":\"code_167835393352683520\"}],\"height\":136,\"width\":332}},{\"id\":\"code_166081977564753920\",\"type\":\"code\",\"x\":1141,\"y\":266,\"properties\":{\"text\":\"groovy\",\"options\":{\"codeType\":\"groovy\",\"code\":\"def main(params) {\\n    if (params.llmRes) {\\n        def resLength = params.llmRes.length()\\n        params.llmRes += \\\"\\\\n字数：\\\" + resLength\\n    }\\n    return [result: params.llmRes]\\n}\"},\"inputParams\":[{\"field\":\"text\",\"name\":\"llmRes\",\"nodeId\":\"160650416019521536\"}],\"outputParams\":[{\"field\":\"result\",\"name\":\"返回结果\",\"type\":\"string\",\"required\":false}],\"height\":158,\"width\":332}},{\"id\":\"code_166090618376253440\",\"type\":\"code\",\"x\":1141,\"y\":449,\"properties\":{\"text\":\"kotlin\",\"options\":{\"codeType\":\"kotlin\",\"code\":\"fun main(params: MutableMap<String, Any?>): Map<String, Any?> {\\n    if (params[\\\"llmRes\\\"] is String) {\\n        val llmRes = params[\\\"llmRes\\\"] as String\\n        val resLength = llmRes.length\\n        params[\\\"llmRes\\\"] = \\\"$llmRes\\\\n字数1：$resLength\\\"\\n    }\\n    return mapOf(\\\"result\\\" to params[\\\"llmRes\\\"])\\n}\"},\"inputParams\":[{\"field\":\"text\",\"name\":\"llmRes\",\"nodeId\":\"160650416019521536\"}],\"outputParams\":[{\"field\":\"result\",\"name\":\"返回结果\",\"type\":\"string\",\"required\":false}],\"height\":158,\"width\":332}},{\"id\":\"code_167835393352683520\",\"type\":\"code\",\"x\":1141,\"y\":667,\"properties\":{\"text\":\"aviator\",\"options\":{\"codeType\":\"aviator\",\"code\":\"let llmRes = params.llmRes;\\nlet resLength = length(llmRes);\\nlet  res = llmRes + \\\"\\\\n字数1：\\\" + resLength;\\nlet resp = seq.map(\\\"result\\\",res);\"},\"inputParams\":[{\"field\":\"text\",\"name\":\"llmRes\",\"nodeId\":\"160650416019521536\"}],\"outputParams\":[{\"field\":\"result\",\"name\":\"返回结果\",\"type\":\"string\"}],\"height\":158,\"width\":332}}],\"edges\":[{\"id\":\"160650416019521537\",\"type\":\"base-edge\",\"sourceNodeId\":\"start-node\",\"targetNodeId\":\"160650416019521536\",\"sourceAnchorId\":\"start-node_output\",\"targetAnchorId\":\"160650416019521536_input\",\"pointsList\":[{\"x\":466,\"y\":403},{\"x\":566,\"y\":403},{\"x\":427,\"y\":403},{\"x\":527,\"y\":403}]},{\"id\":\"160652991137628160\",\"type\":\"base-edge\",\"sourceNodeId\":\"160650416019521536\",\"targetNodeId\":\"code_160652991133433856\",\"sourceAnchorId\":\"160650416019521536_output\",\"targetAnchorId\":\"code_160652991133433856_input\",\"pointsList\":[{\"x\":859,\"y\":403},{\"x\":959,\"y\":403},{\"x\":865,\"y\":39},{\"x\":965,\"y\":39}]},{\"id\":\"160656278899949568\",\"type\":\"base-edge\",\"sourceNodeId\":\"code_160652991133433856\",\"targetNodeId\":\"160656278891560960\",\"sourceAnchorId\":\"code_160652991133433856_output\",\"targetAnchorId\":\"160656278891560960_input\",\"pointsList\":[{\"x\":1297,\"y\":39},{\"x\":1397,\"y\":39},{\"x\":1387,\"y\":412},{\"x\":1487,\"y\":412}]},{\"id\":\"166082001409372160\",\"type\":\"base-edge\",\"sourceNodeId\":\"160650416019521536\",\"targetNodeId\":\"code_166081977564753920\",\"sourceAnchorId\":\"160650416019521536_output\",\"targetAnchorId\":\"code_166081977564753920_input\",\"pointsList\":[{\"x\":859,\"y\":403},{\"x\":959,\"y\":403},{\"x\":875,\"y\":218},{\"x\":975,\"y\":218}]},{\"id\":\"166082017557442560\",\"type\":\"base-edge\",\"sourceNodeId\":\"code_166081977564753920\",\"targetNodeId\":\"160656278891560960\",\"sourceAnchorId\":\"code_166081977564753920_output\",\"targetAnchorId\":\"160656278891560960_input\",\"pointsList\":[{\"x\":1307,\"y\":218},{\"x\":1407,\"y\":218},{\"x\":1387,\"y\":412},{\"x\":1487,\"y\":412}]},{\"id\":\"166090719580614656\",\"type\":\"base-edge\",\"sourceNodeId\":\"160650416019521536\",\"targetNodeId\":\"code_166090618376253440\",\"sourceAnchorId\":\"160650416019521536_output\",\"targetAnchorId\":\"code_166090618376253440_input\",\"pointsList\":[{\"x\":859,\"y\":403},{\"x\":959,\"y\":403},{\"x\":875,\"y\":401},{\"x\":975,\"y\":401}]},{\"id\":\"166090725280673792\",\"type\":\"base-edge\",\"sourceNodeId\":\"code_166090618376253440\",\"targetNodeId\":\"160656278891560960\",\"sourceAnchorId\":\"code_166090618376253440_output\",\"targetAnchorId\":\"160656278891560960_input\",\"pointsList\":[{\"x\":1307,\"y\":401},{\"x\":1407,\"y\":401},{\"x\":1387,\"y\":412},{\"x\":1487,\"y\":412}]},{\"id\":\"167835393356877824\",\"type\":\"base-edge\",\"sourceNodeId\":\"160650416019521536\",\"targetNodeId\":\"code_167835393352683520\",\"sourceAnchorId\":\"160650416019521536_output\",\"targetAnchorId\":\"code_167835393352683520_input\",\"pointsList\":[{\"x\":859,\"y\":403},{\"x\":959,\"y\":403},{\"x\":875,\"y\":619},{\"x\":975,\"y\":619}]},{\"id\":\"167836988980817920\",\"type\":\"base-edge\",\"sourceNodeId\":\"code_167835393352683520\",\"targetNodeId\":\"160656278891560960\",\"sourceAnchorId\":\"code_167835393352683520_output\",\"targetAnchorId\":\"160656278891560960_input\",\"pointsList\":[{\"x\":1307,\"y\":619},{\"x\":1407,\"y\":619},{\"x\":1387,\"y\":412},{\"x\":1487,\"y\":412}]}]}', 'enable', '{\"outputs\":[{\"field\":\"outputText\",\"type\":\"string\"}],\"inputs\":[{\"field\":\"history\",\"name\":\"历史记录\",\"required\":false,\"type\":\"string[]\"},{\"field\":\"content\",\"name\":\"用户问题\",\"required\":true,\"type\":\"string\"}]}');
INSERT INTO `airag_flow` VALUES ('1900021198960492546', 'jeecg', '2025-03-13 11:08:49', 'jeecg', '2025-03-19 19:26:36', 'A04', NULL, 'jeecg', '示例_直接回复节点', '', 'https://jeecgdev.oss-cn-beijing.aliyuncs.com/temp/流程设计引擎_1742383594151.png', 'THEN(\n    start.tag(\'start-node\'),\n    llm.tag(\'163122102386216960\'),\n    reply.tag(\'163119312863678464\'),\n    llm.tag(\'163122766768164864\'),\n    end.tag(\'163119405809455104\')\n).tag(\"start-node\")', '{\"nodes\":[{\"id\":\"start-node\",\"type\":\"start\",\"x\":232,\"y\":273,\"properties\":{\"text\":\"开始\",\"remarks\":\"\",\"options\":{},\"inputParams\":[{\"field\":\"content\",\"name\":\"用户问题\",\"type\":\"string\",\"required\":true},{\"field\":\"history\",\"name\":\"历史记录\",\"type\":\"string[]\",\"required\":true}],\"outputParams\":[],\"height\":62,\"width\":332}},{\"id\":\"163119312863678464\",\"type\":\"reply\",\"x\":800,\"y\":225,\"properties\":{\"text\":\"直接回复\",\"options\":{\"content\":\"{{content}}\"},\"inputParams\":[{\"field\":\"text\",\"name\":\"content\",\"nodeId\":\"163122102386216960\"}],\"outputParams\":[],\"height\":62,\"width\":332}},{\"id\":\"163119405809455104\",\"type\":\"end\",\"x\":1548,\"y\":254,\"properties\":{\"text\":\"结束\",\"options\":{\"outputText\":true,\"outputContent\":\"{{resp}}\"},\"inputParams\":[],\"outputParams\":[{\"field\":\"text\",\"name\":\"resp\",\"nodeId\":\"163122766768164864\"}],\"height\":62,\"width\":332}},{\"id\":\"163122102386216960\",\"type\":\"llm\",\"x\":551,\"y\":553,\"properties\":{\"text\":\"LLM\",\"options\":{\"model\":{\"modeId\":\"1890232564262739969\",\"params\":{\"model\":\"OpenAI\",\"temperature\":0.7}},\"history\":3,\"messages\":[{\"role\":\"system\",\"content\":\"根据用户的问题，以有趣的方式回答，如果可以的话请引用故事或经典说明。\\n\\n用中文回复。\\n\\n字数控制在200以内。\"},{\"role\":\"user\",\"content\":\"{{content}}\"}]},\"inputParams\":[{\"field\":\"content\",\"name\":\"content\",\"nodeId\":\"start-node\"}],\"outputParams\":[{\"field\":\"text\",\"name\":\"回复内容\",\"type\":\"string\"}],\"height\":136,\"width\":332}},{\"id\":\"163122766768164864\",\"type\":\"llm\",\"x\":1144,\"y\":412,\"properties\":{\"text\":\"nextQue\",\"options\":{\"model\":{\"modeId\":\"1890232564262739969\",\"params\":{\"model\":\"OpenAI\",\"temperature\":0.7}},\"history\":3,\"messages\":[{\"role\":\"system\",\"content\":\"根据用户的问题和ai的回复，猜测用户下一次的问题可能有哪些，markdown格式回复。\\n格式：\\n\\\\n你可能还想知道：\\n* 问题一\\n* 问题二\\n。。。。\"},{\"role\":\"user\",\"content\":\"用户问题：{{que}}\\nAI回复：{{res}}\"}]},\"inputParams\":[{\"field\":\"content\",\"name\":\"que\",\"nodeId\":\"start-node\"},{\"field\":\"text\",\"name\":\"res\",\"nodeId\":\"163122102386216960\"}],\"outputParams\":[{\"field\":\"text\",\"name\":\"回复内容\",\"type\":\"string\"}],\"height\":136,\"width\":332}}],\"edges\":[{\"id\":\"163122102390411264\",\"type\":\"base-edge\",\"sourceNodeId\":\"start-node\",\"targetNodeId\":\"163122102386216960\",\"sourceAnchorId\":\"start-node_output\",\"targetAnchorId\":\"163122102386216960_input\",\"pointsList\":[{\"x\":398,\"y\":273},{\"x\":498,\"y\":273},{\"x\":285,\"y\":516},{\"x\":385,\"y\":516}]},{\"id\":\"163122147491762176\",\"type\":\"base-edge\",\"sourceNodeId\":\"163122102386216960\",\"targetNodeId\":\"163119312863678464\",\"sourceAnchorId\":\"163122102386216960_output\",\"targetAnchorId\":\"163119312863678464_input\",\"pointsList\":[{\"x\":717,\"y\":516},{\"x\":817,\"y\":516},{\"x\":534,\"y\":225},{\"x\":634,\"y\":225}]},{\"id\":\"163122766772359168\",\"type\":\"base-edge\",\"sourceNodeId\":\"163119312863678464\",\"targetNodeId\":\"163122766768164864\",\"sourceAnchorId\":\"163119312863678464_output\",\"targetAnchorId\":\"163122766768164864_input\",\"pointsList\":[{\"x\":966,\"y\":225},{\"x\":1066,\"y\":225},{\"x\":878,\"y\":375},{\"x\":978,\"y\":375}]},{\"id\":\"163123226145116160\",\"type\":\"base-edge\",\"sourceNodeId\":\"163122766768164864\",\"targetNodeId\":\"163119405809455104\",\"sourceAnchorId\":\"163122766768164864_output\",\"targetAnchorId\":\"163119405809455104_input\",\"pointsList\":[{\"x\":1310,\"y\":375},{\"x\":1410,\"y\":375},{\"x\":1282,\"y\":254},{\"x\":1382,\"y\":254}]}]}', 'enable', '{\"outputs\":[{\"field\":\"outputText\",\"type\":\"string\"}],\"inputs\":[{\"field\":\"content\",\"name\":\"用户问题\",\"type\":\"string\"},{\"field\":\"history\",\"name\":\"历史记录\",\"type\":\"string[]\"}]}');
INSERT INTO `airag_flow` VALUES ('1900029596154232833', 'jeecg', '2025-03-13 11:42:11', 'jeecg', '2025-03-27 18:11:02', 'A04', NULL, 'jeecg', '示例_http节点', '', 'https://jeecgdev.oss-cn-beijing.aliyuncs.com/temp/流程设计(1)_1742383583093.png', 'THEN(\n    start.tag(\'start-node\'),\n    http.tag(\'163206941950185472\'),\n    SWITCH(switch.tag(\'163207852529389568\')).to(\n        THEN(\n            http.tag(\'163128964742746112\'),\n            SWITCH(switch.tag(\'168299837777608704\')).to(\n                end.tag(\'163129833764786176\'),\n                end.tag(\'168300140241453056\')\n            ).tag(\'168299837777608704\')\n        ).tag(\"163128964742746112\"),\n        end.tag(\'163208186282741760\')\n    ).tag(\'163207852529389568\')\n).tag(\"start-node\")', '{\"nodes\":[{\"id\":\"start-node\",\"type\":\"start\",\"x\":51.13043478260868,\"y\":342.804347826087,\"properties\":{\"text\":\"开始\",\"remarks\":\"大萨达撒\",\"options\":{},\"inputParams\":[{\"field\":\"content\",\"name\":\"用户问题\",\"type\":\"string\",\"required\":true},{\"field\":\"history\",\"name\":\"历史记录\",\"type\":\"string[]\",\"required\":true}],\"outputParams\":[],\"height\":89,\"width\":332}},{\"id\":\"163128964742746112\",\"type\":\"http\",\"x\":859.0869565217391,\"y\":192.2173913043478,\"properties\":{\"text\":\"HTTP 请求 查询\",\"options\":{\"http\":{\"url\":\"{{domainURL}}/test/jeecgDemo/list\",\"method\":\"GET\",\"headers\":{},\"requestBody\":{\"type\":\"none\",\"body\":\"\"},\"requestParams\":{\"name\":\"{{name}}\",\"pageNo\":\"1\",\"pageSize\":\"10\"},\"timeout\":120}},\"inputParams\":[{\"field\":\"content\",\"name\":\"name\",\"nodeId\":\"start-node\"}],\"outputParams\":[{\"field\":\"body\",\"name\":\"输出\",\"type\":\"string\",\"required\":false},{\"field\":\"statusCode\",\"name\":\"状态码\",\"type\":\"number\"},{\"field\":\"body.success\",\"name\":\"是否成功\",\"type\":\"string\",\"required\":false},{\"field\":\"body.result.records[0].id\",\"name\":\"id\",\"type\":\"string\",\"required\":false}],\"height\":62,\"width\":332}},{\"id\":\"163129833764786176\",\"type\":\"end\",\"x\":1386.5217391304348,\"y\":164.08695652173913,\"properties\":{\"text\":\"结束\",\"options\":{\"outputText\":true,\"outputContent\":\"新增的用户Id：{{id}}\"},\"inputParams\":[],\"outputParams\":[{\"field\":\"body.result.records[0].id\",\"name\":\"id\",\"nodeId\":\"163128964742746112\"}],\"height\":62,\"width\":332}},{\"id\":\"163206941950185472\",\"type\":\"http\",\"x\":320.1304347826087,\"y\":474.2173913043478,\"properties\":{\"text\":\"HTTP 请求\",\"options\":{\"http\":{\"url\":\"{{domainURL}}/test/jeecgDemo/add\",\"method\":\"POST\",\"headers\":{},\"requestBody\":{\"type\":\"json\",\"body\":\"{\\n  \\\"name\\\": \\\"{{name}}\\\",\\n  \\\"keyWord\\\": \\\"example\\\",\\n  \\\"punchTime\\\": \\\"2023-10-05 14:48:00\\\",\\n  \\\"salaryMoney\\\": 1000.00,\\n  \\\"bonusMoney\\\": 500.0,\\n  \\\"sex\\\": \\\"1\\\",\\n  \\\"age\\\": 30,\\n  \\\"birthday\\\": \\\"2023-10-05\\\",\\n  \\\"email\\\": \\\"john.doe@example.com\\\",\\n  \\\"content\\\": \\\"This is a test content.\\\",\\n}\"},\"requestParams\":{},\"timeout\":120}},\"inputParams\":[{\"field\":\"content\",\"name\":\"name\",\"nodeId\":\"start-node\"}],\"outputParams\":[{\"field\":\"statusCode\",\"name\":\"code\",\"type\":\"string\",\"required\":false},{\"field\":\"body\",\"name\":\"回复内容\",\"type\":\"string\"}],\"height\":62,\"width\":332}},{\"id\":\"163207852529389568\",\"type\":\"switch\",\"x\":510.78260869565224,\"y\":302.73913043478257,\"properties\":{\"text\":\"条件分支\",\"options\":{\"if\":[{\"logic\":\"AND\",\"conditions\":[{\"nodeId\":\"163206941950185472\",\"field\":\"statusCode\",\"operator\":\"EQUALS\",\"value\":\"200\"}],\"next\":\"163128964742746112\"}],\"else\":{\"next\":\"163208186282741760\"}},\"inputParams\":[],\"outputParams\":[{\"field\":\"index\",\"name\":\"分支索引\",\"type\":\"number\"}],\"height\":118,\"width\":332}},{\"id\":\"163208186282741760\",\"type\":\"end\",\"x\":745.7826086956521,\"y\":448.0869565217391,\"properties\":{\"text\":\"结束\",\"options\":{\"outputText\":true,\"outputContent\":\"添加数据失败\"},\"inputParams\":[],\"outputParams\":[],\"height\":62,\"width\":332}},{\"id\":\"168299837777608704\",\"type\":\"switch\",\"x\":1029.173913043478,\"y\":314.78260869565213,\"properties\":{\"text\":\"条件分支\",\"options\":{\"if\":[{\"logic\":\"AND\",\"conditions\":[{\"nodeId\":\"163128964742746112\",\"field\":\"body.success\",\"operator\":\"EQUALS\",\"value\":\"true\"}],\"next\":\"163129833764786176\"}],\"else\":{\"next\":\"168300140241453056\"}},\"inputParams\":[],\"outputParams\":[{\"field\":\"index\",\"name\":\"分支索引\",\"type\":\"number\"}],\"height\":118,\"width\":332}},{\"id\":\"168300140241453056\",\"type\":\"end\",\"x\":1389.2608695652173,\"y\":419.8695652173913,\"properties\":{\"text\":\"结束\",\"options\":{\"outputText\":true,\"outputContent\":\"添加用户失败\"},\"inputParams\":[],\"outputParams\":[],\"height\":62,\"width\":332}}],\"edges\":[{\"id\":\"163206941954379776\",\"type\":\"base-edge\",\"sourceNodeId\":\"start-node\",\"targetNodeId\":\"163206941950185472\",\"sourceAnchorId\":\"start-node_output\",\"targetAnchorId\":\"163206941950185472_input\",\"pointsList\":[{\"x\":217.1304347826091,\"y\":329.304347826087},{\"x\":317.1304347826091,\"y\":329.304347826087},{\"x\":54.13043478260869,\"y\":474.2173913043478},{\"x\":154.1304347826087,\"y\":474.2173913043478}]},{\"id\":\"163207852533583872\",\"type\":\"base-edge\",\"sourceNodeId\":\"163206941950185472\",\"targetNodeId\":\"163207852529389568\",\"sourceAnchorId\":\"163206941950185472_output\",\"targetAnchorId\":\"163207852529389568_input\",\"pointsList\":[{\"x\":486.13043478260863,\"y\":474.2173913043478},{\"x\":586.1304347826085,\"y\":474.2173913043478},{\"x\":244.78260869565224,\"y\":274.73913043478257},{\"x\":344.78260869565224,\"y\":274.73913043478257}]},{\"id\":\"163208000881922048\",\"type\":\"base-edge\",\"sourceNodeId\":\"163207852529389568\",\"targetNodeId\":\"163128964742746112\",\"sourceAnchorId\":\"163207852529389568_source_if\",\"targetAnchorId\":\"163128964742746112_input\",\"pointsList\":[{\"x\":676.7826086956521,\"y\":308.73913043478257},{\"x\":776.7826086956521,\"y\":308.73913043478257},{\"x\":593.0869565217391,\"y\":192.2173913043478},{\"x\":693.0869565217391,\"y\":192.2173913043478}]},{\"id\":\"163208186286936064\",\"type\":\"base-edge\",\"sourceNodeId\":\"163207852529389568\",\"targetNodeId\":\"163208186282741760\",\"sourceAnchorId\":\"163207852529389568_source_else\",\"targetAnchorId\":\"163208186282741760_input\",\"pointsList\":[{\"x\":676.7826086956521,\"y\":334.73913043478257},{\"x\":776.7826086956521,\"y\":334.73913043478257},{\"x\":479.78260869565213,\"y\":448.0869565217391},{\"x\":579.7826086956521,\"y\":448.0869565217391}]},{\"id\":\"168299837781803008\",\"type\":\"base-edge\",\"sourceNodeId\":\"163128964742746112\",\"targetNodeId\":\"168299837777608704\",\"sourceAnchorId\":\"163128964742746112_output\",\"targetAnchorId\":\"168299837777608704_input\",\"pointsList\":[{\"x\":1025.086956521739,\"y\":192.2173913043478},{\"x\":1125.0869565217386,\"y\":192.2173913043478},{\"x\":763.173913043478,\"y\":286.78260869565213},{\"x\":863.173913043478,\"y\":286.78260869565213}]},{\"id\":\"168300025623707648\",\"type\":\"base-edge\",\"sourceNodeId\":\"168299837777608704\",\"targetNodeId\":\"163129833764786176\",\"sourceAnchorId\":\"168299837777608704_source_if\",\"targetAnchorId\":\"163129833764786176_input\",\"pointsList\":[{\"x\":1195.1739130434776,\"y\":320.78260869565213},{\"x\":1295.1739130434776,\"y\":320.78260869565213},{\"x\":1120.5217391304348,\"y\":164.08695652173913},{\"x\":1220.5217391304348,\"y\":164.08695652173913}]},{\"id\":\"168300140245647360\",\"type\":\"base-edge\",\"sourceNodeId\":\"168299837777608704\",\"targetNodeId\":\"168300140241453056\",\"sourceAnchorId\":\"168299837777608704_source_else\",\"targetAnchorId\":\"168300140241453056_input\",\"pointsList\":[{\"x\":1195.1739130434776,\"y\":346.78260869565213},{\"x\":1295.1739130434776,\"y\":346.78260869565213},{\"x\":1123.2608695652173,\"y\":419.8695652173913},{\"x\":1223.2608695652173,\"y\":419.8695652173913}]}]}', 'enable', '{\"outputs\":[{\"field\":\"outputText\",\"type\":\"string\"}],\"inputs\":[{\"field\":\"content\",\"name\":\"用户问题\",\"type\":\"string\"},{\"field\":\"history\",\"name\":\"历史记录\",\"type\":\"string[]\"}]}');
INSERT INTO `airag_flow` VALUES ('1902263524520935425', 'jeecg', '2025-03-19 15:39:01', 'jeecg', '2025-03-27 16:56:10', 'A04', NULL, 'jeecg', '示例_图片解读', '', 'https://jeecgdev.oss-cn-beijing.aliyuncs.com/temp/工具-图片解析_1743065064801.png', 'THEN(\n    start.tag(\'start-node\'),\n    llm.tag(\'165363942517174272\'),\n    llm.tag(\'168280528419778560\'),\n    end.tag(\'165364368465522688\')\n).tag(\"start-node\")', '{\"nodes\":[{\"id\":\"start-node\",\"type\":\"start\",\"x\":300,\"y\":457,\"properties\":{\"text\":\"开始\",\"remarks\":\"\",\"options\":{},\"inputParams\":[{\"field\":\"content\",\"name\":\"用户问题\",\"type\":\"string\",\"required\":true},{\"field\":\"history\",\"name\":\"历史记录\",\"type\":\"string[]\",\"required\":true},{\"field\":\"images\",\"name\":\"图片\",\"type\":\"picture\",\"required\":false}],\"outputParams\":[],\"height\":62,\"width\":332}},{\"id\":\"165363942517174272\",\"type\":\"llm\",\"x\":675,\"y\":341,\"properties\":{\"text\":\"图片解读\",\"options\":{\"model\":{\"modeId\":\"1890232564262739969\",\"params\":{\"model\":\"OpenAI\",\"temperature\":0.7}},\"history\":3,\"messages\":[{\"role\":\"system\",\"content\":\"你是一个图像分析专家，负责解读和解释用户发送的图片。请根据以下要求进行分析：\\n\\n## 目标：\\n分析并解释图片的意义，提供详细的解读和背景信息。\\n\\n## 技能：\\n1. 视觉识别能力：能够识别图像中的元素及其关系。\\n2. 上下文理解能力：结合文化、历史、艺术等背景知识进行深度解读。\\n3. 清晰表达能力：用简洁明了的语言传达分析结果。\\n\\n## 工作流：\\n1. 识别图片中的主要元素，描述它们的外观和特征。\\n2. 分析这些元素之间的关系及其在整体构图中的作用。\\n3. 提供与图片相关的背景信息，探讨其潜在意义和影响。\\n\\n## 输出格式：\\n- 图片元素描述\\n- 元素关系分析\\n- 背景信息与意义解释\\n\\n## 限制：\\n- 不提供主观判断，仅基于客观分析进行解释。\\n- 不涉及任何隐私或敏感内容的讨论。\"},{\"role\":\"user\",\"content\":\"分析并解释图片的意义，提供详细的解读和背景信息。\"}]},\"inputParams\":[{\"field\":\"content\",\"name\":\"que\",\"nodeId\":\"start-node\"},{\"field\":\"images\",\"name\":\"images\",\"nodeId\":\"start-node\"}],\"outputParams\":[{\"field\":\"text\",\"name\":\"回复内容\",\"type\":\"string\"}],\"height\":136,\"width\":332}},{\"id\":\"165364368465522688\",\"type\":\"end\",\"x\":1520,\"y\":426,\"properties\":{\"text\":\"结束\",\"options\":{\"outputText\":true,\"outputContent\":\"{{resp}}\"},\"inputParams\":[],\"outputParams\":[{\"field\":\"text\",\"name\":\"resp\",\"nodeId\":\"168280528419778560\"}],\"height\":62,\"width\":332}},{\"id\":\"168280528419778560\",\"type\":\"llm\",\"x\":1063,\"y\":588,\"properties\":{\"text\":\"LLM\",\"options\":{\"model\":{\"modeId\":\"1890232564262739969\",\"params\":{\"model\":\"OpenAI\",\"temperature\":0.7}},\"history\":3,\"messages\":[{\"role\":\"system\",\"content\":\"你将扮演一个故事创作者，以下是关于这个角色的详细设定，请根据这些信息来构建你的回答。\\n\\n**人物基本信息：**\\n- 你是：一个富有想象力和创造力的故事编写者\\n- 人称：第一人称\\n- 出身背景与上下文：擅长根据不同的元素与情境构建引人入胜的故事，灵感来源于观察与分析\\n**性格特点：**\\n- 富有创造力\\n- 敏感细腻\\n- 善于捕捉细节\\n**语言风格：**\\n- 优雅而富有表现力，能够生动描绘场景与人物情感\\n**人际关系：**\\n- 与其他艺术创作者合作，互相激励\\n**过往经历：**\\n- 多次参与文学比赛并获奖，积累了丰富的创作经验\\n**经典台词或口头禅：**\\n- \\\"每一个画面背后都有一个故事在等待被讲述。\\\"\\n- \\\"细节决定成败。\\\"\\n\\n要求： \\n- 故事应围绕从图片分析得出的主题和情感进行展开。\\n- 包含鲜明的人物、情节以及转折。\\n- 语言生动形象，能够引起读者的共鸣。\\n- 直接讲故事，不要提及图片。\"},{\"role\":\"user\",\"content\":\"{{readImg}}\"}]},\"inputParams\":[{\"field\":\"text\",\"name\":\"readImg\",\"nodeId\":\"165363942517174272\"}],\"outputParams\":[{\"field\":\"text\",\"name\":\"回复内容\",\"type\":\"string\"}],\"height\":136,\"width\":332}}],\"edges\":[{\"id\":\"165363942525562880\",\"type\":\"base-edge\",\"sourceNodeId\":\"start-node\",\"targetNodeId\":\"165363942517174272\",\"sourceAnchorId\":\"start-node_output\",\"targetAnchorId\":\"165363942517174272_input\",\"pointsList\":[{\"x\":466,\"y\":457},{\"x\":566,\"y\":457},{\"x\":409,\"y\":304},{\"x\":509,\"y\":304}]},{\"id\":\"168280528428167168\",\"type\":\"base-edge\",\"sourceNodeId\":\"165363942517174272\",\"targetNodeId\":\"168280528419778560\",\"sourceAnchorId\":\"165363942517174272_output\",\"targetAnchorId\":\"168280528419778560_input\",\"pointsList\":[{\"x\":841,\"y\":304},{\"x\":941,\"y\":304},{\"x\":797,\"y\":551},{\"x\":897,\"y\":551}]},{\"id\":\"168280631234752512\",\"type\":\"base-edge\",\"sourceNodeId\":\"168280528419778560\",\"targetNodeId\":\"165364368465522688\",\"sourceAnchorId\":\"168280528419778560_output\",\"targetAnchorId\":\"165364368465522688_input\",\"pointsList\":[{\"x\":1229,\"y\":551},{\"x\":1329,\"y\":551},{\"x\":1254,\"y\":426},{\"x\":1354,\"y\":426}]}]}', 'enable', '{\"outputs\":[{\"field\":\"outputText\",\"type\":\"string\"}],\"inputs\":[{\"field\":\"content\",\"name\":\"用户问题\",\"type\":\"string\"},{\"field\":\"history\",\"name\":\"历史记录\",\"type\":\"string[]\"},{\"field\":\"images\",\"name\":\"图片\",\"type\":\"picture\"}]}');
INSERT INTO `airag_flow` VALUES ('1904779811574784002', 'jeecg', '2025-03-26 14:17:51', 'jeecg', '2025-03-27 16:44:53', 'A04', NULL, 'jeecg', '示例_OCR', '', 'https://jeecgdev.oss-cn-beijing.aliyuncs.com/temp/1dataOCR_1743065089791.png', 'THEN(\n    start.tag(\'start-node\'),\n    SWITCH(switch.tag(\'167880707187527680\')).to(\n        end.tag(\'167880856269869056\'),\n        THEN(\n            code_167881149430747136.tag(\'code_167881149430747136\'),\n            llm.tag(\'167881839356006400\'),\n            end.tag(\'167880661561888768\')\n        ).tag(\"code_167881149430747136\")\n    ).tag(\'167880707187527680\')\n).tag(\"start-node\")', '{\"nodes\":[{\"id\":\"start-node\",\"type\":\"start\",\"x\":300,\"y\":406,\"properties\":{\"text\":\"开始\",\"remarks\":\"\",\"options\":{},\"inputParams\":[{\"field\":\"content\",\"name\":\"用户问题\",\"type\":\"string\",\"required\":true},{\"field\":\"history\",\"name\":\"历史记录\",\"type\":\"string[]\",\"required\":true},{\"field\":\"images\",\"name\":\"图片\",\"type\":\"picture\",\"required\":true}],\"outputParams\":[],\"height\":62,\"width\":332}},{\"id\":\"167880661561888768\",\"type\":\"end\",\"x\":1474,\"y\":316,\"properties\":{\"text\":\"结束\",\"options\":{\"outputText\":false,\"outputContent\":\"\"},\"inputParams\":[],\"outputParams\":[{\"field\":\"text\",\"name\":\"data\",\"nodeId\":\"167881839356006400\"}],\"height\":62,\"width\":332}},{\"id\":\"167880707187527680\",\"type\":\"switch\",\"x\":681,\"y\":233,\"properties\":{\"text\":\"条件分支\",\"options\":{\"if\":[{\"logic\":\"AND\",\"conditions\":[{\"nodeId\":\"start-node\",\"field\":\"images\",\"operator\":\"EMPTY\",\"value\":\"\"}],\"next\":\"167880856269869056\"}],\"else\":{\"next\":\"code_167881149430747136\"}},\"inputParams\":[],\"outputParams\":[{\"field\":\"index\",\"name\":\"分支索引\",\"type\":\"number\"}],\"height\":118,\"width\":332}},{\"id\":\"167880856269869056\",\"type\":\"end\",\"x\":1207,\"y\":181,\"properties\":{\"text\":\"结束\",\"options\":{\"outputText\":true,\"outputContent\":\"{\\n    \\\"message\\\": \\\"请提供图片\\\"\\n  }\"},\"inputParams\":[],\"outputParams\":[],\"height\":62,\"width\":332}},{\"id\":\"code_167881149430747136\",\"type\":\"code\",\"x\":937,\"y\":412,\"properties\":{\"text\":\"脚本执行\",\"options\":{\"codeType\":\"javascript\",\"code\":\"function main(params) {\\n  let newQuestion = params.question\\n  if(!params.question){\\n    newQuestion = \\\"从图片中提取文字\\\"\\n  }\\n  return {\\n    result: newQuestion,\\n  }\\n}\"},\"inputParams\":[{\"field\":\"content\",\"name\":\"question\",\"nodeId\":\"start-node\"}],\"outputParams\":[{\"field\":\"result\",\"name\":\"返回结果\",\"type\":\"string\"}],\"height\":62,\"width\":332}},{\"id\":\"167881839356006400\",\"type\":\"llm\",\"x\":1319,\"y\":585,\"properties\":{\"text\":\"LLM\",\"options\":{\"model\":{\"modeId\":\"1890232564262739969\",\"params\":{\"model\":\"OpenAI\",\"temperature\":0.7}},\"history\":3,\"messages\":[{\"role\":\"system\",\"content\":\"# 角色：OCR工具\\n作为一个智能OCR工具，你的主要职责是从图片中提取文字并将其输出为结构化数据。\\n\\n## 目标：\\n1. 精确识别和提取图片中的文字信息。\\n2. 将提取的文字转换为结构化数据格式。\\n\\n## 技能：\\n1. 高效的图像处理能力。\\n2. 精确的文字识别算法。\\n3. 数据格式化与输出能力。\\n\\n## 工作流：\\n1. 输入图片，进行预处理（如去噪、二值化）。\\n2. 应用OCR算法识别图片中的文字，并记录识别结果。\\n3. 将识别的文字整理成结构化数据格式，如JSON或CSV。\\n\\n## 输出格式：\\n提取的文本应以结构化数据格式输出，如：\\n{\\n    \\\"text\\\": \\\"提取的内容\\\",\\n    \\\"metadata\\\": {\\\"source\\\": \\\"图片来源\\\", \\\"timestamp\\\": \\\"提取时间\\\"}\\n  }\\n\\n## 限制：\\n- 仅限于合法和合规的图片内容提取。\\n- 不得保存用户上传的图片数据。\\n- 需确保输出的数据准确无误，标注所有数据来源。\"},{\"role\":\"user\",\"content\":\"{{question}}\"}]},\"inputParams\":[{\"field\":\"images\",\"name\":\"images\",\"nodeId\":\"start-node\"},{\"field\":\"result\",\"name\":\"question\",\"nodeId\":\"code_167881149430747136\"}],\"outputParams\":[{\"field\":\"text\",\"name\":\"回复内容\",\"type\":\"string\"}],\"height\":136,\"width\":332}}],\"edges\":[{\"id\":\"167880707195916288\",\"type\":\"base-edge\",\"sourceNodeId\":\"start-node\",\"targetNodeId\":\"167880707187527680\",\"sourceAnchorId\":\"start-node_output\",\"targetAnchorId\":\"167880707187527680_input\",\"pointsList\":[{\"x\":466,\"y\":406},{\"x\":566,\"y\":406},{\"x\":415,\"y\":205},{\"x\":515,\"y\":205}]},{\"id\":\"167880856274063360\",\"type\":\"base-edge\",\"sourceNodeId\":\"167880707187527680\",\"targetNodeId\":\"167880856269869056\",\"sourceAnchorId\":\"167880707187527680_source_if\",\"targetAnchorId\":\"167880856269869056_input\",\"pointsList\":[{\"x\":847,\"y\":239},{\"x\":947,\"y\":239},{\"x\":941,\"y\":181},{\"x\":1041,\"y\":181}]},{\"id\":\"167881149434941440\",\"type\":\"base-edge\",\"sourceNodeId\":\"167880707187527680\",\"targetNodeId\":\"code_167881149430747136\",\"sourceAnchorId\":\"167880707187527680_source_else\",\"targetAnchorId\":\"code_167881149430747136_input\",\"pointsList\":[{\"x\":847,\"y\":265},{\"x\":947,\"y\":265},{\"x\":671,\"y\":412},{\"x\":771,\"y\":412}]},{\"id\":\"167881839356006401\",\"type\":\"base-edge\",\"sourceNodeId\":\"code_167881149430747136\",\"targetNodeId\":\"167881839356006400\",\"sourceAnchorId\":\"code_167881149430747136_output\",\"targetAnchorId\":\"167881839356006400_input\",\"pointsList\":[{\"x\":1103,\"y\":412},{\"x\":1203,\"y\":412},{\"x\":1053,\"y\":548},{\"x\":1153,\"y\":548}]},{\"id\":\"167882293611712512\",\"type\":\"base-edge\",\"sourceNodeId\":\"167881839356006400\",\"targetNodeId\":\"167880661561888768\",\"sourceAnchorId\":\"167881839356006400_output\",\"targetAnchorId\":\"167880661561888768_input\",\"pointsList\":[{\"x\":1485,\"y\":548},{\"x\":1585,\"y\":548},{\"x\":1208,\"y\":316},{\"x\":1308,\"y\":316}]}]}', 'enable', '{\"outputs\":[{\"field\":\"text\",\"name\":\"data\",\"nodeId\":\"167881839356006400\"},{\"field\":\"outputText\",\"type\":\"string\"}],\"inputs\":[{\"field\":\"content\",\"name\":\"用户问题\",\"type\":\"string\"},{\"field\":\"history\",\"name\":\"历史记录\",\"type\":\"string[]\"},{\"field\":\"images\",\"name\":\"图片\",\"type\":\"picture\"}]}');
INSERT INTO `airag_flow` VALUES ('1905158829855784962', 'jeecg', '2025-03-27 15:23:56', 'jeecg', '2025-03-27 16:29:22', 'A04', NULL, 'jeecg', '示例_翻译', '', 'https://jeecgdev.oss-cn-beijing.aliyuncs.com/temp/翻译_1743060940605.png', 'THEN(\n    start.tag(\'start-node\'),\n    SWITCH(switch.tag(\'168262809717821440\')).to(\n        end.tag(\'168259683329757184\'),\n        THEN(\n            SWITCH(classifier.tag(\'168263048935755776\')).to(\n                llm.tag(\'168263321821368320\'),\n                llm.tag(\'168263346282549248\')\n            ).tag(\'168263048935755776\'),\n            end.tag(\'168263794896916480\')\n        ).tag(\"168263048935755776\")\n    ).tag(\'168262809717821440\')\n).tag(\"start-node\")', '{\"nodes\":[{\"id\":\"start-node\",\"type\":\"start\",\"x\":300,\"y\":457,\"properties\":{\"text\":\"开始\",\"remarks\":\"\",\"options\":{},\"inputParams\":[{\"field\":\"content\",\"name\":\"用户问题\",\"type\":\"string\",\"required\":true},{\"field\":\"history\",\"name\":\"历史记录\",\"type\":\"string[]\",\"required\":true}],\"outputParams\":[],\"height\":62,\"width\":332}},{\"id\":\"168259683329757184\",\"type\":\"end\",\"x\":1090,\"y\":150,\"properties\":{\"text\":\"结束\",\"options\":{\"outputText\":false,\"outputContent\":\"\"},\"inputParams\":[],\"outputParams\":[{\"field\":\"content\",\"name\":\"data\",\"nodeId\":\"start-node\"}],\"height\":62,\"width\":332}},{\"id\":\"168262809717821440\",\"type\":\"switch\",\"x\":701,\"y\":281,\"properties\":{\"text\":\"条件分支\",\"options\":{\"if\":[{\"logic\":\"AND\",\"conditions\":[{\"nodeId\":\"start-node\",\"field\":\"content\",\"operator\":\"EMPTY\",\"value\":\"\"}],\"next\":\"168259683329757184\"}],\"else\":{\"next\":\"168263048935755776\"}},\"inputParams\":[],\"outputParams\":[{\"field\":\"index\",\"name\":\"分支索引\",\"type\":\"number\"}],\"height\":118,\"width\":332}},{\"id\":\"168263048935755776\",\"type\":\"classifier\",\"x\":1086,\"y\":381,\"properties\":{\"text\":\"分类器\",\"options\":{\"model\":{\"modeId\":\"1890232564262739969\",\"params\":{\"model\":\"OpenAI\",\"temperature\":0.2}},\"categories\":[{\"category\":\"是中文\",\"next\":\"168263321821368320\"}],\"else\":{\"next\":\"168263346282549248\"}},\"inputParams\":[{\"field\":\"content\",\"nodeId\":\"start-node\"}],\"outputParams\":[{\"field\":\"index\",\"name\":\"分类索引\",\"type\":\"number\"},{\"field\":\"content\",\"name\":\"分类内容\",\"type\":\"string\"}],\"height\":118,\"width\":332}},{\"id\":\"168263321821368320\",\"type\":\"llm\",\"x\":1513,\"y\":292,\"properties\":{\"text\":\"翻译成英文\",\"options\":{\"model\":{\"modeId\":\"1890232564262739969\",\"params\":{\"model\":\"OpenAI\",\"temperature\":0.3}},\"history\":1,\"messages\":[{\"role\":\"system\",\"content\":\"将用户输入完整翻译成英文，包括所有语气词和重复表达\\n- 严格保留原始语序和强调成分\\n- 禁止省略任何字词或改变语气强度\\n- 直接输出翻译结果不做解释\"},{\"role\":\"user\",\"content\":\"{{content}}\"}]},\"inputParams\":[{\"field\":\"content\",\"name\":\"content\",\"nodeId\":\"start-node\"}],\"outputParams\":[{\"field\":\"text\",\"name\":\"回复内容\",\"type\":\"string\"}],\"height\":136,\"width\":332}},{\"id\":\"168263346282549248\",\"type\":\"llm\",\"x\":1514,\"y\":489,\"properties\":{\"text\":\"翻译成中文\",\"options\":{\"model\":{\"modeId\":\"1890232564262739969\",\"params\":{\"model\":\"OpenAI\",\"temperature\":0.3}},\"history\":1,\"messages\":[{\"role\":\"system\",\"content\":\"将用户输入完整翻译成中文，包括所有语气词和重复表达\\n- 严格保留原始语序和强调成分\\n- 禁止省略任何字词或改变语气强度\\n- 直接输出翻译结果不做解释\"},{\"role\":\"user\",\"content\":\"{{content}}\"}]},\"inputParams\":[{\"field\":\"content\",\"name\":\"content\",\"nodeId\":\"start-node\"}],\"outputParams\":[{\"field\":\"text\",\"name\":\"回复内容\",\"type\":\"string\"}],\"height\":136,\"width\":332}},{\"id\":\"168263794896916480\",\"type\":\"end\",\"x\":1982,\"y\":360,\"properties\":{\"text\":\"结束\",\"options\":{\"outputText\":true,\"outputContent\":\"{{dataC}}{{dataE}}\"},\"inputParams\":[],\"outputParams\":[{\"field\":\"text\",\"name\":\"dataC\",\"nodeId\":\"168263346282549248\"},{\"field\":\"text\",\"name\":\"dataE\",\"nodeId\":\"168263321821368320\"}],\"height\":62,\"width\":332}}],\"edges\":[{\"id\":\"168262809722015744\",\"type\":\"base-edge\",\"sourceNodeId\":\"start-node\",\"targetNodeId\":\"168262809717821440\",\"sourceAnchorId\":\"start-node_output\",\"targetAnchorId\":\"168262809717821440_input\",\"pointsList\":[{\"x\":466,\"y\":457},{\"x\":566,\"y\":457},{\"x\":435,\"y\":253},{\"x\":535,\"y\":253}]},{\"id\":\"168262871336341504\",\"type\":\"base-edge\",\"sourceNodeId\":\"168262809717821440\",\"targetNodeId\":\"168259683329757184\",\"sourceAnchorId\":\"168262809717821440_source_if\",\"targetAnchorId\":\"168259683329757184_input\",\"pointsList\":[{\"x\":867,\"y\":287},{\"x\":967,\"y\":287},{\"x\":824,\"y\":150},{\"x\":924,\"y\":150}]},{\"id\":\"168263048939950080\",\"type\":\"base-edge\",\"sourceNodeId\":\"168262809717821440\",\"targetNodeId\":\"168263048935755776\",\"sourceAnchorId\":\"168262809717821440_source_else\",\"targetAnchorId\":\"168263048935755776_input\",\"pointsList\":[{\"x\":867,\"y\":313},{\"x\":967,\"y\":313},{\"x\":820,\"y\":353},{\"x\":920,\"y\":353}]},{\"id\":\"168263321825562624\",\"type\":\"base-edge\",\"sourceNodeId\":\"168263048935755776\",\"targetNodeId\":\"168263321821368320\",\"sourceAnchorId\":\"168263048935755776_case_1\",\"targetAnchorId\":\"168263321821368320_input\",\"pointsList\":[{\"x\":1252,\"y\":387},{\"x\":1352,\"y\":387},{\"x\":1247,\"y\":255},{\"x\":1347,\"y\":255}]},{\"id\":\"168263346286743552\",\"type\":\"base-edge\",\"sourceNodeId\":\"168263048935755776\",\"targetNodeId\":\"168263346282549248\",\"sourceAnchorId\":\"168263048935755776_case_else\",\"targetAnchorId\":\"168263346282549248_input\",\"pointsList\":[{\"x\":1252,\"y\":413},{\"x\":1352,\"y\":413},{\"x\":1248,\"y\":452},{\"x\":1348,\"y\":452}]},{\"id\":\"168263794901110784\",\"type\":\"base-edge\",\"sourceNodeId\":\"168263346282549248\",\"targetNodeId\":\"168263794896916480\",\"sourceAnchorId\":\"168263346282549248_output\",\"targetAnchorId\":\"168263794896916480_input\",\"pointsList\":[{\"x\":1680,\"y\":452},{\"x\":1780,\"y\":452},{\"x\":1716,\"y\":360},{\"x\":1816,\"y\":360}]},{\"id\":\"168263831215394816\",\"type\":\"base-edge\",\"sourceNodeId\":\"168263321821368320\",\"targetNodeId\":\"168263794896916480\",\"sourceAnchorId\":\"168263321821368320_output\",\"targetAnchorId\":\"168263794896916480_input\",\"pointsList\":[{\"x\":1679,\"y\":255},{\"x\":1779,\"y\":255},{\"x\":1716,\"y\":360},{\"x\":1816,\"y\":360}]}]}', 'enable', '{\"outputs\":[{\"field\":\"outputText\",\"type\":\"string\"},{\"field\":\"content\",\"name\":\"data\",\"nodeId\":\"start-node\"}],\"inputs\":[{\"field\":\"content\",\"name\":\"用户问题\",\"type\":\"string\"},{\"field\":\"history\",\"name\":\"历史记录\",\"type\":\"string[]\"}]}');
INSERT INTO `airag_flow` VALUES ('1905189468558671874', 'jeecg', '2025-03-27 17:25:41', 'jeecg', '2025-03-27 17:40:51', 'A04', NULL, 'jeecg', '示例_PMP考试宝典', '', 'https://jeecgdev.oss-cn-beijing.aliyuncs.com/temp/pmp_1743067580648.png', 'THEN(\n    start.tag(\'start-node\'),\n    WHEN(\n        knowledge.tag(\'168290518600351744\'),\n        llm.tag(\'168290871702028288\')\n    ).tag(\"168290518600351744\"),\n    llm.tag(\'168290861241434112\'),\n    end.tag(\'168290315671535616\')\n).tag(\"start-node\")', '{\"nodes\":[{\"id\":\"start-node\",\"type\":\"start\",\"x\":300,\"y\":397,\"properties\":{\"text\":\"开始\",\"remarks\":\"\",\"options\":{},\"inputParams\":[{\"field\":\"content\",\"name\":\"用户问题\",\"type\":\"string\",\"required\":true},{\"field\":\"history\",\"name\":\"历史记录\",\"type\":\"string[]\",\"required\":true}],\"outputParams\":[],\"height\":92,\"width\":332}},{\"id\":\"168290315671535616\",\"type\":\"end\",\"x\":1644,\"y\":348,\"properties\":{\"text\":\"结束\",\"options\":{\"outputText\":true,\"outputContent\":\"{{res}}\"},\"inputParams\":[],\"outputParams\":[{\"field\":\"text\",\"name\":\"res\",\"nodeId\":\"168290861241434112\"}],\"height\":92,\"width\":332}},{\"id\":\"168290518600351744\",\"type\":\"knowledge\",\"x\":693,\"y\":209,\"properties\":{\"text\":\"知识库\",\"options\":{\"knowIds\":[\"1905186756806918146\"],\"topNumber\":5,\"similarity\":0.7},\"inputParams\":[{\"field\":\"content\",\"nodeId\":\"start-node\"}],\"outputParams\":[{\"field\":\"documents\",\"name\":\"文档列表\",\"type\":\"object[]\"},{\"field\":\"data\",\"name\":\"文档内容\",\"type\":\"string\"}],\"height\":92,\"width\":332}},{\"id\":\"168290861241434112\",\"type\":\"llm\",\"x\":1181,\"y\":350,\"properties\":{\"text\":\"总结LLM\",\"options\":{\"model\":{\"modeId\":\"1890232564262739969\",\"params\":{\"model\":\"OpenAI\",\"temperature\":0.4}},\"history\":3,\"messages\":[{\"role\":\"system\",\"content\":\"你是一个智能知识助手，旨在综合知识库和大型语言模型(LLM)的返回数据，以高效、准确地回答用户提出的问题。请遵循以下要求：\\n\\n## 目标：\\n- 提供准确、相关且易于理解的回答，结合知识库和LLM的信息。\\n\\n## 技能：\\n1. 能够快速检索并整合来自不同知识库的信息。\\n2. 理解用户问题的上下文，并提供清晰的答案。\\n3. 具备自然语言处理能力，以便流畅表达复杂信息。\\n\\n## 工作流：\\n1. 接收用户问题并进行解析，识别关键要素。\\n2. 从综合知识库和LLM中获取相关数据，确保信息的准确性和完整性。\\n3. 将获取的信息进行整合，形成清晰、简洁的回答。\\n\\n## 输出格式：\\n- 每次回答应以简洁明了的句子呈现，必要时可以添加示例或补充信息。\\n\\n## 限制：\\n- 不得提供未经验证的信息或个人隐私数据。\\n- 所有数据需标注来源，不确定信息用[需核实]标记。\\n- 自动过滤涉及偏见或违法内容，替换为[合规表达]。\"},{\"role\":\"user\",\"content\":\"知识库返回数据：{{knowRes}}\\n\\nLLM返回数据：{{llmRes}}\\n用户问题：{{userQue}}\"}]},\"inputParams\":[{\"field\":\"data\",\"name\":\"knowRes\",\"nodeId\":\"168290518600351744\"},{\"field\":\"text\",\"name\":\"llmRes\",\"nodeId\":\"168290871702028288\"},{\"field\":\"content\",\"name\":\"userQue\",\"nodeId\":\"start-node\"}],\"outputParams\":[{\"field\":\"text\",\"name\":\"回复内容\",\"type\":\"string\"}],\"height\":166,\"width\":332}},{\"id\":\"168290871702028288\",\"type\":\"llm\",\"x\":692,\"y\":521,\"properties\":{\"text\":\"LLM\",\"options\":{\"model\":{\"modeId\":\"1890232564262739969\",\"params\":{\"model\":\"OpenAI\",\"temperature\":0.7}},\"history\":3,\"messages\":[{\"role\":\"system\",\"content\":\"# 角色：PMP知识专家\\nPMP知识专家致力于项目管理知识的传播与应用，帮助项目经理提升技能和管理能力。\\n\\n## 目标：\\n1. 为项目管理提供权威的知识支持。\\n2. 帮助项目经理解决在项目管理中遇到的实际问题。\\n\\n## 技能：\\n1. 精通项目管理的各项理论和工具。\\n2. 熟悉PMP认证流程及考试内容。\\n3. 能够进行项目风险评估与管理。\\n\\n## 工作流：\\n1. 评估项目经理的需求与挑战，识别关键问题。\\n2. 提供相关的项目管理知识、工具和最佳实践建议。\\n3. 指导项目经理制定和实施有效的项目管理计划。\\n\\n## 输出格式：\\n- 提供清晰的建议与解决方案，使用简洁明了的语言，适合项目经理理解和应用。\\n\\n## 限制：\\n- 所有建议需基于现有的PMP知识体系，避免个人主观意见。\\n- 不得提供未经验证的信息或数据，所有数据需标注来源，需核实的信息用[需核实]标记。\"},{\"role\":\"user\",\"content\":\"{{question}}\"}]},\"inputParams\":[{\"field\":\"content\",\"name\":\"question\",\"nodeId\":\"start-node\"}],\"outputParams\":[{\"field\":\"text\",\"name\":\"回复内容\",\"type\":\"string\"}],\"height\":166,\"width\":332}}],\"edges\":[{\"id\":\"168290518604546048\",\"type\":\"base-edge\",\"sourceNodeId\":\"start-node\",\"targetNodeId\":\"168290518600351744\",\"sourceAnchorId\":\"start-node_output\",\"targetAnchorId\":\"168290518600351744_input\",\"pointsList\":[{\"x\":466,\"y\":382},{\"x\":566,\"y\":382},{\"x\":427,\"y\":194},{\"x\":527,\"y\":194}]},{\"id\":\"168290861245628416\",\"type\":\"base-edge\",\"sourceNodeId\":\"168290518600351744\",\"targetNodeId\":\"168290861241434112\",\"sourceAnchorId\":\"168290518600351744_output\",\"targetAnchorId\":\"168290861241434112_input\",\"pointsList\":[{\"x\":859,\"y\":194},{\"x\":959,\"y\":194},{\"x\":915,\"y\":298},{\"x\":1015,\"y\":298}]},{\"id\":\"168290871706222592\",\"type\":\"base-edge\",\"sourceNodeId\":\"start-node\",\"targetNodeId\":\"168290871702028288\",\"sourceAnchorId\":\"start-node_output\",\"targetAnchorId\":\"168290871702028288_input\",\"pointsList\":[{\"x\":466,\"y\":382},{\"x\":566,\"y\":382},{\"x\":426,\"y\":469},{\"x\":526,\"y\":469}]},{\"id\":\"168291272883011584\",\"type\":\"base-edge\",\"sourceNodeId\":\"168290871702028288\",\"targetNodeId\":\"168290861241434112\",\"sourceAnchorId\":\"168290871702028288_output\",\"targetAnchorId\":\"168290861241434112_input\",\"pointsList\":[{\"x\":858,\"y\":469},{\"x\":958,\"y\":469},{\"x\":915,\"y\":298},{\"x\":1015,\"y\":298}]},{\"id\":\"168292930635530240\",\"type\":\"base-edge\",\"sourceNodeId\":\"168290861241434112\",\"targetNodeId\":\"168290315671535616\",\"sourceAnchorId\":\"168290861241434112_output\",\"targetAnchorId\":\"168290315671535616_input\",\"pointsList\":[{\"x\":1347,\"y\":298},{\"x\":1447,\"y\":298},{\"x\":1378,\"y\":333},{\"x\":1478,\"y\":333}]}]}', 'enable', '{\"outputs\":[{\"field\":\"outputText\",\"type\":\"string\"}],\"inputs\":[{\"field\":\"content\",\"name\":\"用户问题\",\"type\":\"string\"},{\"field\":\"history\",\"name\":\"历史记录\",\"type\":\"string[]\"}]}');
INSERT INTO `airag_flow` VALUES ('1909856345692065793', 'jeecg', '2025-04-09 14:30:11', 'admin', '2025-05-28 16:39:13', 'A04', NULL, 'jeecg', 'JimuReport AI引擎', '', '', 'THEN(\n    start.tag(\'start-node\'),\n    SWITCH(switch.tag(\'173365501230346240\')).to(\n        THEN(\n            llm.tag(\'172956395755208704\'),\n            end.tag(\'172957153284259840\')\n        ).tag(\"172956395755208704\"),\n        THEN(\n            llm.tag(\'173365800833675264\'),\n            end.tag(\'173366253646540800\')\n        ).tag(\"173365800833675264\"),\n        end.tag(\'173366439085109248\'),\n        THEN(\n            llm.tag(\'175149164433014784\'),\n            end.tag(\'175153953988444160\')\n        ).tag(\"175149164433014784\"),\n        THEN(\n            llm.tag(\'175505963485245440\'),\n            end.tag(\'175506006644633600\')\n        ).tag(\"175505963485245440\"),\n        THEN(\n            llm.tag(\'175807569594040320\'),\n            end.tag(\'175808663015538688\')\n        ).tag(\"175807569594040320\")\n    ).tag(\'173365501230346240\')\n).tag(\"start-node\")', '{\"nodes\":[{\"id\":\"start-node\",\"type\":\"start\",\"x\":262,\"y\":458,\"properties\":{\"text\":\"开始\",\"remarks\":\"\",\"options\":{},\"inputParams\":[{\"field\":\"content\",\"name\":\"用户问题\",\"type\":\"string\",\"required\":true},{\"field\":\"history\",\"name\":\"历史记录\",\"type\":\"string[]\",\"required\":false},{\"field\":\"ddl\",\"name\":\"表结构\",\"type\":\"string\",\"required\":true},{\"field\":\"dbtype\",\"name\":\"数据库类型\",\"type\":\"string\",\"required\":true},{\"field\":\"bizType\",\"name\":\"业务类型\",\"type\":\"string\",\"required\":true}],\"outputParams\":[],\"height\":92,\"width\":332}},{\"id\":\"172956395755208704\",\"type\":\"llm\",\"x\":1166,\"y\":160,\"properties\":{\"text\":\"生成sql\",\"options\":{\"model\":{\"modeId\":\"1890232564262739969\",\"params\":{\"model\":\"OpenAI\",\"temperature\":0.7}},\"history\":3,\"messages\":[{\"role\":\"system\",\"content\":\"# 角色：SQL生成助手\\n你是一个专业的SQL语句生成工具，能够根据用户提供的描述和表结构自动生成高效的SQL查询语句。\\n\\n## 目标：\\n- 根据用户的描述生成准确的SQL查询语句。\\n\\n## 技能：\\n1. 理解用户提供的需求和表结构。\\n2. 自动构建符合SQL语法的查询语句。\\n3. 优化生成的SQL以提高执行效率。\\n\\n## 工作流：\\n1. 接收用户描述和表结构信息。\\n2. 分析用户需求，确定所需的SQL操作类型（如查询、插入、更新、删除）。\\n3. 根据分析结果生成相应的SQL语句。\\n\\n## 输出格式：\\n- 生成的SQL语句应为标准格式，如：SELECT * FROM table_name ;\\n- 将输出的SQL语句格式化\\n- 只输出sql语句，不要额外解释，不要md语法，不要换行符，不要有sql注释。\\n\\n## 限制：\\n\\n- 除非明确说明，否则不要生成查询条件\\n- 确保生成的SQL语句符合数据库的语法要求，确保sql能直接执行。\\n- 确保字段和表能正确对应。\"},{\"role\":\"user\",\"content\":\"表结构：\\n{{ddl}}\\n---------\\n数据库类型：\\n{{dbtype}}\\n----------\\n需求：\\n{{question}}\"}]},\"inputParams\":[{\"field\":\"content\",\"name\":\"question\",\"nodeId\":\"start-node\"},{\"field\":\"ddl\",\"name\":\"ddl\",\"nodeId\":\"start-node\"},{\"field\":\"dbtype\",\"name\":\"dbtype\",\"nodeId\":\"start-node\"}],\"outputParams\":[{\"field\":\"text\",\"name\":\"回复内容\",\"type\":\"string\"}],\"height\":180,\"width\":332}},{\"id\":\"172957153284259840\",\"type\":\"end\",\"x\":1643,\"y\":129,\"properties\":{\"text\":\"结束\",\"options\":{\"outputText\":false,\"outputContent\":\"\"},\"inputParams\":[],\"outputParams\":[{\"field\":\"text\",\"name\":\"sql\",\"nodeId\":\"172956395755208704\"}],\"height\":114,\"width\":332}},{\"id\":\"173365501230346240\",\"type\":\"switch\",\"x\":688,\"y\":536,\"properties\":{\"text\":\"条件分支\",\"options\":{\"if\":[{\"logic\":\"AND\",\"conditions\":[{\"nodeId\":\"start-node\",\"field\":\"bizType\",\"operator\":\"EQUALS\",\"value\":\"genSql\"}],\"next\":\"172956395755208704\"},{\"logic\":\"AND\",\"conditions\":[{\"nodeId\":\"start-node\",\"field\":\"bizType\",\"operator\":\"EQUALS\",\"value\":\"genJsonRows\"}],\"next\":\"173365800833675264\"},{\"logic\":\"AND\",\"conditions\":[{\"nodeId\":\"start-node\",\"field\":\"bizType\",\"operator\":\"EQUALS\",\"value\":\"chooseTables\"}],\"next\":\"175149164433014784\"},{\"logic\":\"AND\",\"conditions\":[{\"nodeId\":\"start-node\",\"field\":\"bizType\",\"operator\":\"EQUALS\",\"value\":\"genChart\"}],\"next\":\"175505963485245440\"},{\"logic\":\"AND\",\"conditions\":[{\"nodeId\":\"start-node\",\"field\":\"bizType\",\"operator\":\"EQUALS\",\"value\":\"intentCheck\"}],\"next\":\"175807569594040320\"}],\"else\":{\"next\":\"173366439085109248\"}},\"inputParams\":[],\"outputParams\":[{\"field\":\"index\",\"name\":\"分支索引\",\"type\":\"number\"}],\"height\":222,\"width\":332}},{\"id\":\"173365800833675264\",\"type\":\"llm\",\"x\":1167,\"y\":368,\"properties\":{\"text\":\"生成rows\",\"options\":{\"model\":{\"modeId\":\"1890232564262739969\",\"params\":{\"model\":\"OpenAI\",\"temperature\":0.7}},\"history\":3,\"messages\":[{\"role\":\"system\",\"content\":\"根据以下数据以及用户需求生成符合要求的表格数据结构。\\n\\n\\n\\n\\n## 工作流程：\\n\\n\\n\\n\\n1. 根据用户需求选择一个合适的数据集\\n2. 根据数据集和需求，生成表格数据。\\n2. 最终输出json\\n\\n\\n\\n\\n## 数据集格式说明：\\n```\\n{\\n \\\"code\\\": \\\"a\\\",\\n \\\"title\\\": \\\"a\\\",\\n \\\"isList\\\": \\\"1\\\",\\n \\\"children\\\": [\\n  {\\n   \\\"title\\\": \\\"total_sales\\\",\\n   \\\"fieldText\\\": \\\"总销量\\\"\\n  },\\n  {\\n   \\\"title\\\": \\\"total_returns\\\",\\n   \\\"fieldText\\\": \\\"总退货数量\\\"\\n  }\\n ]\\n}\\n```\\n* code：数据集变量名\\n* isList：为”1”表示集合，“0”表示对象\\n* children：为字段列表，包含title（字段名）和fieldText（展示名）\\n⸻\\n## 表格数据结构说明：\\n```\\n{\\n \\\"0\\\": { \\\"cells\\\": {} },\\n \\\"1\\\": { \\\"cells\\\": {\\n   \\\"1\\\": { \\\"text\\\": \\\"#{a.total_sales}\\\" },\\n   \\\"2\\\": { \\\"text\\\": \\\"#{a.name}\\\" }\\n }},\\n \\\"len\\\": 200\\n}\\n```\\n* 行号作为键\\n* 每行下有 cells 对象，key 是列号\\n* 每行以序号作为键\\n* 每列下包含 text 为占位符，${} 用于对象，#{} 用于集合\\n* 可包含 style 等附加样式信息\\n⸻\\n\\n\\n\\n\\n## 填充规则：\\n1. 若 isList = 1（集合）：\\n * 第N行（如 \\\"0\\\"）为字段标题：使用 children.fieldText 填充\\n * 第N+1行（如 \\\"1\\\"）为字段占位符：使用 `#{code.title}` 填充\\n * 所有字段占位符占用一行，所有标题占用一行\\n2. 若 isList = 0（对象）：\\n * 每字段占两列，低N列填字段标题，N+1列填占位符 `${code.title}`\\n * 共两组：第一组在第n列，第二组在第N+2列\\n\\n\\n\\n\\n⸻\\n\\n\\n\\n\\n## 输出格式\\n* 直接返回JSON数据，不要解释，不要md语法，不要换行符，不要有注释。\\n* 确保输出的JSON格式正确，数据中不能包含注释和省略。\\n\\n\\n\\n\\n\\n\\n\\n\\n## 特别注意\\n- 字段的占位必须是`#{}`或`${}`，不能缺失大括号。\\n- 用户描述的序号需要减一才是下标\\n- 确保输出的json格式正确。\\n- 只需要生成一套表格数据。\"},{\"role\":\"user\",\"content\":\"用户数据集：\\n{{ddl}}\\n用户需求：\\n{{question}}\"}]},\"inputParams\":[{\"field\":\"content\",\"name\":\"question\",\"nodeId\":\"start-node\"},{\"field\":\"ddl\",\"name\":\"ddl\",\"nodeId\":\"start-node\"}],\"outputParams\":[{\"field\":\"text\",\"name\":\"回复内容\",\"type\":\"string\"}],\"height\":180,\"width\":332}},{\"id\":\"173366253646540800\",\"type\":\"end\",\"x\":1643,\"y\":336,\"properties\":{\"text\":\"结束\",\"options\":{\"outputText\":false,\"outputContent\":\"\"},\"inputParams\":[],\"outputParams\":[{\"field\":\"text\",\"name\":\"rows\",\"nodeId\":\"173365800833675264\"}],\"height\":114,\"width\":332}},{\"id\":\"173366439085109248\",\"type\":\"end\",\"x\":1158,\"y\":1209,\"properties\":{\"text\":\"结束\",\"options\":{\"outputText\":true,\"outputContent\":\"error:选择正确的业务类型\"},\"inputParams\":[],\"outputParams\":[],\"height\":114,\"width\":332}},{\"id\":\"175149164433014784\",\"type\":\"llm\",\"x\":1164,\"y\":598,\"properties\":{\"text\":\"选择表\",\"options\":{\"model\":{\"modeId\":\"1890232564262739969\",\"params\":{\"model\":\"OpenAI\",\"temperature\":0.7}},\"history\":2,\"messages\":[{\"role\":\"system\",\"content\":\"## 任务\\n根据用户需求，从下方数据库表列表中选择所有关联的表名称。\\n\\n\\n## 数据库表列表（格式：表名 | 注释）\\n{{ddl}}\\n\\n## 输出规则\\n1. 严格按JSON数组格式输出，例如：[\\\"order\\\"]。\\n2. 仅包含表名称，无需注释。\\n3. **禁止添加列表外的表**。\\n4. 表的选择范围可以适当大一些。\\n4. 无业务相关性时输出空数组：[]\\n\\n\\n请回复纯JSON，不要包含其他内容。\"},{\"role\":\"user\",\"content\":\"用户需求：{{question}}\"}]},\"inputParams\":[{\"field\":\"ddl\",\"name\":\"ddl\",\"nodeId\":\"start-node\"},{\"field\":\"content\",\"name\":\"question\",\"nodeId\":\"start-node\"}],\"outputParams\":[{\"field\":\"text\",\"name\":\"回复内容\",\"type\":\"string\"}],\"height\":180,\"width\":332}},{\"id\":\"175153953988444160\",\"type\":\"end\",\"x\":1643,\"y\":564,\"properties\":{\"text\":\"结束\",\"options\":{\"outputText\":false,\"outputContent\":\"\"},\"inputParams\":[],\"outputParams\":[{\"field\":\"text\",\"name\":\"tables\",\"nodeId\":\"175149164433014784\"}],\"height\":114,\"width\":332}},{\"id\":\"175505963485245440\",\"type\":\"llm\",\"x\":1166,\"y\":802,\"properties\":{\"text\":\"生成图表\",\"options\":{\"model\":{\"modeId\":\"1890232564262739969\",\"params\":{\"model\":\"OpenAI\",\"temperature\":0.7}},\"history\":3,\"messages\":[{\"role\":\"system\",\"content\":\"根据以下数据以及用户需求生成符合格式要求的图表数据。\\n\\n\\n## 工作流程：\\n\\n\\n1. 根据用户需求选择一个合适的数据集\\n2. 根据数据集和需求，从图表列表中选择一个合适的图标类型。\\n3. 组装最终输出的json\\n\\n\\n⸻\\n## 可选的图表如下（标识|描述）：\\n\\n\\n- 1维图表\\n  - bar.simple|普通柱形图\\n  - bar.background|带背景柱形图\\n  - bar.horizontal|横向柱形图\\n  - line.simple|普通折线图\\n  - line.area|面积堆积折线图\\n  - line.smooth|平滑曲线折线图\\n  - line.step|阶梯折线图\\n  - pie.simple|普通饼图\\n  - pie.doughnut|环状饼图\\n  - pie.rose|南丁格尔玫瑰饼图\\n  - scatter.simple|普通散点图\\n  - funnel.simple|普通漏斗图\\n  - funnel.pyramid|金字塔漏斗图\\n  - pictorial.spirits|普通象形图\\n  - map.scatter|点地图\\n  - gauge.simple|360°仪表盘\\n  - gauge.simple180|180°仪表盘\\n- 2维\\n  - bar.multi|多数据对比柱形图\\n  - bar.negative|正负条形图\\n  - bar.stack|堆叠柱形图\\n  - bar.stack.horizontal|堆叠条形图\\n  - bar.multi.horizontal|多数据条形柱状图\\n  - line.multi|多数据对比折线图\\n  - mixed.linebar|普通折柱图\\n  - scatter.bubble|气泡散点图\\n  - radar.basic|普通雷达图\\n  - radar.custom|圆形雷达图\\n⸻\\n## 数据集格式说明：\\n```\\n{\\n \\\"dbId\\\": \\\"1069915169263800320\\\",\\n \\\"code\\\": \\\"a\\\",\\n \\\"title\\\": \\\"a\\\",\\n \\\"isList\\\": \\\"1\\\",\\n \\\"type\\\": \\\"0\\\",\\n \\\"children\\\": [\\n  {\\n   \\\"title\\\": \\\"total_sales\\\",\\n   \\\"fieldText\\\": \\\"total_sales\\\"\\n  },\\n  {\\n   \\\"title\\\": \\\"total_returns\\\",\\n   \\\"fieldText\\\": \\\"total_returns\\\"\\n  }\\n ]\\n}\\n```\\n* code：数据集变量名\\n* isList：为”1”表示集合，“0”表示对象\\n* children：为字段列表，包含title（字段名）和fieldText（展示名）\\n* type：0|sql,1|api,2|code,3|json\\n⸻\\n## 输出json格式\\n{\\n  \\\"dataType\\\": \\\"sql\\\",\\n  \\\"apiStatus\\\": \\\"0\\\",\\n  \\\"apiUrl\\\": \\\"\\\",\\n  \\\"dataId\\\": \\\"1069898455939633152\\\",\\n  \\\"axisX\\\": \\\"supplier_name\\\",\\n  \\\"axisY\\\": \\\"total_returns\\\",\\n  \\\"series\\\": \\\"material_name\\\",\\n  \\\"yText\\\": \\\"total_returns\\\",\\n  \\\"xText\\\": \\\"supplier_name\\\",\\n  \\\"dbCode\\\": \\\"a\\\",\\n  \\\"isCustomPropName\\\": false,\\n  \\\"chartType\\\": \\\"line.multi\\\",\\n  \\\"id\\\": \\\"0aGl4PUfbIfy8BMF\\\",\\n  \\\"run\\\": 1,\\n  \\\"title\\\": \\\"\\\",\\n}\\n* dataType：与数据集type对应(0|sql,1|api,2|code,3|json)\\n* dataId：对应数据集dbId\\n* dbCode：对应数据集的code\\n* axisX：分类属性，从数据集字段中取值（fieldText)\\n* axisY：值属性，从数据集字段中取值（fieldText)\\n* series: 系列，从数据集字段中取值（fieldText）\\n* xText：分类属性显示，从数据集字段中取值（title)\\n* yText：值属性显示，从数据集字段中取值（title)\\n* chartType：图表的标识\\n* title：为这个图表起一个标题\\n* isCustomPropName: 如果是api数据集,该值为true\\n* apiStatus: 如果是api数据集则等于\\\"1\\\"，否则\\\"0\\\"\\n\\n\\n## 输出格式\\n* 直接返回JSON数据，不要解释，不要md语法，不要换行符，不要有注释。\\n* 确保输出的json格式正确完整。\"},{\"role\":\"user\",\"content\":\"## 用户数据集：\\n{{ddl}}\\n## 用户需求：\\n{{question}}\"}]},\"inputParams\":[{\"field\":\"ddl\",\"name\":\"ddl\",\"nodeId\":\"start-node\"},{\"field\":\"content\",\"name\":\"question\",\"nodeId\":\"start-node\"}],\"outputParams\":[{\"field\":\"text\",\"name\":\"回复内容\",\"type\":\"string\"}],\"height\":180,\"width\":332}},{\"id\":\"175506006644633600\",\"type\":\"end\",\"x\":1643,\"y\":769,\"properties\":{\"text\":\"结束\",\"options\":{\"outputText\":false,\"outputContent\":\"\"},\"inputParams\":[],\"outputParams\":[{\"field\":\"text\",\"name\":\"chart\",\"nodeId\":\"175505963485245440\"}],\"height\":114,\"width\":332}},{\"id\":\"175807569594040320\",\"type\":\"llm\",\"x\":1166,\"y\":1018,\"properties\":{\"text\":\"意图识别\",\"options\":{\"model\":{\"modeId\":\"1890232564262739969\",\"params\":{\"model\":\"OpenAI\",\"temperature\":0.7}},\"history\":3,\"messages\":[{\"role\":\"system\",\"content\":\"请根据用户需求与数据集设计，综合判断应执行的工作流步骤，并为每个步骤生成简洁明确的需求描述，同时选择最合适的数据集。\\n---\\n## 可选步骤（格式：标识 | 功能说明）\\n- `genJsonRows` | 生成报表（可选）\\n- `genChart` | 生成图表（可选）\\n> **注意：** 至少选择一个步骤，亦可同时选择两者；图表的权重较低。\\n---\\n## 数据集格式\\n```json\\n{\\n \\\"dbId\\\": \\\"1069915169263800320\\\",\\n \\\"code\\\": \\\"a\\\",\\n \\\"title\\\": \\\"a\\\",\\n \\\"isList\\\": \\\"1\\\",\\n \\\"type\\\": \\\"0\\\",\\n \\\"children\\\": [\\n  {\\n   \\\"title\\\": \\\"total_sales\\\",\\n   \\\"fieldText\\\": \\\"total_sales\\\"\\n  },\\n  {\\n   \\\"title\\\": \\\"total_returns\\\",\\n   \\\"fieldText\\\": \\\"total_returns\\\"\\n  }\\n ]\\n}\\n* code：数据集变量名\\n* isList：为”1”表示集合，“0”表示对象\\n* children：为字段列表，包含title（展示名）和fieldText（字段名）\\n* type：0|sql,1|api,2|code,3|json\\n⸻\\n## 输出格式\\n```\\n步骤标识1|需求描述1|数据集code,步骤标识2|需求描述2|数据集code\\n```\\n* 各步骤之间用英文逗号,分隔\\n* 不得添加额外说明，不要md语法，不要换行符，不要有注释。\"},{\"role\":\"user\",\"content\":\"## 用户数据集：\\n{{ddl}}\\n## 用户需求：\\n{{question}}\"}]},\"inputParams\":[{\"field\":\"content\",\"name\":\"question\",\"nodeId\":\"start-node\"},{\"field\":\"ddl\",\"name\":\"ddl\",\"nodeId\":\"start-node\"}],\"outputParams\":[{\"field\":\"text\",\"name\":\"回复内容\",\"type\":\"string\"}],\"height\":180,\"width\":332}},{\"id\":\"175808663015538688\",\"type\":\"end\",\"x\":1643,\"y\":985,\"properties\":{\"text\":\"结束\",\"options\":{\"outputText\":false,\"outputContent\":\"\"},\"inputParams\":[],\"outputParams\":[{\"field\":\"text\",\"name\":\"intent\",\"nodeId\":\"175807569594040320\"}],\"height\":114,\"width\":332}}],\"edges\":[{\"id\":\"172957153288454144\",\"type\":\"base-edge\",\"sourceNodeId\":\"172956395755208704\",\"targetNodeId\":\"172957153284259840\",\"sourceAnchorId\":\"172956395755208704_output\",\"targetAnchorId\":\"172957153284259840_input\",\"pointsList\":[{\"x\":1332,\"y\":101},{\"x\":1432,\"y\":101},{\"x\":1377,\"y\":103},{\"x\":1477,\"y\":103}]},{\"id\":\"173365501234540544\",\"type\":\"base-edge\",\"sourceNodeId\":\"start-node\",\"targetNodeId\":\"173365501230346240\",\"sourceAnchorId\":\"start-node_output\",\"targetAnchorId\":\"173365501230346240_input\",\"pointsList\":[{\"x\":428,\"y\":443},{\"x\":528,\"y\":443},{\"x\":422,\"y\":456},{\"x\":522,\"y\":456}]},{\"id\":\"173366253650735104\",\"type\":\"base-edge\",\"sourceNodeId\":\"173365800833675264\",\"targetNodeId\":\"173366253646540800\",\"sourceAnchorId\":\"173365800833675264_output\",\"targetAnchorId\":\"173366253646540800_input\",\"pointsList\":[{\"x\":1333,\"y\":309},{\"x\":1433,\"y\":309},{\"x\":1377,\"y\":310},{\"x\":1477,\"y\":310}]},{\"id\":\"173372961415852032\",\"type\":\"base-edge\",\"sourceNodeId\":\"173365501230346240\",\"targetNodeId\":\"172956395755208704\",\"sourceAnchorId\":\"173365501230346240_source_if\",\"targetAnchorId\":\"172956395755208704_input\",\"pointsList\":[{\"x\":854,\"y\":490},{\"x\":954,\"y\":490},{\"x\":900,\"y\":101},{\"x\":1000,\"y\":101}]},{\"id\":\"173372967073968128\",\"type\":\"base-edge\",\"sourceNodeId\":\"173365501230346240\",\"targetNodeId\":\"173365800833675264\",\"sourceAnchorId\":\"173365501230346240_case_2\",\"targetAnchorId\":\"173365800833675264_input\",\"pointsList\":[{\"x\":854,\"y\":516},{\"x\":954,\"y\":516},{\"x\":901,\"y\":309},{\"x\":1001,\"y\":309}]},{\"id\":\"173372974988619776\",\"type\":\"base-edge\",\"sourceNodeId\":\"173365501230346240\",\"targetNodeId\":\"173366439085109248\",\"sourceAnchorId\":\"173365501230346240_source_else\",\"targetAnchorId\":\"173366439085109248_input\",\"pointsList\":[{\"x\":854,\"y\":620},{\"x\":954,\"y\":620},{\"x\":892,\"y\":1183},{\"x\":992,\"y\":1183}]},{\"id\":\"175149164437209088\",\"type\":\"base-edge\",\"sourceNodeId\":\"173365501230346240\",\"targetNodeId\":\"175149164433014784\",\"sourceAnchorId\":\"173365501230346240_case_3\",\"targetAnchorId\":\"175149164433014784_input\",\"pointsList\":[{\"x\":854,\"y\":542},{\"x\":954,\"y\":542},{\"x\":898,\"y\":539},{\"x\":998,\"y\":539}]},{\"id\":\"175153997969915904\",\"type\":\"base-edge\",\"sourceNodeId\":\"175149164433014784\",\"targetNodeId\":\"175153953988444160\",\"sourceAnchorId\":\"175149164433014784_output\",\"targetAnchorId\":\"175153953988444160_input\",\"pointsList\":[{\"x\":1330,\"y\":539},{\"x\":1430,\"y\":539},{\"x\":1377,\"y\":538},{\"x\":1477,\"y\":538}]},{\"id\":\"175505963489439744\",\"type\":\"base-edge\",\"sourceNodeId\":\"173365501230346240\",\"targetNodeId\":\"175505963485245440\",\"sourceAnchorId\":\"173365501230346240_case_4\",\"targetAnchorId\":\"175505963485245440_input\",\"pointsList\":[{\"x\":854,\"y\":568},{\"x\":954,\"y\":568},{\"x\":900,\"y\":743},{\"x\":1000,\"y\":743}]},{\"id\":\"175506006648827904\",\"type\":\"base-edge\",\"sourceNodeId\":\"175505963485245440\",\"targetNodeId\":\"175506006644633600\",\"sourceAnchorId\":\"175505963485245440_output\",\"targetAnchorId\":\"175506006644633600_input\",\"pointsList\":[{\"x\":1332,\"y\":743},{\"x\":1432,\"y\":743},{\"x\":1377,\"y\":743},{\"x\":1477,\"y\":743}]},{\"id\":\"175807569598234624\",\"type\":\"base-edge\",\"sourceNodeId\":\"173365501230346240\",\"targetNodeId\":\"175807569594040320\",\"sourceAnchorId\":\"173365501230346240_case_5\",\"targetAnchorId\":\"175807569594040320_input\",\"pointsList\":[{\"x\":854,\"y\":594},{\"x\":954,\"y\":594},{\"x\":900,\"y\":959},{\"x\":1000,\"y\":959}]},{\"id\":\"175808663019732992\",\"type\":\"base-edge\",\"sourceNodeId\":\"175807569594040320\",\"targetNodeId\":\"175808663015538688\",\"sourceAnchorId\":\"175807569594040320_output\",\"targetAnchorId\":\"175808663015538688_input\",\"pointsList\":[{\"x\":1332,\"y\":959},{\"x\":1432,\"y\":959},{\"x\":1377,\"y\":959},{\"x\":1477,\"y\":959}]}]}', 'release', '{\"outputs\":[{\"field\":\"text\",\"name\":\"intent\",\"nodeId\":\"175807569594040320\"},{\"field\":\"outputText\",\"type\":\"string\"}],\"inputs\":[{\"field\":\"content\",\"name\":\"用户问题\",\"required\":true,\"type\":\"string\"},{\"field\":\"history\",\"name\":\"历史记录\",\"required\":false,\"type\":\"string[]\"},{\"field\":\"ddl\",\"name\":\"表结构\",\"required\":true,\"type\":\"string\"},{\"field\":\"dbtype\",\"name\":\"数据库类型\",\"required\":true,\"type\":\"string\"},{\"field\":\"bizType\",\"name\":\"业务类型\",\"required\":true,\"type\":\"string\"}]}');
INSERT INTO `airag_flow` VALUES ('1917103567932604417', 'jeecg', '2025-04-29 14:28:03', 'admin', '2025-07-08 16:29:25', 'A04', NULL, 'jeecg', '示例_数据查询引擎', '', '', 'THEN(\n    start.tag(\'start-node\'),\n    enhanceJava.tag(\'180204885804785664\'),\n    llm.tag(\'180211780498169856\'),\n    end.tag(\'180204420713758720\')\n).tag(\"start-node\")', '{\"nodes\":[{\"id\":\"start-node\",\"type\":\"start\",\"x\":300,\"y\":376,\"properties\":{\"text\":\"开始\",\"remarks\":\"\",\"options\":{},\"inputParams\":[{\"field\":\"content\",\"name\":\"用户问题\",\"type\":\"string\",\"required\":false},{\"field\":\"history\",\"name\":\"历史记录\",\"type\":\"string[]\",\"required\":false},{\"field\":\"pageNo\",\"name\":\"页码\",\"type\":\"number\",\"required\":false},{\"field\":\"pageSize\",\"name\":\"每页数量\",\"type\":\"number\",\"required\":false},{\"field\":\"bizData\",\"name\":\"文件路径\",\"type\":\"string\",\"required\":false}],\"outputParams\":[],\"height\":92,\"width\":332}},{\"id\":\"180204420713758720\",\"type\":\"end\",\"x\":1648,\"y\":398,\"properties\":{\"text\":\"结束\",\"options\":{\"outputText\":true,\"outputContent\":\"{{res}}\"},\"inputParams\":[],\"outputParams\":[{\"field\":\"text\",\"name\":\"res\",\"nodeId\":\"180211780498169856\"}],\"height\":136,\"width\":332}},{\"id\":\"180204885804785664\",\"type\":\"enhanceJava\",\"x\":747,\"y\":329,\"properties\":{\"text\":\"Java 增强\",\"options\":{\"enhance\":{\"type\":\"spring\",\"path\":\"jimuDataReader\"}},\"inputParams\":[{\"field\":\"bizData\",\"name\":\"bizData\",\"nodeId\":\"start-node\"}],\"outputParams\":[{\"field\":\"datas\",\"name\":\"返回结果\",\"type\":\"object[]\",\"required\":false},{\"field\":\"fields\",\"name\":\"字段列表\",\"type\":\"string[]\",\"required\":false}],\"height\":158,\"width\":332}},{\"id\":\"180211780498169856\",\"type\":\"llm\",\"x\":1229,\"y\":419,\"properties\":{\"text\":\"LLM\",\"options\":{\"model\":{\"modeId\":\"1890232564262739969\",\"params\":{\"model\":\"OpenAI\",\"temperature\":0.7}},\"history\":3,\"messages\":[{\"role\":\"system\",\"content\":\"将以下数据整理成目标格式输出\\n## 工作流程：\\n1. 读取用户的数据\\n3. 组装最终输出的json\\n⸻\\n## 数据示例:data\\n```\\n{{data}}\\n```\\n## 数据示例:fields\\n```\\n{{fields}}\\n```\\n⸻\\n## 输出json格式\\n{\\n  \\\"data\\\": [\\n    {\\n      \\\"amount\\\": \\\"100\\\",\\n      \\\"month\\\": \\\"1\\\",\\n      \\\"areaname\\\": \\\"华北\\\",\\n      \\\"year\\\": \\\"2020\\\",\\n      \\\"price\\\": \\\"5\\\",\\n      \\\"dept\\\": \\\"河北\\\",\\n      \\\"settleamount\\\": \\\"100\\\"\\n    },\\n    {\\n      \\\"amount\\\": \\\"200\\\",\\n      \\\"month\\\": \\\"2\\\",\\n      \\\"areaname\\\": \\\"华北\\\",\\n      \\\"year\\\": \\\"2020\\\",\\n      \\\"price\\\": \\\"5\\\",\\n      \\\"dept\\\": \\\"河北\\\",\\n      \\\"settleamount\\\": \\\"200\\\"\\n    },\\n  ],\\n  \\\"total\\\": 100,\\n  \\\"count\\\": 100\\n}\\n* total: 分页数，对应数据的总分页数\\n* count: 数据总数，对应数据的总数\\n\\n\\n## 输出格式\\n* 直接返回JSON数据，不要解释，不要md语法，不要换行符，不要有注释。\\n* 统一将key转换成英文，下划线分隔\\n* 确保输出的json格式正确完整。\"},{\"role\":\"user\",\"content\":\"将数据转换为目标格式\"}]},\"inputParams\":[{\"field\":\"datas\",\"name\":\"data\",\"nodeId\":\"180204885804785664\"},{\"field\":\"fields\",\"name\":\"fileds\",\"nodeId\":\"180204885804785664\"}],\"outputParams\":[{\"field\":\"text\",\"name\":\"回复内容\",\"type\":\"string\"}],\"height\":180,\"width\":332}}],\"edges\":[{\"id\":\"180211805085179904\",\"type\":\"base-edge\",\"sourceNodeId\":\"180211780498169856\",\"targetNodeId\":\"180204420713758720\",\"sourceAnchorId\":\"180211780498169856_output\",\"targetAnchorId\":\"180204420713758720_input\",\"pointsList\":[{\"x\":1395,\"y\":360},{\"x\":1495,\"y\":360},{\"x\":1382,\"y\":361},{\"x\":1482,\"y\":361}]},{\"id\":\"180228761381183488\",\"type\":\"base-edge\",\"sourceNodeId\":\"start-node\",\"targetNodeId\":\"180204885804785664\",\"sourceAnchorId\":\"start-node_output\",\"targetAnchorId\":\"180204885804785664_input\",\"pointsList\":[{\"x\":466,\"y\":361},{\"x\":566,\"y\":361},{\"x\":481,\"y\":281},{\"x\":581,\"y\":281}]},{\"id\":\"180511280701620224\",\"type\":\"base-edge\",\"sourceNodeId\":\"180204885804785664\",\"targetNodeId\":\"180211780498169856\",\"sourceAnchorId\":\"180204885804785664_output\",\"targetAnchorId\":\"180211780498169856_input\",\"pointsList\":[{\"x\":913,\"y\":281},{\"x\":1013,\"y\":281},{\"x\":963,\"y\":360},{\"x\":1063,\"y\":360}]}]}', 'enable', '{\"outputs\":[{\"field\":\"outputText\",\"type\":\"string\"}],\"inputs\":[{\"field\":\"content\",\"name\":\"用户问题\",\"required\":false,\"type\":\"string\"},{\"field\":\"history\",\"name\":\"历史记录\",\"required\":false,\"type\":\"string[]\"},{\"field\":\"pageNo\",\"name\":\"页码\",\"required\":false,\"type\":\"number\"},{\"field\":\"pageSize\",\"name\":\"每页数量\",\"required\":false,\"type\":\"number\"},{\"field\":\"bizData\",\"name\":\"文件路径\",\"required\":false,\"type\":\"string\"}]}');

-- ----------------------------
-- Table structure for airag_knowledge
-- ----------------------------
CREATE TABLE `airag_knowledge`  (
  `id` varchar(36) CHARACTER SET utf8mb4 COLLATE utf8mb4_unicode_ci NOT NULL,
  `create_by` varchar(50) CHARACTER SET utf8mb4 COLLATE utf8mb4_unicode_ci NULL DEFAULT NULL COMMENT '创建人',
  `create_time` datetime NULL DEFAULT NULL COMMENT '创建日期',
  `update_by` varchar(50) CHARACTER SET utf8mb4 COLLATE utf8mb4_unicode_ci NULL DEFAULT NULL COMMENT '更新人',
  `update_time` datetime NULL DEFAULT NULL COMMENT '更新日期',
  `sys_org_code` varchar(64) CHARACTER SET utf8mb4 COLLATE utf8mb4_unicode_ci NULL DEFAULT NULL COMMENT '所属部门',
  `tenant_id` varchar(32) CHARACTER SET utf8mb4 COLLATE utf8mb4_unicode_ci NULL DEFAULT NULL COMMENT '租户id',
  `name` varchar(100) CHARACTER SET utf8mb4 COLLATE utf8mb4_unicode_ci NULL DEFAULT NULL COMMENT '知识库名称',
  `descr` varchar(500) CHARACTER SET utf8mb4 COLLATE utf8mb4_unicode_ci NULL DEFAULT NULL COMMENT '描述',
  `embed_id` varchar(32) CHARACTER SET utf8mb4 COLLATE utf8mb4_unicode_ci NULL DEFAULT NULL COMMENT '向量模型id',
  `status` varchar(32) CHARACTER SET utf8mb4 COLLATE utf8mb4_unicode_ci NULL DEFAULT NULL COMMENT '状态',
  PRIMARY KEY (`id`) USING BTREE
) ENGINE = InnoDB CHARACTER SET = utf8mb4 COLLATE = utf8mb4_unicode_ci ROW_FORMAT = DYNAMIC;

-- ----------------------------
-- Records of airag_knowledge
-- ----------------------------
INSERT INTO `airag_knowledge` VALUES ('1897212906878009346', 'jeecg', '2025-03-05 17:09:40', NULL, NULL, 'A04', NULL, '积木报表文档', '积木报表文档', '1891459707122499586', 'enable');
INSERT INTO `airag_knowledge` VALUES ('1897926563148648449', 'jeecg', '2025-03-07 16:25:29', 'jeecg', '2025-03-11 10:04:25', 'A04', NULL, 'JeecgBoot文档', 'JeecgBoot文档', '1891459707122499586', 'enable');
INSERT INTO `airag_knowledge` VALUES ('1905186756806918146', 'jeecg', '2025-03-27 17:14:54', NULL, NULL, 'A04', NULL, 'PMP', NULL, '1891459707122499586', 'enable');

-- ----------------------------
-- Table structure for airag_knowledge_doc
-- ----------------------------
CREATE TABLE `airag_knowledge_doc`  (
  `id` varchar(36) CHARACTER SET utf8mb4 COLLATE utf8mb4_unicode_ci NOT NULL,
  `create_by` varchar(50) CHARACTER SET utf8mb4 COLLATE utf8mb4_unicode_ci NULL DEFAULT NULL COMMENT '创建人',
  `create_time` datetime NULL DEFAULT NULL COMMENT '创建日期',
  `update_by` varchar(50) CHARACTER SET utf8mb4 COLLATE utf8mb4_unicode_ci NULL DEFAULT NULL COMMENT '更新人',
  `update_time` datetime NULL DEFAULT NULL COMMENT '更新日期',
  `sys_org_code` varchar(64) CHARACTER SET utf8mb4 COLLATE utf8mb4_unicode_ci NULL DEFAULT NULL COMMENT '所属部门',
  `tenant_id` varchar(32) CHARACTER SET utf8mb4 COLLATE utf8mb4_unicode_ci NULL DEFAULT NULL COMMENT '租户id',
  `knowledge_id` varchar(32) CHARACTER SET utf8mb4 COLLATE utf8mb4_unicode_ci NULL DEFAULT NULL COMMENT '知识库id',
  `title` varchar(100) CHARACTER SET utf8mb4 COLLATE utf8mb4_unicode_ci NULL DEFAULT NULL COMMENT '标题',
  `type` varchar(32) CHARACTER SET utf8mb4 COLLATE utf8mb4_unicode_ci NULL DEFAULT NULL COMMENT '类型',
  `content` text CHARACTER SET utf8mb4 COLLATE utf8mb4_unicode_ci NULL COMMENT '内容',
  `status` varchar(32) CHARACTER SET utf8mb4 COLLATE utf8mb4_unicode_ci NULL DEFAULT NULL COMMENT '状态',
  `metadata` text CHARACTER SET utf8mb4 COLLATE utf8mb4_unicode_ci NULL COMMENT '元数据',
  PRIMARY KEY (`id`) USING BTREE
) ENGINE = InnoDB CHARACTER SET = utf8mb4 COLLATE = utf8mb4_unicode_ci ROW_FORMAT = DYNAMIC;

-- ----------------------------
-- Records of airag_knowledge_doc
-- ----------------------------
INSERT INTO `airag_knowledge_doc` VALUES ('1897213100944261121', 'jeecg', '2025-03-05 17:10:26', 'admin', '2025-04-02 23:53:30', 'A04', NULL, '1897212906878009346', 'qa', 'text', '常见问题\n遇到问题请先升级至最新版，仍未解决可向团队反馈 点击反馈问题\n\n1. 积木报表是免费吗？\n回答： 积木报表代码不开源，但是功能可以免费使用。\n\n大屏支持离线安装，积木BI的推出，可以永久免费使用。\n针对公司用户我们提供企业版，免费版本也会持续发布。\n2. 功能操作提示 没有权限，请联系管理员分配权限！\n回答：这是因为报表针对敏感接口加了角色和权限控制，需要进行内置角色权限集成，具体见文档权限集成配置(重要)\n\n3. 积木报表怎么独立运行？\nDocker方式启动\n集成Demo启动\n4. 启动报mongo错误\n启动报错：\norg.mongodb.driver.cluster : Exception in monitor thread while connecting to \nserver localhost:27017 while accessing MongoDB with Java\n\n解决方案： 排除mongo启动默认加载 MongoAutoConfiguration\n@SpringBootApplication\n@EnableAutoConfiguration(exclude={MongoAutoConfiguration.class})\n\n5. 报表配置JeecgBoot菜单\n{{ window._CONFIG[\'domianURL\'] }}/jmreport/list?token=${token}\n\n参数说明\n\n{{ window._CONFIG[\'domianURL\'] }} ：后台项目访问地址\n${token} ：登录token用于权限控制\n前端组件：layouts/IframePageView 菜单配置截图\n\n\n6. 积木报表数据源支持哪些数据库？\n数据库 支持\nMySQL √\nOracle、Oracle9i  √\nSqlServer、SqlServer2012  √\nPostgreSQL √\nDB2、Informix √\nMariaDB  √\nSQLite、Hsqldb、Derby、H2 √\n达梦、人大金仓、神通 √\n华为高斯、虚谷、瀚高数据库、 TDengine 涛思数据 √\n阿里云PolarDB、PPAS、HerdDB √\nHive、HBase、CouchBase √\n导入Excel、csv、json文件数据集  √\nsqllite、TiDB、Doris、clickhouse、 MongoDB-BI  √\nelasticsearch、mogodb √\n积木平台暂时只提供mysql脚本，其他数据库请自转 Navicat工具mysql转库oracle步骤\n7. API数据源怎样实现条件查询？\n具体请看查询条件设置\n\n8.报表集成到自己的springboot项目\n请求参数如果后台接收的实体属性里没有，后台报错：not marked as ignorable\n\n\n\n解决方法：增加application.yml的配置jackson.fail_on_unknown_properties: false\n\n\n\n9.积木报表SQL数据集中sql语句加上limit在数据预览中报错?\nsql语句写法:\n\n 报错截图：\n\n\n\n原因是sql语句末尾加上了limit，我们在后台已经默认分页，故不用在末尾加上limit，否则会报错\n\n10.如何去掉打印页面的页眉、页脚？\n在打印弹窗页面，点击“更多设置 ->选项”，去掉“页眉和页脚”前边的对勾，打印界面就不显示页眉和页脚了；\n\n\n\n11.报表能否集成到vue项目中?\n不能集成到前端项目，因为积木报表提供的JAVA依赖，只能集成到JAVA项目中。\n\n12.sql或者api解析失败的问题\nsql或者api必须有查询结果才行，不然无法解析字段 相关issue #2305\n\n13.怎样自定义打印页面设置？\n打印区域除了可以手动选择“A4、A3...”，还可以根据自己需求，自定义大小。\n\n操作参考打印区域设置\n\n14.预览时，列表数组在预览界面怎么只显示一条数据？\n（1）检查在数据集解析的时候 ，是否勾选“是否列表”；\n\n\n\n（2）设计界面拖过来的数据字段，是否为#开头；\n\n\n\n15.横向动态列分组怎么设计？\n操作参考文档\n\n16.预览页面多内容，但设计界面没有，怎么处理？\n错误样式图：\n\n\n\n解决方案： 选中多出来的地方（可多选一些地方），右键点击：删除数据，就没有了；\n\n\n\n17.积木报表SQL数据集中数据预览为什么只显示10条数据?\n为了避免大数据问题，故只取前10条数据进行展示\n\n\n\n18. 积木报表数据源怎么配置？\n添加数据源文档\n\n19. 怎样把报表集成到JeecgBoot的菜单中？\n备注：大屏和报表的操作是一样的；\n\n（1）复制报表访问链接 （2）在系统管理菜单管理进行配置 （3）点击新增按钮填写信息\n\n注意：\na) 前端组件必须按照格式填写 layouts/IframePageView *用window._CONFIG[\'domianURL\']代替IP地址、端口号和项目名称,并用{{}}包起来;\nb）末尾必须携带参数，如（?sex）；\nc) 是否为路由菜单：是；\n\n\n\n\n（4）角色授权 路径：在系统管理->角色授权找到自己对应的角色,鼠标放到更多->授权；\n\n勾选刚才创建的菜单\n刷新页面即可看见点击菜单\n\n\n20. 数据集配置点击确认会报错\nhttps://github.com/jeecgboot/JimuReport/issues/439\nSQL state \\[null\\]; error code \\[0\\]; Error; nested exception is java.sql.SQLException: Error\n\n那么就查看mysql数据库连接驱动是版本是5.1.47,如果是那么请将驱动升级版本或降低版本，如：\n\n<dependency>\n    <groupId>mysql</groupId>\n    <artifactId>mysql-connector-java</artifactId>\n    <version>5.1.46</version>\n    <optional>true</optional>\n    <scope>runtime</scope>\n</dependency>\n\n22.如何把SQL数据集拼接的查询条件加到数据源语法的group by前面\n参考报表参数设置\n\n23.预览页面与设计页面不一致，在预览时出现空白行\n检查数据集是多条数据的集合，还是单条数据的对象；如果是集合使用#，如果是对象则需要使用$ 如果页面多行使用#，则会被当做多个集合，中间自动填充空白行。\n\n\n\n24.为什么配置参数后勾选查询后，下拉单选变成输入框\n参数不是字段，无法进行配置后就可以下拉单选；可配置字典code实现下拉\n\n25.一页展示一条数据，进行循环打印\n可将整页作为循环块，设置为循环块 参考文档：点击查看\n\n26.mysql数据库类型tyint被转换成了true和false\n需要在维护界面，数据源地址出拼接上\n\ntinyInt1isBit=false\n\n\n\n27.数据库里图片字段为图片链接，如何展示在报表中\n添加数据源取出图片字段，将单元格类型设置为图片即可，如下图：\n\n\n\n28. 达梦数据库提示表名不存在\n 因为达梦数据库如果不是当前用户名登录的(如SYSDBA)，访问不同名的（除了SYSDBA）外，均需要模式名.表名，那么需要你如下图操作，在同名下新建表\n\n\n\n29. 积木官网添加数据源\n积木官网添加数据源需使用远程地址，不可使用localhost。\n\n32.字典code中直接输入sql语句，下拉框单选项乱序\n解决方案：可以填写 order by 进行自定义排序，如\n\nselect dict_code as value,dict_name as name from jimu_dict order by create_time\n\n注意：如果在sqlserver下需要加上top 10（10代表多少条），不然会报错，如\n\nselect top 10 dict_code as value,dict_name as name from jimu_dict order by create_time\n\n33.导出excel报错版本不匹配，java.lang.NoSuchMethodError\n将poi版本升级到4.1.2即可解决\n\n34. 如何增加列数\n列索引数量可根据需要修改 参考文档：点击查看\n\n\n\n35.sql数据集下拉选择数据源，下方列表显示空白，但是有数据\n目前为了统一规则后台返回的数据的对象均为小写(name)，如果规则不匹配，请改成小写\n\n\n\n38.预览界面查询栏如何设置默认展开？\n解决方案：设置JS增强\n\n\n\nfunction init(){\n  this.queryPanel = \'1\';\n}\n\n39.sqlServer存储过程中有临时表获取不到数据\n可以通过set nocount on来解决\n\n 相关issue: https://github.com/jeecgboot/JimuReport/issues/726\n\n40.若依集成积木报表1.4.4+ 新建报表报错\nfreemarker.core.InvalidReferenceException\n\n升级fastjson到1.2.78\n\n<dependency>\n   <groupId>com.alibaba</groupId>\n   <artifactId>fastjson</artifactId>\n   <version>1.2.78</version>\n</dependency>\n\n相关issue：issue\n\n41.模板示例中条件查询预览失败\n没有对应的表\n\n42.打印的时候，字体加粗效果丢失\n宋体打印不支持加粗，换成默认的字体\n\n43.sqlserver提示驱动不存在\n在pom文件中添加sqlserver依赖\n\n   <dependency>\n        <groupId>com.microsoft.sqlserver</groupId>\n        <artifactId>sqljdbc4</artifactId>\n        <version>4.0</version>\n        <optional>true</optional>\n        <scope>runtime</scope>\n    </dependency>     \n\n44.sqlserver下使用CONVERT函数注意事项\n不可与order by一起使用\nCONVERT函数需指定别名 如：CONVERT(varchar(7),CREATE_TIME) as CREATE_TIME\n45.能否设置隐藏的查询条件\n问题描述： 同一报表，希望不同的人看到不同的数据，目前可以通过JS增强设置初始值，但又不想让用户修改，能否提供设置查询条件隐藏的功能，这样便于数据权限的控制。 分析说明：此问题目的在于不同的人看不同的数据，提问人想设置查询条件默认值且不允许修改\n\n1.不同的人看不同的数据：可以使用系统变量 参考文档 如：\n\nsql数据集：select * from demo where create_by = \'#{sysUserCode}\'\napi数据集： http://xxx.xxx.xxx/query?create_by=#{sysUserCode}\n\n注意：此处的`sysUserCode`,是系统默认设置的登录人的账号，如果重写getUserInfo方法则需要重新设置，文档中的代码，只适用于jeecg-boot不可照搬，仅供参考【推荐此方案】。\n\n\n2.想设置查询条件默认值且不允许修改: js增强可以设置查询条件的默认值，也可以往查询参数对象里设置一个自定义的参数值，这个是支持的。但是，在配置数据集的时候，下方tab报表字段明细和报表参数中，会配置一些字段的信息，如果js增强定义的参数名不在这两个tab下，那么无效！所以做法如下：\n定义数据集（不需要将参数name设置为查询条件）：\nsql数据集：select * from demo where create_by = \'${name}\'\napi数据集： http://xxx.xxx.xxx/query?create_by=${name}\n\n定义js增强,设置name的值：\nfunction init(){\n    this.queryInfo[\'name\'] = \'scott\'\n}\n\n46. 日期默认查询，无法设置默认值为上月\n问题描述： 使用dateStr 默认取上月实现不了，用=concat(dateStr(\'yyyy\'),\'-\', dateStr(\'MM\', -1))返回2021-9，不是2021-09，少了一位。 建议实现=dateStr(\'yyyy-MM\'，-1) 返回 2021-09，而不是使用天数计算偏移量。\n解决方案： 参考文档 中的升级功能\n\n47. 打印多出一页空白纸张\n解决方案： 打印导出，空白行和没有行是有区别的，界面上都是空白没区别，但是实际数据存储，空白行会占位的。\n查看控制台打印的数据：你的rows都多达90多行了，说明是之前你设计的很多历史数据没有删除行，导致多出很多空白页。\n\n\n\n48. mongodb用法\n1). 以授权的方式启动Mongo,给使用的数据库添加用户\n\n切换数据库 use test\n\n创建用户 db.createUser({user: \"root\", pwd: \"123456\", roles: \\[{ role: \"dbOwner\", db: \"test\" }\\]})\n\n参考博客：https://www.cnblogs.com/jacksoft/p/6916137.html\n\n2). mongodb-driver-sync 驱动集成用法 参考博客： https://blog.csdn.net/nyzzht123/article/details/107936552 https://www.jianshu.com/p/5186fb5a1292\n\n49、出现jsqlparser不兼容问题\n如果出现jsqlparser不兼容问题，请这么引用\n<dependency>\n  <groupId>org.jeecgframework.jimureport</groupId>\n  <artifactId>jimureport-spring-boot-starter</artifactId>\n  <version>{版本号}</version>\n  <exclusions>\n    <exclusion>\n      <artifactId>minidao-spring-boot-starter</artifactId>\n      <groupId>org.jeecgframework</groupId>\n    </exclusion>\n  </exclusions>\n</dependency>\n<dependency>\n  <groupId>org.jeecgframework</groupId>\n  <artifactId>minidao-spring-boot-starter</artifactId>\n  <version>1.8.8</version>\n</dependency>\n\n50、关于积木报表在开发、生产环境增量同步https://github.com/jeecgboot/JimuReport/issues/1928\n51、数据库字段为关键词，字段作为查询条件报错\n报错信息：发现mysql下关键词字段\"year_month\"缺少\"`\"\n\nSELECT COUNT(1) total FROM ( select * from (select `year_month`,name,age from `demo`) jeecg_rp_temp  where year_month=? ) temp_count\n\n\n解决方案：关键词字段请用as重命名一下\n\n\n\n52、依赖redisson后编辑字典、查询字典报错：\n报错信息：\n\njava.lang.IllegalArgumentException: Cannot find cache named \'jmreport:cache:dict\' for Builder\n\n解决方法：配置文件增加：\n\nspring:\n  cache:\n    type: redis\n\n53、未登录的情况下导出excel和pdf报错\n解决方案：在SpringSecurityConfig页面排除导出excel和导出pdf的请求地址，其他同理\n\n\n\n .antMatchers(\"/jmreport/exportPdfStream\", \"/jmreport/exportAllExcelStream\")', 'building', NULL);
INSERT INTO `airag_knowledge_doc` VALUES ('1897926864815575042', 'jeecg', '2025-03-07 16:26:41', 'jeecg', '2025-03-10 17:28:33', 'A04', NULL, '1897926563148648449', 'index', 'file', '\n# 项目介绍\n\n\n `JeecgBoot` 是一款基于代码生成器的`低代码开发平台` 拥有零代码能力！采用前后端分离架构：SpringBoot2.x，Ant Design&Vue，Mybatis-plus，Shiro，JWT。强大的代码生成器让前后端代码一键生成，无需写任何代码! JeecgBoot引领新的开发模式(Online Coding模式-> 代码生成器模式-> 手工MERGE智能开发)， 帮助解决Java项目70%的重复工作，让开发更多关注业务逻辑。既能快速提高开发效率，帮助公司节省成本，同时又不失灵活性！JeecgBoot还独创在线开发模式（No-Code概念）：在线表单配置（表单设计器）、移动配置能力、工作流配置（在线设计流程）、报表配置能力、在线图表配置、插件能力（可插拔）等等！\n\n `JeecgBoot在提高UI能力`的同时，降低了前后分离的开发成本，JeecgBoot还独创在线开发模式（No-Code概念），一系列在线智能开发：在线配置表单、在线配置报表、在线图表设计、在线设计流程等等。\n\n ` JEECG宗旨是: `简单功能由Online Coding配置实现（在线配置表单、在线配置报表、在线图表设计、在线设计流程、在线设计表单），复杂功能由代码生成器生成进行手工Merge，既保证了智能又兼顾了灵活; \n\n 业务流程采用工作流来实现、扩展出任务接口，供开发编写业务逻辑，表单提供多种解决方案： 表单设计器、online配置表单、编码表单。同时实现了流程与表单的分离设计（松耦合）、并支持任务节点灵活配置，既保证了公司流程的保密性，又减少了开发人员的工作量。\n\n\n## 技术支持\n\n*  新手指南： [快速入门](http://www.jeecg.com/doc/quickstart)   |   [常见问题 ](http://www.jeecg.com/doc/qa)  | [版本日志](http://jeecg.com/doc/log)\n*  视频教程：[ JeecgBoot v3.7 新版视频教程](http://jeecg.com/doc/video)\n*  QQ交流群：⑩716488839、⑨808791225(满)、其他(满)\n*  在线演示 ：  [系统演示](http://boot3.jeecg.com)   |  [APP演示](http://app.jeecg.com)\n\n\n源码下载\n-----------------------------------\n\n- https://github.com/jeecgboot/jeecg-boot\n\n\n\n## 技术架构\n-----------------------------------\n\n#### 后端\n\n- IDE建议： IDEA (必须安装lombok插件 )\n- 语言：Java 8+ (支持17)\n- 依赖管理：Maven\n- 基础框架：Spring Boot 2.7.18\n- 微服务框架： Spring Cloud Alibaba 2021.0.1.0\n- 持久层框架：MybatisPlus 3.5.3.2\n- 报表工具： JimuReport 1.7.6\n- 安全框架：Apache Shiro 1.12.0，Jwt 3.11.0\n- 微服务技术栈：Spring Cloud Alibaba、Nacos、Gateway、Sentinel、Skywalking\n- 数据库连接池：阿里巴巴Druid 1.1.22\n- 日志打印：logback\n- 缓存：Redis\n- 其他：autopoi, fastjson，poi，Swagger-ui，quartz, lombok（简化代码）等。\n- 默认数据库脚本：MySQL5.7+\n- [其他数据库，需要自己转](https://my.oschina.net/jeecg/blog/4905722)\n\n\n#### 前端\n\n- 前端IDE建议：WebStorm、Vscode\n- 采用 Vue3.0+TypeScript+Vite+Ant-Design-Vue等新技术方案，包括二次封装组件、utils、hooks、动态菜单、权限校验、按钮级别权限控制等功能\n- 最新技术栈：Vue3.0 + TypeScript + Vite5 + ant-design-vue4 + pinia + echarts + unocss + vxe-table + qiankun + es6\n- 依赖管理：node、npm、pnpm\n\n\n\n#### 支持库\n\n|  数据库   |  支持   |\n| --- | --- |\n|   MySQL   |  √   |\n|  Oracle11g   |  √   |\n|  Sqlserver2017   |  √   |\n|   PostgreSQL   |  √   |\n|   MariaDB   |  √   |\n|   达梦   |  √   |\n|   人大金仓   |  √   |\n\n\n\n## 微服务解决方案\n\n\n- 1、服务注册和发现 Nacos √\n- 2、统一配置中心 Nacos  √\n- 3、路由网关 gateway(三种加载方式) √\n- 4、分布式 http feign √\n- 5、熔断降级限流 Sentinel √\n- 6、分布式文件 Minio、阿里OSS √ \n- 7、统一权限控制 JWT + Shiro √\n- 8、服务监控 SpringBootAdmin√\n- 9、链路跟踪 Skywalking   [参考文档](/java/springcloud/super/skywarking)\n- 10、消息中间件 RabbitMQ  √\n- 11、分布式任务 xxl-job  √ \n- 12、分布式事务 Seata\n- 13、轻量分布式日志 Loki+grafana套件\n- 14、支持 docker-compose、k8s、jenkins\n- 15、CAS 单点登录   √\n- 16、路由限流   √\n\n   \n### 微服务架构图\n![微服务架构图](https://jeecgos.oss-cn-beijing.aliyuncs.com/files/jeecgboot_springcloud2022.png \"在这里输入图片标题\")\n\n\n\n\n\n## 系统架构图\n\n![](https://upload.jeecg.com/jeecg/help/jeecgback/images/screenshot_1662547398792.png)\n*****\n\n\n## 系统截图\n\n### PC端\n\n![](https://upload.jeecg.com/jeecg/help/jeecgback/topwrite/assets/image_1687778397612.png)\n\n![](https://upload.jeecg.com/jeecg/help/jeecgback/topwrite/assets/image_1687778435846.png)\n\n![](https://upload.jeecg.com/jeecg/help/jeecgback/topwrite/assets/image_1687778476447.png)\n\n![](https://upload.jeecg.com/jeecg/help/jeecgback/topwrite/assets/image_1687778512836.png)\n\n![](https://upload.jeecg.com/jeecg/help/jeecgback/topwrite/assets/image_1687778582144.png)\n\n### 在线接口文档\n\n![](https://upload.jeecg.com/jeecg/help/jeecgback/topwrite/assets/image_1687778702243.png)\n\n![](https://upload.jeecg.com/jeecg/help/jeecgback/topwrite/assets/image_1687778737438.png)\n\n\n### 报表\n\n![](https://upload.jeecg.com/jeecg/help/jeecgback/topwrite/assets/image_1687778780458.png)\n\n![](https://upload.jeecg.com/jeecg/help/jeecgback/topwrite/assets/up-fa52b44445db281c51d3f267dce7450d21b.gif)\n\n![](https://upload.jeecg.com/jeecg/help/jeecgback/topwrite/assets/image_1687779705768.png)\n\n![](https://upload.jeecg.com/jeecg/help/jeecgback/topwrite/assets/image_1687779725144.png)\n\n### 流程\n\n![](https://upload.jeecg.com/jeecg/help/jeecgback/topwrite/assets/image_1687779807541.png)\n\n![](https://upload.jeecg.com/jeecg/help/jeecgback/topwrite/assets/image_1687779857971.png)\n\n![](/static/jimuImages/image_1687779966442.png)\n\n![](https://upload.jeecg.com/jeecg/help/jeecgback/topwrite/assets/image_1687780016598.png)\n\n\n### 手机端\n\n![](https://upload.jeecg.com/jeecg/help/jeecgback/topwrite/assets/image_1687780240854.png)\n\n![](https://upload.jeecg.com/jeecg/help/jeecgback/topwrite/assets/image_1687780264274.png)\n\n### PAD端\n\n![](https://upload.jeecg.com/jeecg/help/jeecgback/topwrite/assets/image_1687780285230.png)\n\n![](https://upload.jeecg.com/jeecg/help/jeecgback/topwrite/assets/image_1687780328101.png)\n\n![](https://upload.jeecg.com/jeecg/help/jeecgback/topwrite/assets/image_1687780342778.png)\n\n![](https://upload.jeecg.com/jeecg/help/jeecgback/topwrite/assets/image_1687780373126.png)\n\n\n\n\n\n\n\n', 'complete', '{\"filePath\":\"temp/index_1741335996542.md\"}');
INSERT INTO `airag_knowledge_doc` VALUES ('1897926933086261249', 'jeecg', '2025-03-07 16:26:57', 'jeecg', '2025-03-10 17:28:42', 'A04', NULL, '1897926563148648449', 'qa', 'file', '1.菜单的这些配置是什么意思？\n\n![](/static/jimuImages/screenshot_1585040135427.png)\n|    配置|    描述 |\n| --- | --- |\n|  是否路由菜单   |   是：跳转路由的时候根据配置的前端组件值跳转，否：起作用的是菜单路径  |\n|  隐藏路由   |   是：左侧菜单不加载反之加载  |\n|  缓存路由   |   是：路由只加载一次即created只执行一次  |\n|  聚合路由   |  是：只要配置在该路由下面的子路由全部不会显示在左侧菜单栏  |\n| 打开方式   |  内部打开是在窗口tab里打开，外部打开浏览器tab打开 |\n\n---\n2.列表页面跳转新的路由需要展示成面包屑菜单样式：\n目前不支持，需要自行扩展\n\n---\n3.表单设计器自定义扩展\n目前只支持将设计好的表单引入自己的modal页面，扩展暂不支持\n\n---\n4.图表点击事件\n有自定义的图表js增强事件，后续补充该文档\n\n---\n<span>20200324 LOWCOD-323</span>\n\n---\n\n5.online报表 系统变量的使用\n`select username,id from sys_user  where username = \'#{sys_user_code}\'`\n\n6.首页怎么改成自己的。\n方法一：直接修改文件：src/views/dashboard/Analysis.vue\n方法二：自定义首页页面，将首页菜单的前端组件配置为自己的文件，注意**只能修改前端组件不可修改菜单路径**\n\n![](/static/jimuImages/screenshot_1586254248894.png)\n\n\n\n7.项目编译 文件上有红色波浪线 ，点开文件红线消失，查看problem报错 xxx程序包不存在,实际该包存在\n解决方法：在Terminal 中执行 `mvn idea:idea` 再次编译即可\n\n\n\n\n', 'complete', '{\"filePath\":\"temp/QA_1741336015236.md\"}');
INSERT INTO `airag_knowledge_doc` VALUES ('1897932000963092482', 'jeecg', '2025-03-07 16:47:06', 'jeecg', '2025-03-07 16:47:10', 'A04', NULL, '1897212906878009346', 'index', 'file', '# 项目介绍\n\n![](https://upload.jeecg.com/jeecg/help/jimureport/topwrite/assets/jimureport2.jpg)\n\n*****\n\n# JimuReport\n\n 积木报表，是一款免费的数据可视化报表，含报表、仪表盘和大屏设计，像搭建积木一样完全在线设计！功能涵盖：数据报表、打印设计、图表报表、门户设计、大屏设计等！\n \n -   Web版报表设计器，类Excel操作风格，通过拖拽完成报表设计，所见即所得。\n -   大屏采用类word风格，可以随意拖动组件，想怎么设计怎么设计，可以像百度和阿里一样，设计出炫酷大屏！\n -   从 v1.9+ 起推出 JimuBI 产品，她的牛叉之处，同时支持仪表盘、大屏、门户 (支持交互)、移动.\n -   秉承\"简单、易用、专业\"的产品理念，极大的降低报表开发难度、缩短开发周期、节省成本。\n -   领先的企业级Web报表，支持各种复杂报表，专注于解决企业报表难题。\n -   积木BI 数据可视化，支持大屏设计和仪表盘，致力于更生动、更友好的形式呈现实时业务数据分析\n\n```\n专注于开源，打造 “专业 易用 智能” 的数据可视化报表、大屏、门户\n开源协议：`功能免费、可以商用、代码不开放`\n```\n\n\n为什么选择 JimuReport?\n-----------------------------------\n>    永久免费，支持各种复杂报表，并且傻瓜式在线设计，非常的智能，低代码时代，这个是你的首选！\n\n- 采用SpringBoot的脚手架项目，都可以快速集成\n- Web 版设计器，类似于excel操作风格，通过拖拽完成报表设计\n- 通过SQL、API等方式，将数据源与模板绑定。同时支持表达式，自动计算合计等功能，使计算工作量大大降低\n- 开发效率很高，傻瓜式在线报表设计，一分钟设计一个报表，又简单又强大\n- 支持 ECharts，目前支持28种图表，在线拖拽设计，支持SQL和API两种数据源\n- 支持分组、交叉，合计、表达式等复杂报表\n- 支持打印设计（支持套打、背景打印等）可设置打印边距、方向、页眉页脚等参数 一键快速打印 同时可实现发票套打，不动产证等精准、无缝打印\n- 可视化图表，仪表盘设计器类大屏设计，支持丰富的数据源连接和移动端，通过拖拉拽方式快速制作图表和门户设计；支持多种图表类型：柱形图、折线图、散点图、饼图、环形图、面积图、漏斗图、进度图、仪表盘、雷达图、地图等等；\n- 可设计各种类型的单据、大屏，如出入库单、销售单、财务报表、合同、监控大屏、旅游数据大屏等\n- 大屏设计器支持几十种图表样式，可自由拼接、组合，设计炫酷大屏\n- 数据可视化，DataV、帆软的开源替代方案，比帆软拥有更好的体验和更简单的使用方式\n- [积木报表官网](http://jimureport.com/login) 可以在线免费制作报表和大屏，手机号一键注册，便可永久使用。大屏采用类word风格，可以随意拖动组件，想怎么设计怎么设计，可以像百度和阿里一样，设计出炫酷的可视化大屏！重要的是：免费！免费！免费！\n\n\n\n\n## 产生背景\n报表是企业IT服务必备的一项需求，但是行业内并没有一个免费好用的报表，大部分免费的报表功能较弱也不够智能，商业报表又很贵，所以有了研发一套免费报表的初衷。\n做一个什么样的报表呢？随着低代码概念的兴起，原先通过报表工具设计模板，再与系统集成的模式已经落伍，现在追求的是完全在线设计，傻瓜式的操作，实现简单易用又智能的报表！\n\n- 目前积木报表已经实现了完全在线设计，轻量级集成、类似excel的风格，像搭建积木一样在线拖拽设计报表！功能涵盖数据报表设计、打印设计、图表设计、门户设计、大屏设计等！\n- 2019年底启动积木报表研发工作，历经一年多的时间，2020-11-03第一版出炉 [v1.0-beta](https://www.oschina.net/news/119666/jimureport-1-0-beta-released)\n- 2020年的持续打磨和研发，终于在2021-1-18发布了第一个正式版本 [v1.1.05](https://www.oschina.net/news/126916/jimureport-1-1-05-released)\n- 截止到当前2024-09-14，积木报表已经完全涵盖商业BI的所有功能，包括不限于复杂报表、图表可视化、大屏、移动图表、填报等高级功能，而且拥有更好的体验和更简单的使用方式。\n- 更多版本日志查看 [版本日志](http://jimureport.com/doc/log)\n\n\n\n\n\n\n开发文档\n-----------------------------------\n\n- [快速集成](</quick.md>)\n- [集成源码下载](https://github.com/jeecgboot/JimuReport)\n- [大屏与报表演示](http://jimureport.com/login)  |  [零代码体验](https://app.qiaoqiaoyun.com)\n\n\n\n\n\n\n项目介绍\n-----------------------------------\n\n- 官方网站： http://www.jimureport.com\n- 视频教程： http://jimureport.com/doc/video\n- QQ交流群：③596660273、其他群(满)\n\n\n数据库兼容 \n-----------------------------------\n> 支持国产、常规、Nosql等30多种数据源，支持以SQL的方式去查询csv、mogodb等非物理数据库。\n\n|  数据库   |  支持   |\n| --- | --- |\n|   MySQL   |  √   |\n|  Oracle、Oracle9i   |  √   |\n|  SqlServer、SqlServer2012   |  √   |\n|   PostgreSQL   |  √   |\n|   DB2、Informix   |  √   |\n|   MariaDB   |  √   |\n|  SQLite、Hsqldb、Derby、H2   |  √   |\n|   达梦、人大金仓、神通   |  √   |\n|   华为高斯、虚谷、瀚高数据库、 TDengine 涛思数据   |  √   |\n|   阿里云PolarDB、PPAS、HerdDB   |  √   |\n|  Hive、HBase、CouchBase   |  √   |\n|  导入Excel、csv、json文件数据集   |  √   |\n|  sqllite、TiDB、Doris、clickhouse、 MongoDB-BI   |  √   |\n|  elasticsearch、mogodb  |  √   |\n\n\n\n报表设计效果\n-----------------------------------\n\n- 报表设计器（完全在线设计，简单易用）\n\n![](https://upload.jeecg.com/jeecg/help/jimureport/topwrite/assets/up-752b454f64ed87c798b3e8a083fbd6622d4.gif)\n\n- 打印设计（支持套打、背景打印）\n\n![](https://upload.jeecg.com/jeecg/help/jimureport/topwrite/assets/image_1687862827604.png)\n\n![](https://upload.jeecg.com/jeecg/help/jimureport/topwrite/assets/image_1687862839013.png)\n\n- 数据报表（支持分组、交叉，合计等复杂报表）\n\n![](https://upload.jeecg.com/jeecg/help/jimureport/topwrite/assets/image_1687862854011.png)\n\n![](https://upload.jeecg.com/jeecg/help/jimureport/topwrite/assets/image_1687862862414.png)\n\n- 图形报表（目前支持28种图表）\n\n![](https://upload.jeecg.com/jeecg/help/jimureport/topwrite/assets/image_1687862883559.png)\n\n![](https://upload.jeecg.com/jeecg/help/jimureport/topwrite/assets/image_1687862892649.png)\n\n\n\n大屏设计效果\n-----------------------------------\n\n![](https://upload.jeecg.com/jeecg/help/jimureport/topwrite/assets/image_1687862905901.png)\n\n![](https://upload.jeecg.com/jeecg/help/jimureport/topwrite/assets/image_1687862938863.png)\n\n![](https://upload.jeecg.com/jeecg/help/jimureport/topwrite/assets/image_1687862951297.png)\n\n![](https://upload.jeecg.com/jeecg/help/jimureport/topwrite/assets/image_1687862960053.png)\n\n![](https://upload.jeecg.com/jeecg/help/jimureport/topwrite/assets/image_1687862974786.png)\n\n![](https://upload.jeecg.com/jeecg/help/jimureport/topwrite/assets/image_1687862983740.png)\n\n![](https://upload.jeecg.com/jeecg/help/jimureport/topwrite/assets/image_1687862996008.png)\n\n![](https://upload.jeecg.com/jeecg/help/jimureport/topwrite/assets/image_1687863002758.png)\n\n\n仪表盘设计器\n-----------------------------------\n\n![](https://upload.jeecg.com/jeecg/help/jimureport/topwrite/assets/image_1687863014429.png)\n\n![](https://upload.jeecg.com/jeecg/help/jimureport/topwrite/assets/image_1687863021555.png)\n\n![](https://upload.jeecg.com/jeecg/help/jimureport/topwrite/assets/image_1687863028545.png)\n\n![](https://upload.jeecg.com/jeecg/help/jimureport/topwrite/assets/image_1687863043320.png)\n\n![](https://upload.jeecg.com/jeecg/help/jimureport/topwrite/assets/image_1687863050461.png)\n\n![](https://upload.jeecg.com/jeecg/help/jimureport/topwrite/assets/image_1687863057103.png)\n\n## 功能清单\n```\n├─报表设计器\n│  ├─数据源\n│  │  ├─支持多种数据源，如Oracle,MySQL,SQLServer,PostgreSQL等主流的数据库\n│  │  ├─支持SQL编写页面智能化，可以看到数据源下面的表清单和字段清单\n│  │  ├─支持参数\n│  │  ├─支持单数据源和多数数据源设置\n│  ├─单元格格式\n│  │  ├─边框\n│  │  ├─字体大小\n│  │  ├─字体颜色\n│  │  ├─背景色\n│  │  ├─字体加粗\n│  │  ├─支持水平和垂直的分散对齐\n│  │  ├─支持文字自动换行设置\n│  │  ├─图片设置为图片背景\n│  │  ├─支持无线行和无限列\n│  │  ├─支持设计器内冻结窗口\n│  │  ├─支持对单元格内容或格式的复制、粘贴和删除等功能\n│  │  ├─等等\n│  ├─报表元素\n│  │  ├─文本类型：直接写文本；支持数值类型的文本设置小数位数\n│  │  ├─图片类型：支持上传一张图表；支持图片动态生成\n│  │  ├─图表类型\n│  │  ├─函数类型\n│  │  └─支持求和\n│  │  └─平均值\n│  │  └─最大值\n│  │  └─最小值\n│  ├─背景\n│  │  ├─背景颜色设置\n│  │  ├─背景图片设置\n│  │  ├─背景透明度设置\n│  │  ├─背景大小设置\n│  ├─数据字典\n│  ├─报表打印\n│  │  ├─自定义打印\n│  │  └─医药笺、逮捕令、介绍信等自定义样式设计打印\n│  │  ├─简单数据打印\n│  │  └─出入库单、销售表打印\n│  │  └─带参数打印\n│  │  └─分页打印\n│  │  ├─套打\n│  │  └─不动产证书打印\n│  │  └─发票打印\n│  ├─数据报表\n│  │  ├─分组数据报表\n│  │  └─横向数据分组\n│  │  └─纵向数据分组\n│  │  └─多级循环表头分组\n│  │  └─横向分组小计\n│  │  └─纵向分组小计（预计2021.03.08）\n│  │  └─合计\n│  │  ├─交叉报表\n│  │  ├─明细表\n│  │  ├─带条件查询报表\n│  │  ├─表达式报表\n│  │  ├─带二维码/条形码报表\n│  │  ├─多表头复杂报表（预计2021.03.08发布）\n│  │  ├─主子报表（预计2021.03.08发布）\n│  │  ├─预警报表（预计2021.03.08发布）\n│  │  ├─数据钻取报表（预计2021.03.08发布）\n│  ├─图形报表\n│  │  ├─柱形图\n│  │  ├─折线图\n│  │  ├─饼图\n│  │  ├─折柱图\n│  │  ├─散点图\n│  │  ├─漏斗图\n│  │  ├─雷达图\n│  │  ├─象形图\n│  │  ├─地图\n│  │  ├─仪盘表\n│  │  ├─关系图\n│  │  ├─图表背景\n│  │  ├─图表动态刷新\n│  │  ├─图表数据字典\n│  ├─参数\n│  │  ├─参数配置\n│  │  ├─参数管理\n│  ├─导入导出\n│  │  ├─支持导入Excel\n│  │  ├─支持导出Excel、pdf；支持导出excel、pdf带参数\n│  ├─打印设置\n│  │  ├─打印区域设置\n│  │  ├─打印机设置\n│  │  ├─预览\n│  │  ├─打印页码设置\n├─大屏设计器\n│  ├─系统功能\n│  │  ├─静态数据源和动态数据源设置\n│  │  ├─基础功能\n│  │  └─支持拖拽设计\n│  │  └─支持增、删、改、查大屏\n│  │  └─支持复制大屏数据和样式\n│  │  └─支持大屏预览、分享\n│  │  └─支持系统自动保存数据，同时支持手动恢复数据\n│  │  └─支持设置大屏密码\n│  │  └─支持对组件图层的删除、组合、上移、下移、置顶、置底等\n│  │  ├─背景设置\n│  │  └─大屏的宽度和高度设置\n│  │  └─大屏简介设置\n│  │  └─背景颜色、背景图片设置\n│  │  └─封面图设置\n│  │  └─缩放比例设置\n│  │  └─环境地址设置\n│  │  └─水印设置\n│  │  ├─地图设置\n│  │  └─添加地图\n│  │  └─地图数据隔离\n│  ├─图表\n│  │  ├─柱形图\n│  │  ├─折线图\n│  │  ├─折柱图\n│  │  ├─饼图\n│  │  ├─象形图\n│  │  ├─雷达图\n│  │  ├─散点图\n│  │  ├─漏斗图\n│  │  ├─文本框\n│  │  ├─跑马灯\n│  │  ├─超链接\n│  │  ├─实时时间\n│  │  ├─地图\n│  │  ├─全国物流地图\n│  │  ├─地理坐标地图\n│  │  ├─城市派件地图\n│  │  ├─图片\n│  │  ├─图片框\n│  │  ├─轮播图\n│  │  ├─滑动组件\n│  │  ├─iframe\n│  │  ├─video\n│  │  ├─翻牌器\n│  │  ├─环形图\n│  │  ├─进度条\n│  │  ├─仪盘表\n│  │  ├─字浮云\n│  │  ├─表格\n│  │  ├─选项卡\n│  │  ├─万能组件\n└─其他模块\n   └─更多功能开发中。。\n```\n\n \n\n', 'complete', '{\"filePath\":\"temp/readme_1741337223240.md\"}');
INSERT INTO `airag_knowledge_doc` VALUES ('1905186930719539201', 'jeecg', '2025-03-27 17:15:36', 'jeecg', '2025-03-27 17:15:43', 'A04', NULL, '1905186756806918146', 'part1', 'file', NULL, 'complete', '{\"filePath\":\"https://jeecgdev.oss-cn-beijing.aliyuncs.com/temp/01第一部分第1章_1743066923748.pdf\"}');
INSERT INTO `airag_knowledge_doc` VALUES ('1905186968325668866', 'jeecg', '2025-03-27 17:15:45', 'jeecg', '2025-03-27 17:15:48', 'A04', NULL, '1905186756806918146', 'part2', 'file', NULL, 'complete', '{\"filePath\":\"https://jeecgdev.oss-cn-beijing.aliyuncs.com/temp/02第一部分第2章_1743066943040.pdf\"}');
INSERT INTO `airag_knowledge_doc` VALUES ('1905187001037045761', 'jeecg', '2025-03-27 17:15:52', 'jeecg', '2025-03-27 17:15:57', 'A04', NULL, '1905186756806918146', 'part3', 'file', NULL, 'complete', '{\"filePath\":\"https://jeecgdev.oss-cn-beijing.aliyuncs.com/temp/03第一部分第3章_1743066951733.pdf\"}');
INSERT INTO `airag_knowledge_doc` VALUES ('1905187042770370561', 'jeecg', '2025-03-27 17:16:02', 'jeecg', '2025-03-27 17:16:07', 'A04', NULL, '1905186756806918146', 'part4', 'file', NULL, 'complete', '{\"filePath\":\"https://jeecgdev.oss-cn-beijing.aliyuncs.com/temp/04第一部分第4章_1743066960385.pdf\"}');
INSERT INTO `airag_knowledge_doc` VALUES ('1905187113339535361', 'jeecg', '2025-03-27 17:16:19', 'jeecg', '2025-03-27 17:16:25', 'A04', NULL, '1905186756806918146', 'part5', 'file', NULL, 'complete', '{\"filePath\":\"https://jeecgdev.oss-cn-beijing.aliyuncs.com/temp/05第一部分第5章_1743066977792.pdf\"}');
INSERT INTO `airag_knowledge_doc` VALUES ('1905187163981561857', 'jeecg', '2025-03-27 17:16:31', 'jeecg', '2025-03-27 17:16:39', 'A04', NULL, '1905186756806918146', 'part6', 'file', NULL, 'complete', '{\"filePath\":\"https://jeecgdev.oss-cn-beijing.aliyuncs.com/temp/06第一部分第6章_1743066990164.pdf\"}');
INSERT INTO `airag_knowledge_doc` VALUES ('1905187246412218369', 'jeecg', '2025-03-27 17:16:51', 'jeecg', '2025-03-27 17:16:54', 'A04', NULL, '1905186756806918146', 'part7', 'file', NULL, 'complete', '{\"filePath\":\"https://jeecgdev.oss-cn-beijing.aliyuncs.com/temp/07第一部分第7章_1743067007831.pdf\"}');
INSERT INTO `airag_knowledge_doc` VALUES ('1905187348543520770', 'jeecg', '2025-03-27 17:17:15', 'jeecg', '2025-03-27 17:17:20', 'A04', NULL, '1905186756806918146', 'part8', 'file', NULL, 'complete', '{\"filePath\":\"https://jeecgdev.oss-cn-beijing.aliyuncs.com/temp/08第一部分第8章_1743067032663.pdf\"}');
INSERT INTO `airag_knowledge_doc` VALUES ('1905187596229754881', 'jeecg', '2025-03-27 17:18:14', 'jeecg', '2025-03-27 17:18:21', 'A04', NULL, '1905186756806918146', 'part9', 'file', NULL, 'complete', '{\"filePath\":\"https://jeecgdev.oss-cn-beijing.aliyuncs.com/temp/09第一部分第9章_1743067087019.pdf\"}');
INSERT INTO `airag_knowledge_doc` VALUES ('1905187666618564609', 'jeecg', '2025-03-27 17:18:31', 'jeecg', '2025-03-27 17:18:34', 'A04', NULL, '1905186756806918146', 'part10', 'file', NULL, 'complete', '{\"filePath\":\"https://jeecgdev.oss-cn-beijing.aliyuncs.com/temp/10第一部分第10章_1743067109769.pdf\"}');
INSERT INTO `airag_knowledge_doc` VALUES ('1905187818494312449', 'jeecg', '2025-03-27 17:19:07', 'jeecg', '2025-03-27 17:19:15', 'A04', NULL, '1905186756806918146', 'part11', 'file', NULL, 'complete', '{\"filePath\":\"https://jeecgdev.oss-cn-beijing.aliyuncs.com/temp/11第一部分第11章_1743067121732.pdf\"}');
INSERT INTO `airag_knowledge_doc` VALUES ('1905187888337862657', 'jeecg', '2025-03-27 17:19:24', 'jeecg', '2025-03-27 17:19:31', 'A04', NULL, '1905186756806918146', 'part12', 'file', NULL, 'complete', '{\"filePath\":\"https://jeecgdev.oss-cn-beijing.aliyuncs.com/temp/12第一部分第12章_1743067158952.pdf\"}');
INSERT INTO `airag_knowledge_doc` VALUES ('1905187920491397122', 'jeecg', '2025-03-27 17:19:32', 'jeecg', '2025-03-27 17:19:38', 'A04', NULL, '1905186756806918146', 'part13', 'file', NULL, 'complete', '{\"filePath\":\"https://jeecgdev.oss-cn-beijing.aliyuncs.com/temp/13第一部分第13章_1743067170886.pdf\"}');

-- ----------------------------
-- Table structure for airag_model
-- ----------------------------
CREATE TABLE `airag_model`  (
  `id` varchar(36) CHARACTER SET utf8mb4 COLLATE utf8mb4_unicode_ci NOT NULL,
  `create_by` varchar(50) CHARACTER SET utf8mb4 COLLATE utf8mb4_unicode_ci NULL DEFAULT NULL COMMENT '创建人',
  `create_time` datetime NULL DEFAULT NULL COMMENT '创建日期',
  `update_by` varchar(50) CHARACTER SET utf8mb4 COLLATE utf8mb4_unicode_ci NULL DEFAULT NULL COMMENT '更新人',
  `update_time` datetime NULL DEFAULT NULL COMMENT '更新日期',
  `sys_org_code` varchar(64) CHARACTER SET utf8mb4 COLLATE utf8mb4_unicode_ci NULL DEFAULT NULL COMMENT '所属部门',
  `tenant_id` varchar(32) CHARACTER SET utf8mb4 COLLATE utf8mb4_unicode_ci NULL DEFAULT NULL COMMENT '租户id',
  `name` varchar(100) CHARACTER SET utf8mb4 COLLATE utf8mb4_unicode_ci NULL DEFAULT NULL COMMENT '名称',
  `provider` varchar(50) CHARACTER SET utf8mb4 COLLATE utf8mb4_unicode_ci NULL DEFAULT NULL COMMENT '供应者',
  `model_name` varchar(100) CHARACTER SET utf8mb4 COLLATE utf8mb4_unicode_ci NULL DEFAULT NULL COMMENT '模型名称',
  `credential` varchar(500) CHARACTER SET utf8mb4 COLLATE utf8mb4_unicode_ci NULL DEFAULT NULL COMMENT '凭证信息',
  `base_url` varchar(500) CHARACTER SET utf8mb4 COLLATE utf8mb4_unicode_ci NULL DEFAULT NULL COMMENT 'API域名',
  `model_type` varchar(32) CHARACTER SET utf8mb4 COLLATE utf8mb4_unicode_ci NULL DEFAULT NULL COMMENT '模型类型',
  `model_params` varchar(500) CHARACTER SET utf8mb4 COLLATE utf8mb4_unicode_ci NULL DEFAULT NULL COMMENT '模型参数',
  PRIMARY KEY (`id`) USING BTREE
) ENGINE = InnoDB CHARACTER SET = utf8mb4 COLLATE = utf8mb4_unicode_ci ROW_FORMAT = DYNAMIC;

-- ----------------------------
-- Records of airag_model
-- ----------------------------
INSERT INTO `airag_model` VALUES ('1890232564262739969', 'jeecg', '2025-02-14 10:52:16', 'admin', '2025-04-02 22:20:37', 'A04', NULL, 'OpenAI', 'OPENAI', 'gpt-4o-mini', '{\"apiKey\":\"sk-cgQRNc3mWb3YtdO9C0F6AcBc86\"}', 'https://api.gpt.ge', 'LLM', '{\"temperature\":0.2,\"topP\":0.7,\"presencePenalty\":0.5,\"frequencyPenalty\":0.5,\"maxTokens\":null}');
INSERT INTO `airag_model` VALUES ('1891459707122499586', 'jeecg', '2025-02-17 20:08:30', 'admin', '2025-04-02 22:20:34', 'A04', NULL, 'OpenAI向量', 'OPENAI', 'text-embedding-ada-002', '{\"apiKey\":\"sk-cgQRNc3mWb3YtdO9C0F6Ac\"}', 'https://api.v3.cm/v1', 'EMBED', NULL);
INSERT INTO `airag_model` VALUES ('1897481367743143938', 'jeecg', '2025-03-06 10:56:26', 'admin', '2025-04-02 22:20:31', 'A04', NULL, 'deepseek', 'DEEPSEEK', 'deepseek-chat', '{\"apiKey\":\"sk-ff138aa9896945468ec\"}', 'https://api.deepseek.com/v1', 'LLM', NULL);
INSERT INTO `airag_model` VALUES ('1897883052995006466', 'jeecg', '2025-03-07 13:32:35', 'admin', '2025-04-02 23:53:33', 'A04', NULL, '智谱', 'ZHIPU', 'glm-4-flash', '{\"apiKey\":\"522f6486bc6944b2ba346f054c0184e0.\"}', 'https://open.bigmodel.cn/', 'LLM', NULL);
INSERT INTO `airag_model` VALUES ('1897884353107611650', 'jeecg', '2025-03-07 13:37:45', 'admin', '2025-04-02 22:20:22', 'A04', NULL, '智谱向量', 'ZHIPU', 'Embedding-3', '{\"apiKey\":\"522f6486bc6944b2ba346f054c0184e0.\"}', 'https://open.bigmodel.cn', 'EMBED', '{\"temperature\":0.7,\"topP\":0.7,\"presencePenalty\":null,\"frequencyPenalty\":null,\"maxTokens\":null}');

-- ----------------------------
-- Table structure for demo
-- ----------------------------
CREATE TABLE `demo`  (
  `id` varchar(50) CHARACTER SET utf8 COLLATE utf8_general_ci NOT NULL COMMENT '主键ID',
  `name` varchar(30) CHARACTER SET utf8 COLLATE utf8_general_ci NULL DEFAULT NULL COMMENT '姓名',
  `key_word` varchar(255) CHARACTER SET utf8 COLLATE utf8_general_ci NULL DEFAULT NULL COMMENT '关键词',
  `punch_time` datetime NULL DEFAULT NULL COMMENT '打卡时间',
  `salary_money` decimal(10, 3) NULL DEFAULT NULL COMMENT '工资',
  `bonus_money` double(10, 2) NULL DEFAULT NULL COMMENT '奖金',
  `sex` varchar(2) CHARACTER SET utf8 COLLATE utf8_general_ci NULL DEFAULT NULL COMMENT '性别 {男:1,女:2}',
  `age` int(11) NULL DEFAULT NULL COMMENT '年龄',
  `birthday` date NULL DEFAULT NULL COMMENT '生日',
  `email` varchar(50) CHARACTER SET utf8 COLLATE utf8_general_ci NULL DEFAULT NULL COMMENT '邮箱',
  `content` varchar(1000) CHARACTER SET utf8 COLLATE utf8_general_ci NULL DEFAULT NULL COMMENT '个人简介',
  `create_by` varchar(32) CHARACTER SET utf8 COLLATE utf8_general_ci NULL DEFAULT NULL COMMENT '创建人',
  `create_time` datetime NULL DEFAULT NULL COMMENT '创建时间',
  `update_by` varchar(32) CHARACTER SET utf8 COLLATE utf8_general_ci NULL DEFAULT NULL COMMENT '修改人',
  `update_time` datetime NULL DEFAULT NULL COMMENT '修改时间',
  `sys_org_code` varchar(64) CHARACTER SET utf8 COLLATE utf8_general_ci NULL DEFAULT NULL COMMENT '所属部门编码',
  `tenant_id` int(10) NULL DEFAULT 0,
  `update_count` int(11) NULL DEFAULT NULL COMMENT '乐观锁测试',
  PRIMARY KEY (`id`) USING BTREE
) ENGINE = InnoDB CHARACTER SET = utf8 COLLATE = utf8_general_ci ROW_FORMAT = DYNAMIC;

-- ----------------------------
-- Records of demo
-- ----------------------------
INSERT INTO `demo` VALUES ('1353563050407936002', '小红帽4', '44', '2021-01-26 12:39:04', NULL, NULL, '1', 22, '2021-01-25', NULL, NULL, 'admin', '2021-01-25 12:39:14', 'admin', '2022-11-09 11:20:46', 'A01', 0, NULL);
INSERT INTO `demo` VALUES ('1400734875399024641', '名字', NULL, '2022-09-08 10:56:30', 33.000, NULL, '2', 23, '2022-09-30', '111@333.com', '333', 'admin', '2021-06-04 16:43:13', 'admin', '2022-11-09 11:20:43', 'A01', 0, NULL);
INSERT INTO `demo` VALUES ('1586651771328786433', '孙亦菲', '222', NULL, 6000.000, NULL, '1', 1, '2022-10-30', NULL, NULL, 'admin', '2022-10-30 17:30:36', NULL, NULL, 'A01', 1, NULL);
INSERT INTO `demo` VALUES ('1586651850919899137', '龙佳昊', NULL, '2022-10-08 17:30:46', 5000.000, NULL, '1', 1, '2022-10-30', '111@1.com', NULL, 'admin', '2022-10-30 17:30:54', NULL, NULL, 'A01', 1, NULL);
INSERT INTO `demo` VALUES ('1586651922650886146', '龙建林', NULL, '2022-10-24 17:30:58', 9000111.000, NULL, '1', 1, '2022-10-30', '2@1.com', NULL, 'admin', '2022-10-30 17:31:12', 'admin', '2024-06-20 18:22:30', 'A01', 1, NULL);
INSERT INTO `demo` VALUES ('1589491272526827521', '单表示例', NULL, NULL, NULL, NULL, '1', 1, NULL, NULL, NULL, 'admin', '2022-11-07 13:33:45', NULL, NULL, 'A01', 0, NULL);
INSERT INTO `demo` VALUES ('1590178491193339906', '2323', NULL, '2022-11-04 11:04:38', NULL, NULL, '1', 1, '2022-11-24', NULL, NULL, 'admin', '2022-11-09 11:04:31', 'admin', '2023-03-04 22:38:55', 'A01', 0, NULL);

-- ----------------------------
-- Table structure for flyway_schema_history
-- ----------------------------
CREATE TABLE `flyway_schema_history`  (
  `installed_rank` int(11) NOT NULL,
  `version` varchar(50) CHARACTER SET utf8mb4 COLLATE utf8mb4_general_ci NULL DEFAULT NULL,
  `description` varchar(200) CHARACTER SET utf8mb4 COLLATE utf8mb4_general_ci NOT NULL,
  `type` varchar(20) CHARACTER SET utf8mb4 COLLATE utf8mb4_general_ci NOT NULL,
  `script` varchar(1000) CHARACTER SET utf8mb4 COLLATE utf8mb4_general_ci NOT NULL,
  `checksum` int(11) NULL DEFAULT NULL,
  `installed_by` varchar(100) CHARACTER SET utf8mb4 COLLATE utf8mb4_general_ci NOT NULL,
  `installed_on` timestamp NOT NULL DEFAULT CURRENT_TIMESTAMP,
  `execution_time` int(11) NOT NULL,
  `success` tinyint(1) NOT NULL,
  PRIMARY KEY (`installed_rank`) USING BTREE,
  INDEX `flyway_schema_history_s_idx`(`success`) USING BTREE
) ENGINE = InnoDB CHARACTER SET = utf8mb4 COLLATE = utf8mb4_general_ci ROW_FORMAT = DYNAMIC;

-- ----------------------------
-- Records of flyway_schema_history
-- ----------------------------
INSERT INTO `flyway_schema_history` VALUES (1, '1', '<< Flyway Baseline >>', 'BASELINE', '<< Flyway Baseline >>', NULL, 'root', '2024-01-03 21:58:35', 0, 1);
INSERT INTO `flyway_schema_history` VALUES (2, '3.8.0.1', 'airag add menu', 'SQL', 'V3.8.0_1__airag_add_menu.sql', -177373739, 'root', '2025-04-03 10:54:32', 114, 1);
INSERT INTO `flyway_schema_history` VALUES (3, '3.8.0.2', 'airag init db', 'SQL', 'V3.8.0_2__airag_init_db.sql', 874980827, 'root', '2025-04-07 14:35:13', 60, 1);
INSERT INTO `flyway_schema_history` VALUES (4, '3.8.1.1', 'all upgrade', 'SQL', 'V3.8.1_1__all_upgrade.sql', 670374510, 'root', '2025-06-25 15:09:03', 25, 1);
INSERT INTO `flyway_schema_history` VALUES (5, '3.8.1.2', 'openapi', 'SQL', 'V3.8.1_2__openapi.sql', 453642872, 'root', '2025-07-02 10:11:50', 245, 1);
INSERT INTO `flyway_schema_history` VALUES (6, '3.8.2.1', 'all upgrade', 'SQL', 'V3.8.2_1__all_upgrade.sql', 1279027750, 'root', '2025-07-30 18:13:06', 23, 1);

-- ----------------------------
-- Table structure for flyway_schema_history_1
-- ----------------------------
CREATE TABLE `flyway_schema_history_1`  (
  `installed_rank` int(11) NOT NULL,
  `version` varchar(50) CHARACTER SET utf8mb4 COLLATE utf8mb4_general_ci NULL DEFAULT NULL,
  `description` varchar(200) CHARACTER SET utf8mb4 COLLATE utf8mb4_general_ci NOT NULL,
  `type` varchar(20) CHARACTER SET utf8mb4 COLLATE utf8mb4_general_ci NOT NULL,
  `script` varchar(1000) CHARACTER SET utf8mb4 COLLATE utf8mb4_general_ci NOT NULL,
  `checksum` int(11) NULL DEFAULT NULL,
  `installed_by` varchar(100) CHARACTER SET utf8mb4 COLLATE utf8mb4_general_ci NOT NULL,
  `installed_on` timestamp NOT NULL DEFAULT CURRENT_TIMESTAMP,
  `execution_time` int(11) NOT NULL,
  `success` tinyint(1) NOT NULL,
  PRIMARY KEY (`installed_rank`) USING BTREE,
  INDEX `flyway_schema_history_s_idx`(`success`) USING BTREE
) ENGINE = InnoDB CHARACTER SET = utf8mb4 COLLATE = utf8mb4_general_ci ROW_FORMAT = DYNAMIC;

-- ----------------------------
-- Records of flyway_schema_history_1
-- ----------------------------
INSERT INTO `flyway_schema_history_1` VALUES (1, '1', '<< Flyway Baseline >>', 'BASELINE', '<< Flyway Baseline >>', NULL, 'root', '2024-01-03 21:58:35', 0, 1);
INSERT INTO `flyway_schema_history_1` VALUES (2, '3.6.2', 'all upgrade', 'SQL', 'V3.6.2__all_upgrade.sql', 146217576, 'root', '2024-01-03 21:58:35', 168, 1);
INSERT INTO `flyway_schema_history_1` VALUES (3, '3.6.3', 'all upgrade', 'SQL', 'V3.6.3__all_upgrade.sql', -98134889, 'root', '2024-03-07 11:28:10', 101, 1);
INSERT INTO `flyway_schema_history_1` VALUES (4, '3.7.0', 'all upgrade', 'SQL', 'V3.7.0__all_upgrade.sql', -762627866, 'root', '2024-06-18 11:59:34', 73, 1);
INSERT INTO `flyway_schema_history_1` VALUES (5, NULL, '370 missingPermission', 'SQL', 'R__370_missingPermission.sql', 933645342, 'root', '2024-06-18 12:00:16', 56, 1);
INSERT INTO `flyway_schema_history_1` VALUES (6, NULL, '370 missingPermission', 'SQL', 'R__370_missingPermission.sql', 464329002, 'root', '2024-06-18 22:53:52', 37, 1);
INSERT INTO `flyway_schema_history_1` VALUES (7, '3.7.1', 'all upgrade', 'SQL', 'V3.7.1__all_upgrade.sql', 857900043, 'root', '2024-09-11 17:33:35', 140, 1);
INSERT INTO `flyway_schema_history_1` VALUES (8, '3.7.12', 'jimu dashboard upgrade', 'SQL', 'V3.7.12__jimu_dashboard_upgrade.sql', -2138429079, 'root', '2024-09-11 22:17:09', 97, 1);
INSERT INTO `flyway_schema_history_1` VALUES (9, '3.7.20', 'system upgrade', 'SQL', 'V3.7.20__system_upgrade.sql', 1274676135, 'root', '2024-12-09 14:09:48', 29, 1);
INSERT INTO `flyway_schema_history_1` VALUES (10, '3.7.21', 'jimureport upgrade', 'SQL', 'V3.7.21__jimureport_upgrade.sql', 254003703, 'root', '2024-12-11 16:16:31', 48, 1);
INSERT INTO `flyway_schema_history_1` VALUES (11, '3.7.22', 'jimureport upgrade1.9.3', 'SQL', 'V3.7.22__jimureport_upgrade1.9.3.sql', -648465868, 'root', '2025-01-12 17:20:39', 24, 1);
INSERT INTO `flyway_schema_history_1` VALUES (12, '3.7.30', 'all upgrade', 'SQL', 'V3.7.30__all_upgrade.sql', -206956661, 'root', '2025-02-07 16:20:17', 25, 1);
INSERT INTO `flyway_schema_history_1` VALUES (13, '3.7.31', 'jimureport upgrade', 'SQL', 'V3.7.31__jimureport_upgrade.sql', -1745830540, 'root', '2025-02-19 18:43:36', 37, 1);
INSERT INTO `flyway_schema_history_1` VALUES (14, '3.7.32', 'jimureport upgrade', 'SQL', 'V3.7.32__jimureport_upgrade.sql', 893796731, 'root', '2025-02-19 18:44:05', 28, 1);
INSERT INTO `flyway_schema_history_1` VALUES (15, '3.7.40', 'all upgrade', 'SQL', 'V3.7.40__all_upgrade.sql', 1478121157, 'root', '2025-03-30 18:04:37', 514, 1);
INSERT INTO `flyway_schema_history_1` VALUES (16, '3.7.41', 'alter onl cgform head tenant id', 'SQL', 'V3.7.41__alter_onl_cgform_head_tenant_id.sql', 1301414489, 'root', '2025-03-31 11:12:29', 85, 1);

-- ----------------------------
-- Table structure for jeecg_order_customer
-- ----------------------------
CREATE TABLE `jeecg_order_customer`  (
  `id` varchar(32) CHARACTER SET utf8 COLLATE utf8_general_ci NOT NULL COMMENT '主键',
  `name` varchar(100) CHARACTER SET utf8 COLLATE utf8_general_ci NOT NULL COMMENT '客户名',
  `sex` varchar(4) CHARACTER SET utf8 COLLATE utf8_general_ci NULL DEFAULT NULL COMMENT '性别',
  `idcard` varchar(18) CHARACTER SET utf8 COLLATE utf8_general_ci NULL DEFAULT NULL COMMENT '身份证号码',
  `idcard_pic` varchar(500) CHARACTER SET utf8 COLLATE utf8_general_ci NULL DEFAULT NULL COMMENT '身份证扫描件',
  `telphone` varchar(32) CHARACTER SET utf8 COLLATE utf8_general_ci NULL DEFAULT NULL COMMENT '电话1',
  `order_id` varchar(32) CHARACTER SET utf8 COLLATE utf8_general_ci NOT NULL COMMENT '外键',
  `create_by` varchar(32) CHARACTER SET utf8 COLLATE utf8_general_ci NULL DEFAULT NULL COMMENT '创建人',
  `create_time` datetime NULL DEFAULT NULL COMMENT '创建时间',
  `update_by` varchar(32) CHARACTER SET utf8 COLLATE utf8_general_ci NULL DEFAULT NULL COMMENT '修改人',
  `update_time` datetime NULL DEFAULT NULL COMMENT '修改时间',
  PRIMARY KEY (`id`) USING BTREE
) ENGINE = InnoDB CHARACTER SET = utf8 COLLATE = utf8_general_ci ROW_FORMAT = DYNAMIC;

-- ----------------------------
-- Records of jeecg_order_customer
-- ----------------------------
INSERT INTO `jeecg_order_customer` VALUES ('1256527640480821249', 'scott', '2', NULL, NULL, NULL, 'b190737bd04cca8360e6f87c9ef9ec4e', 'admin', '2020-05-02 18:15:09', NULL, NULL);
INSERT INTO `jeecg_order_customer` VALUES ('1256527640531152898', 'x秦风', '1', NULL, NULL, NULL, 'b190737bd04cca8360e6f87c9ef9ec4e', 'admin', '2020-05-02 18:15:09', NULL, NULL);
INSERT INTO `jeecg_order_customer` VALUES ('1256527874216800257', '小王1', '1', '', NULL, '', '9a57c850e4f68cf94ef7d8585dbaf7e6', 'admin', '2020-05-02 18:17:37', 'admin', '2022-09-22 10:56:25');
INSERT INTO `jeecg_order_customer` VALUES ('15538561502720', '3333', '1', '', NULL, '', '0d4a2e67b538ee1bc881e5ed34f670f0', 'jeecg-boot', '2019-03-29 18:42:55', NULL, NULL);
INSERT INTO `jeecg_order_customer` VALUES ('15538561512681', '3332333', '2', '', NULL, '', '0d4a2e67b538ee1bc881e5ed34f670f0', 'jeecg-boot', '2019-03-29 18:42:55', 'admin', '2019-03-29 18:43:12');
INSERT INTO `jeecg_order_customer` VALUES ('15538561550142', '4442', '2', '', NULL, '', '0d4a2e67b538ee1bc881e5ed34f670f0', 'jeecg-boot', '2019-03-29 18:42:55', NULL, NULL);
INSERT INTO `jeecg_order_customer` VALUES ('15541168497342', '444', '', '', '', '', 'f71f7f8930b5b6b1703d9948d189982b', 'admin', '2019-04-01 19:08:45', NULL, NULL);
INSERT INTO `jeecg_order_customer` VALUES ('15541168499553', '5555', '', '', '', '', 'f71f7f8930b5b6b1703d9948d189982b', 'admin', '2019-04-01 19:08:45', NULL, NULL);
INSERT INTO `jeecg_order_customer` VALUES ('1572781641947635713', '1212', '1', '1212', NULL, '12', '4cba137333127e8e31df7ad168cc3732', 'admin', '2022-09-22 10:55:39', NULL, NULL);
INSERT INTO `jeecg_order_customer` VALUES ('1572781834508132354', '22', '2', '', NULL, '', '9a57c850e4f68cf94ef7d8585dbaf7e6', 'admin', '2022-09-22 10:56:25', NULL, NULL);
INSERT INTO `jeecg_order_customer` VALUES ('18dc5eb1068ccdfe90e358951ca1a3d6', 'dr2', '', '', '', '', '8ab1186410a65118c4d746eb085d3bed', 'admin', '2019-04-04 17:25:33', NULL, NULL);
INSERT INTO `jeecg_order_customer` VALUES ('195d280490fe88ca1475512ddcaf2af9', '12', NULL, NULL, NULL, NULL, '54e739bef5b67569c963c38da52581ec', 'admin', '2019-03-15 16:50:15', NULL, NULL);
INSERT INTO `jeecg_order_customer` VALUES ('217a2bf83709775d2cd85bf598392327', '2', NULL, NULL, NULL, NULL, '54e739bef5b67569c963c38da52581ec', 'admin', '2019-03-15 16:50:15', NULL, NULL);
INSERT INTO `jeecg_order_customer` VALUES ('22bc052ae53ed09913b946abba93fa89', '1', NULL, NULL, NULL, NULL, '54e739bef5b67569c963c38da52581ec', 'admin', '2019-03-15 16:50:15', NULL, NULL);
INSERT INTO `jeecg_order_customer` VALUES ('23bafeae88126c3bf3322a29a04f0d5e', 'x秦风', NULL, NULL, NULL, NULL, '163e2efcbc6d7d54eb3f8a137da8a75a', 'jeecg-boot', '2019-03-29 18:43:59', NULL, NULL);
INSERT INTO `jeecg_order_customer` VALUES ('25c4a552c6843f36fad6303bfa99a382', '1', NULL, NULL, NULL, NULL, '54e739bef5b67569c963c38da52581ec', 'admin', '2019-03-15 16:50:15', NULL, NULL);
INSERT INTO `jeecg_order_customer` VALUES ('2d32144e2bee63264f3f16215c258381', '33333', '2', NULL, NULL, NULL, 'd908bfee3377e946e59220c4a4eb414a', 'admin', '2019-04-01 16:27:03', NULL, NULL);
INSERT INTO `jeecg_order_customer` VALUES ('2d43170d6327f941bd1a017999495e25', '1', NULL, NULL, NULL, NULL, '54e739bef5b67569c963c38da52581ec', 'admin', '2019-03-15 16:50:15', NULL, NULL);
INSERT INTO `jeecg_order_customer` VALUES ('2e5f62a8b6e0a0ce19b52a6feae23d48', '3', NULL, NULL, NULL, NULL, '54e739bef5b67569c963c38da52581ec', 'admin', '2019-03-15 16:50:15', NULL, NULL);
INSERT INTO `jeecg_order_customer` VALUES ('34a1c5cf6cee360ed610ed0bed70e0f9', '导入秦风', NULL, NULL, NULL, NULL, 'a2cce75872cc8fcc47f78de9ffd378c2', 'jeecg-boot', '2019-03-29 18:43:59', NULL, NULL);
INSERT INTO `jeecg_order_customer` VALUES ('3c87400f8109b4cf43c5598f0d40e34d', '2', NULL, NULL, NULL, NULL, '54e739bef5b67569c963c38da52581ec', 'admin', '2019-03-15 16:50:15', NULL, NULL);
INSERT INTO `jeecg_order_customer` VALUES ('40964bcbbecb38e5ac15e6d08cf3cd43', '233', NULL, NULL, NULL, NULL, '54e739bef5b67569c963c38da52581ec', 'admin', '2019-03-15 16:50:15', NULL, NULL);
INSERT INTO `jeecg_order_customer` VALUES ('41e3dee0b0b6e6530eccb7fbb22fd7a3', '4555', '1', '370285198602058823', NULL, '18611788674', '54e739bef5b67569c963c38da52581ec', 'admin', '2019-03-15 16:50:15', NULL, NULL);
INSERT INTO `jeecg_order_customer` VALUES ('4808ae8344c7679a4a2f461db5dc3a70', '44', '1', '370285198602058823', NULL, '18611788674', '54e739bef5b67569c963c38da52581ec', 'admin', '2019-03-15 16:50:15', NULL, NULL);
INSERT INTO `jeecg_order_customer` VALUES ('4b6cef12f195fad94d57279b2241770d', 'dr12', '', '', '', '', '8ab1186410a65118c4d746eb085d3bed', 'admin', '2019-04-04 17:25:33', NULL, NULL);
INSERT INTO `jeecg_order_customer` VALUES ('524e695283f8e8c256cc24f39d6d8542', '小王', '2', '370285198604033222', NULL, '18611788674', 'eb13ab35d2946a2b0cfe3452bca1e73f', 'admin', '2019-02-25 16:29:41', NULL, NULL);
INSERT INTO `jeecg_order_customer` VALUES ('57c2a8367db34016114cbc9fa368dba0', '2', NULL, NULL, NULL, NULL, '54e739bef5b67569c963c38da52581ec', 'admin', '2019-03-15 16:50:15', NULL, NULL);
INSERT INTO `jeecg_order_customer` VALUES ('5df36a1608b8c7ac99ad9bc408fe54bf', '4', NULL, NULL, NULL, NULL, '54e739bef5b67569c963c38da52581ec', 'admin', '2019-03-15 16:50:15', NULL, NULL);
INSERT INTO `jeecg_order_customer` VALUES ('6c6fd2716c2dcd044ed03c2c95d261f8', '李四', '2', '370285198602058833', '', '18611788676', 'f71f7f8930b5b6b1703d9948d189982b', 'admin', '2019-04-01 19:08:45', NULL, NULL);
INSERT INTO `jeecg_order_customer` VALUES ('742d008214dee0afff2145555692973e', '秦风', '1', '370285198602058822', NULL, '18611788676', '54e739bef5b67569c963c38da52581ec', 'admin', '2019-03-15 16:50:15', NULL, NULL);
INSERT INTO `jeecg_order_customer` VALUES ('7469c3e5d371767ff90a739d297689b5', '导入秦风', '2', NULL, NULL, NULL, '3a867ebf2cebce9bae3f79676d8d86f3', 'jeecg-boot', '2019-03-29 18:43:59', 'admin', '2019-04-08 17:35:02');
INSERT INTO `jeecg_order_customer` VALUES ('7a96e2c7b24847d4a29940dbc0eda6e5', 'drscott', NULL, NULL, NULL, NULL, 'e73434dad84ebdce2d4e0c2a2f06d8ea', 'jeecg-boot', '2019-03-29 18:43:59', NULL, NULL);
INSERT INTO `jeecg_order_customer` VALUES ('7f5a40818e225ee18bda6da7932ac5f9', '2', NULL, NULL, NULL, NULL, '54e739bef5b67569c963c38da52581ec', 'admin', '2019-03-15 16:50:15', NULL, NULL);
INSERT INTO `jeecg_order_customer` VALUES ('8011575abfd7c8085e71ff66df1124b9', '1', NULL, NULL, NULL, NULL, '54e739bef5b67569c963c38da52581ec', 'admin', '2019-03-15 16:50:15', NULL, NULL);
INSERT INTO `jeecg_order_customer` VALUES ('8404f31d7196221a573c9bd6c8f15003', '小张', '1', '370285198602058211', NULL, '18611788676', 'eb13ab35d2946a2b0cfe3452bca1e73f', 'admin', '2019-02-25 16:29:41', NULL, NULL);
INSERT INTO `jeecg_order_customer` VALUES ('859020e10a2f721f201cdbff78cf7b9f', 'scott', NULL, NULL, NULL, NULL, '163e2efcbc6d7d54eb3f8a137da8a75a', 'jeecg-boot', '2019-03-29 18:43:59', NULL, NULL);
INSERT INTO `jeecg_order_customer` VALUES ('8cc3c4d26e3060975df3a2adb781eeb4', 'dr33', NULL, NULL, NULL, NULL, 'b2feb454e43c46b2038768899061e464', 'jeecg-boot', '2019-04-04 17:23:09', NULL, NULL);
INSERT INTO `jeecg_order_customer` VALUES ('8d1725c23a6a50685ff0dedfd437030d', '4', NULL, NULL, NULL, NULL, '54e739bef5b67569c963c38da52581ec', 'admin', '2019-03-15 16:50:15', NULL, NULL);
INSERT INTO `jeecg_order_customer` VALUES ('933cae3a79f60a93922d59aace5346ce', '小王', NULL, '370285198604033222', NULL, '18611788674', '6a719071a29927a14f19482f8693d69a', 'jeecg-boot', '2019-03-29 18:43:59', NULL, NULL);
INSERT INTO `jeecg_order_customer` VALUES ('9bdb5400b709ba4eaf3444de475880d7', 'dr22', NULL, NULL, NULL, NULL, '22c17790dcd04b296c4a2a089f71895f', 'jeecg-boot', '2019-04-04 17:23:09', NULL, NULL);
INSERT INTO `jeecg_order_customer` VALUES ('9f87677f70e5f864679314389443a3eb', '33', '2', '370285198602058823', NULL, '18611788674', '54e739bef5b67569c963c38da52581ec', 'admin', '2019-03-15 16:50:15', NULL, NULL);
INSERT INTO `jeecg_order_customer` VALUES ('a2c2b7101f75c02deb328ba777137897', '44', '2', '370285198602058823', NULL, '18611788674', '54e739bef5b67569c963c38da52581ec', 'admin', '2019-03-15 16:50:15', NULL, NULL);
INSERT INTO `jeecg_order_customer` VALUES ('ab4d002dc552c326147e318c87d3bed4', '小红1', '1', '370285198604033222', NULL, '18611755848', '9a57c850e4f68cf94ef7d8585dbaf7e6', 'admin', '2020-05-02 18:17:37', 'admin', '2022-09-22 10:56:25');
INSERT INTO `jeecg_order_customer` VALUES ('ad116f722a438e5f23095a0b5fcc8e89', 'dr秦风', NULL, NULL, NULL, NULL, 'e73434dad84ebdce2d4e0c2a2f06d8ea', 'jeecg-boot', '2019-03-29 18:43:59', NULL, NULL);
INSERT INTO `jeecg_order_customer` VALUES ('b1ba147b75f5eaa48212586097fc3fd1', '2', NULL, NULL, NULL, NULL, '54e739bef5b67569c963c38da52581ec', 'admin', '2019-03-15 16:50:15', NULL, NULL);
INSERT INTO `jeecg_order_customer` VALUES ('b43bf432c251f0e6b206e403b8ec29bc', 'lisi', NULL, NULL, NULL, NULL, 'f8889aaef6d1bccffd98d2889c0aafb5', 'jeecg-boot', '2019-03-29 18:43:59', NULL, NULL);
INSERT INTO `jeecg_order_customer` VALUES ('bcdd300a7d44c45a66bdaac14903c801', '33', NULL, NULL, NULL, NULL, '54e739bef5b67569c963c38da52581ec', 'admin', '2019-03-15 16:50:15', NULL, NULL);
INSERT INTO `jeecg_order_customer` VALUES ('beb983293e47e2dc1a9b3d649aa3eb34', 'ddd3', NULL, NULL, NULL, NULL, 'd908bfee3377e946e59220c4a4eb414a', 'admin', '2019-04-01 16:27:03', NULL, NULL);
INSERT INTO `jeecg_order_customer` VALUES ('c219808196406f1b8c7f1062589de4b5', '44', '1', '370285198602058823', NULL, '18611788674', '54e739bef5b67569c963c38da52581ec', 'admin', '2019-03-15 16:50:15', NULL, NULL);
INSERT INTO `jeecg_order_customer` VALUES ('c8ed061d4b27c0c7a64e100f2b1c8ab5', '张经理', '2', '370285198602058823', NULL, '18611788674', '54e739bef5b67569c963c38da52581ec', 'admin', '2019-03-15 16:50:15', NULL, NULL);
INSERT INTO `jeecg_order_customer` VALUES ('cc5de4af7f06cd6d250965ebe92a0395', '1', NULL, NULL, NULL, NULL, '54e739bef5b67569c963c38da52581ec', 'admin', '2019-03-15 16:50:15', NULL, NULL);
INSERT INTO `jeecg_order_customer` VALUES ('cf8817bd703bf7c7c77a2118edc26cc7', '1', NULL, NULL, NULL, NULL, '54e739bef5b67569c963c38da52581ec', 'admin', '2019-03-15 16:50:15', NULL, NULL);
INSERT INTO `jeecg_order_customer` VALUES ('d72b26fae42e71270fce2097a88da58a', '导入scott', NULL, 'www', NULL, NULL, '3a867ebf2cebce9bae3f79676d8d86f3', 'jeecg-boot', '2019-03-29 18:43:59', 'admin', '2019-04-08 17:35:05');
INSERT INTO `jeecg_order_customer` VALUES ('dbdc60a6ac1a8c43f24afee384039b68', 'xiaowang', NULL, NULL, NULL, NULL, 'f8889aaef6d1bccffd98d2889c0aafb5', 'jeecg-boot', '2019-03-29 18:43:59', NULL, NULL);
INSERT INTO `jeecg_order_customer` VALUES ('dc5883b50466de94d900919ed96d97af', '33', '1', '370285198602058823', NULL, '18611788674', '54e739bef5b67569c963c38da52581ec', 'admin', '2019-03-15 16:50:15', NULL, NULL);
INSERT INTO `jeecg_order_customer` VALUES ('deeb73e553ad8dc0a0b3cfd5a338de8e', '3333', NULL, NULL, NULL, NULL, '54e739bef5b67569c963c38da52581ec', 'admin', '2019-03-15 16:50:15', NULL, NULL);
INSERT INTO `jeecg_order_customer` VALUES ('e2570278bf189ac05df3673231326f47', '1', NULL, NULL, NULL, NULL, '54e739bef5b67569c963c38da52581ec', 'admin', '2019-03-15 16:50:15', NULL, NULL);
INSERT INTO `jeecg_order_customer` VALUES ('e39cb23bb950b2bdedfc284686c6128a', '1', NULL, NULL, NULL, NULL, '54e739bef5b67569c963c38da52581ec', 'admin', '2019-03-15 16:50:15', NULL, NULL);
INSERT INTO `jeecg_order_customer` VALUES ('e46fe9111a9100844af582a18a2aa402', '1', NULL, NULL, NULL, NULL, '54e739bef5b67569c963c38da52581ec', 'admin', '2019-03-15 16:50:15', NULL, NULL);
INSERT INTO `jeecg_order_customer` VALUES ('ee7af0acb9beb9bf8d8b3819a8a7fdc3', '2', NULL, NULL, NULL, NULL, '54e739bef5b67569c963c38da52581ec', 'admin', '2019-03-15 16:50:15', NULL, NULL);
INSERT INTO `jeecg_order_customer` VALUES ('f5d2605e844192d9e548f9bd240ac908', '小张', NULL, '370285198602058211', NULL, '18611788676', '6a719071a29927a14f19482f8693d69a', 'jeecg-boot', '2019-03-29 18:43:59', NULL, NULL);
INSERT INTO `jeecg_order_customer` VALUES ('f6db6547382126613a3e46e7cd58a5f2', '导入scott', NULL, NULL, NULL, NULL, 'a2cce75872cc8fcc47f78de9ffd378c2', 'jeecg-boot', '2019-03-29 18:43:59', NULL, NULL);

-- ----------------------------
-- Table structure for jeecg_order_main
-- ----------------------------
CREATE TABLE `jeecg_order_main`  (
  `id` varchar(32) CHARACTER SET utf8 COLLATE utf8_general_ci NOT NULL COMMENT '主键',
  `order_code` varchar(50) CHARACTER SET utf8 COLLATE utf8_general_ci NULL DEFAULT NULL COMMENT '订单号',
  `ctype` varchar(500) CHARACTER SET utf8 COLLATE utf8_general_ci NULL DEFAULT NULL COMMENT '订单类型',
  `order_date` datetime NULL DEFAULT NULL COMMENT '订单日期',
  `order_money` double(10, 3) NULL DEFAULT NULL COMMENT '订单金额',
  `content` varchar(500) CHARACTER SET utf8 COLLATE utf8_general_ci NULL DEFAULT NULL COMMENT '订单备注',
  `create_by` varchar(32) CHARACTER SET utf8 COLLATE utf8_general_ci NULL DEFAULT NULL COMMENT '创建人',
  `create_time` datetime NULL DEFAULT NULL COMMENT '创建时间',
  `update_by` varchar(32) CHARACTER SET utf8 COLLATE utf8_general_ci NULL DEFAULT NULL COMMENT '修改人',
  `update_time` datetime NULL DEFAULT NULL COMMENT '修改时间',
  `bpm_status` varchar(3) CHARACTER SET utf8 COLLATE utf8_general_ci NULL DEFAULT NULL COMMENT '流程状态',
  PRIMARY KEY (`id`) USING BTREE
) ENGINE = InnoDB CHARACTER SET = utf8 COLLATE = utf8_general_ci ROW_FORMAT = DYNAMIC;

-- ----------------------------
-- Records of jeecg_order_main
-- ----------------------------
INSERT INTO `jeecg_order_main` VALUES ('163e2efcbc6d7d54eb3f8a137da8a75a', 'B100', NULL, NULL, 3000.000, NULL, 'jeecg-boot', '2019-03-29 18:43:59', NULL, NULL, NULL);
INSERT INTO `jeecg_order_main` VALUES ('3a867ebf2cebce9bae3f79676d8d86f3', '导入B100', '2222', NULL, 3000.000, NULL, 'jeecg-boot', '2019-03-29 18:43:59', 'admin', '2019-04-08 17:35:13', NULL);
INSERT INTO `jeecg_order_main` VALUES ('4cba137333127e8e31df7ad168cc3732', '青岛订单A0001', '2', '2019-04-03 10:56:07', NULL, NULL, 'admin', '2019-04-03 10:56:11', 'admin', '2022-09-22 10:55:39', NULL);
INSERT INTO `jeecg_order_main` VALUES ('54e739bef5b67569c963c38da52581ec', 'NC911', '1', '2019-02-18 09:58:51', 40.000, NULL, 'admin', '2019-02-18 09:58:47', 'admin', '2019-02-18 09:58:59', NULL);
INSERT INTO `jeecg_order_main` VALUES ('6a719071a29927a14f19482f8693d69a', 'c100', NULL, NULL, 5000.000, NULL, 'jeecg-boot', '2019-03-29 18:43:59', NULL, NULL, NULL);
INSERT INTO `jeecg_order_main` VALUES ('8ab1186410a65118c4d746eb085d3bed', '导入400', '1', '2019-02-18 09:58:51', 40.000, NULL, 'admin', '2019-02-18 09:58:47', 'admin', '2019-02-18 09:58:59', NULL);
INSERT INTO `jeecg_order_main` VALUES ('9a57c850e4f68cf94ef7d8585dbaf7e6', 'halou001', '1', '2019-04-04 17:30:32', 500.000, NULL, 'admin', '2019-04-04 17:30:41', 'admin', '2022-09-22 10:56:25', NULL);
INSERT INTO `jeecg_order_main` VALUES ('a2cce75872cc8fcc47f78de9ffd378c2', '导入B100', NULL, NULL, 3000.000, NULL, 'jeecg-boot', '2019-03-29 18:43:59', NULL, NULL, NULL);
INSERT INTO `jeecg_order_main` VALUES ('b190737bd04cca8360e6f87c9ef9ec4e', 'B0018888', '1', NULL, NULL, NULL, 'admin', '2019-02-15 18:39:29', 'admin', '2020-05-02 18:15:09', NULL);
INSERT INTO `jeecg_order_main` VALUES ('d908bfee3377e946e59220c4a4eb414a', 'SSSS001', NULL, NULL, 599.000, NULL, 'admin', '2019-04-01 15:43:03', 'admin', '2019-04-01 16:26:52', NULL);
INSERT INTO `jeecg_order_main` VALUES ('e73434dad84ebdce2d4e0c2a2f06d8ea', '导入200', NULL, NULL, 3000.000, NULL, 'jeecg-boot', '2019-03-29 18:43:59', NULL, NULL, NULL);
INSERT INTO `jeecg_order_main` VALUES ('eb13ab35d2946a2b0cfe3452bca1e73f', 'BJ9980', '1', NULL, 90.000, NULL, 'admin', '2019-02-16 17:36:42', 'admin', '2019-02-16 17:46:16', NULL);
INSERT INTO `jeecg_order_main` VALUES ('f71f7f8930b5b6b1703d9948d189982b', 'BY911', NULL, '2019-04-06 19:08:39', NULL, NULL, 'admin', '2019-04-01 16:36:02', 'admin', '2019-04-01 16:36:08', NULL);
INSERT INTO `jeecg_order_main` VALUES ('f8889aaef6d1bccffd98d2889c0aafb5', 'A100', NULL, '2018-10-10 00:00:00', 6000.000, NULL, 'jeecg-boot', '2019-03-29 18:43:59', NULL, NULL, NULL);

-- ----------------------------
-- Table structure for jeecg_order_ticket
-- ----------------------------
CREATE TABLE `jeecg_order_ticket`  (
  `id` varchar(32) CHARACTER SET utf8 COLLATE utf8_general_ci NOT NULL COMMENT '主键',
  `ticket_code` varchar(100) CHARACTER SET utf8 COLLATE utf8_general_ci NOT NULL COMMENT '航班号',
  `tickect_date` datetime NULL DEFAULT NULL COMMENT '航班时间',
  `order_id` varchar(32) CHARACTER SET utf8 COLLATE utf8_general_ci NOT NULL COMMENT '外键',
  `create_by` varchar(32) CHARACTER SET utf8 COLLATE utf8_general_ci NULL DEFAULT NULL COMMENT '创建人',
  `create_time` datetime NULL DEFAULT NULL COMMENT '创建时间',
  `update_by` varchar(32) CHARACTER SET utf8 COLLATE utf8_general_ci NULL DEFAULT NULL COMMENT '修改人',
  `update_time` datetime NULL DEFAULT NULL COMMENT '修改时间',
  PRIMARY KEY (`id`) USING BTREE
) ENGINE = InnoDB CHARACTER SET = utf8 COLLATE = utf8_general_ci ROW_FORMAT = DYNAMIC;

-- ----------------------------
-- Records of jeecg_order_ticket
-- ----------------------------
INSERT INTO `jeecg_order_ticket` VALUES ('0f0e3a40a215958f807eea08a6e1ac0a', '88', NULL, '54e739bef5b67569c963c38da52581ec', 'admin', '2019-03-15 16:50:15', NULL, NULL);
INSERT INTO `jeecg_order_ticket` VALUES ('0fa3bd0bbcf53650c0bb3c0cac6d8cb7', 'ffff', '2019-02-21 00:00:00', 'eb13ab35d2946a2b0cfe3452bca1e73f', 'admin', '2019-02-25 16:29:41', NULL, NULL);
INSERT INTO `jeecg_order_ticket` VALUES ('1256527640543735810', '222', '2019-02-23 00:00:00', 'b190737bd04cca8360e6f87c9ef9ec4e', 'admin', '2020-05-02 18:15:09', NULL, NULL);
INSERT INTO `jeecg_order_ticket` VALUES ('1256527640560513025', '111', '2019-02-01 00:00:00', 'b190737bd04cca8360e6f87c9ef9ec4e', 'admin', '2020-05-02 18:15:09', NULL, NULL);
INSERT INTO `jeecg_order_ticket` VALUES ('14221afb4f5f749c1deef26ac56fdac3', '33', '2019-03-09 00:00:00', '54e739bef5b67569c963c38da52581ec', 'admin', '2019-03-15 16:50:15', NULL, NULL);
INSERT INTO `jeecg_order_ticket` VALUES ('15538561502730', '222', NULL, '0d4a2e67b538ee1bc881e5ed34f670f0', 'jeecg-boot', '2019-03-29 18:42:55', NULL, NULL);
INSERT INTO `jeecg_order_ticket` VALUES ('15538561526461', '2244', '2019-03-29 00:00:00', '0d4a2e67b538ee1bc881e5ed34f670f0', 'jeecg-boot', '2019-03-29 18:42:55', 'admin', '2019-03-29 18:43:26');
INSERT INTO `jeecg_order_ticket` VALUES ('15541168478913', 'hhhhh', NULL, 'f71f7f8930b5b6b1703d9948d189982b', 'admin', '2019-04-01 19:08:45', NULL, NULL);
INSERT INTO `jeecg_order_ticket` VALUES ('1572781834508132353', '232', '2022-10-01 00:00:00', '9a57c850e4f68cf94ef7d8585dbaf7e6', 'admin', '2022-09-22 10:56:25', NULL, NULL);
INSERT INTO `jeecg_order_ticket` VALUES ('18905bc89ee3851805aab38ed3b505ec', '44', NULL, '54e739bef5b67569c963c38da52581ec', 'admin', '2019-03-15 16:50:15', NULL, NULL);
INSERT INTO `jeecg_order_ticket` VALUES ('1f809cbd26f4e574697e1c10de575d72', 'A100', NULL, 'e73434dad84ebdce2d4e0c2a2f06d8ea', 'jeecg-boot', '2019-03-29 18:43:59', NULL, NULL);
INSERT INTO `jeecg_order_ticket` VALUES ('21051adb51529bdaa8798b5a3dd7f7f7', 'C10029', '2019-02-20 00:00:00', '54e739bef5b67569c963c38da52581ec', 'admin', '2019-03-15 16:50:15', NULL, NULL);
INSERT INTO `jeecg_order_ticket` VALUES ('269576e766b917f8b6509a2bb0c4d4bd', 'A100', NULL, '163e2efcbc6d7d54eb3f8a137da8a75a', 'jeecg-boot', '2019-03-29 18:43:59', NULL, NULL);
INSERT INTO `jeecg_order_ticket` VALUES ('2d473ffc79e5b38a17919e15f8b7078e', '66', '2019-03-29 00:00:00', '54e739bef5b67569c963c38da52581ec', 'admin', '2019-03-15 16:50:15', NULL, NULL);
INSERT INTO `jeecg_order_ticket` VALUES ('3655b66fca5fef9c6aac6d70182ffda2', 'AA123', '2019-04-01 00:00:00', 'd908bfee3377e946e59220c4a4eb414a', 'admin', '2019-04-01 16:27:03', NULL, NULL);
INSERT INTO `jeecg_order_ticket` VALUES ('365d5919155473ade45840fd626c51a9', 'dddd', '2019-04-04 17:25:29', '8ab1186410a65118c4d746eb085d3bed', 'admin', '2019-04-04 17:25:33', NULL, NULL);
INSERT INTO `jeecg_order_ticket` VALUES ('4889a782e78706ab4306a925cfb163a5', 'C34', '2019-04-01 00:00:00', 'd908bfee3377e946e59220c4a4eb414a', 'admin', '2019-04-01 16:35:00', 'admin', '2019-04-01 16:35:07');
INSERT INTO `jeecg_order_ticket` VALUES ('48d385796382cf87fa4bdf13b42d9a28', '导入A100', NULL, '3a867ebf2cebce9bae3f79676d8d86f3', 'jeecg-boot', '2019-03-29 18:43:59', NULL, NULL);
INSERT INTO `jeecg_order_ticket` VALUES ('541faed56efbeb4be9df581bd8264d3a', '88', NULL, '54e739bef5b67569c963c38da52581ec', 'admin', '2019-03-15 16:50:15', NULL, NULL);
INSERT INTO `jeecg_order_ticket` VALUES ('57a27a7dfd6a48e7d981f300c181b355', '6', '2019-03-30 00:00:00', '54e739bef5b67569c963c38da52581ec', 'admin', '2019-03-15 16:50:15', NULL, NULL);
INSERT INTO `jeecg_order_ticket` VALUES ('5ce4dc439c874266e42e6c0ff8dc8b5c', '导入A100', NULL, 'a2cce75872cc8fcc47f78de9ffd378c2', 'jeecg-boot', '2019-03-29 18:43:59', NULL, NULL);
INSERT INTO `jeecg_order_ticket` VALUES ('645a06152998a576c051474157625c41', '88', '2019-04-04 17:25:31', '8ab1186410a65118c4d746eb085d3bed', 'admin', '2019-04-04 17:25:33', NULL, NULL);
INSERT INTO `jeecg_order_ticket` VALUES ('6e3562f2571ea9e96b2d24497b5f5eec', '55', '2019-03-23 00:00:00', '54e739bef5b67569c963c38da52581ec', 'admin', '2019-03-15 16:50:15', NULL, NULL);
INSERT INTO `jeecg_order_ticket` VALUES ('8fd2b389151568738b1cc4d8e27a6110', '导入A100', NULL, 'a2cce75872cc8fcc47f78de9ffd378c2', 'jeecg-boot', '2019-03-29 18:43:59', NULL, NULL);
INSERT INTO `jeecg_order_ticket` VALUES ('93f1a84053e546f59137432ff5564cac', '55', NULL, '54e739bef5b67569c963c38da52581ec', 'admin', '2019-03-15 16:50:15', NULL, NULL);
INSERT INTO `jeecg_order_ticket` VALUES ('969ddc5d2e198d50903686917f996470', 'A10029', '2019-04-01 00:00:00', 'f71f7f8930b5b6b1703d9948d189982b', 'admin', '2019-04-01 19:08:45', NULL, NULL);
INSERT INTO `jeecg_order_ticket` VALUES ('96e7303a8d22a5c384e08d7bcf7ac2bf', 'A100', NULL, 'e73434dad84ebdce2d4e0c2a2f06d8ea', 'jeecg-boot', '2019-03-29 18:43:59', NULL, NULL);
INSERT INTO `jeecg_order_ticket` VALUES ('9e8a3336f6c63f558f2b68ce2e1e666e', '深圳1001', '2020-05-02 00:00:00', '9a57c850e4f68cf94ef7d8585dbaf7e6', 'admin', '2020-05-02 18:17:37', 'admin', '2022-09-22 10:56:25');
INSERT INTO `jeecg_order_ticket` VALUES ('a28db02c810c65660015095cb81ed434', 'A100', NULL, 'f8889aaef6d1bccffd98d2889c0aafb5', 'jeecg-boot', '2019-03-29 18:43:59', NULL, NULL);
INSERT INTO `jeecg_order_ticket` VALUES ('b217bb0e4ec6a45b6cbf6db880060c0f', 'A100', NULL, '6a719071a29927a14f19482f8693d69a', 'jeecg-boot', '2019-03-29 18:43:59', NULL, NULL);
INSERT INTO `jeecg_order_ticket` VALUES ('ba708df70bb2652ed1051a394cfa0bb3', '333', NULL, '54e739bef5b67569c963c38da52581ec', 'admin', '2019-03-15 16:50:15', NULL, NULL);
INSERT INTO `jeecg_order_ticket` VALUES ('beabbfcb195d39bedeeafe8318794562', 'A1345', '2019-04-01 00:00:00', 'd908bfee3377e946e59220c4a4eb414a', 'admin', '2019-04-01 16:27:04', NULL, NULL);
INSERT INTO `jeecg_order_ticket` VALUES ('bf450223cb505f89078a311ef7b6ed16', '777', '2019-03-30 00:00:00', '54e739bef5b67569c963c38da52581ec', 'admin', '2019-03-15 16:50:15', NULL, NULL);
INSERT INTO `jeecg_order_ticket` VALUES ('c06165b6603e3e1335db187b3c841eef', '北京2001', '2020-05-23 00:00:00', '9a57c850e4f68cf94ef7d8585dbaf7e6', 'admin', '2020-05-02 18:17:37', 'admin', '2022-09-22 10:56:25');
INSERT INTO `jeecg_order_ticket` VALUES ('c113136abc26ace3a6da4e41d7dc1c7e', '44', '2019-03-15 00:00:00', '54e739bef5b67569c963c38da52581ec', 'admin', '2019-03-15 16:50:15', NULL, NULL);
INSERT INTO `jeecg_order_ticket` VALUES ('c1abdc2e30aeb25de13ad6ee3488ac24', '77', '2019-03-22 00:00:00', '54e739bef5b67569c963c38da52581ec', 'admin', '2019-03-15 16:50:15', NULL, NULL);
INSERT INTO `jeecg_order_ticket` VALUES ('c23751a7deb44f553ce50a94948c042a', '33', '2019-03-09 00:00:00', '8ab1186410a65118c4d746eb085d3bed', 'admin', '2019-04-04 17:25:33', NULL, NULL);
INSERT INTO `jeecg_order_ticket` VALUES ('c64547666b634b3d6a0feedcf05f25ce', 'C10019', '2019-04-01 00:00:00', 'f71f7f8930b5b6b1703d9948d189982b', 'admin', '2019-04-01 19:08:45', NULL, NULL);
INSERT INTO `jeecg_order_ticket` VALUES ('c8b8d3217f37da78dddf711a1f7da485', 'A100', NULL, '163e2efcbc6d7d54eb3f8a137da8a75a', 'jeecg-boot', '2019-03-29 18:43:59', NULL, NULL);
INSERT INTO `jeecg_order_ticket` VALUES ('cab691c1c1ff7a6dfd7248421917fd3c', 'A100', NULL, 'f8889aaef6d1bccffd98d2889c0aafb5', 'jeecg-boot', '2019-03-29 18:43:59', NULL, NULL);
INSERT INTO `jeecg_order_ticket` VALUES ('cca10a9a850b456d9b72be87da7b0883', '77', NULL, '54e739bef5b67569c963c38da52581ec', 'admin', '2019-03-15 16:50:15', NULL, NULL);
INSERT INTO `jeecg_order_ticket` VALUES ('d2fbba11f4814d9b1d3cb1a3f342234a', 'C10019', '2019-02-18 00:00:00', '54e739bef5b67569c963c38da52581ec', 'admin', '2019-03-15 16:50:15', NULL, NULL);
INSERT INTO `jeecg_order_ticket` VALUES ('dbdb07a16826808e4276e84b2aa4731a', '导入A100', NULL, '3a867ebf2cebce9bae3f79676d8d86f3', 'jeecg-boot', '2019-03-29 18:43:59', NULL, NULL);
INSERT INTO `jeecg_order_ticket` VALUES ('e7075639c37513afc0bbc4bf7b5d98b9', '88', NULL, '54e739bef5b67569c963c38da52581ec', 'admin', '2019-03-15 16:50:15', NULL, NULL);
INSERT INTO `jeecg_order_ticket` VALUES ('fa759dc104d0371f8aa28665b323dab6', '888', NULL, '54e739bef5b67569c963c38da52581ec', 'admin', '2019-03-15 16:50:15', NULL, NULL);
INSERT INTO `jeecg_order_ticket` VALUES ('ff197da84a9a3af53878eddc91afbb2e', '33', NULL, '54e739bef5b67569c963c38da52581ec', 'admin', '2019-03-15 16:50:15', NULL, NULL);

-- ----------------------------
-- Table structure for jimu_dict
-- ----------------------------
CREATE TABLE `jimu_dict`  (
  `id` varchar(32) CHARACTER SET utf8 COLLATE utf8_general_ci NOT NULL,
  `dict_name` varchar(100) CHARACTER SET utf8 COLLATE utf8_general_ci NOT NULL COMMENT '字典名称',
  `dict_code` varchar(100) CHARACTER SET utf8 COLLATE utf8_general_ci NOT NULL COMMENT '字典编码',
  `description` varchar(255) CHARACTER SET utf8 COLLATE utf8_general_ci NULL DEFAULT NULL COMMENT '描述',
  `del_flag` int(1) NULL DEFAULT NULL COMMENT '删除状态',
  `create_by` varchar(32) CHARACTER SET utf8 COLLATE utf8_general_ci NULL DEFAULT NULL COMMENT '创建人',
  `create_time` datetime NULL DEFAULT NULL COMMENT '创建时间',
  `update_by` varchar(32) CHARACTER SET utf8 COLLATE utf8_general_ci NULL DEFAULT NULL COMMENT '更新人',
  `update_time` datetime NULL DEFAULT NULL COMMENT '更新时间',
  `type` int(1) UNSIGNED ZEROFILL NULL DEFAULT 0 COMMENT '字典类型0为string,1为number',
  `tenant_id` varchar(10) CHARACTER SET utf8 COLLATE utf8_general_ci NULL DEFAULT NULL COMMENT '多租户标识',
  PRIMARY KEY (`id`) USING BTREE,
  UNIQUE INDEX `uk_sd_dict_code`(`dict_code`) USING BTREE
) ENGINE = InnoDB CHARACTER SET = utf8 COLLATE = utf8_general_ci ROW_FORMAT = DYNAMIC;

-- ----------------------------
-- Records of jimu_dict
-- ----------------------------
INSERT INTO `jimu_dict` VALUES ('0b5d19e1fce4b2e6647e6b4a17760c14', '通告类型', 'msg_category', '消息类型1:通知公告2:系统消息', 0, 'admin', '2019-04-22 18:01:35', NULL, NULL, 0, NULL);
INSERT INTO `jimu_dict` VALUES ('1047797573274468352', '系统图库', 'gallery', '', 0, 'admin', '2025-02-07 19:00:19', NULL, NULL, 0, '1');
INSERT INTO `jimu_dict` VALUES ('1174509082208395266', '职务职级', 'position_rank', '职务表职级字典', 0, 'admin', '2019-09-19 10:22:41', NULL, NULL, 0, NULL);
INSERT INTO `jimu_dict` VALUES ('1174511106530525185', '机构类型', 'org_category', '机构类型 1公司，2部门 3岗位', 0, 'admin', '2019-09-19 10:30:43', NULL, NULL, 0, NULL);
INSERT INTO `jimu_dict` VALUES ('1178295274528845826', '表单权限策略', 'form_perms_type', '', 0, 'admin', '2019-09-29 21:07:39', 'admin', '2019-09-29 21:08:26', NULL, NULL);
INSERT INTO `jimu_dict` VALUES ('1199517671259906049', '紧急程度', 'urgent_level', '日程计划紧急程度', 0, 'admin', '2019-11-27 10:37:53', NULL, NULL, 0, NULL);
INSERT INTO `jimu_dict` VALUES ('1199518099888414722', '日程计划类型', 'eoa_plan_type', '', 0, 'admin', '2019-11-27 10:39:36', NULL, NULL, 0, NULL);
INSERT INTO `jimu_dict` VALUES ('1199520177767587841', '分类栏目类型', 'eoa_cms_menu_type', '', 0, 'admin', '2019-11-27 10:47:51', 'admin', '2019-11-27 10:49:35', 0, NULL);
INSERT INTO `jimu_dict` VALUES ('1199525215290306561', '日程计划状态', 'eoa_plan_status', '', 0, 'admin', '2019-11-27 11:07:52', 'admin', '2019-11-27 11:10:11', 0, NULL);
INSERT INTO `jimu_dict` VALUES ('1209733563293962241', '数据库类型', 'database_type', '', 0, 'admin', '2019-12-25 15:12:12', NULL, NULL, 0, NULL);
INSERT INTO `jimu_dict` VALUES ('1232913193820581889', 'Online表单业务分类', 'ol_form_biz_type', '', 0, 'admin', '2020-02-27 14:19:46', 'admin', '2020-02-27 14:20:23', 0, NULL);
INSERT INTO `jimu_dict` VALUES ('1250687930947620866', '定时任务状态', 'quartz_status', '', 0, 'admin', '2020-04-16 15:30:14', '', NULL, NULL, NULL);
INSERT INTO `jimu_dict` VALUES ('1280401766745718786', '租户状态', 'tenant_status', '租户状态', 0, 'admin', '2020-07-07 15:22:25', NULL, NULL, 0, NULL);
INSERT INTO `jimu_dict` VALUES ('1356445645198135298', '开关', 'is_open', '', 0, 'admin', '2021-02-02 11:33:38', 'admin', '2021-02-02 15:28:12', 0, NULL);
INSERT INTO `jimu_dict` VALUES ('236e8a4baff0db8c62c00dd95632834f', '同步工作流引擎', 'activiti_sync', '同步工作流引擎', 0, 'admin', '2019-05-15 15:27:33', NULL, NULL, 0, NULL);
INSERT INTO `jimu_dict` VALUES ('2e02df51611a4b9632828ab7e5338f00', '权限策略', 'perms_type', '权限策略', 0, 'admin', '2019-04-26 18:26:55', NULL, NULL, 0, NULL);
INSERT INTO `jimu_dict` VALUES ('2f0320997ade5dd147c90130f7218c3e', '推送类别', 'msg_type', '', 0, 'admin', '2019-03-17 21:21:32', 'admin', '2019-03-26 19:57:45', 0, NULL);
INSERT INTO `jimu_dict` VALUES ('3486f32803bb953e7155dab3513dc68b', '删除状态', 'del_flag', NULL, 0, 'admin', '2019-01-18 21:46:26', 'admin', '2019-03-30 11:17:11', 0, NULL);
INSERT INTO `jimu_dict` VALUES ('3d9a351be3436fbefb1307d4cfb49bf2', '性别', 'sex', NULL, 0, NULL, '2019-01-04 14:56:32', 'admin', '2019-03-30 11:28:27', 1, NULL);
INSERT INTO `jimu_dict` VALUES ('4274efc2292239b6f000b153f50823ff', '全局权限策略', 'global_perms_type', '全局权限策略', 0, 'admin', '2019-05-10 17:54:05', NULL, NULL, 0, NULL);
INSERT INTO `jimu_dict` VALUES ('4c03fca6bf1f0299c381213961566349', 'Online图表展示模板', 'online_graph_display_template', 'Online图表展示模板', 0, 'admin', '2019-04-12 17:28:50', NULL, NULL, 0, NULL);
INSERT INTO `jimu_dict` VALUES ('4c753b5293304e7a445fd2741b46529d', '字典状态', 'dict_item_status', NULL, 0, 'admin', '2020-06-18 23:18:42', 'admin', '2019-03-30 19:33:52', 1, NULL);
INSERT INTO `jimu_dict` VALUES ('4d7fec1a7799a436d26d02325eff295e', '优先级', 'priority', '优先级', 0, 'admin', '2019-03-16 17:03:34', 'admin', '2019-04-16 17:39:23', 0, NULL);
INSERT INTO `jimu_dict` VALUES ('4e4602b3e3686f0911384e188dc7efb4', '条件规则', 'rule_conditions', '', 0, 'admin', '2019-04-01 10:15:03', 'admin', '2019-04-01 10:30:47', 0, NULL);
INSERT INTO `jimu_dict` VALUES ('4f69be5f507accea8d5df5f11346181a', '发送消息类型', 'msgType', NULL, 0, 'admin', '2019-04-11 14:27:09', NULL, NULL, 0, NULL);
INSERT INTO `jimu_dict` VALUES ('68168534ff5065a152bfab275c2136f8', '有效无效状态', 'valid_status', '有效无效状态', 0, 'admin', '2020-09-26 19:21:14', 'admin', '2019-04-26 19:21:23', 0, NULL);
INSERT INTO `jimu_dict` VALUES ('6b78e3f59faec1a4750acff08030a79b', '用户类型', 'user_type', NULL, 0, NULL, '2019-01-04 14:59:01', 'admin', '2019-03-18 23:28:18', 0, NULL);
INSERT INTO `jimu_dict` VALUES ('72cce0989df68887546746d8f09811aa', 'Online表单类型', 'cgform_table_type', '', 0, 'admin', '2019-01-27 10:13:02', 'admin', '2019-03-30 11:37:36', 0, NULL);
INSERT INTO `jimu_dict` VALUES ('78bda155fe380b1b3f175f1e88c284c6', '流程状态', 'bpm_status', '流程状态', 0, 'admin', '2019-05-09 16:31:52', NULL, NULL, 0, NULL);
INSERT INTO `jimu_dict` VALUES ('83bfb33147013cc81640d5fd9eda030c', '日志类型', 'log_type', NULL, 0, 'admin', '2019-03-18 23:22:19', NULL, NULL, 1, NULL);
INSERT INTO `jimu_dict` VALUES ('845da5006c97754728bf48b6a10f79cc', '状态', 'status', NULL, 0, 'admin', '2019-03-18 21:45:25', 'admin', '2019-03-18 21:58:25', 0, NULL);
INSERT INTO `jimu_dict` VALUES ('880a895c98afeca9d9ac39f29e67c13e', '操作类型', 'operate_type', '操作类型', 0, 'admin', '2019-07-22 10:54:29', NULL, NULL, 0, NULL);
INSERT INTO `jimu_dict` VALUES ('8dfe32e2d29ea9430a988b3b558bf233', '发布状态', 'send_status', '发布状态', 0, 'admin', '2019-04-16 17:40:42', NULL, NULL, 0, NULL);
INSERT INTO `jimu_dict` VALUES ('986779503584169984', '民族', 'minzu', '', 0, 'admin', '2024-08-23 09:56:17', 'admin', '2025-01-09 10:42:06', 0, '1001');
INSERT INTO `jimu_dict` VALUES ('986783181955223552', '学历', 'xueli_sf', '', 0, 'admin', '2024-08-23 10:10:54', NULL, NULL, NULL, NULL);
INSERT INTO `jimu_dict` VALUES ('986784113082322944', '爱好', 'aihao', '', 0, 'admin', '2024-08-23 10:14:36', NULL, NULL, NULL, NULL);
INSERT INTO `jimu_dict` VALUES ('a7adbcd86c37f7dbc9b66945c82ef9e6', '1是0否', 'yn', '', 0, 'admin', '2019-05-22 19:29:29', NULL, NULL, 0, NULL);
INSERT INTO `jimu_dict` VALUES ('a9d9942bd0eccb6e89de92d130ec4c4a', '消息发送状态', 'msgSendStatus', NULL, 0, 'admin', '2019-04-12 18:18:17', NULL, NULL, 0, NULL);
INSERT INTO `jimu_dict` VALUES ('ac2f7c0c5c5775fcea7e2387bcb22f01', '菜单类型', 'menu_type', NULL, 0, 'admin', '2020-12-18 23:24:32', 'admin', '2019-04-01 15:27:06', 1, NULL);
INSERT INTO `jimu_dict` VALUES ('ad7c65ba97c20a6805d5dcdf13cdaf36', 'onlineT类型', 'ceshi_online', NULL, 0, 'admin', '2019-03-22 16:31:49', 'admin', '2019-03-22 16:34:16', 0, NULL);
INSERT INTO `jimu_dict` VALUES ('bd1b8bc28e65d6feefefb6f3c79f42fd', 'Online图表数据类型', 'online_graph_data_type', 'Online图表数据类型', 0, 'admin', '2019-04-12 17:24:24', 'admin', '2019-04-12 17:24:57', 0, NULL);
INSERT INTO `jimu_dict` VALUES ('c36169beb12de8a71c8683ee7c28a503', '部门状态', 'depart_status', NULL, 0, 'admin', '2019-03-18 21:59:51', NULL, NULL, 0, NULL);
INSERT INTO `jimu_dict` VALUES ('c5a14c75172783d72cbee6ee7f5df5d1', 'Online图表类型', 'online_graph_type', 'Online图表类型', 0, 'admin', '2019-04-12 17:04:06', NULL, NULL, 0, NULL);
INSERT INTO `jimu_dict` VALUES ('d6e1152968b02d69ff358c75b48a6ee1', '流程类型', 'bpm_process_type', NULL, 0, 'admin', '2021-02-22 19:26:54', 'admin', '2025-01-09 10:35:04', 0, '1001');
INSERT INTO `jimu_dict` VALUES ('fc6cd58fde2e8481db10d3a1e68ce70c', '用户状态', 'user_status', NULL, 0, 'admin', '2019-03-18 21:57:25', 'admin', '2019-03-18 23:11:58', 1, NULL);

-- ----------------------------
-- Table structure for jimu_dict_item
-- ----------------------------
CREATE TABLE `jimu_dict_item`  (
  `id` varchar(32) CHARACTER SET utf8 COLLATE utf8_general_ci NOT NULL,
  `dict_id` varchar(32) CHARACTER SET utf8 COLLATE utf8_general_ci NULL DEFAULT NULL COMMENT '字典id',
  `item_text` varchar(100) CHARACTER SET utf8 COLLATE utf8_general_ci NOT NULL COMMENT '字典项文本',
  `item_value` varchar(100) CHARACTER SET utf8 COLLATE utf8_general_ci NOT NULL COMMENT '字典项值',
  `description` varchar(255) CHARACTER SET utf8 COLLATE utf8_general_ci NULL DEFAULT NULL COMMENT '描述',
  `sort_order` int(10) NULL DEFAULT NULL COMMENT '排序',
  `status` int(11) NULL DEFAULT NULL COMMENT '状态（1启用 0不启用）',
  `create_by` varchar(32) CHARACTER SET utf8 COLLATE utf8_general_ci NULL DEFAULT NULL,
  `create_time` datetime NULL DEFAULT NULL,
  `update_by` varchar(32) CHARACTER SET utf8 COLLATE utf8_general_ci NULL DEFAULT NULL,
  `update_time` datetime NULL DEFAULT NULL,
  PRIMARY KEY (`id`) USING BTREE,
  INDEX `idx_sdi_role_dict_id`(`dict_id`) USING BTREE,
  INDEX `idx_sdi_role_sort_order`(`sort_order`) USING BTREE,
  INDEX `idx_sdi_status`(`status`) USING BTREE,
  INDEX `idx_sdi_dict_val`(`dict_id`, `item_value`) USING BTREE
) ENGINE = InnoDB CHARACTER SET = utf8 COLLATE = utf8_general_ci ROW_FORMAT = DYNAMIC;

-- ----------------------------
-- Records of jimu_dict_item
-- ----------------------------
INSERT INTO `jimu_dict_item` VALUES ('0072d115e07c875d76c9b022e2179128', '4d7fec1a7799a436d26d02325eff295e', '低', 'L', '低', 3, 1, 'admin', '2019-04-16 17:04:59', NULL, NULL);
INSERT INTO `jimu_dict_item` VALUES ('05a2e732ce7b00aa52141ecc3e330b4e', '3486f32803bb953e7155dab3513dc68b', '已删除', '1', NULL, NULL, 1, 'admin', '2025-10-18 21:46:56', 'admin', '2019-03-28 22:23:20');
INSERT INTO `jimu_dict_item` VALUES ('096c2e758d823def3855f6376bc736fb', 'bd1b8bc28e65d6feefefb6f3c79f42fd', 'SQL', 'sql', NULL, 1, 1, 'admin', '2019-04-12 17:26:26', NULL, NULL);
INSERT INTO `jimu_dict_item` VALUES ('0c9532916f5cd722017b46bc4d953e41', '2f0320997ade5dd147c90130f7218c3e', '指定用户', 'USER', NULL, NULL, 1, 'admin', '2019-03-17 21:22:19', 'admin', '2019-03-17 21:22:28');
INSERT INTO `jimu_dict_item` VALUES ('0ca4beba9efc4f9dd54af0911a946d5c', '72cce0989df68887546746d8f09811aa', '附表', '3', NULL, 3, 1, 'admin', '2019-03-27 10:13:43', NULL, NULL);
INSERT INTO `jimu_dict_item` VALUES ('1030a2652608f5eac3b49d70458b8532', '2e02df51611a4b9632828ab7e5338f00', '禁用', '2', '禁用', 2, 1, 'admin', '2021-03-26 18:27:28', 'admin', '2019-04-26 18:39:11');
INSERT INTO `jimu_dict_item` VALUES ('1047797624512086016', '1047797573274468352', '常规', 'common', NULL, 1, 1, 'admin', '2025-02-07 19:00:31', NULL, NULL);
INSERT INTO `jimu_dict_item` VALUES ('1047797669877678080', '1047797573274468352', '指向', 'point', NULL, 1, 1, 'admin', '2025-02-07 19:00:42', '15931993294', '2025-02-07 19:01:11');
INSERT INTO `jimu_dict_item` VALUES ('1047797751893098410', '1047797573274468352', '数据指标', 'data', NULL, 1, 1, 'admin', '2025-03-12 19:01:01', NULL, NULL);
INSERT INTO `jimu_dict_item` VALUES ('1047797751893098411', '1047797573274468352', '数据安全', 'datasafe', NULL, 1, 1, 'admin', '2025-03-12 19:01:01', NULL, NULL);
INSERT INTO `jimu_dict_item` VALUES ('1057910209549750272', '1047797573274468352', '3D', '3D', NULL, 1, 1, 'admin', '2025-03-07 16:44:19', NULL, NULL);
INSERT INTO `jimu_dict_item` VALUES ('1174509082208395266', '1174511106530525185', '岗位', '3', '岗位', 1, 1, 'admin', '2019-09-19 10:31:16', '', NULL);
INSERT INTO `jimu_dict_item` VALUES ('1174509601047994369', '1174509082208395266', '员级', '1', '', 1, 1, 'admin', '2019-09-19 10:24:45', 'admin', '2019-09-23 11:46:39');
INSERT INTO `jimu_dict_item` VALUES ('1174509667297026049', '1174509082208395266', '助级', '2', '', 2, 1, 'admin', '2019-09-19 10:25:01', 'admin', '2019-09-23 11:46:47');
INSERT INTO `jimu_dict_item` VALUES ('1174509713568587777', '1174509082208395266', '中级', '3', '', 3, 1, 'admin', '2019-09-19 10:25:12', 'admin', '2019-09-23 11:46:56');
INSERT INTO `jimu_dict_item` VALUES ('1174509788361416705', '1174509082208395266', '副高级', '4', '', 4, 1, 'admin', '2019-09-19 10:25:30', 'admin', '2019-09-23 11:47:06');
INSERT INTO `jimu_dict_item` VALUES ('1174509835803189250', '1174509082208395266', '正高级', '5', '', 5, 1, 'admin', '2019-09-19 10:25:41', 'admin', '2019-09-23 11:47:12');
INSERT INTO `jimu_dict_item` VALUES ('1174511197735665665', '1174511106530525185', '公司', '1', '公司', 1, 1, 'admin', '2019-09-19 10:31:05', NULL, NULL);
INSERT INTO `jimu_dict_item` VALUES ('1174511244036587521', '1174511106530525185', '部门', '2', '部门', 1, 1, 'admin', '2019-09-19 10:31:16', NULL, NULL);
INSERT INTO `jimu_dict_item` VALUES ('1178295553450061826', '1178295274528845826', '可编辑(未授权禁用)', '2', '', 2, 1, 'admin', '2019-09-29 21:08:46', 'admin', '2019-09-29 21:09:18');
INSERT INTO `jimu_dict_item` VALUES ('1178295639554928641', '1178295274528845826', '可见(未授权不可见)', '1', '', 1, 1, 'admin', '2019-09-29 21:09:06', 'admin', '2019-09-29 21:09:24');
INSERT INTO `jimu_dict_item` VALUES ('1199517884758368257', '1199517671259906049', '一般', '1', '', 1, 1, 'admin', '2019-11-27 10:38:44', NULL, NULL);
INSERT INTO `jimu_dict_item` VALUES ('1199517914017832962', '1199517671259906049', '重要', '2', '', 1, 1, 'admin', '2019-11-27 10:38:51', NULL, NULL);
INSERT INTO `jimu_dict_item` VALUES ('1199517941339529217', '1199517671259906049', '紧急', '3', '', 1, 1, 'admin', '2019-11-27 10:38:58', NULL, NULL);
INSERT INTO `jimu_dict_item` VALUES ('1199518186144276482', '1199518099888414722', '日常记录', '1', '', 1, 1, 'admin', '2019-11-27 10:39:56', NULL, NULL);
INSERT INTO `jimu_dict_item` VALUES ('1199518214858481666', '1199518099888414722', '本周工作', '2', '', 1, 1, 'admin', '2019-11-27 10:40:03', NULL, NULL);
INSERT INTO `jimu_dict_item` VALUES ('1199518235943247874', '1199518099888414722', '下周计划', '3', '', 1, 1, 'admin', '2019-11-27 10:40:08', NULL, NULL);
INSERT INTO `jimu_dict_item` VALUES ('1199520817285701634', '1199520177767587841', '列表', '1', '', 1, 1, 'admin', '2019-11-27 10:50:24', NULL, NULL);
INSERT INTO `jimu_dict_item` VALUES ('1199520835035996161', '1199520177767587841', '链接', '2', '', 1, 1, 'admin', '2019-11-27 10:50:28', NULL, NULL);
INSERT INTO `jimu_dict_item` VALUES ('1199525468672405505', '1199525215290306561', '未开始', '0', '', 1, 1, 'admin', '2019-11-27 11:08:52', NULL, NULL);
INSERT INTO `jimu_dict_item` VALUES ('1199525490575060993', '1199525215290306561', '进行中', '1', '', 1, 1, 'admin', '2019-11-27 11:08:58', NULL, NULL);
INSERT INTO `jimu_dict_item` VALUES ('1199525506429530114', '1199525215290306561', '已完成', '2', '', 1, 1, 'admin', '2019-11-27 11:09:02', 'admin', '2019-11-27 11:10:02');
INSERT INTO `jimu_dict_item` VALUES ('1199607547704647681', '4f69be5f507accea8d5df5f11346181a', '系统', '4', '', 1, 1, 'admin', '2019-11-27 16:35:02', 'admin', '2019-11-27 19:37:46');
INSERT INTO `jimu_dict_item` VALUES ('1209733775114702850', '1209733563293962241', 'MySQL5.5', '1', '', 1, 1, 'admin', '2019-12-25 15:13:02', NULL, NULL);
INSERT INTO `jimu_dict_item` VALUES ('1209733839933476865', '1209733563293962241', 'Oracle', '2', '', 3, 1, 'admin', '2019-12-25 15:13:18', NULL, NULL);
INSERT INTO `jimu_dict_item` VALUES ('1209733903020003330', '1209733563293962241', 'SQLServer', '3', '', 4, 1, 'admin', '2019-12-25 15:13:33', NULL, NULL);
INSERT INTO `jimu_dict_item` VALUES ('1232913424813486081', '1232913193820581889', '官方示例', 'demo', '', 1, 1, 'admin', '2020-02-27 14:20:42', 'admin', '2020-02-27 14:21:37');
INSERT INTO `jimu_dict_item` VALUES ('1232913493717512194', '1232913193820581889', '流程表单', 'bpm', '', 2, 1, 'admin', '2020-02-27 14:20:58', 'admin', '2020-02-27 14:22:20');
INSERT INTO `jimu_dict_item` VALUES ('1232913605382467585', '1232913193820581889', '测试表单', 'temp', '', 4, 1, 'admin', '2020-02-27 14:21:25', 'admin', '2020-02-27 14:22:16');
INSERT INTO `jimu_dict_item` VALUES ('1232914232372195330', '1232913193820581889', '导入表单', 'bdfl_include', '', 5, 1, 'admin', '2020-02-27 14:23:54', NULL, NULL);
INSERT INTO `jimu_dict_item` VALUES ('1234371726545010689', '4e4602b3e3686f0911384e188dc7efb4', '左模糊', 'LEFT_LIKE', '左模糊', 7, 1, 'admin', '2020-03-02 14:55:27', NULL, NULL);
INSERT INTO `jimu_dict_item` VALUES ('1234371809495760898', '4e4602b3e3686f0911384e188dc7efb4', '右模糊', 'RIGHT_LIKE', '右模糊', 7, 1, 'admin', '2020-03-02 14:55:47', NULL, NULL);
INSERT INTO `jimu_dict_item` VALUES ('1250688147579228161', '1250687930947620866', '正常', '0', '', 1, 1, 'admin', '2020-04-16 15:31:05', '', NULL);
INSERT INTO `jimu_dict_item` VALUES ('1250688201064992770', '1250687930947620866', '停止', '-1', '', 1, 1, 'admin', '2020-04-16 15:31:18', '', NULL);
INSERT INTO `jimu_dict_item` VALUES ('1280401815068295170', '1280401766745718786', '正常', '1', '', 1, 1, 'admin', '2020-07-07 15:22:36', NULL, NULL);
INSERT INTO `jimu_dict_item` VALUES ('1280401847607705602', '1280401766745718786', '冻结', '0', '', 1, 1, 'admin', '2020-07-07 15:22:44', NULL, NULL);
INSERT INTO `jimu_dict_item` VALUES ('1305827309355302914', 'bd1b8bc28e65d6feefefb6f3c79f42fd', 'API', 'api', '', 3, 1, 'admin', '2020-09-15 19:14:26', 'admin', '2020-09-15 19:14:41');
INSERT INTO `jimu_dict_item` VALUES ('1334440962954936321', '1209733563293962241', 'MYSQL5.7', '4', NULL, 1, 1, 'admin', '2020-12-03 18:16:02', 'admin', '2020-12-03 18:16:02');
INSERT INTO `jimu_dict_item` VALUES ('1356445705549975553', '1356445645198135298', '是', 'Y', '', 1, 1, 'admin', '2021-02-02 11:33:52', NULL, NULL);
INSERT INTO `jimu_dict_item` VALUES ('1356445754212290561', '1356445645198135298', '否', 'N', '', 1, 1, 'admin', '2021-02-02 11:34:04', NULL, NULL);
INSERT INTO `jimu_dict_item` VALUES ('147c48ff4b51545032a9119d13f3222a', 'd6e1152968b02d69ff358c75b48a6ee1', '测试流程', 'test', NULL, 1, 1, 'admin', '2019-03-22 19:27:05', 'admin', '2025-01-09 10:35:08');
INSERT INTO `jimu_dict_item` VALUES ('1543fe7e5e26fb97cdafe4981bedc0c8', '4c03fca6bf1f0299c381213961566349', '单排布局', 'single', NULL, 2, 1, 'admin', '2022-07-12 17:43:39', 'admin', '2019-04-12 17:43:57');
INSERT INTO `jimu_dict_item` VALUES ('1ce390c52453891f93514c1bd2795d44', 'ad7c65ba97c20a6805d5dcdf13cdaf36', '000', '00', NULL, 1, 1, 'admin', '2019-03-22 16:34:34', NULL, NULL);
INSERT INTO `jimu_dict_item` VALUES ('1db531bcff19649fa82a644c8a939dc4', '4c03fca6bf1f0299c381213961566349', '组合布局', 'combination', '', 4, 1, 'admin', '2019-05-11 16:07:08', NULL, NULL);
INSERT INTO `jimu_dict_item` VALUES ('222705e11ef0264d4214affff1fb4ff9', '4f69be5f507accea8d5df5f11346181a', '短信', '1', '', 1, 1, 'admin', '2023-02-28 10:50:36', 'admin', '2019-04-28 10:58:11');
INSERT INTO `jimu_dict_item` VALUES ('23a5bb76004ed0e39414e928c4cde155', '4e4602b3e3686f0911384e188dc7efb4', '不等于', '!=', '不等于', 3, 1, 'admin', '2019-04-01 16:46:15', 'admin', '2019-04-01 17:48:40');
INSERT INTO `jimu_dict_item` VALUES ('25847e9cb661a7c711f9998452dc09e6', '4e4602b3e3686f0911384e188dc7efb4', '小于等于', '<=', '小于等于', 6, 1, 'admin', '2019-04-01 16:44:34', 'admin', '2019-04-01 17:49:10');
INSERT INTO `jimu_dict_item` VALUES ('2d51376643f220afdeb6d216a8ac2c01', '68168534ff5065a152bfab275c2136f8', '有效', '1', '有效', 2, 1, 'admin', '2019-04-26 19:22:01', NULL, NULL);
INSERT INTO `jimu_dict_item` VALUES ('308c8aadf0c37ecdde188b97ca9833f5', '8dfe32e2d29ea9430a988b3b558bf233', '已发布', '1', '已发布', 2, 1, 'admin', '2019-04-16 17:41:24', NULL, NULL);
INSERT INTO `jimu_dict_item` VALUES ('333e6b2196e01ef9a5f76d74e86a6e33', '8dfe32e2d29ea9430a988b3b558bf233', '未发布', '0', '未发布', 1, 1, 'admin', '2019-04-16 17:41:12', NULL, NULL);
INSERT INTO `jimu_dict_item` VALUES ('337ea1e401bda7233f6258c284ce4f50', 'bd1b8bc28e65d6feefefb6f3c79f42fd', 'JSON', 'json', NULL, 1, 1, 'admin', '2019-04-12 17:26:33', NULL, NULL);
INSERT INTO `jimu_dict_item` VALUES ('33bc9d9f753cf7dc40e70461e50fdc54', 'a9d9942bd0eccb6e89de92d130ec4c4a', '发送失败', '2', NULL, 3, 1, 'admin', '2019-04-12 18:20:02', NULL, NULL);
INSERT INTO `jimu_dict_item` VALUES ('3fbc03d6c994ae06d083751248037c0e', '78bda155fe380b1b3f175f1e88c284c6', '已完成', '3', '已完成', 3, 1, 'admin', '2019-05-09 16:33:25', NULL, NULL);
INSERT INTO `jimu_dict_item` VALUES ('41d7aaa40c9b61756ffb1f28da5ead8e', '0b5d19e1fce4b2e6647e6b4a17760c14', '通知公告', '1', NULL, 1, 1, 'admin', '2019-04-22 18:01:57', NULL, NULL);
INSERT INTO `jimu_dict_item` VALUES ('41fa1e9571505d643aea87aeb83d4d76', '4e4602b3e3686f0911384e188dc7efb4', '等于', '=', '等于', 4, 1, 'admin', '2019-04-01 16:45:24', 'admin', '2019-04-01 17:49:00');
INSERT INTO `jimu_dict_item` VALUES ('43d2295b8610adce9510ff196a49c6e9', '845da5006c97754728bf48b6a10f79cc', '正常', '1', NULL, NULL, 1, 'admin', '2019-03-18 21:45:51', NULL, NULL);
INSERT INTO `jimu_dict_item` VALUES ('4f05fb5376f4c61502c5105f52e4dd2b', '83bfb33147013cc81640d5fd9eda030c', '操作日志', '2', NULL, NULL, 1, 'admin', '2019-03-18 23:22:49', NULL, NULL);
INSERT INTO `jimu_dict_item` VALUES ('50223341bfb5ba30bf6319789d8d17fe', 'd6e1152968b02d69ff358c75b48a6ee1', '业务办理', 'business', NULL, 3, 1, 'admin', '2023-04-22 19:28:05', 'admin', '2019-03-22 23:24:39');
INSERT INTO `jimu_dict_item` VALUES ('51222413e5906cdaf160bb5c86fb827c', 'a7adbcd86c37f7dbc9b66945c82ef9e6', '是', '1', '', 1, 1, 'admin', '2019-05-22 19:29:45', NULL, NULL);
INSERT INTO `jimu_dict_item` VALUES ('538fca35afe004972c5f3947c039e766', '2e02df51611a4b9632828ab7e5338f00', '显示', '1', '显示', 1, 1, 'admin', '2025-03-26 18:27:13', 'admin', '2019-04-26 18:39:07');
INSERT INTO `jimu_dict_item` VALUES ('5584c21993bde231bbde2b966f2633ac', '4e4602b3e3686f0911384e188dc7efb4', '自定义SQL表达式', 'USE_SQL_RULES', '自定义SQL表达式', 9, 1, 'admin', '2019-04-01 10:45:24', 'admin', '2019-04-01 17:49:27');
INSERT INTO `jimu_dict_item` VALUES ('58b73b344305c99b9d8db0fc056bbc0a', '72cce0989df68887546746d8f09811aa', '主表', '2', NULL, 2, 1, 'admin', '2019-03-27 10:13:36', NULL, NULL);
INSERT INTO `jimu_dict_item` VALUES ('5b65a88f076b32e8e69d19bbaadb52d5', '2f0320997ade5dd147c90130f7218c3e', '全体用户', 'ALL', NULL, NULL, 1, 'admin', '2020-10-17 21:22:43', 'admin', '2019-03-28 22:17:09');
INSERT INTO `jimu_dict_item` VALUES ('5d833f69296f691843ccdd0c91212b6b', '880a895c98afeca9d9ac39f29e67c13e', '修改', '3', '', 3, 1, 'admin', '2019-07-22 10:55:07', 'admin', '2019-07-22 10:55:41');
INSERT INTO `jimu_dict_item` VALUES ('5d84a8634c8fdfe96275385075b105c9', '3d9a351be3436fbefb1307d4cfb49bf2', '女', '2', NULL, 2, 1, NULL, '2019-01-04 14:56:56', NULL, '2019-01-04 17:38:12');
INSERT INTO `jimu_dict_item` VALUES ('66c952ae2c3701a993e7db58f3baf55e', '4e4602b3e3686f0911384e188dc7efb4', '大于', '>', '大于', 1, 1, 'admin', '2019-04-01 10:45:46', 'admin', '2019-04-01 17:48:29');
INSERT INTO `jimu_dict_item` VALUES ('6937c5dde8f92e9a00d4e2ded9198694', 'ad7c65ba97c20a6805d5dcdf13cdaf36', 'easyui', '3', NULL, 1, 1, 'admin', '2019-03-22 16:32:15', NULL, NULL);
INSERT INTO `jimu_dict_item` VALUES ('69cacf64e244100289ddd4aa9fa3b915', 'a9d9942bd0eccb6e89de92d130ec4c4a', '未发送', '0', NULL, 1, 1, 'admin', '2019-04-12 18:19:23', NULL, NULL);
INSERT INTO `jimu_dict_item` VALUES ('6a7a9e1403a7943aba69e54ebeff9762', '4f69be5f507accea8d5df5f11346181a', '邮件', '2', '', 2, 1, 'admin', '2031-02-28 10:50:44', 'admin', '2019-04-28 10:59:03');
INSERT INTO `jimu_dict_item` VALUES ('6c682d78ddf1715baf79a1d52d2aa8c2', '72cce0989df68887546746d8f09811aa', '单表', '1', NULL, 1, 1, 'admin', '2019-03-27 10:13:29', NULL, NULL);
INSERT INTO `jimu_dict_item` VALUES ('6d404fd2d82311fbc87722cd302a28bc', '4e4602b3e3686f0911384e188dc7efb4', '模糊', 'LIKE', '模糊', 7, 1, 'admin', '2019-04-01 16:46:02', 'admin', '2019-04-01 17:49:20');
INSERT INTO `jimu_dict_item` VALUES ('6d4e26e78e1a09699182e08516c49fc4', '4d7fec1a7799a436d26d02325eff295e', '高', 'H', '高', 1, 1, 'admin', '2019-04-16 17:04:24', NULL, NULL);
INSERT INTO `jimu_dict_item` VALUES ('700e9f030654f3f90e9ba76ab0713551', '6b78e3f59faec1a4750acff08030a79b', '333', '333', NULL, NULL, 1, 'admin', '2019-02-21 19:59:47', NULL, NULL);
INSERT INTO `jimu_dict_item` VALUES ('7050c1522702bac3be40e3b7d2e1dfd8', 'c5a14c75172783d72cbee6ee7f5df5d1', '柱状图', 'bar', NULL, 1, 1, 'admin', '2019-04-12 17:05:17', NULL, NULL);
INSERT INTO `jimu_dict_item` VALUES ('71b924faa93805c5c1579f12e001c809', 'd6e1152968b02d69ff358c75b48a6ee1', 'OA办公', 'oa', NULL, 2, 1, 'admin', '2021-03-22 19:27:17', 'admin', '2019-03-22 23:24:36');
INSERT INTO `jimu_dict_item` VALUES ('75b260d7db45a39fc7f21badeabdb0ed', 'c36169beb12de8a71c8683ee7c28a503', '不启用', '0', NULL, NULL, 1, 'admin', '2019-03-18 23:29:41', 'admin', '2019-03-18 23:29:54');
INSERT INTO `jimu_dict_item` VALUES ('7688469db4a3eba61e6e35578dc7c2e5', 'c36169beb12de8a71c8683ee7c28a503', '启用', '1', NULL, NULL, 1, 'admin', '2019-03-18 23:29:28', NULL, NULL);
INSERT INTO `jimu_dict_item` VALUES ('78ea6cadac457967a4b1c4eb7aaa418c', 'fc6cd58fde2e8481db10d3a1e68ce70c', '正常', '1', NULL, NULL, 1, 'admin', '2019-03-18 23:30:28', NULL, NULL);
INSERT INTO `jimu_dict_item` VALUES ('7ccf7b80c70ee002eceb3116854b75cb', 'ac2f7c0c5c5775fcea7e2387bcb22f01', '按钮权限', '2', NULL, 1, 1, 'admin', '2019-03-18 23:25:40', 'jeecg', '2022-03-24 21:42:24');
INSERT INTO `jimu_dict_item` VALUES ('81fb2bb0e838dc68b43f96cc309f8257', 'fc6cd58fde2e8481db10d3a1e68ce70c', '冻结', '2', NULL, NULL, 1, 'admin', '2019-03-18 23:30:37', NULL, NULL);
INSERT INTO `jimu_dict_item` VALUES ('83250269359855501ec4e9c0b7e21596', '4274efc2292239b6f000b153f50823ff', '可见/可访问(授权后可见/可访问)', '1', '', 1, 1, 'admin', '2019-05-10 17:54:51', NULL, NULL);
INSERT INTO `jimu_dict_item` VALUES ('84778d7e928bc843ad4756db1322301f', '4e4602b3e3686f0911384e188dc7efb4', '大于等于', '>=', '大于等于', 5, 1, 'admin', '2019-04-01 10:46:02', 'admin', '2019-04-01 17:49:05');
INSERT INTO `jimu_dict_item` VALUES ('848d4da35ebd93782029c57b103e5b36', 'c5a14c75172783d72cbee6ee7f5df5d1', '饼图', 'pie', NULL, 3, 1, 'admin', '2019-04-12 17:05:49', NULL, NULL);
INSERT INTO `jimu_dict_item` VALUES ('84dfc178dd61b95a72900fcdd624c471', '78bda155fe380b1b3f175f1e88c284c6', '处理中', '2', '处理中', 2, 1, 'admin', '2019-05-09 16:33:01', NULL, NULL);
INSERT INTO `jimu_dict_item` VALUES ('86f19c7e0a73a0bae451021ac05b99dd', 'ac2f7c0c5c5775fcea7e2387bcb22f01', '子菜单', '1', NULL, NULL, 1, 'admin', '2019-03-18 23:25:27', NULL, NULL);
INSERT INTO `jimu_dict_item` VALUES ('8bccb963e1cd9e8d42482c54cc609ca2', '4f69be5f507accea8d5df5f11346181a', '微信', '3', NULL, 3, 1, 'admin', '2021-05-11 14:29:12', 'admin', '2019-04-11 14:29:31');
INSERT INTO `jimu_dict_item` VALUES ('8c618902365ca681ebbbe1e28f11a548', '4c753b5293304e7a445fd2741b46529d', '启用', '1', '', 0, 1, 'admin', '2020-07-18 23:19:27', 'admin', '2019-05-17 14:51:18');
INSERT INTO `jimu_dict_item` VALUES ('8cdf08045056671efd10677b8456c999', '4274efc2292239b6f000b153f50823ff', '可编辑(未授权时禁用)', '2', '', 2, 1, 'admin', '2019-05-10 17:55:38', NULL, NULL);
INSERT INTO `jimu_dict_item` VALUES ('8ff48e657a7c5090d4f2a59b37d1b878', '4d7fec1a7799a436d26d02325eff295e', '中', 'M', '中', 2, 1, 'admin', '2019-04-16 17:04:40', NULL, NULL);
INSERT INTO `jimu_dict_item` VALUES ('948923658baa330319e59b2213cda97c', '880a895c98afeca9d9ac39f29e67c13e', '添加', '2', '', 2, 1, 'admin', '2019-07-22 10:54:59', 'admin', '2019-07-22 10:55:36');
INSERT INTO `jimu_dict_item` VALUES ('986779561591394304', '986779503584169984', '汉族', 'hanzu', NULL, 1, 1, 'admin', '2024-08-23 09:56:31', 'admin', '2024-08-23 09:56:45');
INSERT INTO `jimu_dict_item` VALUES ('986779602800431104', '986779503584169984', '回族', 'huizu', NULL, 1, 1, 'admin', '2024-08-23 09:56:41', NULL, NULL);
INSERT INTO `jimu_dict_item` VALUES ('986779663689142272', '986779503584169984', '维吾尔族', 'weiwuer', NULL, 1, 1, 'admin', '2024-08-23 09:56:56', 'admin', '2025-01-09 10:42:09');
INSERT INTO `jimu_dict_item` VALUES ('986779697352626176', '986779503584169984', '藏族', 'zangzu', NULL, 1, 1, 'admin', '2024-08-23 09:57:04', NULL, NULL);
INSERT INTO `jimu_dict_item` VALUES ('986783239996002304', '986783181955223552', '文盲', '0', NULL, 1, 1, 'admin', '2024-08-23 10:11:08', NULL, NULL);
INSERT INTO `jimu_dict_item` VALUES ('986783271616860160', '986783181955223552', '小学', '1', NULL, 1, 1, 'admin', '2024-08-23 10:11:16', NULL, NULL);
INSERT INTO `jimu_dict_item` VALUES ('986783303967526912', '986783181955223552', '初中', '2', NULL, 1, 1, 'admin', '2024-08-23 10:11:23', NULL, NULL);
INSERT INTO `jimu_dict_item` VALUES ('986783326532882432', '986783181955223552', '高中', '3', NULL, 1, 1, 'admin', '2024-08-23 10:11:29', NULL, NULL);
INSERT INTO `jimu_dict_item` VALUES ('986783354462752768', '986783181955223552', '专科', '4', NULL, 1, 1, 'admin', '2024-08-23 10:11:35', NULL, NULL);
INSERT INTO `jimu_dict_item` VALUES ('986783373504892928', '986783181955223552', '本科', '5', NULL, 1, 1, 'admin', '2024-08-23 10:11:40', NULL, NULL);
INSERT INTO `jimu_dict_item` VALUES ('986783415494070272', '986783181955223552', '研究生', '6', NULL, 1, 1, 'admin', '2024-08-23 10:11:50', NULL, NULL);
INSERT INTO `jimu_dict_item` VALUES ('986783438734708736', '986783181955223552', '博士', '7', NULL, 1, 1, 'admin', '2024-08-23 10:11:56', NULL, NULL);
INSERT INTO `jimu_dict_item` VALUES ('986784154379440128', '986784113082322944', '音乐', '0', NULL, 1, 1, 'admin', '2024-08-23 10:14:46', NULL, NULL);
INSERT INTO `jimu_dict_item` VALUES ('986784179134222336', '986784113082322944', '运动', '1', NULL, 1, 1, 'admin', '2024-08-23 10:14:52', NULL, NULL);
INSERT INTO `jimu_dict_item` VALUES ('986784205717721088', '986784113082322944', '舞蹈', '2', NULL, 1, 1, 'admin', '2024-08-23 10:14:58', NULL, NULL);
INSERT INTO `jimu_dict_item` VALUES ('986784229390372864', '986784113082322944', '棋牌', '3', NULL, 1, 1, 'admin', '2024-08-23 10:15:04', NULL, NULL);
INSERT INTO `jimu_dict_item` VALUES ('986784260960899072', '986784113082322944', '电竞', '4', NULL, 1, 1, 'admin', '2024-08-23 10:15:12', NULL, NULL);
INSERT INTO `jimu_dict_item` VALUES ('9a96c4a4e4c5c9b4e4d0cbf6eb3243cc', '4c753b5293304e7a445fd2741b46529d', '不启用', '0', NULL, 1, 1, 'admin', '2019-03-18 23:19:53', NULL, NULL);
INSERT INTO `jimu_dict_item` VALUES ('a1e7d1ca507cff4a480c8caba7c1339e', '880a895c98afeca9d9ac39f29e67c13e', '导出', '6', '', 6, 1, 'admin', '2019-07-22 12:06:50', NULL, NULL);
INSERT INTO `jimu_dict_item` VALUES ('a2be752dd4ec980afaec1efd1fb589af', '8dfe32e2d29ea9430a988b3b558bf233', '已撤销', '2', '已撤销', 3, 1, 'admin', '2019-04-16 17:41:39', NULL, NULL);
INSERT INTO `jimu_dict_item` VALUES ('aa0d8a8042a18715a17f0a888d360aa4', 'ac2f7c0c5c5775fcea7e2387bcb22f01', '一级菜单', '0', NULL, NULL, 1, 'admin', '2019-03-18 23:24:52', NULL, NULL);
INSERT INTO `jimu_dict_item` VALUES ('adcf2a1fe93bb99a84833043f475fe0b', '4e4602b3e3686f0911384e188dc7efb4', '包含', 'IN', '包含', 8, 1, 'admin', '2019-04-01 16:45:47', 'admin', '2019-04-01 17:49:24');
INSERT INTO `jimu_dict_item` VALUES ('b029a41a851465332ee4ee69dcf0a4c2', '0b5d19e1fce4b2e6647e6b4a17760c14', '系统消息', '2', NULL, 1, 1, 'admin', '2019-02-22 18:02:08', 'admin', '2019-04-22 18:02:13');
INSERT INTO `jimu_dict_item` VALUES ('b2a8b4bb2c8e66c2c4b1bb086337f393', '3486f32803bb953e7155dab3513dc68b', '正常', '0', NULL, NULL, 1, 'admin', '2022-10-18 21:46:48', 'admin', '2019-03-28 22:22:20');
INSERT INTO `jimu_dict_item` VALUES ('b57f98b88363188daf38d42f25991956', '6b78e3f59faec1a4750acff08030a79b', '22', '222', NULL, NULL, 0, 'admin', '2019-02-21 19:59:43', 'admin', '2019-03-11 21:23:27');
INSERT INTO `jimu_dict_item` VALUES ('b5f3bd5f66bb9a83fecd89228c0d93d1', '68168534ff5065a152bfab275c2136f8', '无效', '0', '无效', 1, 1, 'admin', '2019-04-26 19:21:49', NULL, NULL);
INSERT INTO `jimu_dict_item` VALUES ('b9fbe2a3602d4a27b45c100ac5328484', '78bda155fe380b1b3f175f1e88c284c6', '待提交', '1', '待提交', 1, 1, 'admin', '2019-05-09 16:32:35', NULL, NULL);
INSERT INTO `jimu_dict_item` VALUES ('ba27737829c6e0e582e334832703d75e', '236e8a4baff0db8c62c00dd95632834f', '同步', '1', '同步', 1, 1, 'admin', '2019-05-15 15:28:15', NULL, NULL);
INSERT INTO `jimu_dict_item` VALUES ('bcec04526b04307e24a005d6dcd27fd6', '880a895c98afeca9d9ac39f29e67c13e', '导入', '5', '', 5, 1, 'admin', '2019-07-22 12:06:41', NULL, NULL);
INSERT INTO `jimu_dict_item` VALUES ('c53da022b9912e0aed691bbec3c78473', '880a895c98afeca9d9ac39f29e67c13e', '查询', '1', '', 1, 1, 'admin', '2019-07-22 10:54:51', NULL, NULL);
INSERT INTO `jimu_dict_item` VALUES ('c5700a71ad08994d18ad1dacc37a71a9', 'a7adbcd86c37f7dbc9b66945c82ef9e6', '否', '0', '', 1, 1, 'admin', '2019-05-22 19:29:55', NULL, NULL);
INSERT INTO `jimu_dict_item` VALUES ('cbfcc5b88fc3a90975df23ffc8cbe29c', 'c5a14c75172783d72cbee6ee7f5df5d1', '曲线图', 'line', NULL, 2, 1, 'admin', '2019-05-12 17:05:30', 'admin', '2019-04-12 17:06:06');
INSERT INTO `jimu_dict_item` VALUES ('d217592908ea3e00ff986ce97f24fb98', 'c5a14c75172783d72cbee6ee7f5df5d1', '数据列表', 'table', NULL, 4, 1, 'admin', '2019-04-12 17:05:56', NULL, NULL);
INSERT INTO `jimu_dict_item` VALUES ('df168368dcef46cade2aadd80100d8aa', '3d9a351be3436fbefb1307d4cfb49bf2', '男', '1', NULL, 1, 1, NULL, '2027-08-04 14:56:49', 'admin', '2019-03-23 22:44:44');
INSERT INTO `jimu_dict_item` VALUES ('e6329e3a66a003819e2eb830b0ca2ea0', '4e4602b3e3686f0911384e188dc7efb4', '小于', '<', '小于', 2, 1, 'admin', '2019-04-01 16:44:15', 'admin', '2019-04-01 17:48:34');
INSERT INTO `jimu_dict_item` VALUES ('e94eb7af89f1dbfa0d823580a7a6e66a', '236e8a4baff0db8c62c00dd95632834f', '不同步', '0', '不同步', 2, 1, 'admin', '2019-05-15 15:28:28', NULL, NULL);
INSERT INTO `jimu_dict_item` VALUES ('f0162f4cc572c9273f3e26b2b4d8c082', 'ad7c65ba97c20a6805d5dcdf13cdaf36', 'booostrap', '1', NULL, 1, 1, 'admin', '2021-08-22 16:32:04', 'admin', '2019-03-22 16:33:57');
INSERT INTO `jimu_dict_item` VALUES ('f16c5706f3ae05c57a53850c64ce7c45', 'a9d9942bd0eccb6e89de92d130ec4c4a', '发送成功', '1', NULL, 2, 1, 'admin', '2019-04-12 18:19:43', NULL, NULL);
INSERT INTO `jimu_dict_item` VALUES ('f2a7920421f3335afdf6ad2b342f6b5d', '845da5006c97754728bf48b6a10f79cc', '冻结', '2', NULL, NULL, 1, 'admin', '2019-03-18 21:46:02', NULL, NULL);
INSERT INTO `jimu_dict_item` VALUES ('f37f90c496ec9841c4c326b065e00bb2', '83bfb33147013cc81640d5fd9eda030c', '登录日志', '1', NULL, NULL, 1, 'admin', '2019-03-18 23:22:37', NULL, NULL);
INSERT INTO `jimu_dict_item` VALUES ('f753aff60ff3931c0ecb4812d8b5e643', '4c03fca6bf1f0299c381213961566349', '双排布局', 'double', NULL, 3, 1, 'admin', '2019-04-12 17:43:51', NULL, NULL);
INSERT INTO `jimu_dict_item` VALUES ('f80a8f6838215753b05e1a5ba3346d22', '880a895c98afeca9d9ac39f29e67c13e', '删除', '4', '', 4, 1, 'admin', '2019-07-22 10:55:14', 'admin', '2019-07-22 10:55:30');
INSERT INTO `jimu_dict_item` VALUES ('fcec03570f68a175e1964808dc3f1c91', '4c03fca6bf1f0299c381213961566349', 'Tab风格', 'tab', NULL, 1, 1, 'admin', '2019-04-12 17:43:31', NULL, NULL);
INSERT INTO `jimu_dict_item` VALUES ('fe50b23ae5e68434def76f67cef35d2d', '78bda155fe380b1b3f175f1e88c284c6', '已作废', '4', '已作废', 4, 1, 'admin', '2021-09-09 16:33:43', 'admin', '2019-05-09 16:34:40');

-- ----------------------------
-- Table structure for jimu_report
-- ----------------------------
CREATE TABLE `jimu_report`  (
  `id` varchar(32) CHARACTER SET utf8 COLLATE utf8_general_ci NOT NULL COMMENT '主键',
  `code` varchar(50) CHARACTER SET utf8 COLLATE utf8_general_ci NULL DEFAULT NULL COMMENT '编码',
  `name` varchar(50) CHARACTER SET utf8 COLLATE utf8_general_ci NULL DEFAULT NULL COMMENT '名称',
  `note` varchar(255) CHARACTER SET utf8 COLLATE utf8_general_ci NULL DEFAULT NULL COMMENT '说明',
  `status` varchar(10) CHARACTER SET utf8 COLLATE utf8_general_ci NULL DEFAULT NULL COMMENT '状态',
  `type` varchar(50) CHARACTER SET utf8 COLLATE utf8_general_ci NULL DEFAULT NULL COMMENT '类型',
  `json_str` longtext CHARACTER SET utf8 COLLATE utf8_general_ci NULL COMMENT 'json字符串',
  `api_url` varchar(255) CHARACTER SET utf8 COLLATE utf8_general_ci NULL DEFAULT NULL COMMENT '请求地址',
  `thumb` text CHARACTER SET utf8 COLLATE utf8_general_ci NULL COMMENT '缩略图',
  `create_by` varchar(50) CHARACTER SET utf8 COLLATE utf8_general_ci NULL DEFAULT NULL COMMENT '创建人',
  `create_time` datetime NULL DEFAULT NULL COMMENT '创建时间',
  `update_by` varchar(50) CHARACTER SET utf8 COLLATE utf8_general_ci NULL DEFAULT NULL COMMENT '修改人',
  `update_time` datetime NULL DEFAULT NULL COMMENT '修改时间',
  `del_flag` tinyint(1) NULL DEFAULT NULL COMMENT '删除标识0-正常,1-已删除',
  `api_method` varchar(255) CHARACTER SET utf8 COLLATE utf8_general_ci NULL DEFAULT NULL COMMENT '请求方法0-get,1-post',
  `api_code` varchar(255) CHARACTER SET utf8 COLLATE utf8_general_ci NULL DEFAULT NULL COMMENT '请求编码',
  `template` tinyint(1) NULL DEFAULT NULL COMMENT '是否是模板 0不是,1是',
  `view_count` bigint(15) NULL DEFAULT 0 COMMENT '浏览次数',
  `css_str` text CHARACTER SET utf8 COLLATE utf8_general_ci NULL COMMENT 'css增强',
  `js_str` text CHARACTER SET utf8 COLLATE utf8_general_ci NULL COMMENT 'js增强',
  `py_str` text CHARACTER SET utf8 COLLATE utf8_general_ci NULL COMMENT 'py增强',
  `tenant_id` varchar(10) CHARACTER SET utf8 COLLATE utf8_general_ci NULL DEFAULT NULL COMMENT '多租户标识',
  `update_count` int(11) NULL DEFAULT 0 COMMENT '乐观锁版本',
  `submit_form` tinyint(1) NULL DEFAULT NULL COMMENT '是否填报报表 0不是,1是',
  PRIMARY KEY (`id`) USING BTREE,
  UNIQUE INDEX `uniq_jmreport_code`(`code`) USING BTREE,
  INDEX `uniq_jmreport_createby`(`create_by`) USING BTREE,
  INDEX `uniq_jmreport_delflag`(`del_flag`) USING BTREE
) ENGINE = InnoDB CHARACTER SET = utf8 COLLATE = utf8_general_ci COMMENT = '在线excel设计器' ROW_FORMAT = DYNAMIC;

-- ----------------------------
-- Records of jimu_report
-- ----------------------------
INSERT INTO `jimu_report` VALUES ('1080630641874206720', '20240117141013__7486', '主子报表循环块副本7486', NULL, NULL, '0', '{\"loopBlockList\":[{\"sci\":0,\"sri\":0,\"eci\":8,\"eri\":36,\"index\":1,\"db\":\"aa\"}],\"area\":{\"sri\":9,\"sci\":11,\"eri\":9,\"eci\":11,\"width\":100,\"height\":25},\"excel_config_id\":\"907480464532770816\",\"printConfig\":{\"layout\":\"portrait\",\"paginationShow\":false,\"printCallBackUrl\":\"\",\"paper\":\"A4\",\"isBackend\":false,\"width\":210,\"paginationLocation\":\"middle\",\"definition\":1,\"marginX\":10,\"height\":297,\"marginY\":10},\"hiddenCells\":[],\"zonedEditionList\":[],\"rows\":{\"0\":{\"cells\":{\"0\":{\"loopBlock\":1,\"text\":\"\"},\"1\":{\"loopBlock\":1,\"merge\":[0,6],\"style\":8,\"text\":\"订货商信息\",\"height\":0},\"2\":{\"loopBlock\":1,\"text\":\"\"},\"3\":{\"loopBlock\":1,\"text\":\"\"},\"4\":{\"loopBlock\":1,\"text\":\"\"},\"5\":{\"loopBlock\":1,\"text\":\"\"},\"6\":{\"loopBlock\":1,\"text\":\"\"},\"7\":{\"loopBlock\":1,\"text\":\"\"},\"8\":{\"loopBlock\":1,\"text\":\"\"}},\"height\":57},\"1\":{\"cells\":{\"0\":{\"loopBlock\":1,\"text\":\"\"},\"1\":{\"loopBlock\":1,\"style\":10,\"text\":\"订单编号：\"},\"2\":{\"loopBlock\":1,\"merge\":[0,2],\"style\":42,\"text\":\"#{aa.order_code}\",\"height\":0},\"3\":{\"loopBlock\":1,\"text\":\"\"},\"4\":{\"loopBlock\":1,\"text\":\"\"},\"5\":{\"loopBlock\":1,\"text\":\"\"},\"6\":{\"loopBlock\":1,\"text\":\"\"},\"7\":{\"loopBlock\":1,\"text\":\"\"},\"8\":{\"loopBlock\":1,\"text\":\"\"}},\"height\":34},\"2\":{\"cells\":{\"0\":{\"loopBlock\":1,\"text\":\"\"},\"1\":{\"loopBlock\":1,\"style\":10,\"text\":\"订单地址：\"},\"2\":{\"loopBlock\":1,\"merge\":[0,1],\"style\":42,\"text\":\"#{aa.descc}\",\"height\":0},\"3\":{\"loopBlock\":1,\"text\":\"\"},\"4\":{\"loopBlock\":1,\"style\":10,\"text\":\"订单日期：\"},\"5\":{\"loopBlock\":1,\"merge\":[0,1],\"style\":42,\"text\":\"#{aa.order_date}\",\"height\":0},\"6\":{\"loopBlock\":1,\"text\":\"\"},\"7\":{\"loopBlock\":1,\"text\":\"\"},\"8\":{\"loopBlock\":1,\"text\":\"\"}},\"height\":34},\"3\":{\"cells\":{\"0\":{\"loopBlock\":1,\"text\":\"\"},\"1\":{\"loopBlock\":1,\"style\":10,\"text\":\"订单姓名：\"},\"2\":{\"loopBlock\":1,\"merge\":[0,1],\"style\":42,\"text\":\"#{aa.create_by}\",\"height\":0},\"3\":{\"loopBlock\":1,\"text\":\"\"},\"4\":{\"loopBlock\":1,\"style\":10,\"text\":\"到货日期：\"},\"5\":{\"loopBlock\":1,\"merge\":[0,1],\"style\":42,\"text\":\"#{aa.create_time}\",\"height\":0},\"6\":{\"loopBlock\":1,\"text\":\"\"},\"7\":{\"loopBlock\":1,\"text\":\"\"},\"8\":{\"loopBlock\":1,\"text\":\"\"}},\"height\":31},\"4\":{\"cells\":{\"0\":{\"loopBlock\":1,\"text\":\"\"},\"1\":{\"loopBlock\":1,\"text\":\"\"},\"2\":{\"loopBlock\":1,\"text\":\"\"},\"3\":{\"loopBlock\":1,\"text\":\"\"},\"4\":{\"loopBlock\":1,\"text\":\"\"},\"5\":{\"loopBlock\":1,\"text\":\"\"},\"6\":{\"loopBlock\":1,\"text\":\"\"},\"7\":{\"loopBlock\":1,\"text\":\"\"},\"8\":{\"loopBlock\":1,\"text\":\"\"}}},\"5\":{\"cells\":{\"0\":{\"loopBlock\":1,\"text\":\"\"},\"1\":{\"loopBlock\":1,\"decimalPlaces\":\"4\",\"merge\":[0,6],\"style\":31,\"text\":\"订单详情\"},\"2\":{\"loopBlock\":1},\"3\":{\"loopBlock\":1},\"4\":{\"loopBlock\":1},\"5\":{\"loopBlock\":1},\"6\":{\"loopBlock\":1},\"7\":{\"loopBlock\":1},\"8\":{\"loopBlock\":1,\"text\":\"\"}},\"height\":51},\"6\":{\"cells\":{\"0\":{\"loopBlock\":1,\"text\":\"\"},\"1\":{\"loopBlock\":1,\"style\":15,\"text\":\"商品编码\"},\"2\":{\"loopBlock\":1,\"style\":15,\"text\":\"商品名称\"},\"3\":{\"loopBlock\":1,\"style\":15,\"text\":\"销售时间\"},\"4\":{\"loopBlock\":1,\"style\":15,\"text\":\"销售数据量\"},\"5\":{\"loopBlock\":1,\"style\":15,\"text\":\"定价\"},\"6\":{\"loopBlock\":1,\"style\":15,\"text\":\"优惠价\"},\"7\":{\"loopBlock\":1,\"style\":15,\"text\":\"付款金额\"},\"8\":{\"loopBlock\":1,\"text\":\"\"}},\"height\":42},\"7\":{\"cells\":{\"0\":{\"loopBlock\":1,\"text\":\"\"},\"1\":{\"loopBlock\":1,\"style\":18,\"text\":\"#{bb.product_name}\"},\"2\":{\"loopBlock\":1,\"style\":18,\"text\":\"#{bb.product_name}\"},\"3\":{\"loopBlock\":1,\"style\":18,\"text\":\"#{bb.product_name}\"},\"4\":{\"loopBlock\":1,\"style\":18,\"text\":\"#{bb.num}\"},\"5\":{\"loopBlock\":1,\"decimalPlaces\":\"4\",\"style\":19,\"text\":\"#{bb.price}\"},\"6\":{\"loopBlock\":1,\"decimalPlaces\":\"1\",\"style\":19,\"text\":\"#{bb.price}\"},\"7\":{\"loopBlock\":1,\"style\":18,\"text\":\"#{bb.pro_type}\"},\"8\":{\"loopBlock\":1,\"text\":\"\"}}},\"8\":{\"cells\":{\"0\":{\"loopBlock\":1,\"text\":\"\"},\"1\":{\"loopBlock\":1,\"text\":\"\"},\"2\":{\"loopBlock\":1,\"text\":\"\"},\"3\":{\"loopBlock\":1,\"text\":\"\"},\"4\":{\"loopBlock\":1,\"text\":\"\"},\"5\":{\"loopBlock\":1,\"text\":\"\"},\"6\":{\"loopBlock\":1,\"text\":\"\"},\"7\":{\"loopBlock\":1,\"text\":\"\"},\"8\":{\"loopBlock\":1,\"text\":\"\"}}},\"9\":{\"cells\":{\"0\":{\"loopBlock\":1,\"text\":\"\"},\"1\":{\"loopBlock\":1,\"text\":\"\"},\"2\":{\"loopBlock\":1,\"text\":\"\"},\"3\":{\"loopBlock\":1,\"text\":\"\"},\"4\":{\"loopBlock\":1,\"text\":\"\"},\"5\":{\"loopBlock\":1,\"text\":\"\"},\"6\":{\"loopBlock\":1,\"text\":\"\"},\"7\":{\"loopBlock\":1,\"text\":\"\"},\"8\":{\"loopBlock\":1,\"text\":\"\"}}},\"10\":{\"cells\":{\"0\":{\"loopBlock\":1,\"text\":\"\"},\"1\":{\"loopBlock\":1,\"style\":39,\"text\":\"备注：\"},\"2\":{\"loopBlock\":1,\"style\":33,\"text\":\" \"},\"3\":{\"loopBlock\":1,\"style\":33,\"text\":\" \"},\"4\":{\"loopBlock\":1,\"style\":33,\"text\":\" \"},\"5\":{\"loopBlock\":1,\"style\":33,\"text\":\" \"},\"6\":{\"loopBlock\":1,\"style\":33,\"text\":\" \"},\"7\":{\"loopBlock\":1,\"style\":34,\"text\":\" \"},\"8\":{\"loopBlock\":1,\"text\":\"\"}},\"height\":25},\"11\":{\"cells\":{\"0\":{\"loopBlock\":1,\"text\":\"\"},\"1\":{\"loopBlock\":1,\"merge\":[0,6],\"style\":41,\"text\":\"1、查看信息，在浏览器输入“?did=1”或“?did=2”\",\"height\":0},\"2\":{\"loopBlock\":1,\"text\":\"\"},\"3\":{\"loopBlock\":1,\"text\":\"\"},\"4\":{\"loopBlock\":1,\"text\":\"\"},\"5\":{\"loopBlock\":1,\"text\":\"\"},\"6\":{\"loopBlock\":1,\"text\":\"\"},\"7\":{\"loopBlock\":1,\"text\":\"\"},\"8\":{\"loopBlock\":1,\"text\":\"\"}},\"height\":37},\"12\":{\"cells\":{\"0\":{\"loopBlock\":1,\"text\":\"\"},\"1\":{\"loopBlock\":1,\"style\":35,\"text\":\" \"},\"2\":{\"loopBlock\":1,\"text\":\" \"},\"3\":{\"loopBlock\":1,\"text\":\"\"},\"4\":{\"loopBlock\":1,\"text\":\"\"},\"5\":{\"loopBlock\":1,\"text\":\"\"},\"6\":{\"loopBlock\":1,\"text\":\"\"},\"7\":{\"loopBlock\":1,\"style\":36,\"text\":\" \"},\"8\":{\"loopBlock\":1,\"text\":\"\"}}},\"13\":{\"cells\":{\"0\":{\"loopBlock\":1,\"text\":\"\"},\"1\":{\"loopBlock\":1,\"style\":37,\"text\":\" \"},\"2\":{\"loopBlock\":1,\"style\":28,\"text\":\" \"},\"3\":{\"loopBlock\":1,\"style\":28,\"text\":\" \"},\"4\":{\"loopBlock\":1,\"style\":28,\"text\":\" \"},\"5\":{\"loopBlock\":1,\"style\":28,\"text\":\" \"},\"6\":{\"loopBlock\":1,\"style\":28,\"text\":\" \"},\"7\":{\"loopBlock\":1,\"style\":38,\"text\":\" \"},\"8\":{\"loopBlock\":1,\"text\":\"\"}}},\"14\":{\"cells\":{\"0\":{\"loopBlock\":1,\"text\":\"\"},\"1\":{\"loopBlock\":1,\"text\":\"\"},\"2\":{\"loopBlock\":1,\"text\":\"\"},\"3\":{\"loopBlock\":1,\"text\":\"\"},\"4\":{\"loopBlock\":1,\"text\":\"\"},\"5\":{\"loopBlock\":1,\"text\":\"\"},\"6\":{\"loopBlock\":1,\"text\":\"\"},\"7\":{\"loopBlock\":1,\"text\":\"\"},\"8\":{\"loopBlock\":1,\"text\":\"\"}}},\"15\":{\"cells\":{\"0\":{\"loopBlock\":1,\"text\":\"\"},\"1\":{\"loopBlock\":1},\"2\":{\"loopBlock\":1},\"3\":{\"loopBlock\":1,\"text\":\"\"},\"4\":{\"loopBlock\":1,\"text\":\"\"},\"5\":{\"loopBlock\":1,\"text\":\"\"},\"6\":{\"loopBlock\":1,\"text\":\"\"},\"7\":{\"loopBlock\":1,\"text\":\"\"},\"8\":{\"loopBlock\":1,\"text\":\"\"}}},\"16\":{\"cells\":{\"0\":{\"loopBlock\":1,\"text\":\"\"},\"1\":{\"loopBlock\":1},\"2\":{\"loopBlock\":1},\"3\":{\"loopBlock\":1,\"text\":\"\"},\"4\":{\"loopBlock\":1,\"text\":\"\"},\"5\":{\"loopBlock\":1,\"text\":\"\"},\"6\":{\"loopBlock\":1,\"text\":\"\"},\"7\":{\"loopBlock\":1,\"text\":\"\"},\"8\":{\"loopBlock\":1,\"text\":\"\"}}},\"17\":{\"cells\":{\"0\":{\"loopBlock\":1,\"text\":\"\"},\"1\":{\"loopBlock\":1,\"text\":\"\"},\"2\":{\"loopBlock\":1},\"3\":{\"loopBlock\":1,\"text\":\"\"},\"4\":{\"loopBlock\":1,\"text\":\"\"},\"5\":{\"loopBlock\":1,\"text\":\"\"},\"6\":{\"loopBlock\":1,\"text\":\"\"},\"7\":{\"loopBlock\":1,\"text\":\"\"},\"8\":{\"loopBlock\":1,\"text\":\"\"}}},\"18\":{\"cells\":{\"0\":{\"loopBlock\":1,\"text\":\"\"},\"1\":{\"loopBlock\":1,\"text\":\"\"},\"2\":{\"loopBlock\":1,\"text\":\"\"},\"3\":{\"loopBlock\":1,\"text\":\"\"},\"4\":{\"loopBlock\":1,\"text\":\"\"},\"5\":{\"loopBlock\":1,\"text\":\"\"},\"6\":{\"loopBlock\":1,\"text\":\"\"},\"7\":{\"loopBlock\":1,\"text\":\"\"},\"8\":{\"loopBlock\":1,\"text\":\"\"}}},\"19\":{\"cells\":{\"0\":{\"loopBlock\":1,\"text\":\"\"},\"1\":{\"loopBlock\":1,\"text\":\"\"},\"2\":{\"loopBlock\":1,\"text\":\"\"},\"3\":{\"loopBlock\":1,\"text\":\"\"},\"4\":{\"loopBlock\":1,\"text\":\"\"},\"5\":{\"loopBlock\":1,\"text\":\"\"},\"6\":{\"loopBlock\":1,\"text\":\"\"},\"7\":{\"loopBlock\":1,\"text\":\"\"},\"8\":{\"loopBlock\":1,\"text\":\"\"}}},\"20\":{\"cells\":{\"0\":{\"loopBlock\":1,\"text\":\"\"},\"1\":{\"loopBlock\":1,\"text\":\"\"},\"2\":{\"loopBlock\":1,\"text\":\"\"},\"3\":{\"loopBlock\":1,\"text\":\"\"},\"4\":{\"loopBlock\":1,\"text\":\"\"},\"5\":{\"loopBlock\":1,\"text\":\"\"},\"6\":{\"loopBlock\":1,\"text\":\"\"},\"7\":{\"loopBlock\":1,\"text\":\"\"},\"8\":{\"loopBlock\":1,\"text\":\"\"}}},\"21\":{\"cells\":{\"0\":{\"loopBlock\":1,\"text\":\"\"},\"1\":{\"loopBlock\":1},\"2\":{\"loopBlock\":1},\"3\":{\"loopBlock\":1,\"text\":\"\"},\"4\":{\"loopBlock\":1,\"text\":\"\"},\"5\":{\"loopBlock\":1,\"text\":\"\"},\"6\":{\"loopBlock\":1,\"text\":\"\"},\"7\":{\"loopBlock\":1,\"text\":\"\"},\"8\":{\"loopBlock\":1,\"text\":\"\"}}},\"22\":{\"cells\":{\"0\":{\"loopBlock\":1,\"text\":\"\"},\"1\":{\"loopBlock\":1,\"text\":\"\"},\"2\":{\"loopBlock\":1,\"text\":\"\"},\"3\":{\"loopBlock\":1,\"text\":\"\"},\"4\":{\"loopBlock\":1,\"text\":\"\"},\"5\":{\"loopBlock\":1,\"text\":\"\"},\"6\":{\"loopBlock\":1,\"text\":\"\"},\"7\":{\"loopBlock\":1,\"text\":\"\"},\"8\":{\"loopBlock\":1,\"text\":\"\"}}},\"23\":{\"cells\":{\"0\":{\"loopBlock\":1,\"text\":\"\"},\"1\":{\"loopBlock\":1,\"text\":\"\"},\"2\":{\"loopBlock\":1,\"text\":\"\"},\"3\":{\"loopBlock\":1,\"text\":\"\"},\"4\":{\"loopBlock\":1,\"text\":\"\"},\"5\":{\"loopBlock\":1,\"text\":\"\"},\"6\":{\"loopBlock\":1,\"text\":\"\"},\"7\":{\"loopBlock\":1,\"text\":\"\"},\"8\":{\"loopBlock\":1,\"text\":\"\"}}},\"24\":{\"cells\":{\"0\":{\"loopBlock\":1,\"text\":\"\"},\"1\":{\"loopBlock\":1,\"text\":\"\"},\"2\":{\"loopBlock\":1,\"text\":\"\"},\"3\":{\"loopBlock\":1,\"text\":\"\"},\"4\":{\"loopBlock\":1,\"text\":\"\"},\"5\":{\"loopBlock\":1,\"text\":\"\"},\"6\":{\"loopBlock\":1,\"text\":\"\"},\"7\":{\"loopBlock\":1,\"text\":\"\"},\"8\":{\"loopBlock\":1,\"text\":\"\"}}},\"25\":{\"cells\":{\"0\":{\"loopBlock\":1,\"text\":\"\"},\"1\":{\"loopBlock\":1,\"text\":\"\"},\"2\":{\"loopBlock\":1,\"text\":\"\"},\"3\":{\"loopBlock\":1,\"text\":\"\"},\"4\":{\"loopBlock\":1,\"text\":\"\"},\"5\":{\"loopBlock\":1,\"text\":\"\"},\"6\":{\"loopBlock\":1,\"text\":\"\"},\"7\":{\"loopBlock\":1,\"text\":\"\"},\"8\":{\"loopBlock\":1,\"text\":\"\"}}},\"26\":{\"cells\":{\"0\":{\"loopBlock\":1,\"text\":\"\"},\"1\":{\"loopBlock\":1},\"2\":{\"loopBlock\":1},\"3\":{\"loopBlock\":1},\"4\":{\"loopBlock\":1},\"5\":{\"loopBlock\":1,\"text\":\"\"},\"6\":{\"loopBlock\":1,\"text\":\"\"},\"7\":{\"loopBlock\":1,\"text\":\"\"},\"8\":{\"loopBlock\":1,\"text\":\"\"}}},\"27\":{\"cells\":{\"0\":{\"loopBlock\":1,\"text\":\"\"},\"1\":{\"loopBlock\":1,\"text\":\"\"},\"2\":{\"loopBlock\":1,\"text\":\"\"},\"3\":{\"loopBlock\":1,\"text\":\"\"},\"4\":{\"loopBlock\":1,\"text\":\"\"},\"5\":{\"loopBlock\":1,\"text\":\"\"},\"6\":{\"loopBlock\":1,\"text\":\"\"},\"7\":{\"loopBlock\":1,\"text\":\"\"},\"8\":{\"loopBlock\":1,\"text\":\"\"}}},\"28\":{\"cells\":{\"0\":{\"loopBlock\":1,\"text\":\"\"},\"1\":{\"loopBlock\":1,\"text\":\"\"},\"2\":{\"loopBlock\":1,\"text\":\"\"},\"3\":{\"loopBlock\":1,\"text\":\"\"},\"4\":{\"loopBlock\":1,\"text\":\"\"},\"5\":{\"loopBlock\":1,\"text\":\"\"},\"6\":{\"loopBlock\":1,\"text\":\"\"},\"7\":{\"loopBlock\":1,\"text\":\"\"},\"8\":{\"loopBlock\":1,\"text\":\"\"}}},\"29\":{\"cells\":{\"0\":{\"loopBlock\":1,\"text\":\"\"},\"1\":{\"loopBlock\":1,\"text\":\"\"},\"2\":{\"loopBlock\":1,\"text\":\"\"},\"3\":{\"loopBlock\":1,\"text\":\"\"},\"4\":{\"loopBlock\":1,\"text\":\"\"},\"5\":{\"loopBlock\":1,\"text\":\"\"},\"6\":{\"loopBlock\":1,\"text\":\"\"},\"7\":{\"loopBlock\":1,\"text\":\"\"},\"8\":{\"loopBlock\":1,\"text\":\"\"}}},\"30\":{\"cells\":{\"0\":{\"loopBlock\":1,\"text\":\"\"},\"1\":{\"loopBlock\":1,\"text\":\"\"},\"2\":{\"loopBlock\":1,\"text\":\"\"},\"3\":{\"loopBlock\":1,\"text\":\"\"},\"4\":{\"loopBlock\":1,\"text\":\"\"},\"5\":{\"loopBlock\":1,\"text\":\"\"},\"6\":{\"loopBlock\":1,\"text\":\"\"},\"7\":{\"loopBlock\":1,\"text\":\"\"},\"8\":{\"loopBlock\":1,\"text\":\"\"}}},\"31\":{\"cells\":{\"0\":{\"loopBlock\":1,\"text\":\"\"},\"1\":{\"loopBlock\":1,\"text\":\"\"},\"2\":{\"loopBlock\":1,\"text\":\"\"},\"3\":{\"loopBlock\":1,\"text\":\"\"},\"4\":{\"loopBlock\":1,\"text\":\"\"},\"5\":{\"loopBlock\":1,\"text\":\"\"},\"6\":{\"loopBlock\":1,\"text\":\"\"},\"7\":{\"loopBlock\":1,\"text\":\"\"},\"8\":{\"loopBlock\":1,\"text\":\"\"}}},\"32\":{\"cells\":{\"0\":{\"loopBlock\":1,\"text\":\"\"},\"1\":{\"loopBlock\":1,\"text\":\"\"},\"2\":{\"loopBlock\":1,\"text\":\"\"},\"3\":{\"loopBlock\":1,\"text\":\"\"},\"4\":{\"loopBlock\":1,\"text\":\"\"},\"5\":{\"loopBlock\":1,\"text\":\"\"},\"6\":{\"loopBlock\":1,\"text\":\"\"},\"7\":{\"loopBlock\":1,\"text\":\"\"},\"8\":{\"loopBlock\":1,\"text\":\"\"}}},\"33\":{\"cells\":{\"0\":{\"loopBlock\":1,\"text\":\"\"},\"1\":{\"loopBlock\":1,\"text\":\"\"},\"2\":{\"loopBlock\":1,\"text\":\"\"},\"3\":{\"loopBlock\":1,\"text\":\"\"},\"4\":{\"loopBlock\":1,\"text\":\"\"},\"5\":{\"loopBlock\":1,\"text\":\"\"},\"6\":{\"loopBlock\":1,\"text\":\"\"},\"7\":{\"loopBlock\":1,\"text\":\"\"},\"8\":{\"loopBlock\":1,\"text\":\"\"}}},\"34\":{\"cells\":{\"0\":{\"loopBlock\":1,\"text\":\"\"},\"1\":{\"loopBlock\":1,\"text\":\"\"},\"2\":{\"loopBlock\":1,\"text\":\"\"},\"3\":{\"loopBlock\":1,\"text\":\"\"},\"4\":{\"loopBlock\":1,\"text\":\"\"},\"5\":{\"loopBlock\":1,\"text\":\"\"},\"6\":{\"loopBlock\":1,\"text\":\"\"},\"7\":{\"loopBlock\":1,\"text\":\"\"},\"8\":{\"loopBlock\":1,\"text\":\"\"}}},\"35\":{\"cells\":{\"0\":{\"loopBlock\":1,\"text\":\"\"},\"1\":{\"loopBlock\":1,\"text\":\"\"},\"2\":{\"loopBlock\":1,\"text\":\"\"},\"3\":{\"loopBlock\":1,\"text\":\"\"},\"4\":{\"loopBlock\":1,\"text\":\"\"},\"5\":{\"loopBlock\":1,\"text\":\"\"},\"6\":{\"loopBlock\":1,\"text\":\"\"},\"7\":{\"loopBlock\":1,\"text\":\"\"},\"8\":{\"loopBlock\":1,\"text\":\"\"}}},\"36\":{\"cells\":{\"0\":{\"loopBlock\":1,\"text\":\"\"},\"1\":{\"loopBlock\":1,\"text\":\"\"},\"2\":{\"loopBlock\":1,\"text\":\"\"},\"3\":{\"loopBlock\":1,\"text\":\"\"},\"4\":{\"loopBlock\":1,\"text\":\"\"},\"5\":{\"loopBlock\":1,\"text\":\"\"},\"6\":{\"loopBlock\":1,\"text\":\"\"},\"7\":{\"loopBlock\":1,\"text\":\"\"},\"8\":{\"loopBlock\":1,\"text\":\"\"}}},\"len\":102},\"dbexps\":[],\"toolPrintSizeObj\":{\"printType\":\"A4\",\"widthPx\":718,\"heightPx\":1047},\"dicts\":[],\"rpbar\":{\"show\":true,\"pageSize\":\"\",\"btnList\":[]},\"fixedPrintHeadRows\":[],\"fixedPrintTailRows\":[],\"freeze\":\"A1\",\"dataRectWidth\":682,\"displayConfig\":{},\"background\":false,\"name\":\"sheet1\",\"autofilter\":{},\"styles\":[{\"border\":{\"top\":[\"thin\",\"#000\"],\"left\":[\"thin\",\"#000\"],\"bottom\":[\"thin\",\"#000\"],\"right\":[\"thin\",\"#000\"]}},{\"border\":{\"top\":[\"thin\",\"#000\"],\"left\":[\"thin\",\"#000\"],\"bottom\":[\"thin\",\"#000\"],\"right\":[\"thin\",\"#000\"]},\"align\":\"center\"},{\"border\":{\"top\":[\"thin\",\"#000\"],\"left\":[\"thin\",\"#000\"],\"bottom\":[\"thin\",\"#000\"],\"right\":[\"thin\",\"#000\"]},\"bgcolor\":\"#5b9cd6\",\"align\":\"center\"},{\"font\":{\"size\":18}},{\"font\":{\"size\":18,\"bold\":true}},{\"align\":\"center\"},{\"align\":\"center\",\"font\":{\"size\":18,\"bold\":true}},{\"bgcolor\":\"#5b9cd6\",\"align\":\"center\"},{\"align\":\"center\",\"font\":{\"size\":18,\"name\":\"宋体\",\"bold\":true}},{\"bgcolor\":\"#5b9cd6\",\"align\":\"center\",\"font\":{\"name\":\"宋体\"}},{\"font\":{\"name\":\"宋体\"}},{\"bgcolor\":\"#5b9cd6\",\"color\":\"#ffffff\",\"align\":\"center\",\"font\":{\"name\":\"宋体\"}},{\"border\":{\"top\":[\"thin\",\"#5b9cd6\"],\"left\":[\"thin\",\"#5b9cd6\"],\"bottom\":[\"thin\",\"#5b9cd6\"],\"right\":[\"thin\",\"#5b9cd6\"]},\"bgcolor\":\"#5b9cd6\",\"color\":\"#ffffff\",\"align\":\"center\",\"font\":{\"name\":\"宋体\"}},{\"border\":{\"top\":[\"thin\",\"#5b9cd6\"],\"left\":[\"thin\",\"#5b9cd6\"],\"bottom\":[\"thin\",\"#5b9cd6\"],\"right\":[\"thin\",\"#5b9cd6\"]},\"font\":{\"name\":\"宋体\"}},{\"border\":{\"top\":[\"thin\",\"#bfbfbf\"],\"left\":[\"thin\",\"#bfbfbf\"],\"bottom\":[\"thin\",\"#bfbfbf\"],\"right\":[\"thin\",\"#bfbfbf\"]}},{\"border\":{\"top\":[\"thin\",\"#bfbfbf\"],\"left\":[\"thin\",\"#bfbfbf\"],\"bottom\":[\"thin\",\"#bfbfbf\"],\"right\":[\"thin\",\"#bfbfbf\"]},\"bgcolor\":\"#5b9cd6\",\"color\":\"#ffffff\",\"align\":\"center\",\"font\":{\"name\":\"宋体\"}},{\"border\":{\"top\":[\"thin\",\"#bfbfbf\"],\"left\":[\"thin\",\"#bfbfbf\"],\"bottom\":[\"thin\",\"#bfbfbf\"],\"right\":[\"thin\",\"#bfbfbf\"]},\"font\":{\"name\":\"宋体\"}},{},{\"border\":{\"top\":[\"thin\",\"#bfbfbf\"],\"left\":[\"thin\",\"#bfbfbf\"],\"bottom\":[\"thin\",\"#bfbfbf\"],\"right\":[\"thin\",\"#bfbfbf\"]},\"align\":\"center\",\"font\":{\"name\":\"宋体\"}},{\"border\":{\"top\":[\"thin\",\"#bfbfbf\"],\"left\":[\"thin\",\"#bfbfbf\"],\"bottom\":[\"thin\",\"#bfbfbf\"],\"right\":[\"thin\",\"#bfbfbf\"]},\"format\":\"number\",\"align\":\"center\",\"font\":{\"name\":\"宋体\"}},{\"border\":{\"top\":[\"thin\",\"#bfbfbf\"],\"left\":[\"thin\",\"#bfbfbf\"],\"bottom\":[\"thin\",\"#bfbfbf\"],\"right\":[\"thin\",\"#bfbfbf\"]},\"format\":\"normal\",\"align\":\"center\",\"font\":{\"name\":\"宋体\"}},{\"font\":{\"size\":18,\"bold\":false}},{\"font\":{\"size\":18,\"name\":\"宋体\",\"bold\":false}},{\"align\":\"center\",\"font\":{\"size\":18,\"name\":\"宋体\",\"bold\":false}},{\"font\":{\"size\":18,\"name\":\"宋体\",\"bold\":true}},{\"border\":{\"bottom\":[\"thin\",\"#000\"]}},{\"border\":{\"bottom\":[\"thin\",\"#a5a5a5\"]}},{\"border\":{\"bottom\":[\"thin\",\"#262626\"]}},{\"border\":{\"bottom\":[\"thin\",\"#595959\"]}},{\"valign\":\"bottom\",\"align\":\"center\",\"font\":{\"size\":18,\"name\":\"宋体\",\"bold\":true}},{\"valign\":\"bottom\",\"align\":\"left\",\"font\":{\"size\":18,\"name\":\"宋体\",\"bold\":true}},{\"valign\":\"middle\",\"align\":\"center\",\"font\":{\"size\":18,\"name\":\"宋体\",\"bold\":true}},{\"border\":{\"top\":[\"thin\",\"#595959\"],\"left\":[\"thin\",\"#595959\"]}},{\"border\":{\"top\":[\"thin\",\"#595959\"]}},{\"border\":{\"top\":[\"thin\",\"#595959\"],\"right\":[\"thin\",\"#595959\"]}},{\"border\":{\"left\":[\"thin\",\"#595959\"]}},{\"border\":{\"right\":[\"thin\",\"#595959\"]}},{\"border\":{\"left\":[\"thin\",\"#595959\"],\"bottom\":[\"thin\",\"#595959\"]}},{\"border\":{\"bottom\":[\"thin\",\"#595959\"],\"right\":[\"thin\",\"#595959\"]}},{\"border\":{\"top\":[\"thin\",\"#595959\"],\"left\":[\"thin\",\"#595959\"]},\"font\":{\"name\":\"宋体\"}},{\"border\":{\"left\":[\"thin\",\"#595959\"],\"right\":[\"thin\",\"#595959\"]}},{\"border\":{\"left\":[\"thin\",\"#595959\"],\"right\":[\"thin\",\"#595959\"]},\"font\":{\"name\":\"宋体\"}},{\"border\":{\"bottom\":[\"thin\",\"#595959\"]},\"font\":{\"name\":\"宋体\"}}],\"validations\":[],\"cols\":{\"0\":{\"width\":39},\"1\":{\"width\":73},\"2\":{\"width\":89},\"3\":{\"width\":101},\"4\":{\"width\":80},\"8\":{\"width\":29},\"len\":100},\"merges\":[\"B1:H1\",\"C2:E2\",\"C3:D3\",\"F3:G3\",\"C4:D4\",\"F4:G4\",\"B6:H6\",\"B12:H12\"]}', NULL, 'https://static.jeecg.com/designreport/images/未标题-1_1617266678584.png', 'admin', '2025-05-09 09:27:12', NULL, NULL, 0, NULL, NULL, 0, 4, NULL, NULL, NULL, NULL, 0, NULL);
INSERT INTO `jimu_report` VALUES ('1110348597759606784', '20250730093712', '测试报表0730', NULL, NULL, '984272091947253760', '{\"loopBlockList\":[],\"querySetting\":{\"izOpenQueryBar\":false,\"izDefaultQuery\":true},\"recordSubTableOrCollection\":{\"group\":[],\"record\":[],\"range\":[]},\"printConfig\":{\"paper\":\"A4\",\"width\":210,\"height\":297,\"definition\":1,\"isBackend\":false,\"marginX\":10,\"marginY\":10,\"layout\":\"portrait\",\"printCallBackUrl\":\"\"},\"hidden\":{\"rows\":[],\"cols\":[],\"conditions\":{\"rows\":{},\"cols\":{}}},\"queryFormSetting\":{\"useQueryForm\":false,\"dbKey\":\"\",\"idField\":\"\"},\"dbexps\":[],\"dicts\":[],\"fillFormToolbar\":{\"show\":true,\"btnList\":[\"save\",\"subTable_add\",\"verify\",\"subTable_del\",\"print\",\"close\",\"first\",\"prev\",\"next\",\"paging\",\"total\",\"last\",\"exportPDF\",\"exportExcel\",\"exportWord\"]},\"freeze\":\"A1\",\"dataRectWidth\":300,\"autofilter\":{},\"validations\":[],\"cols\":{\"len\":50},\"area\":{\"sri\":5,\"sci\":1,\"eri\":5,\"eci\":1,\"width\":100,\"height\":25},\"pyGroupEngine\":false,\"submitHandlers\":[],\"excel_config_id\":\"1110348597759606784\",\"hiddenCells\":[],\"zonedEditionList\":[],\"rows\":{\"2\":{\"cells\":{\"1\":{\"text\":\"日期\"},\"2\":{\"text\":\"访问次数\"}}},\"3\":{\"cells\":{\"1\":{\"text\":\"#{syslog.visit_date}\"},\"2\":{\"text\":\"#{syslog.visit_count}\"}}},\"len\":100},\"rpbar\":{\"show\":true,\"pageSize\":\"\",\"btnList\":[]},\"fixedPrintHeadRows\":[],\"fixedPrintTailRows\":[],\"displayConfig\":{},\"fillFormInfo\":{\"layout\":{\"direction\":\"horizontal\",\"width\":200,\"height\":45}},\"background\":false,\"name\":\"sheet1\",\"styles\":[],\"freezeLineColor\":\"rgb(185, 185, 185)\",\"merges\":[]}', NULL, NULL, 'admin', '2025-07-30 09:37:13', 'admin', '2025-07-30 10:12:01', 0, NULL, NULL, 0, 4, NULL, NULL, NULL, '0', 0, 0);
INSERT INTO `jimu_report` VALUES ('1314846205892759552', '20201010163252', 'XXX有限公司员工登记表', NULL, NULL, '984302991393210368', '{\"loopBlockList\":[],\"area\":{\"sri\":10,\"sci\":11,\"eri\":10,\"eci\":11,\"width\":85,\"height\":38},\"excel_config_id\":\"1314846205892759552\",\"printConfig\":{\"paper\":\"A4\",\"width\":210,\"height\":297,\"definition\":1,\"isBackend\":false,\"marginX\":10,\"marginY\":10},\"rows\":{\"0\":{\"cells\":{\"0\":{\"merge\":[0,8]},\"9\":{}},\"height\":22},\"1\":{\"cells\":{\"1\":{\"style\":87,\"text\":\" \"},\"2\":{\"style\":87,\"text\":\" \"},\"3\":{\"style\":87,\"text\":\" \"},\"4\":{\"style\":87,\"text\":\" \"},\"5\":{\"style\":87,\"text\":\" \"},\"6\":{\"style\":87,\"text\":\" \"},\"7\":{\"style\":87,\"text\":\" \"},\"8\":{\"style\":87,\"text\":\" \"}},\"height\":24},\"2\":{\"cells\":{\"0\":{\"text\":\"所在部门\",\"style\":93},\"1\":{\"text\":\"${yuangongjiben.department}\",\"style\":23,\"merge\":[0,2]},\"4\":{\"text\":\"职务\",\"style\":93},\"5\":{\"text\":\"${yuangongjiben.post}\",\"style\":23},\"6\":{\"text\":\"填写日期\",\"style\":93},\"7\":{\"text\":\"${yuangongjiben.data}\",\"style\":23,\"merge\":[0,1]}},\"isDrag\":true,\"height\":36},\"3\":{\"cells\":{\"0\":{\"text\":\"姓名\",\"style\":93},\"1\":{\"text\":\"${yuangongjiben.name}\",\"style\":23},\"2\":{\"text\":\"性别\",\"style\":93},\"3\":{\"text\":\"${yuangongjiben.sex}\",\"style\":23},\"4\":{\"text\":\"出生日期\",\"style\":93},\"5\":{\"text\":\"${yuangongjiben.birth}\",\"style\":23},\"6\":{\"text\":\"政治面貌\",\"style\":93},\"7\":{\"text\":\"${yuangongjiben.political}\",\"style\":130,\"merge\":[0,1]}},\"isDrag\":true,\"height\":33},\"4\":{\"cells\":{\"0\":{\"text\":\"机关\",\"style\":93},\"1\":{\"text\":\"${yuangongjiben.office}\",\"style\":23},\"2\":{\"style\":93,\"text\":\"民族\"},\"3\":{\"text\":\"${yuangongjiben.nation}\",\"style\":23},\"4\":{\"style\":93,\"text\":\"健康状况\"},\"5\":{\"text\":\"${yuangongjiben.health}\",\"style\":23},\"6\":{\"style\":93,\"text\":\"户籍类型\",\"virtual\":\"1KT8bnqRT4bi8Z7b\"},\"7\":{\"text\":\"${yuangongjiben.register}\",\"style\":26,\"virtual\":\"1KT8bnqRT4bi8Z7b\"},\"8\":{\"merge\":[3,0],\"height\":104,\"style\":35,\"text\":\" \",\"virtual\":\"cvkWDQVZhfJPgcS4\"}},\"isDrag\":true,\"height\":31},\"5\":{\"cells\":{\"0\":{\"text\":\"最高学历\",\"style\":93},\"1\":{\"text\":\"${yuangongjiben.education}\",\"style\":23},\"2\":{\"text\":\"所学专业\",\"style\":93},\"3\":{\"text\":\"${yuangongjiben.major}\",\"style\":23,\"merge\":[0,2]},\"6\":{\"text\":\"毕业时间\",\"style\":93},\"7\":{\"text\":\"${yuangongjiben.gdata}\",\"style\":23}},\"isDrag\":true,\"height\":35},\"6\":{\"cells\":{\"0\":{\"text\":\"电子邮箱\",\"style\":93},\"1\":{\"text\":\"${yuangongjiben.mailbox}\",\"style\":23},\"2\":{\"text\":\"手机号\",\"style\":93},\"3\":{\"text\":\"${yuangongjiben.telphone}\",\"style\":23,\"merge\":[0,2]},\"6\":{\"text\":\"家庭电话\",\"style\":93},\"7\":{\"text\":\"${yuangongjiben.homephone}\",\"style\":23}},\"isDrag\":true,\"height\":38},\"7\":{\"cells\":{\"0\":{\"merge\":[0,1],\"text\":\"第一次参加工作时间\",\"style\":93},\"2\":{\"text\":\"${yuangongjiben.pworktime}\",\"style\":133,\"merge\":[0,2]},\"5\":{\"style\":93,\"text\":\"入职时间\"},\"6\":{\"text\":\"${yuangongjiben.entrytime}\",\"style\":24,\"merge\":[0,1]}},\"isDrag\":true,\"height\":27},\"8\":{\"cells\":{\"0\":{\"merge\":[0,1],\"text\":\"毕业院校\",\"style\":93},\"2\":{\"text\":\"${yuangongjiben.school}\",\"style\":24,\"merge\":[0,2]},\"5\":{\"style\":93,\"text\":\"身份证号\"},\"6\":{\"text\":\"${yuangongjiben.idcard}\",\"style\":24,\"merge\":[0,2]}},\"isDrag\":true,\"height\":34},\"9\":{\"cells\":{\"0\":{\"merge\":[0,1],\"text\":\"入党（团）时间、地点\",\"style\":94},\"2\":{\"text\":\"${yuangongjiben.entrytime}\",\"style\":24,\"merge\":[0,2]},\"5\":{\"text\":\"婚姻状况\",\"style\":93},\"6\":{\"text\":\"${yuangongjiben.marital}\",\"style\":23},\"7\":{\"text\":\"有无子女\",\"style\":93},\"8\":{\"text\":\"${yuangongjiben.children}\",\"style\":23}},\"isDrag\":true,\"height\":33},\"10\":{\"cells\":{\"0\":{\"merge\":[0,1],\"text\":\"户口所在街道名称\",\"style\":93},\"2\":{\"text\":\"${yuangongjiben.hukoustreet}\",\"style\":24,\"merge\":[0,2]},\"5\":{\"merge\":[0,1],\"text\":\"户口所在地邮编\",\"style\":93},\"7\":{\"text\":\"${yuangongjiben.hukounum}\",\"style\":23,\"merge\":[0,1]}},\"isDrag\":true,\"height\":38},\"11\":{\"cells\":{\"0\":{\"text\":\"户口所在地地址\",\"style\":96,\"merge\":[2,1]},\"2\":{\"text\":\"${yuangongjiben.hukoudi}\",\"style\":26,\"merge\":[2,6]}},\"isDrag\":true},\"12\":{\"cells\":{}},\"13\":{\"cells\":{\"11\":{\"text\":\"\"}},\"isDrag\":true},\"14\":{\"cells\":{\"0\":{\"merge\":[0,1],\"text\":\"现居住地址\",\"style\":98},\"2\":{\"text\":\"${yuangongjiben.currentdi}\",\"style\":26,\"merge\":[0,2]},\"5\":{\"style\":98,\"merge\":[0,1],\"text\":\"现居住地址邮编\"},\"7\":{\"text\":\"${yuangongjiben.currentnum}\",\"style\":26,\"merge\":[0,1]}},\"isDrag\":true,\"height\":33},\"15\":{\"cells\":{\"0\":{\"merge\":[0,1],\"text\":\"是否参加社保\",\"style\":98},\"2\":{\"text\":\"${yuangongjiben.socialsecurity}\",\"style\":27,\"merge\":[0,1]},\"4\":{\"text\":\"有无公积金\",\"style\":98},\"5\":{\"text\":\"${yuangongjiben.providentfund}\",\"style\":27,\"merge\":[0,1]},\"7\":{\"text\":\"兴趣爱好\",\"style\":98},\"8\":{\"text\":\"${yuangongjiben.hobby}\",\"style\":27}},\"isDrag\":true,\"height\":34},\"16\":{\"cells\":{\"0\":{\"merge\":[0,1],\"text\":\"参加社保类型\",\"style\":98},\"2\":{\"text\":\"${yuangongjiben.sbtype}\",\"style\":116,\"merge\":[0,6]}},\"isDrag\":true,\"height\":30},\"17\":{\"cells\":{\"0\":{\"merge\":[0,1],\"text\":\"个人档案存放地\",\"style\":98},\"2\":{\"text\":\"${yuangongjiben.archivesdi}\",\"style\":116,\"merge\":[0,6]}},\"isDrag\":true,\"height\":33},\"18\":{\"cells\":{\"0\":{\"text\":\" \",\"style\":7},\"1\":{\"text\":\" \",\"style\":7},\"2\":{\"text\":\" \",\"style\":7},\"3\":{\"text\":\" \",\"style\":7},\"4\":{\"text\":\" \",\"style\":7},\"5\":{\"text\":\" \",\"style\":7},\"6\":{\"text\":\" \",\"style\":7},\"7\":{\"text\":\" \",\"style\":7},\"8\":{\"text\":\" \",\"style\":7}}},\"19\":{\"cells\":{\"0\":{\"merge\":[0,4],\"text\":\"学历、经历（从高中开始写）\",\"style\":99},\"5\":{\"style\":7,\"text\":\" \"},\"6\":{\"style\":7,\"text\":\" \"},\"7\":{\"style\":7,\"text\":\" \"},\"8\":{\"style\":7,\"text\":\" \"},\"9\":{\"style\":112,\"text\":\" \"}}},\"20\":{\"cells\":{\"0\":{\"text\":\"由_年_月\",\"merge\":[0,1],\"style\":36},\"2\":{\"merge\":[0,1],\"text\":\"至_年_月\",\"style\":38},\"4\":{\"merge\":[0,1],\"text\":\"就读学校\",\"style\":38},\"6\":{\"merge\":[0,1],\"text\":\"专业\",\"style\":38},\"8\":{\"text\":\"担任职务\",\"style\":38},\"9\":{\"style\":112,\"text\":\" \"}}},\"21\":{\"cells\":{\"0\":{\"style\":90,\"merge\":[0,1],\"text\":\"#{xueli.kdate}\"},\"2\":{\"style\":90,\"text\":\"#{xueli.jdate}\",\"merge\":[0,1]},\"4\":{\"style\":90,\"text\":\"#{xueli.jstudent}\",\"merge\":[0,1]},\"6\":{\"style\":90,\"text\":\"#{xueli.zhuanye}\",\"merge\":[0,1]},\"8\":{\"style\":90,\"text\":\"#{xueli.zhiwu}\"},\"9\":{\"style\":112,\"text\":\" \"}},\"isDrag\":true},\"22\":{\"cells\":{\"0\":{\"style\":7,\"text\":\" \"},\"1\":{\"style\":7,\"text\":\" \"},\"2\":{\"style\":7,\"text\":\" \"},\"3\":{\"style\":7,\"text\":\" \"},\"4\":{\"style\":7,\"text\":\" \"},\"5\":{\"style\":7,\"text\":\" \"},\"6\":{\"style\":7,\"text\":\" \"},\"7\":{\"style\":7,\"text\":\" \"},\"8\":{\"style\":7,\"text\":\" \"},\"9\":{\"style\":112,\"text\":\" \"}}},\"23\":{\"cells\":{\"0\":{\"merge\":[0,4],\"text\":\"工作经历\",\"style\":124},\"5\":{\"style\":7,\"text\":\" \"},\"6\":{\"style\":7,\"text\":\" \"},\"7\":{\"style\":7,\"text\":\" \"},\"8\":{\"style\":7,\"text\":\" \"},\"9\":{\"style\":112,\"text\":\" \"}},\"height\":27},\"24\":{\"cells\":{\"0\":{\"text\":\"由_年_月\",\"merge\":[0,1],\"style\":36},\"2\":{\"merge\":[0,1],\"text\":\"至_年_月\",\"style\":38},\"4\":{\"text\":\"工作单位及职称\",\"style\":38,\"merge\":[0,1]},\"6\":{\"merge\":[0,1],\"text\":\"证明人\",\"style\":38},\"8\":{\"text\":\"联系方式\",\"style\":38},\"9\":{\"style\":112,\"text\":\" \"}}},\"25\":{\"cells\":{\"0\":{\"text\":\"#{uu.kdate}\",\"style\":90,\"merge\":[0,1]},\"2\":{\"text\":\"#{uu.jdate}\",\"style\":90,\"merge\":[0,1]},\"4\":{\"text\":\"#{uu.jstudent}\",\"style\":90,\"merge\":[0,1]},\"6\":{\"text\":\"#{uu.zmname}\",\"style\":90,\"merge\":[0,1]},\"8\":{\"text\":\"#{uu.zmphone}\",\"style\":90},\"9\":{\"style\":112,\"text\":\" \"}},\"isDrag\":true},\"26\":{\"cells\":{\"0\":{\"style\":7,\"text\":\" \"},\"1\":{\"style\":7,\"text\":\" \"},\"2\":{\"style\":7,\"text\":\" \"},\"3\":{\"style\":7,\"text\":\" \"},\"4\":{\"style\":7,\"text\":\" \"},\"5\":{\"style\":7,\"text\":\" \"},\"6\":{\"style\":7,\"text\":\" \"},\"7\":{\"style\":7,\"text\":\" \"},\"8\":{\"style\":7,\"text\":\" \"},\"9\":{\"style\":112,\"text\":\" \"}}},\"27\":{\"cells\":{\"0\":{\"merge\":[0,4],\"text\":\"职称/资格、证书\",\"style\":125},\"5\":{\"style\":7,\"text\":\" \"},\"6\":{\"style\":7,\"text\":\" \"},\"7\":{\"style\":7,\"text\":\" \"},\"8\":{\"style\":7,\"text\":\" \"},\"9\":{\"style\":112,\"text\":\" \"}},\"height\":46},\"28\":{\"cells\":{\"0\":{\"text\":\"发证时间\",\"merge\":[0,1],\"style\":36},\"2\":{\"merge\":[0,1],\"text\":\"职称名称\",\"style\":38},\"4\":{\"text\":\"级别\",\"style\":38,\"merge\":[0,1]},\"6\":{\"text\":\"发证单位\",\"style\":38,\"merge\":[0,1]},\"8\":{\"text\":\"备注\",\"style\":38},\"9\":{\"style\":112,\"text\":\" \"}}},\"29\":{\"cells\":{\"0\":{\"text\":\"#{zhengshu.fdate}\",\"style\":90,\"merge\":[0,1]},\"2\":{\"text\":\"#{zhengshu.zcname}\",\"style\":90,\"merge\":[0,1]},\"4\":{\"text\":\"#{zhengshu.jibie}\",\"style\":90,\"merge\":[0,1]},\"6\":{\"text\":\"#{zhengshu.danwei}\",\"style\":90,\"merge\":[0,1]},\"8\":{\"text\":\"#{zhengshu.beizhu}\",\"style\":90},\"9\":{\"style\":112,\"text\":\" \"}},\"isDrag\":true},\"30\":{\"cells\":{\"0\":{\"style\":7,\"text\":\" \"},\"1\":{\"style\":7,\"text\":\" \"},\"2\":{\"style\":7,\"text\":\" \"},\"3\":{\"style\":7,\"text\":\" \"},\"4\":{\"style\":7,\"text\":\" \"},\"5\":{\"style\":7,\"text\":\" \"},\"6\":{\"style\":7,\"text\":\" \"},\"7\":{\"style\":7,\"text\":\" \"},\"8\":{\"style\":7,\"text\":\" \"},\"9\":{\"style\":112,\"text\":\" \"}}},\"31\":{\"cells\":{\"0\":{\"merge\":[0,1],\"text\":\"家庭成员\",\"style\":125},\"2\":{\"style\":7,\"text\":\" \"},\"3\":{\"style\":7,\"text\":\" \"},\"4\":{\"style\":7,\"text\":\" \"},\"5\":{\"style\":7,\"text\":\" \"},\"6\":{\"style\":7,\"text\":\" \"},\"7\":{\"style\":7,\"text\":\" \"},\"8\":{\"style\":7,\"text\":\" \"},\"9\":{\"style\":112,\"text\":\" \"}},\"height\":42},\"32\":{\"cells\":{\"0\":{\"merge\":[0,1],\"text\":\"姓名\",\"style\":38},\"2\":{\"merge\":[0,1],\"text\":\"关系\",\"style\":38},\"4\":{\"text\":\"年龄\",\"style\":38},\"5\":{\"text\":\"工作单位\",\"style\":38,\"merge\":[0,1]},\"7\":{\"text\":\"政治面貌\",\"style\":38},\"8\":{\"text\":\"联系方式\",\"style\":38},\"9\":{\"style\":112,\"text\":\" \"}}},\"33\":{\"cells\":{\"0\":{\"text\":\"#{jtcy.name}\",\"style\":90,\"merge\":[0,1]},\"2\":{\"text\":\"#{jtcy.guanxi}\",\"style\":90,\"merge\":[0,1]},\"4\":{\"text\":\"#{jtcy.age}\",\"style\":90},\"5\":{\"text\":\"#{jtcy.danwei}\",\"style\":90,\"merge\":[0,1]},\"7\":{\"text\":\"#{jtcy.zzmm}\",\"style\":90},\"8\":{\"text\":\"#{jtcy.phone}\",\"style\":90},\"9\":{\"style\":112,\"text\":\" \"}},\"isDrag\":true},\"34\":{\"cells\":{\"0\":{\"text\":\" \",\"style\":7},\"1\":{\"text\":\" \",\"style\":7},\"2\":{\"text\":\" \",\"style\":7},\"3\":{\"text\":\" \",\"style\":7},\"4\":{\"text\":\" \",\"style\":7},\"5\":{\"text\":\" \",\"style\":7},\"6\":{\"text\":\" \",\"style\":7},\"7\":{\"text\":\" \",\"style\":7},\"8\":{\"text\":\" \",\"style\":7},\"9\":{\"style\":112,\"text\":\" \"}}},\"35\":{\"cells\":{\"0\":{\"merge\":[0,2],\"text\":\"所获奖励\",\"style\":125},\"3\":{\"text\":\" \",\"style\":7},\"4\":{\"text\":\" \",\"style\":7},\"5\":{\"text\":\" \",\"style\":7},\"6\":{\"text\":\" \",\"style\":7},\"7\":{\"text\":\" \",\"style\":7},\"8\":{\"text\":\" \",\"style\":7},\"9\":{\"style\":112,\"text\":\" \"}},\"height\":47},\"36\":{\"cells\":{\"0\":{\"text\":\"时间\",\"style\":90,\"merge\":[0,2]},\"3\":{\"style\":90,\"text\":\"地点\",\"merge\":[0,2]},\"6\":{\"style\":90,\"text\":\"所获得的奖励名称\",\"merge\":[0,2]},\"9\":{\"style\":112,\"text\":\" \"}}},\"37\":{\"cells\":{\"0\":{\"text\":\"#{jiangli.date}\",\"style\":90,\"merge\":[0,2]},\"3\":{\"text\":\"#{jiangli.didian}\",\"style\":90,\"merge\":[0,2]},\"6\":{\"text\":\"#{jiangli.mingcheng}\",\"style\":90,\"merge\":[0,2]},\"9\":{\"style\":112,\"text\":\" \"}},\"isDrag\":true},\"len\":98},\"dbexps\":[],\"toolPrintSizeObj\":{\"printType\":\"A4\",\"widthPx\":718,\"heightPx\":1047},\"dicts\":[],\"freeze\":\"A1\",\"dataRectWidth\":703,\"displayConfig\":{},\"background\":false,\"name\":\"sheet1\",\"autofilter\":{},\"styles\":[{\"align\":\"center\"},{\"align\":\"center\",\"font\":{\"size\":16}},{\"align\":\"center\",\"font\":{\"size\":16,\"bold\":true}},{\"align\":\"center\",\"font\":{\"size\":14,\"bold\":true}},{\"align\":\"center\",\"font\":{\"name\":\"仿宋\"}},{\"font\":{\"name\":\"仿宋\"}},{\"align\":\"center\",\"font\":{\"name\":\"宋体\"}},{\"font\":{\"name\":\"宋体\"}},{\"align\":\"center\",\"font\":{\"name\":\"宋体\",\"size\":12}},{\"font\":{\"name\":\"宋体\",\"size\":12}},{\"align\":\"center\",\"font\":{\"name\":\"宋体\",\"size\":8}},{\"font\":{\"name\":\"宋体\",\"size\":8}},{\"align\":\"center\",\"font\":{\"name\":\"宋体\",\"size\":10}},{\"font\":{\"name\":\"宋体\",\"size\":10}},{\"align\":\"center\",\"font\":{\"name\":\"隶书\",\"size\":10}},{\"font\":{\"name\":\"隶书\",\"size\":10}},{\"align\":\"center\",\"font\":{\"name\":\"华文中宋\",\"size\":10}},{\"font\":{\"name\":\"华文中宋\",\"size\":10}},{\"align\":\"center\",\"font\":{\"name\":\"Microsoft YaHei\",\"size\":10}},{\"font\":{\"name\":\"Microsoft YaHei\",\"size\":10}},{\"textwrap\":true},{\"textwrap\":true,\"align\":\"center\"},{\"textwrap\":true,\"align\":\"center\",\"font\":{\"name\":\"宋体\"}},{\"align\":\"center\",\"font\":{\"name\":\"宋体\",\"size\":10},\"border\":{\"bottom\":[\"thin\",\"#000100\"],\"top\":[\"thin\",\"#000100\"],\"left\":[\"thin\",\"#000100\"],\"right\":[\"thin\",\"#000100\"]}},{\"font\":{\"name\":\"宋体\",\"size\":10},\"border\":{\"bottom\":[\"thin\",\"#000100\"],\"top\":[\"thin\",\"#000100\"],\"left\":[\"thin\",\"#000100\"],\"right\":[\"thin\",\"#000100\"]}},{\"textwrap\":true,\"align\":\"center\",\"font\":{\"name\":\"宋体\"},\"border\":{\"bottom\":[\"thin\",\"#000100\"],\"top\":[\"thin\",\"#000100\"],\"left\":[\"thin\",\"#000100\"],\"right\":[\"thin\",\"#000100\"]}},{\"font\":{\"name\":\"宋体\"},\"border\":{\"bottom\":[\"thin\",\"#000100\"],\"top\":[\"thin\",\"#000100\"],\"left\":[\"thin\",\"#000100\"],\"right\":[\"thin\",\"#000100\"]}},{\"align\":\"center\",\"font\":{\"name\":\"宋体\"},\"border\":{\"bottom\":[\"thin\",\"#000100\"],\"top\":[\"thin\",\"#000100\"],\"left\":[\"thin\",\"#000100\"],\"right\":[\"thin\",\"#000100\"]}},{\"font\":{\"bold\":true}},{\"font\":{\"bold\":true,\"size\":12}},{\"font\":{\"bold\":true,\"size\":10}},{\"font\":{\"bold\":true,\"size\":10},\"align\":\"center\"},{\"font\":{\"bold\":true},\"align\":\"center\"},{\"font\":{\"bold\":true,\"size\":10},\"align\":\"center\",\"border\":{\"bottom\":[\"thin\",\"#000\"],\"top\":[\"thin\",\"#000\"],\"left\":[\"thin\",\"#000\"],\"right\":[\"thin\",\"#000\"]}},{\"font\":{\"bold\":true},\"align\":\"center\",\"border\":{\"bottom\":[\"thin\",\"#000\"],\"top\":[\"thin\",\"#000\"],\"left\":[\"thin\",\"#000\"],\"right\":[\"thin\",\"#000\"]}},{\"border\":{\"bottom\":[\"thin\",\"#000\"],\"top\":[\"thin\",\"#000\"],\"left\":[\"thin\",\"#000\"],\"right\":[\"thin\",\"#000\"]}},{\"font\":{\"bold\":true,\"size\":10,\"name\":\"宋体\"},\"align\":\"center\",\"border\":{\"bottom\":[\"thin\",\"#000\"],\"top\":[\"thin\",\"#000\"],\"left\":[\"thin\",\"#000\"],\"right\":[\"thin\",\"#000\"]}},{\"font\":{\"bold\":true,\"size\":10,\"name\":\"宋体\"},\"align\":\"center\"},{\"font\":{\"bold\":true,\"name\":\"宋体\"},\"align\":\"center\",\"border\":{\"bottom\":[\"thin\",\"#000\"],\"top\":[\"thin\",\"#000\"],\"left\":[\"thin\",\"#000\"],\"right\":[\"thin\",\"#000\"]}},{\"font\":{\"bold\":true,\"name\":\"宋体\"},\"align\":\"center\"},{\"border\":{\"bottom\":[\"thin\",\"#000\"],\"top\":[\"thin\",\"#000\"],\"left\":[\"thin\",\"#000\"],\"right\":[\"thin\",\"#000\"]},\"font\":{\"name\":\"宋体\"}},{\"align\":\"center\",\"border\":{\"bottom\":[\"thin\",\"#000\"],\"top\":[\"thin\",\"#000\"],\"left\":[\"thin\",\"#000\"],\"right\":[\"thin\",\"#000\"]}},{\"border\":{\"top\":[\"thin\",\"#000\"],\"left\":[\"thin\",\"#000\"]}},{\"align\":\"center\",\"font\":{\"size\":14,\"bold\":true},\"border\":{\"top\":[\"thin\",\"#000\"]}},{\"border\":{\"top\":[\"thin\",\"#000\"],\"right\":[\"thin\",\"#000\"]}},{\"border\":{\"left\":[\"thin\",\"#000\"]}},{\"border\":{\"right\":[\"thin\",\"#000\"]}},{\"border\":{\"bottom\":[\"thin\",\"#000\"],\"left\":[\"thin\",\"#000\"]}},{\"border\":{\"bottom\":[\"thin\",\"#000\"]}},{\"border\":{\"bottom\":[\"thin\",\"#000\"],\"right\":[\"thin\",\"#000\"]}},{\"border\":{\"top\":[\"medium\",\"#000\"],\"left\":[\"medium\",\"#000\"]}},{\"align\":\"center\",\"font\":{\"size\":14,\"bold\":true},\"border\":{\"top\":[\"medium\",\"#000\"]}},{\"border\":{\"top\":[\"medium\",\"#000\"],\"right\":[\"medium\",\"#000\"]}},{\"border\":{\"left\":[\"medium\",\"#000\"]}},{\"border\":{\"right\":[\"medium\",\"#000\"]}},{\"border\":{\"bottom\":[\"medium\",\"#000\"],\"left\":[\"medium\",\"#000\"]}},{\"border\":{\"bottom\":[\"medium\",\"#000\"]}},{\"border\":{\"bottom\":[\"medium\",\"#000\"],\"right\":[\"medium\",\"#000\"]}},{\"border\":{\"top\":[\"medium\",\"#000\"],\"left\":[\"medium\",\"#000\"]},\"font\":{\"name\":\"Microsoft YaHei\"}},{\"align\":\"center\",\"font\":{\"size\":14,\"bold\":true,\"name\":\"Microsoft YaHei\"},\"border\":{\"top\":[\"medium\",\"#000\"]}},{\"align\":\"center\",\"font\":{\"size\":14,\"bold\":true,\"name\":\"Microsoft YaHei\"}},{\"border\":{\"top\":[\"medium\",\"#000\"],\"right\":[\"medium\",\"#000\"]},\"font\":{\"name\":\"Microsoft YaHei\"}},{\"border\":{\"left\":[\"medium\",\"#000\"]},\"font\":{\"name\":\"Microsoft YaHei\"}},{\"align\":\"center\",\"font\":{\"name\":\"Microsoft YaHei\",\"size\":10},\"border\":{\"bottom\":[\"thin\",\"#000100\"],\"top\":[\"thin\",\"#000100\"],\"left\":[\"thin\",\"#000100\"],\"right\":[\"thin\",\"#000100\"]}},{\"border\":{\"right\":[\"medium\",\"#000\"]},\"font\":{\"name\":\"Microsoft YaHei\"}},{\"font\":{\"name\":\"Microsoft YaHei\",\"size\":10},\"border\":{\"bottom\":[\"thin\",\"#000100\"],\"top\":[\"thin\",\"#000100\"],\"left\":[\"thin\",\"#000100\"],\"right\":[\"thin\",\"#000100\"]}},{\"font\":{\"name\":\"Microsoft YaHei\"}},{\"textwrap\":true,\"align\":\"center\",\"font\":{\"name\":\"Microsoft YaHei\"},\"border\":{\"bottom\":[\"thin\",\"#000100\"],\"top\":[\"thin\",\"#000100\"],\"left\":[\"thin\",\"#000100\"],\"right\":[\"thin\",\"#000100\"]}},{\"textwrap\":true,\"align\":\"center\",\"font\":{\"name\":\"Microsoft YaHei\"}},{\"font\":{\"name\":\"Microsoft YaHei\"},\"border\":{\"bottom\":[\"thin\",\"#000100\"],\"top\":[\"thin\",\"#000100\"],\"left\":[\"thin\",\"#000100\"],\"right\":[\"thin\",\"#000100\"]}},{\"align\":\"center\",\"font\":{\"name\":\"Microsoft YaHei\"},\"border\":{\"bottom\":[\"thin\",\"#000100\"],\"top\":[\"thin\",\"#000100\"],\"left\":[\"thin\",\"#000100\"],\"right\":[\"thin\",\"#000100\"]}},{\"align\":\"center\",\"font\":{\"name\":\"Microsoft YaHei\"}},{\"font\":{\"bold\":true,\"size\":10,\"name\":\"Microsoft YaHei\"},\"align\":\"center\",\"border\":{\"bottom\":[\"thin\",\"#000\"],\"top\":[\"thin\",\"#000\"],\"left\":[\"thin\",\"#000\"],\"right\":[\"thin\",\"#000\"]}},{\"font\":{\"bold\":true,\"size\":10,\"name\":\"Microsoft YaHei\"},\"align\":\"center\"},{\"font\":{\"bold\":true,\"name\":\"Microsoft YaHei\"},\"align\":\"center\",\"border\":{\"bottom\":[\"thin\",\"#000\"],\"top\":[\"thin\",\"#000\"],\"left\":[\"thin\",\"#000\"],\"right\":[\"thin\",\"#000\"]}},{\"font\":{\"bold\":true,\"name\":\"Microsoft YaHei\"},\"align\":\"center\"},{\"border\":{\"bottom\":[\"thin\",\"#000\"],\"top\":[\"thin\",\"#000\"],\"left\":[\"thin\",\"#000\"],\"right\":[\"thin\",\"#000\"]},\"font\":{\"name\":\"Microsoft YaHei\"}},{\"align\":\"center\",\"border\":{\"bottom\":[\"thin\",\"#000\"],\"top\":[\"thin\",\"#000\"],\"left\":[\"thin\",\"#000\"],\"right\":[\"thin\",\"#000\"]},\"font\":{\"name\":\"Microsoft YaHei\"}},{\"border\":{\"bottom\":[\"medium\",\"#000\"],\"left\":[\"medium\",\"#000\"]},\"font\":{\"name\":\"Microsoft YaHei\"}},{\"border\":{\"bottom\":[\"medium\",\"#000\"]},\"font\":{\"name\":\"Microsoft YaHei\"}},{\"border\":{\"bottom\":[\"medium\",\"#000\"],\"right\":[\"medium\",\"#000\"]},\"font\":{\"name\":\"Microsoft YaHei\"}},{\"align\":\"center\",\"font\":{\"name\":\"Microsoft YaHei\",\"size\":8},\"border\":{\"bottom\":[\"thin\",\"#000100\"],\"top\":[\"thin\",\"#000100\"],\"left\":[\"thin\",\"#000100\"],\"right\":[\"thin\",\"#000100\"]}},{\"font\":{\"name\":\"Microsoft YaHei\",\"size\":8}},{\"align\":\"center\",\"font\":{\"name\":\"Microsoft YaHei\",\"size\":9},\"border\":{\"bottom\":[\"thin\",\"#000100\"],\"top\":[\"thin\",\"#000100\"],\"left\":[\"thin\",\"#000100\"],\"right\":[\"thin\",\"#000100\"]}},{\"align\":\"center\",\"font\":{\"name\":\"Microsoft YaHei\",\"size\":8}},{\"border\":{\"top\":[\"medium\",\"#000\"],\"left\":[\"medium\",\"#000\"]},\"font\":{\"name\":\"宋体\"}},{\"align\":\"center\",\"font\":{\"size\":14,\"bold\":true,\"name\":\"宋体\"},\"border\":{\"top\":[\"medium\",\"#000\"]}},{\"align\":\"center\",\"font\":{\"size\":14,\"bold\":true,\"name\":\"宋体\"}},{\"border\":{\"left\":[\"medium\",\"#000\"]},\"font\":{\"name\":\"宋体\"}},{\"align\":\"center\",\"font\":{\"name\":\"宋体\",\"size\":8},\"border\":{\"bottom\":[\"thin\",\"#000100\"],\"top\":[\"thin\",\"#000100\"],\"left\":[\"thin\",\"#000100\"],\"right\":[\"thin\",\"#000100\"]}},{\"align\":\"center\",\"border\":{\"bottom\":[\"thin\",\"#000\"],\"top\":[\"thin\",\"#000\"],\"left\":[\"thin\",\"#000\"],\"right\":[\"thin\",\"#000\"]},\"font\":{\"name\":\"宋体\"}},{\"border\":{\"bottom\":[\"medium\",\"#000\"],\"left\":[\"medium\",\"#000\"]},\"font\":{\"name\":\"宋体\"}},{\"border\":{\"bottom\":[\"medium\",\"#000\"]},\"font\":{\"name\":\"宋体\"}},{\"align\":\"center\",\"font\":{\"name\":\"宋体\",\"size\":10,\"bold\":true},\"border\":{\"bottom\":[\"thin\",\"#000100\"],\"top\":[\"thin\",\"#000100\"],\"left\":[\"thin\",\"#000100\"],\"right\":[\"thin\",\"#000100\"]}},{\"font\":{\"name\":\"宋体\",\"size\":10,\"bold\":true},\"border\":{\"bottom\":[\"thin\",\"#000100\"],\"top\":[\"thin\",\"#000100\"],\"left\":[\"thin\",\"#000100\"],\"right\":[\"thin\",\"#000100\"]}},{\"font\":{\"name\":\"宋体\",\"size\":10,\"bold\":true}},{\"textwrap\":true,\"align\":\"center\",\"font\":{\"name\":\"宋体\",\"bold\":true},\"border\":{\"bottom\":[\"thin\",\"#000100\"],\"top\":[\"thin\",\"#000100\"],\"left\":[\"thin\",\"#000100\"],\"right\":[\"thin\",\"#000100\"]}},{\"textwrap\":true,\"align\":\"center\",\"font\":{\"name\":\"宋体\",\"bold\":true}},{\"align\":\"center\",\"font\":{\"name\":\"宋体\",\"bold\":true},\"border\":{\"bottom\":[\"thin\",\"#000100\"],\"top\":[\"thin\",\"#000100\"],\"left\":[\"thin\",\"#000100\"],\"right\":[\"thin\",\"#000100\"]}},{\"font\":{\"name\":\"宋体\",\"bold\":true}},{\"border\":{\"top\":[\"thin\",\"#000\"],\"left\":[\"thin\",\"#000\"]},\"font\":{\"name\":\"宋体\"}},{\"align\":\"center\",\"font\":{\"size\":14,\"bold\":true,\"name\":\"宋体\"},\"border\":{\"top\":[\"thin\",\"#000\"]}},{\"border\":{\"top\":[\"thin\",\"#000\"],\"right\":[\"thin\",\"#000\"]},\"font\":{\"name\":\"Microsoft YaHei\"}},{\"border\":{\"left\":[\"thin\",\"#000\"]},\"font\":{\"name\":\"宋体\"}},{\"border\":{\"right\":[\"thin\",\"#000\"]},\"font\":{\"name\":\"Microsoft YaHei\"}},{\"border\":{\"bottom\":[\"thin\",\"#000\"],\"left\":[\"thin\",\"#000\"]},\"font\":{\"name\":\"宋体\"}},{\"border\":{\"bottom\":[\"thin\",\"#000\"]},\"font\":{\"name\":\"宋体\"}},{\"border\":{\"bottom\":[\"thin\",\"#000\"],\"right\":[\"thin\",\"#000\"]},\"font\":{\"name\":\"Microsoft YaHei\"}},{\"border\":{\"top\":[\"thin\",\"#ffffff\"],\"left\":[\"thin\",\"#ffffff\"]},\"font\":{\"name\":\"宋体\"}},{\"align\":\"center\",\"font\":{\"size\":14,\"bold\":true,\"name\":\"宋体\"},\"border\":{\"top\":[\"thin\",\"#ffffff\"]}},{\"border\":{\"top\":[\"thin\",\"#ffffff\"],\"right\":[\"thin\",\"#ffffff\"]},\"font\":{\"name\":\"Microsoft YaHei\"}},{\"border\":{\"left\":[\"thin\",\"#ffffff\"]},\"font\":{\"name\":\"宋体\"}},{\"border\":{\"right\":[\"thin\",\"#ffffff\"]},\"font\":{\"name\":\"Microsoft YaHei\"}},{\"border\":{\"bottom\":[\"thin\",\"#ffffff\"],\"left\":[\"thin\",\"#ffffff\"]},\"font\":{\"name\":\"宋体\"}},{\"border\":{\"bottom\":[\"thin\",\"#ffffff\"]},\"font\":{\"name\":\"宋体\"}},{\"border\":{\"bottom\":[\"thin\",\"#ffffff\"],\"right\":[\"thin\",\"#ffffff\"]},\"font\":{\"name\":\"Microsoft YaHei\"}},{\"align\":\"left\",\"font\":{\"name\":\"宋体\"},\"border\":{\"bottom\":[\"thin\",\"#000100\"],\"top\":[\"thin\",\"#000100\"],\"left\":[\"thin\",\"#000100\"],\"right\":[\"thin\",\"#000100\"]}},{\"align\":\"left\",\"font\":{\"name\":\"宋体\"}},{\"font\":{\"name\":\"宋体\",\"size\":10},\"border\":{\"bottom\":[\"thin\",\"#000\"],\"top\":[\"thin\",\"#000\"],\"left\":[\"thin\",\"#000\"],\"right\":[\"thin\",\"#000\"]}},{\"border\":{\"top\":[\"thin\",\"#000\"],\"left\":[\"thin\",\"#000\"],\"right\":[\"thin\",\"#000\"]}},{\"font\":{\"name\":\"宋体\",\"size\":10},\"border\":{\"left\":[\"thin\",\"#000\"],\"right\":[\"thin\",\"#000\"]}},{\"font\":{\"name\":\"宋体\",\"size\":10},\"border\":{\"bottom\":[\"thin\",\"#000\"],\"left\":[\"thin\",\"#000\"],\"right\":[\"thin\",\"#000\"]}},{\"font\":{\"name\":\"宋体\",\"bold\":true},\"align\":\"right\"},{\"font\":{\"name\":\"宋体\",\"bold\":true},\"align\":\"right\",\"valign\":\"bottom\"},{\"font\":{\"name\":\"宋体\",\"bold\":true},\"align\":\"left\",\"valign\":\"bottom\"},{\"font\":{\"name\":\"宋体\",\"bold\":true},\"valign\":\"bottom\"},{\"align\":\"center\",\"font\":{\"name\":\"宋体\",\"size\":10},\"border\":{\"bottom\":[\"thin\",\"#000\"],\"top\":[\"thin\",\"#000\"],\"left\":[\"thin\",\"#000\"],\"right\":[\"thin\",\"#000\"]}},{\"font\":{\"name\":\"宋体\",\"size\":10,\"bold\":true},\"border\":{\"bottom\":[\"thin\",\"#000\"],\"top\":[\"thin\",\"#000\"],\"left\":[\"thin\",\"#000\"],\"right\":[\"thin\",\"#000\"]}},{\"textwrap\":true,\"align\":\"center\",\"font\":{\"name\":\"宋体\",\"bold\":true},\"border\":{\"bottom\":[\"thin\",\"#000\"],\"top\":[\"thin\",\"#000\"],\"left\":[\"thin\",\"#000\"],\"right\":[\"thin\",\"#000\"]}},{\"align\":\"left\",\"font\":{\"name\":\"宋体\"},\"border\":{\"bottom\":[\"thin\",\"#000\"],\"top\":[\"thin\",\"#000\"],\"left\":[\"thin\",\"#000\"],\"right\":[\"thin\",\"#000\"]}},{\"border\":{\"bottom\":[\"thin\",\"#000100\"],\"top\":[\"thin\",\"#000100\"],\"left\":[\"thin\",\"#000100\"],\"right\":[\"thin\",\"#000100\"]}},{\"font\":{\"name\":\"宋体\",\"size\":10},\"border\":{\"bottom\":[\"thin\",\"#000100\"],\"top\":[\"thin\",\"#000100\"],\"left\":[\"thin\",\"#000100\"],\"right\":[\"thin\",\"#000100\"]},\"format\":\"datetime\"},{\"font\":{\"name\":\"宋体\",\"size\":10},\"format\":\"datetime\"},{\"font\":{\"name\":\"宋体\",\"size\":10},\"border\":{\"bottom\":[\"thin\",\"#000100\"],\"top\":[\"thin\",\"#000100\"],\"left\":[\"thin\",\"#000100\"],\"right\":[\"thin\",\"#000100\"]},\"format\":\"normal\"},{\"font\":{\"name\":\"宋体\",\"size\":10},\"format\":\"normal\"}],\"validations\":[],\"cols\":{\"0\":{\"width\":73},\"1\":{\"width\":71},\"2\":{\"width\":69},\"3\":{\"width\":89},\"4\":{\"width\":64},\"5\":{\"width\":47},\"6\":{\"width\":68},\"7\":{\"width\":100},\"8\":{\"width\":103},\"9\":{\"width\":19},\"10\":{\"width\":146},\"11\":{\"width\":85},\"len\":50},\"merges\":[\"H3:I3\",\"B3:D3\",\"A2:I2\",\"D6:F6\",\"D7:F7\",\"A8:B8\",\"G8:H8\",\"A9:B9\",\"A10:B10\",\"C10:E10\",\"C8:E8\",\"C9:E9\",\"A11:B11\",\"C11:E11\",\"F11:G11\",\"H11:I11\",\"C12:I14\",\"A15:B15\",\"C15:E15\",\"F15:G15\",\"H15:I15\",\"A16:B16\",\"A17:B17\",\"A18:B18\",\"C17:I17\",\"C18:I18\",\"A20:E20\",\"A21:B21\",\"C21:D21\",\"E21:F21\",\"G21:H21\",\"A22:B22\",\"A24:E24\",\"A25:B25\",\"C25:D25\",\"G25:H25\",\"A26:B26\",\"A28:E28\",\"A29:B29\",\"C29:D29\",\"A30:B30\",\"A32:B32\",\"A33:B33\",\"C33:D33\",\"A34:B34\",\"C34:D34\",\"A36:C36\",\"C16:D16\",\"F16:G16\",\"QAAAAAACI1:JAAAAAABJ38\",\"A1:I1\",\"H4:I4\",\"G9:I9\",\"G22:H22\",\"E22:F22\",\"C22:D22\",\"C26:D26\",\"G26:H26\",\"C30:D30\",\"G30:H30\",\"E30:F30\",\"D37:F37\",\"D38:F38\",\"A38:C38\",\"A37:C37\",\"G37:I37\",\"G38:I38\",\"E29:F29\",\"G29:H29\",\"E25:F25\",\"E26:F26\",\"F33:G33\",\"F34:G34\",\"A12:B14\",\"I5:I8\"],\"imgList\":[{\"row\":4,\"col\":8,\"width\":\"101\",\"height\":\"128\",\"src\":\"https://jimureport.oss-cn-beijing.aliyuncs.com/designreport/images/QQ截图20210115102648_1610694177544_1617244906979.png\",\"layer_id\":\"cvkWDQVZhfJPgcS4\",\"offsetX\":0,\"offsetY\":0,\"virtualCellRange\":[[4,8]]}]}', NULL, 'https://static.jeecg.com/designreport/images/1122_1607312336469.png', 'admin', '2020-10-10 16:32:53', 'admin', '2021-04-01 02:42:07', 0, NULL, NULL, 1, 609, NULL, NULL, NULL, NULL, 0, NULL);
INSERT INTO `jimu_report` VALUES ('1316944968992034816', '20201016113231', '员工信息登记', NULL, NULL, '984302991393210368', '{\"loopBlockList\":[],\"area\":false,\"printElWidth\":718,\"excel_config_id\":\"1316944968992034816\",\"printElHeight\":1047,\"rows\":{\"1\":{\"cells\":{\"0\":{\"text\":\"员工信息登记表\",\"merge\":[0,6],\"style\":28},\"1\":{\"style\":21,\"text\":\" \"},\"2\":{\"style\":21,\"text\":\" \"},\"3\":{\"style\":21,\"text\":\" \"},\"4\":{\"style\":21,\"text\":\" \"},\"5\":{\"style\":21,\"text\":\" \"},\"6\":{\"style\":21,\"text\":\" \"}},\"height\":46},\"2\":{\"cells\":{\"0\":{\"text\":\"编号:\",\"style\":29},\"1\":{\"text\":\"${employee.num}\",\"style\":30,\"merge\":[0,3]},\"2\":{\"text\":\" \",\"style\":24},\"3\":{\"text\":\" \",\"style\":24},\"4\":{\"text\":\" \",\"style\":24},\"5\":{\"text\":\"填写日期:\",\"style\":29},\"6\":{\"text\":\"${employee.create_time}\",\"style\":36}},\"isDrag\":true,\"height\":44},\"3\":{\"cells\":{\"0\":{\"text\":\"姓名:\",\"style\":29},\"1\":{\"text\":\"${employee.name}\",\"style\":30},\"2\":{\"text\":\"性别:\",\"style\":29},\"3\":{\"text\":\"${employee.sex}\",\"style\":30},\"4\":{\"text\":\"出生年月:\",\"style\":29},\"5\":{\"text\":\"${employee.birthday}\",\"style\":36},\"6\":{\"style\":3,\"text\":\" \",\"merge\":[4,0],\"virtual\":\"Ym8ny6lYTdutY5tT\"}},\"isDrag\":true,\"height\":42},\"4\":{\"cells\":{\"0\":{\"text\":\"民族:\",\"style\":29},\"1\":{\"text\":\"${employee.nation}\",\"style\":30},\"2\":{\"text\":\"政治面貌:\",\"style\":29},\"3\":{\"text\":\"${employee.political}\",\"style\":30},\"4\":{\"text\":\"籍贯:\",\"style\":29},\"5\":{\"text\":\"${employee.native_place}\",\"style\":30}},\"isDrag\":true,\"height\":38},\"5\":{\"cells\":{\"0\":{\"text\":\"身高(cm):\",\"style\":29},\"1\":{\"text\":\"${employee.height}\",\"style\":30},\"2\":{\"text\":\"体重(kg):\",\"style\":29},\"3\":{\"text\":\"${employee.weight}\",\"style\":30},\"4\":{\"text\":\"健康状况:\",\"style\":29},\"5\":{\"text\":\"${employee.health}\",\"style\":30}},\"isDrag\":true,\"height\":38},\"6\":{\"cells\":{\"0\":{\"text\":\"身份证号:\",\"style\":29},\"1\":{\"text\":\"${employee.id_card}\",\"style\":30,\"merge\":[0,2]},\"2\":{\"text\":\" \",\"style\":24},\"3\":{\"text\":\" \",\"style\":24},\"4\":{\"text\":\"学历:\",\"style\":29},\"5\":{\"text\":\"${employee.education}\",\"style\":30}},\"isDrag\":true,\"height\":40},\"7\":{\"cells\":{\"0\":{\"text\":\"毕业学校:\",\"style\":29},\"1\":{\"text\":\"${employee.school}\",\"style\":30,\"merge\":[0,2]},\"2\":{\"text\":\" \",\"style\":24},\"3\":{\"text\":\" \",\"style\":24},\"4\":{\"text\":\"专业:\",\"style\":29},\"5\":{\"text\":\"${employee.major}\",\"style\":30}},\"isDrag\":true,\"height\":44},\"8\":{\"cells\":{\"0\":{\"text\":\"联系地址:\",\"style\":29},\"1\":{\"text\":\"${employee.address}\",\"style\":30,\"merge\":[0,2]},\"2\":{\"text\":\" \",\"style\":24},\"3\":{\"text\":\" \",\"style\":24},\"4\":{\"text\":\"邮编:\",\"style\":29},\"5\":{\"text\":\"${employee.zip_code}\",\"style\":30,\"merge\":[0,1]},\"6\":{\"text\":\" \",\"style\":24}},\"isDrag\":true,\"height\":45},\"9\":{\"cells\":{\"0\":{\"text\":\"Email:\",\"style\":29},\"1\":{\"text\":\"${employee.email}\",\"style\":30,\"merge\":[0,2]},\"2\":{\"text\":\" \",\"style\":24},\"3\":{\"text\":\" \",\"style\":24},\"4\":{\"text\":\"手机号:\",\"style\":29},\"5\":{\"text\":\"${employee.phone}\",\"style\":30,\"merge\":[0,1]},\"6\":{\"text\":\" \",\"style\":24}},\"isDrag\":true,\"height\":40},\"10\":{\"cells\":{\"0\":{\"text\":\"外语语种:\",\"style\":29},\"1\":{\"text\":\"${employee.foreign_language}\",\"style\":30},\"2\":{\"text\":\"外语水平:\",\"style\":29},\"3\":{\"text\":\"${employee.foreign_language_level}\",\"style\":30},\"4\":{\"text\":\"计算机水平:\",\"style\":29},\"5\":{\"text\":\"${employee.computer_level}\",\"style\":30,\"merge\":[0,1]},\"6\":{\"text\":\" \",\"style\":24}},\"isDrag\":true,\"height\":41},\"11\":{\"cells\":{\"0\":{\"text\":\"毕业时间:\",\"style\":29},\"1\":{\"text\":\"${employee.graduation_time}\",\"style\":34},\"2\":{\"text\":\"到职时间:\",\"style\":29},\"3\":{\"text\":\"${employee.arrival_time}\",\"style\":34},\"4\":{\"text\":\"职称:\",\"style\":29},\"5\":{\"text\":\"${employee.positional_titles}\",\"style\":30,\"merge\":[0,1]},\"6\":{\"text\":\" \",\"style\":24}},\"isDrag\":true,\"height\":42},\"12\":{\"cells\":{\"0\":{\"text\":\"教育经历:\",\"style\":32},\"1\":{\"text\":\"\",\"style\":35,\"merge\":[0,5]},\"2\":{\"text\":\" \",\"style\":40},\"3\":{\"text\":\" \",\"style\":40},\"4\":{\"text\":\" \",\"style\":40},\"5\":{\"text\":\" \",\"style\":40},\"6\":{\"text\":\" \",\"style\":40}},\"isDrag\":true,\"height\":39},\"13\":{\"cells\":{\"0\":{\"text\":\"${employee.education_experience}\",\"style\":33,\"merge\":[0,6]},\"1\":{\"style\":27,\"text\":\" \"},\"2\":{\"style\":27,\"text\":\" \"},\"3\":{\"style\":27,\"text\":\" \"},\"4\":{\"style\":27,\"text\":\" \"},\"5\":{\"style\":27,\"text\":\" \"},\"6\":{\"style\":27,\"text\":\" \"}},\"isDrag\":true,\"height\":70},\"14\":{\"cells\":{\"0\":{\"text\":\"工作经历:\",\"style\":32},\"1\":{\"merge\":[0,5],\"style\":30,\"text\":\" \"},\"2\":{\"text\":\" \",\"style\":24},\"3\":{\"text\":\" \",\"style\":24},\"4\":{\"text\":\" \",\"style\":24},\"5\":{\"text\":\" \",\"style\":24},\"6\":{\"text\":\" \",\"style\":24}},\"height\":43},\"15\":{\"cells\":{\"0\":{\"text\":\"${employee.work_experience}\",\"style\":30,\"merge\":[0,6]},\"1\":{\"text\":\" \",\"style\":24},\"2\":{\"text\":\" \",\"style\":24},\"3\":{\"text\":\" \",\"style\":24},\"4\":{\"text\":\" \",\"style\":24},\"5\":{\"text\":\" \",\"style\":24},\"6\":{\"text\":\" \",\"style\":24}},\"isDrag\":true,\"height\":61},\"17\":{\"cells\":{\"1\":{\"text\":\"\",\"style\":37}}},\"len\":100},\"dbexps\":[],\"toolPrintSizeObj\":{\"printType\":\"A4\",\"widthPx\":718,\"heightPx\":1047},\"dicts\":[\"sex1\"],\"freeze\":\"A1\",\"dataRectWidth\":712,\"background\":false,\"name\":\"sheet1\",\"autofilter\":{},\"styles\":[{\"align\":\"center\"},{\"align\":\"center\",\"font\":{\"bold\":true}},{\"align\":\"center\",\"font\":{\"bold\":true,\"size\":16}},{\"border\":{\"bottom\":[\"thin\",\"#000\"],\"top\":[\"thin\",\"#000\"],\"left\":[\"thin\",\"#000\"],\"right\":[\"thin\",\"#000\"]}},{\"border\":{\"bottom\":[\"thin\",\"#000\"],\"top\":[\"thin\",\"#000\"],\"left\":[\"thin\",\"#000\"],\"right\":[\"thin\",\"#000\"]},\"font\":{\"bold\":true}},{\"font\":{\"bold\":true}},{\"align\":\"center\",\"font\":{\"bold\":true,\"size\":16},\"border\":{\"bottom\":[\"thin\",\"#000\"],\"top\":[\"thin\",\"#000\"],\"left\":[\"thin\",\"#000\"],\"right\":[\"thin\",\"#000\"]}},{\"border\":{\"bottom\":[\"thin\",\"#000\"],\"top\":[\"thin\",\"#000\"],\"left\":[\"thin\",\"#000\"],\"right\":[\"thin\",\"#000\"]},\"font\":{\"bold\":false}},{\"font\":{\"bold\":false}},{\"border\":{\"bottom\":[\"thin\",\"#000\"],\"top\":[\"thin\",\"#000\"],\"left\":[\"thin\",\"#000\"],\"right\":[\"thin\",\"#000\"]},\"font\":{\"bold\":true},\"align\":\"right\"},{\"align\":\"center\",\"font\":{\"bold\":true,\"size\":16},\"border\":{\"bottom\":[\"thin\",\"#a5a5a5\"],\"top\":[\"thin\",\"#a5a5a5\"],\"left\":[\"thin\",\"#a5a5a5\"],\"right\":[\"thin\",\"#a5a5a5\"]}},{\"border\":{\"bottom\":[\"thin\",\"#a5a5a5\"],\"top\":[\"thin\",\"#a5a5a5\"],\"left\":[\"thin\",\"#a5a5a5\"],\"right\":[\"thin\",\"#a5a5a5\"]},\"font\":{\"bold\":true},\"align\":\"right\"},{\"border\":{\"bottom\":[\"thin\",\"#a5a5a5\"],\"top\":[\"thin\",\"#a5a5a5\"],\"left\":[\"thin\",\"#a5a5a5\"],\"right\":[\"thin\",\"#a5a5a5\"]}},{\"border\":{\"bottom\":[\"thin\",\"#a5a5a5\"],\"top\":[\"thin\",\"#a5a5a5\"],\"left\":[\"thin\",\"#a5a5a5\"],\"right\":[\"thin\",\"#a5a5a5\"]},\"font\":{\"bold\":true}},{\"border\":{\"bottom\":[\"thin\",\"#a5a5a5\"],\"top\":[\"thin\",\"#a5a5a5\"],\"left\":[\"thin\",\"#a5a5a5\"],\"right\":[\"thin\",\"#a5a5a5\"]},\"font\":{\"bold\":false}},{\"align\":\"center\",\"font\":{\"bold\":true,\"size\":16},\"border\":{\"bottom\":[\"thin\",\"#262626\"],\"top\":[\"thin\",\"#262626\"],\"left\":[\"thin\",\"#262626\"],\"right\":[\"thin\",\"#262626\"]}},{\"border\":{\"bottom\":[\"thin\",\"#262626\"],\"top\":[\"thin\",\"#262626\"],\"left\":[\"thin\",\"#262626\"],\"right\":[\"thin\",\"#262626\"]},\"font\":{\"bold\":true},\"align\":\"right\"},{\"border\":{\"bottom\":[\"thin\",\"#262626\"],\"top\":[\"thin\",\"#262626\"],\"left\":[\"thin\",\"#262626\"],\"right\":[\"thin\",\"#262626\"]}},{\"border\":{\"bottom\":[\"thin\",\"#262626\"],\"top\":[\"thin\",\"#262626\"],\"left\":[\"thin\",\"#262626\"],\"right\":[\"thin\",\"#262626\"]},\"font\":{\"bold\":true}},{\"border\":{\"bottom\":[\"thin\",\"#262626\"],\"top\":[\"thin\",\"#262626\"],\"left\":[\"thin\",\"#262626\"],\"right\":[\"thin\",\"#262626\"]},\"font\":{\"bold\":false}},{\"align\":\"center\",\"font\":{\"bold\":true,\"size\":16,\"name\":\"宋体\"},\"border\":{\"bottom\":[\"thin\",\"#262626\"],\"top\":[\"thin\",\"#262626\"],\"left\":[\"thin\",\"#262626\"],\"right\":[\"thin\",\"#262626\"]}},{\"align\":\"center\",\"font\":{\"bold\":true,\"size\":16,\"name\":\"宋体\"}},{\"border\":{\"bottom\":[\"thin\",\"#262626\"],\"top\":[\"thin\",\"#262626\"],\"left\":[\"thin\",\"#262626\"],\"right\":[\"thin\",\"#262626\"]},\"font\":{\"bold\":true,\"name\":\"宋体\"},\"align\":\"right\"},{\"border\":{\"bottom\":[\"thin\",\"#262626\"],\"top\":[\"thin\",\"#262626\"],\"left\":[\"thin\",\"#262626\"],\"right\":[\"thin\",\"#262626\"]},\"font\":{\"name\":\"宋体\"}},{\"font\":{\"name\":\"宋体\"}},{\"border\":{\"bottom\":[\"thin\",\"#262626\"],\"top\":[\"thin\",\"#262626\"],\"left\":[\"thin\",\"#262626\"],\"right\":[\"thin\",\"#262626\"]},\"font\":{\"bold\":true,\"name\":\"宋体\"}},{\"border\":{\"bottom\":[\"thin\",\"#262626\"],\"top\":[\"thin\",\"#262626\"],\"left\":[\"thin\",\"#262626\"],\"right\":[\"thin\",\"#262626\"]},\"font\":{\"bold\":false,\"name\":\"宋体\"}},{\"font\":{\"bold\":false,\"name\":\"宋体\"}},{\"align\":\"center\",\"font\":{\"bold\":true,\"size\":16,\"name\":\"宋体\"},\"border\":{\"bottom\":[\"thin\",\"#000100\"],\"top\":[\"thin\",\"#000100\"],\"left\":[\"thin\",\"#000100\"],\"right\":[\"thin\",\"#000100\"]}},{\"border\":{\"bottom\":[\"thin\",\"#000100\"],\"top\":[\"thin\",\"#000100\"],\"left\":[\"thin\",\"#000100\"],\"right\":[\"thin\",\"#000100\"]},\"font\":{\"bold\":true,\"name\":\"宋体\"},\"align\":\"right\"},{\"border\":{\"bottom\":[\"thin\",\"#000100\"],\"top\":[\"thin\",\"#000100\"],\"left\":[\"thin\",\"#000100\"],\"right\":[\"thin\",\"#000100\"]},\"font\":{\"name\":\"宋体\"}},{\"border\":{\"bottom\":[\"thin\",\"#000100\"],\"top\":[\"thin\",\"#000100\"],\"left\":[\"thin\",\"#000100\"],\"right\":[\"thin\",\"#000100\"]}},{\"border\":{\"bottom\":[\"thin\",\"#000100\"],\"top\":[\"thin\",\"#000100\"],\"left\":[\"thin\",\"#000100\"],\"right\":[\"thin\",\"#000100\"]},\"font\":{\"bold\":true,\"name\":\"宋体\"}},{\"border\":{\"bottom\":[\"thin\",\"#000100\"],\"top\":[\"thin\",\"#000100\"],\"left\":[\"thin\",\"#000100\"],\"right\":[\"thin\",\"#000100\"]},\"font\":{\"bold\":false,\"name\":\"宋体\"}},{\"border\":{\"bottom\":[\"thin\",\"#000100\"],\"top\":[\"thin\",\"#000100\"],\"left\":[\"thin\",\"#000100\"],\"right\":[\"thin\",\"#000100\"]},\"font\":{\"name\":\"宋体\"},\"format\":\"date2\"},{\"border\":{\"bottom\":[\"thin\",\"#000100\"],\"top\":[\"thin\",\"#000100\"],\"left\":[\"thin\",\"#000100\"],\"right\":[\"thin\",\"#000100\"]},\"font\":{\"name\":\"宋体\"},\"format\":\"normal\"},{\"border\":{\"bottom\":[\"thin\",\"#000100\"],\"top\":[\"thin\",\"#000100\"],\"left\":[\"thin\",\"#000100\"],\"right\":[\"thin\",\"#000100\"]},\"font\":{\"name\":\"宋体\"},\"format\":\"date\"},{\"format\":\"date2\"},{\"font\":{\"name\":\"宋体\"},\"format\":\"date2\"},{\"border\":{\"bottom\":[\"thin\",\"#000100\"],\"top\":[\"thin\",\"#000100\"],\"left\":[\"thin\",\"#000100\"],\"right\":[\"thin\",\"#000100\"]},\"font\":{\"name\":\"宋体\"},\"format\":\"time\"},{\"font\":{\"name\":\"宋体\"},\"format\":\"normal\"}],\"validations\":[],\"cols\":{\"0\":{\"width\":79},\"1\":{\"width\":92},\"2\":{\"width\":76},\"3\":{\"width\":106},\"5\":{\"width\":123},\"6\":{\"width\":136},\"len\":50},\"merges\":[\"A2:G2\",\"B3:E3\",\"B7:D7\",\"B8:D8\",\"B9:D9\",\"B10:D10\",\"F9:G9\",\"F10:G10\",\"F11:G11\",\"F12:G12\",\"B13:G13\",\"A14:G14\",\"B15:G15\",\"A16:G16\",\"G4:G8\"],\"imgList\":[{\"row\":3,\"col\":6,\"width\":\"135\",\"height\":\"192\",\"src\":\"https://static.jeecg.com/designreport/images/QQ截图20210108095848_1610071294294.png\",\"layer_id\":\"Ym8ny6lYTdutY5tT\",\"offsetX\":0,\"offsetY\":0,\"virtualCellRange\":[[3,6]]}]}', NULL, 'https://static.jeecg.com/designreport/images/1133_1607312428261.png', 'admin', '2020-10-16 11:32:32', 'admin', '2021-02-03 13:59:35', 0, NULL, NULL, 1, 1413, NULL, NULL, NULL, NULL, 0, NULL);
INSERT INTO `jimu_report` VALUES ('1331503965770223616', '20201125155042', '房屋销售综合展示大屏', NULL, NULL, '984302961118724096', '{\"loopBlockList\":[],\"chartList\":[{\"row\":1,\"col\":1,\"width\":\"338\",\"height\":\"378\",\"config\":\"{\\\"yAxis\\\":{\\\"axisLabel\\\":{\\\"rotate\\\":0,\\\"interval\\\":0,\\\"textStyle\\\":{\\\"color\\\":\\\"#FFFFFF\\\",\\\"fontSize\\\":\\\"10\\\"}},\\\"data\\\":[\\\"缤纷南郡\\\",\\\"中航华府\\\",\\\"3中家属楼\\\",\\\"幸福家园\\\",\\\"水晶国际\\\",\\\"绿城小区\\\",\\\"缤纷南郡二期\\\",\\\"国奥家园\\\",\\\"西西胡同\\\",\\\"融创学府\\\",\\\"蓝湾国际\\\",\\\"广发小区\\\"],\\\"axisLine\\\":{\\\"lineStyle\\\":{\\\"color\\\":\\\"#FFFFFF\\\"}},\\\"show\\\":true,\\\"splitLine\\\":{\\\"lineStyle\\\":{\\\"color\\\":\\\"red\\\",\\\"width\\\":1,\\\"type\\\":\\\"solid\\\"},\\\"show\\\":false},\\\"type\\\":\\\"category\\\"},\\\"xAxis\\\":{\\\"axisLabel\\\":{\\\"textStyle\\\":{\\\"color\\\":\\\"#FFFFFF\\\",\\\"fontSize\\\":\\\"10\\\"}},\\\"axisLine\\\":{\\\"lineStyle\\\":{\\\"color\\\":\\\"#FFFFFF\\\"}},\\\"show\\\":true,\\\"splitLine\\\":{\\\"lineStyle\\\":{\\\"color\\\":\\\"red\\\",\\\"width\\\":1,\\\"type\\\":\\\"solid\\\"},\\\"show\\\":false},\\\"type \\\":\\\"value\\\"},\\\"legend\\\":{\\\"padding\\\":[25,20,25,10],\\\"data\\\":[\\\"房子\\\"],\\\"top\\\":\\\"top\\\",\\\"orient\\\":\\\"horizontal\\\",\\\"left\\\":\\\"center\\\",\\\"show\\\":false,\\\"textStyle\\\":{\\\"color\\\":\\\"#333\\\",\\\"fontSize\\\":12}},\\\"grid\\\":{\\\"top\\\":60,\\\"left\\\":71,\\\"bottom\\\":39,\\\"right\\\":29},\\\"series\\\":[{\\\"barWidth\\\":13,\\\"data\\\":[2,2,2,3,4,3,3,5,2,7,4,8],\\\"name\\\":\\\"房子\\\",\\\"itemStyle\\\":{\\\"color\\\":\\\"#67994B\\\",\\\"barBorderRadius\\\":7},\\\"label\\\":{\\\"show\\\":false,\\\"position\\\":\\\"top\\\",\\\"textStyle\\\":{\\\"color\\\":\\\"black\\\",\\\"fontSize\\\":16,\\\"fontWeight\\\":\\\"bolder\\\"}},\\\"type\\\":\\\"bar\\\",\\\"barMinHeight\\\":2,\\\"typeData\\\":[]}],\\\"tooltip\\\":{\\\"show\\\":true,\\\"axisPointer\\\":{\\\"type\\\":\\\"shadow\\\"},\\\"trigger\\\":\\\"axis\\\",\\\"textStyle\\\":{\\\"color\\\":\\\"#fff\\\",\\\"fontSize\\\":\\\"10\\\"}},\\\"title\\\":{\\\"padding\\\":[5,20,5,20],\\\"left\\\":\\\"left\\\",\\\"show\\\":true,\\\"text\\\":\\\"各楼盘成交量排名\\\",\\\"textStyle\\\":{\\\"color\\\":\\\"#FFFFFF\\\",\\\"fontSize\\\":\\\"14\\\",\\\"fontWeight\\\":\\\"normal\\\"},\\\"top\\\":10},\\\"backgroundColor\\\":{\\\"src\\\":\\\"https://jimureport.oss-cn-beijing.aliyuncs.com/designreport/images/bg1_1606961907450_1617248229528.png\\\"}}\",\"url\":\"\",\"extData\":{\"dataType\":\"api\",\"apiStatus\":\"1\",\"dataId\":\"1331511745851731969\",\"axisX\":\"name\",\"axisY\":\"value\",\"series\":\"type\",\"yText\":\"\",\"xText\":\"\",\"dbCode\":\"chengjiao\",\"chartType\":\"bar.multi.horizontal\",\"isTiming\":true,\"intervalTime\":\"5\"},\"layer_id\":\"5ggWQtDUvSopC4iL\",\"offsetX\":0,\"offsetY\":0,\"virtualCellRange\":[[1,1],[1,2],[1,3]]},{\"row\":1,\"col\":12,\"width\":\"327\",\"height\":\"152\",\"config\":\"{\\\"yAxis\\\":{\\\"axisLabel\\\":{\\\"textStyle\\\":{\\\"color\\\":\\\"#FFFFFF\\\",\\\"fontSize\\\":12}},\\\"axisLine\\\":{\\\"lineStyle\\\":{\\\"color\\\":\\\"#FFFFFF\\\"}},\\\"show\\\":true,\\\"name\\\":\\\"\\\",\\\"splitLine\\\":{\\\"lineStyle\\\":{\\\"color\\\":\\\"red\\\",\\\"width\\\":1,\\\"type\\\":\\\"solid\\\"},\\\"show\\\":false}},\\\"xAxis\\\":{\\\"axisLabel\\\":{\\\"rotate\\\":34,\\\"interval\\\":0,\\\"textStyle\\\":{\\\"color\\\":\\\"#FFFFFF\\\",\\\"fontSize\\\":\\\"10\\\"}},\\\"data\\\":[\\\"高层\\\",\\\"小高层\\\",\\\"写字楼\\\",\\\"厂房\\\",\\\"公寓\\\",\\\"别墅\\\",\\\"厂房\\\",\\\"四合院\\\",\\\"loft\\\"],\\\"axisLine\\\":{\\\"lineStyle\\\":{\\\"color\\\":\\\"#FFFFFF\\\"}},\\\"show\\\":true,\\\"name\\\":\\\"\\\",\\\"splitLine\\\":{\\\"lineStyle\\\":{\\\"color\\\":\\\"red\\\",\\\"width\\\":1,\\\"type\\\":\\\"solid\\\"},\\\"show\\\":false}},\\\"grid\\\":{\\\"top\\\":50,\\\"left\\\":30,\\\"bottom\\\":44,\\\"right\\\":24},\\\"series\\\":[{\\\"areaStyle\\\":null,\\\"data\\\":[20,25,10,5,9,1,5,1,20],\\\"showSymbol\\\":true,\\\"lineStyle\\\":{\\\"width\\\":2},\\\"symbolSize\\\":5,\\\"isArea\\\":false,\\\"name\\\":\\\"销量\\\",\\\"itemStyle\\\":{\\\"color\\\":\\\"#D04672\\\"},\\\"step\\\":false,\\\"label\\\":{\\\"show\\\":false,\\\"position\\\":\\\"top\\\",\\\"textStyle\\\":{\\\"color\\\":\\\"black\\\",\\\"fontSize\\\":16,\\\"fontWeight\\\":\\\"bolder\\\"}},\\\"type\\\":\\\"line\\\",\\\"smooth\\\":true}],\\\"tooltip\\\":{\\\"formatter\\\":\\\"{b} : {c}\\\",\\\"show\\\":true,\\\"textStyle\\\":{\\\"color\\\":\\\"#fff\\\",\\\"fontSize\\\":\\\"10\\\"}},\\\"title\\\":{\\\"show\\\":true,\\\"top\\\":10,\\\"text\\\":\\\"房形分析\\\",\\\"textStyle\\\":{\\\"color\\\":\\\"#FFFFFF\\\",\\\"fontWeight\\\":\\\"normal\\\",\\\"fontSize\\\":\\\"14\\\"},\\\"left\\\":\\\"left\\\",\\\"padding\\\":[5,20,5,10]},\\\"backgroundColor\\\":{\\\"src\\\":\\\"https://static.jeecg.com/designreport/images/bg1_1607938818911.png\\\"}}\",\"url\":\"\",\"extData\":{\"dataType\":\"api\",\"apiStatus\":\"1\",\"dataId\":\"1331922734933987329\",\"axisX\":\"name\",\"axisY\":\"value\",\"series\":\"type\",\"yText\":\"\",\"xText\":\"\",\"dbCode\":\"fangyuan\",\"chartType\":\"line.smooth\",\"isTiming\":true,\"intervalTime\":\"5\"},\"layer_id\":\"nk6I2RCefm9scS1k\",\"offsetX\":0,\"offsetY\":0,\"virtualCellRange\":[[1,12],[1,13],[1,14],[1,15]]},{\"row\":7,\"col\":12,\"width\":\"324\",\"height\":\"215\",\"config\":\"{\\\"legend\\\":{\\\"padding\\\":[25,20,25,10],\\\"data\\\":[\\\"1室\\\",\\\"2室\\\",\\\"3室\\\",\\\"4室\\\",\\\"5室\\\"],\\\"top\\\":\\\"bottom\\\",\\\"orient\\\":\\\"vertical\\\",\\\"left\\\":\\\"right\\\",\\\"show\\\":true,\\\"textStyle\\\":{\\\"color\\\":\\\"#FFFFFF\\\",\\\"fontSize\\\":\\\"10\\\"}},\\\"series\\\":[{\\\"isRose\\\":false,\\\"data\\\":[{\\\"name\\\":\\\"1室\\\",\\\"value\\\":10,\\\"itemStyle\\\":{\\\"color\\\":\\\"rgba(53,165,180,1)\\\"}},{\\\"name\\\":\\\"2室\\\",\\\"value\\\":30,\\\"itemStyle\\\":{\\\"color\\\":\\\"rgba(60,140,198,1)\\\"}},{\\\"name\\\":\\\"3室\\\",\\\"value\\\":20,\\\"itemStyle\\\":{\\\"color\\\":\\\"rgba(93,144,81,1)\\\"}},{\\\"name\\\":\\\"4室\\\",\\\"value\\\":5,\\\"itemStyle\\\":{\\\"color\\\":\\\"rgba(191,146,68,1)\\\"}},{\\\"name\\\":\\\"5室\\\",\\\"value\\\":3,\\\"itemStyle\\\":{\\\"color\\\":\\\"rgba(188,69,117,1)\\\"}}],\\\"isRadius\\\":true,\\\"roseType\\\":\\\"\\\",\\\"notCount\\\":false,\\\"center\\\":[\\\"160\\\",\\\"120\\\"],\\\"name\\\":\\\"访问来源\\\",\\\"minAngle\\\":0,\\\"label\\\":{\\\"show\\\":false,\\\"position\\\":\\\"outside\\\",\\\"textStyle\\\":{\\\"color\\\":\\\"\\\",\\\"fontSize\\\":\\\"8\\\",\\\"fontWeight\\\":\\\"bolder\\\"}},\\\"type\\\":\\\"pie\\\",\\\"radius\\\":[\\\"40%\\\",\\\"50%\\\"],\\\"autoSort\\\":false}],\\\"tooltip\\\":{\\\"formatter\\\":\\\"{b} : {c}\\\",\\\"show\\\":true,\\\"textStyle\\\":{\\\"color\\\":\\\"#fff\\\",\\\"fontSize\\\":\\\"10\\\"}},\\\"title\\\":{\\\"show\\\":true,\\\"top\\\":10,\\\"text\\\":\\\"不同户型销售\\\",\\\"textStyle\\\":{\\\"color\\\":\\\"#FFFFFF\\\",\\\"fontWeight\\\":\\\"normal\\\",\\\"fontSize\\\":\\\"14\\\"},\\\"left\\\":\\\"left\\\",\\\"padding\\\":[5,20,5,10]},\\\"backgroundColor\\\":{\\\"src\\\":\\\"https://static.jeecg.com/designreport/images/bg1_1608536502813.png\\\"}}\",\"url\":\"\",\"extData\":{\"dataType\":\"api\",\"apiStatus\":\"1\",\"dataId\":\"1331919172472524801\",\"axisX\":\"name\",\"axisY\":\"value\",\"series\":\"type\",\"yText\":\"\",\"xText\":\"\",\"dbCode\":\"huxingxiaoshou\",\"chartType\":\"pie.doughnut\",\"isTiming\":true,\"intervalTime\":\"5\",\"id\":\"MCJP8uqwe57YoCvF\"},\"layer_id\":\"MCJP8uqwe57YoCvF\",\"offsetX\":0,\"offsetY\":0,\"virtualCellRange\":[[7,12],[7,13],[7,14],[7,15]]},{\"row\":7,\"col\":4,\"width\":\"662\",\"height\":\"222\",\"config\":\"{\\\"yAxis\\\":{\\\"axisLabel\\\":{\\\"textStyle\\\":{\\\"color\\\":\\\"#FFFFFF\\\",\\\"fontSize\\\":\\\"10\\\"}},\\\"axisLine\\\":{\\\"lineStyle\\\":{\\\"color\\\":\\\"#FFFFFF\\\"}},\\\"show\\\":true,\\\"splitLine\\\":{\\\"lineStyle\\\":{\\\"color\\\":\\\"red\\\",\\\"width\\\":1,\\\"type\\\":\\\"solid\\\"},\\\"show\\\":false},\\\"type \\\":\\\"value\\\"},\\\"xAxis\\\":{\\\"axisLabel\\\":{\\\"rotate\\\":0,\\\"interval\\\":0,\\\"textStyle\\\":{\\\"color\\\":\\\"#FFFFFF\\\",\\\"fontSize\\\":\\\"10\\\"}},\\\"data\\\":[\\\"1月\\\",\\\"2月\\\",\\\"3月\\\",\\\"4月\\\",\\\"5月\\\",\\\"6月\\\",\\\"7月\\\",\\\"8月\\\",\\\"9月\\\",\\\"10月\\\",\\\"11月\\\",\\\"12月\\\"],\\\"axisLine\\\":{\\\"lineStyle\\\":{\\\"color\\\":\\\"#FFFFFF\\\"}},\\\"show\\\":true,\\\"splitLine\\\":{\\\"lineStyle\\\":{\\\"color\\\":\\\"#A98E8E\\\",\\\"width\\\":1,\\\"type\\\":\\\"solid\\\"},\\\"show\\\":false},\\\"type\\\":\\\"category\\\"},\\\"legend\\\":{\\\"padding\\\":[25,20,25,10],\\\"data\\\":[\\\"成交量\\\",\\\"成交价\\\"],\\\"top\\\":\\\"top\\\",\\\"orient\\\":\\\"vertical\\\",\\\"left\\\":\\\"center\\\",\\\"show\\\":false,\\\"textStyle\\\":{\\\"color\\\":\\\"#FBF8F8\\\",\\\"fontSize\\\":\\\"10\\\"}},\\\"grid\\\":{\\\"top\\\":58,\\\"left\\\":30,\\\"bottom\\\":43,\\\"right\\\":32},\\\"series\\\":[{\\\"barWidth\\\":15,\\\"stack\\\":\\\"1\\\",\\\"data\\\":[10,7,5,5,7,9,3,6,5,8,6,6],\\\"name\\\":\\\"成交量\\\",\\\"itemStyle\\\":{\\\"color\\\":\\\"#37A5B1\\\",\\\"barBorderRadius\\\":13},\\\"type\\\":\\\"bar\\\",\\\"barMinHeight\\\":7,\\\"typeData\\\":[{\\\"name\\\":\\\"成交量\\\",\\\"type\\\":\\\"\\\",\\\"_index\\\":0,\\\"_rowKey\\\":136,\\\"stack\\\":\\\"1\\\"},{\\\"name\\\":\\\"成交价\\\",\\\"type\\\":\\\"\\\",\\\"stack\\\":\\\"1\\\",\\\"_index\\\":1,\\\"_rowKey\\\":139}]},{\\\"barWidth\\\":15,\\\"stack\\\":\\\"1\\\",\\\"data\\\":[5,5,12,5,5,5,5,10,5,5,5,5],\\\"name\\\":\\\"成交价\\\",\\\"itemStyle\\\":{\\\"color\\\":\\\"#2E72A7\\\",\\\"barBorderRadius\\\":13},\\\"type\\\":\\\"bar\\\",\\\"barMinHeight\\\":7,\\\"typeData\\\":[{\\\"name\\\":\\\"成交量\\\",\\\"type\\\":\\\"\\\",\\\"_index\\\":0,\\\"_rowKey\\\":136,\\\"stack\\\":\\\"1\\\"},{\\\"name\\\":\\\"成交价\\\",\\\"type\\\":\\\"\\\",\\\"stack\\\":\\\"1\\\",\\\"_index\\\":1,\\\"_rowKey\\\":139}]}],\\\"tooltip\\\":{\\\"show\\\":true,\\\"axisPointer\\\":{\\\"type\\\":\\\"shadow\\\"},\\\"trigger\\\":\\\"axis\\\",\\\"textStyle\\\":{\\\"color\\\":\\\"#fff\\\",\\\"fontSize\\\":\\\"10\\\"}},\\\"title\\\":{\\\"padding\\\":[5,20,5,20],\\\"left\\\":\\\"left\\\",\\\"show\\\":true,\\\"text\\\":\\\"成交量和成交价趋势\\\",\\\"textStyle\\\":{\\\"color\\\":\\\"#FFFFFF\\\",\\\"fontSize\\\":\\\"14\\\",\\\"fontWeight\\\":\\\"normal\\\"},\\\"top\\\":10},\\\"backgroundColor\\\":{\\\"src\\\":\\\"https://static.jeecg.com/designreport/images/QQ截图20201207201434_1607343287788.png\\\"}}\",\"url\":\"\",\"extData\":{\"dataType\":\"api\",\"apiStatus\":\"1\",\"dataId\":\"1331872643531526146\",\"axisX\":\"name\",\"axisY\":\"value\",\"series\":\"type\",\"yText\":\"\",\"xText\":\"\",\"dbCode\":\"chengjiao1\",\"chartType\":\"bar.stack\",\"chartId\":\"\",\"isTiming\":true,\"intervalTime\":\"5\"},\"layer_id\":\"Nf6Xud4fZqEfvQw4\",\"offsetX\":0,\"offsetY\":0,\"virtualCellRange\":[[7,4],[7,5],[7,6],[7,7],[7,8],[7,9],[7,10],[7,11]]},{\"row\":16,\"col\":12,\"width\":\"326\",\"height\":\"200\",\"config\":\"{\\\"radar\\\":[{\\\"indicator\\\":[{\\\"name\\\":\\\"房产证\\\",\\\"max\\\":520},{\\\"name\\\":\\\"购房发票\\\",\\\"max\\\":310},{\\\"name\\\":\\\"购房合同\\\",\\\"max\\\":380},{\\\"name\\\":\\\"预售合同\\\",\\\"max\\\":450},{\\\"name\\\":\\\"抵押合同\\\",\\\"max\\\":600},{\\\"name\\\":\\\"预收合同\\\",\\\"max\\\":350}],\\\"shape\\\":\\\"polygon\\\",\\\"axisLine\\\":{\\\"lineStyle\\\":{\\\"color\\\":\\\"gray\\\",\\\"opacity\\\":0.5}},\\\"center\\\":[\\\"50%\\\",\\\"50%\\\"],\\\"name\\\":{\\\"formatter\\\":\\\"【{value}】\\\",\\\"textStyle\\\":{\\\"color\\\":\\\"#72ACD1\\\",\\\"fontSize\\\":\\\"10\\\"}},\\\"splitLine\\\":{\\\"lineStyle\\\":{\\\"color\\\":\\\"gray\\\",\\\"opacity\\\":0.5}}}],\\\"legend\\\":{\\\"padding\\\":[25,20,25,10],\\\"data\\\":[\\\"售后产权\\\",\\\"单位产权\\\",\\\"个人产权\\\"],\\\"top\\\":\\\"top\\\",\\\"orient\\\":\\\"horizontal\\\",\\\"left\\\":\\\"center\\\",\\\"show\\\":false,\\\"textStyle\\\":{\\\"color\\\":\\\"#333\\\",\\\"fontSize\\\":12}},\\\"series\\\":[{\\\"type\\\":\\\"radar\\\",\\\"data\\\":[{\\\"name\\\":\\\"售后产权\\\",\\\"value\\\":[43,100,280,350,500,250],\\\"areaStyle\\\":{\\\"color\\\":\\\"#3F9AFB\\\",\\\"opacity\\\":1},\\\"lineStyle\\\":{\\\"color\\\":\\\"#2D8CF0\\\"}},{\\\"name\\\":\\\"单位产权\\\",\\\"value\\\":[190,50,140,280,310,150],\\\"areaStyle\\\":{\\\"color\\\":\\\"#A6F65C\\\",\\\"opacity\\\":1},\\\"lineStyle\\\":{\\\"color\\\":\\\"#55FE4D\\\"}},{\\\"name\\\":\\\"个人产权\\\",\\\"value\\\":[420,210,160,0,120,130],\\\"areaStyle\\\":{\\\"color\\\":\\\"rgba(188,69,117,1)\\\",\\\"opacity\\\":1},\\\"lineStyle\\\":{\\\"color\\\":\\\"rgba(188,69,117,1)\\\"}}]}],\\\"tooltip\\\":{\\\"show\\\":true,\\\"textStyle\\\":{\\\"color\\\":\\\"#fff\\\",\\\"fontSize\\\":\\\"10\\\"}},\\\"title\\\":{\\\"show\\\":true,\\\"top\\\":10,\\\"text\\\":\\\"不同产权、证件成交量\\\",\\\"textStyle\\\":{\\\"color\\\":\\\"#ffffff\\\",\\\"fontWeight\\\":\\\"normal\\\",\\\"fontSize\\\":\\\"14\\\"},\\\"left\\\":\\\"left\\\",\\\"padding\\\":[5,20,5,20]},\\\"backgroundColor\\\":{\\\"src\\\":\\\"https://static.jeecg.com/designreport/images/bg1_1608274537110.png\\\"}}\",\"url\":\"\",\"extData\":{\"dataType\":\"api\",\"apiStatus\":\"1\",\"dataId\":\"1331916030221602818\",\"axisX\":\"name\",\"axisY\":\"value\",\"series\":\"type\",\"yText\":\"\",\"xText\":\"\",\"dbCode\":\"btchanquan\",\"chartType\":\"radar.basic\",\"isTiming\":true,\"intervalTime\":\"10\",\"id\":\"IWoBtyiRxjkEbkfD\"},\"layer_id\":\"IWoBtyiRxjkEbkfD\",\"offsetX\":0,\"offsetY\":0,\"virtualCellRange\":[[16,12],[16,13],[16,14],[16,15]]},{\"row\":16,\"col\":1,\"width\":\"337\",\"height\":\"205\",\"config\":\"{\\\"yAxis\\\":{\\\"axisLabel\\\":{\\\"rotate\\\":0,\\\"interval\\\":0,\\\"textStyle\\\":{\\\"color\\\":\\\"#FFFFFF\\\",\\\"fontSize\\\":\\\"10\\\"}},\\\"data\\\":[\\\"马小姐\\\",\\\"孙小姐\\\",\\\"王先生\\\",\\\"李先生\\\",\\\"赵小姐\\\"],\\\"axisLine\\\":{\\\"lineStyle\\\":{\\\"color\\\":\\\"#FFFFFF\\\"}},\\\"show\\\":true,\\\"splitLine\\\":{\\\"lineStyle\\\":{\\\"color\\\":\\\"red\\\",\\\"width\\\":1,\\\"type\\\":\\\"solid\\\"},\\\"show\\\":false},\\\"type\\\":\\\"category\\\"},\\\"xAxis\\\":{\\\"axisLabel\\\":{\\\"textStyle\\\":{\\\"color\\\":\\\"#FFFFFF\\\",\\\"fontSize\\\":\\\"10\\\"}},\\\"axisLine\\\":{\\\"lineStyle\\\":{\\\"color\\\":\\\"#FFFFFF\\\"}},\\\"show\\\":true,\\\"splitLine\\\":{\\\"lineStyle\\\":{\\\"color\\\":\\\"red\\\",\\\"width\\\":1,\\\"type\\\":\\\"solid\\\"},\\\"show\\\":false},\\\"type \\\":\\\"value\\\"},\\\"legend\\\":{\\\"padding\\\":[25,20,25,10],\\\"data\\\":[\\\"房子\\\"],\\\"top\\\":\\\"top\\\",\\\"orient\\\":\\\"horizontal\\\",\\\"left\\\":\\\"center\\\",\\\"show\\\":false,\\\"textStyle\\\":{\\\"color\\\":\\\"#333\\\",\\\"fontSize\\\":12}},\\\"grid\\\":{\\\"top\\\":55,\\\"left\\\":70,\\\"bottom\\\":40,\\\"right\\\":24},\\\"series\\\":[{\\\"barWidth\\\":13,\\\"data\\\":[20,15,12,10,7],\\\"name\\\":\\\"房子\\\",\\\"itemStyle\\\":{\\\"color\\\":\\\"#37A5B1\\\",\\\"barBorderRadius\\\":7},\\\"label\\\":{\\\"show\\\":false,\\\"position\\\":\\\"top\\\",\\\"textStyle\\\":{\\\"color\\\":\\\"black\\\",\\\"fontSize\\\":16,\\\"fontWeight\\\":\\\"bolder\\\"}},\\\"type\\\":\\\"bar\\\",\\\"barMinHeight\\\":2,\\\"typeData\\\":[]}],\\\"tooltip\\\":{\\\"show\\\":true,\\\"axisPointer\\\":{\\\"type\\\":\\\"shadow\\\"},\\\"trigger\\\":\\\"axis\\\",\\\"textStyle\\\":{\\\"color\\\":\\\"#fff\\\",\\\"fontSize\\\":\\\"10\\\"}},\\\"title\\\":{\\\"padding\\\":[5,20,5,20],\\\"left\\\":\\\"left\\\",\\\"show\\\":true,\\\"text\\\":\\\"销售量成交排行榜\\\",\\\"textStyle\\\":{\\\"color\\\":\\\"#FFFFFF\\\",\\\"fontSize\\\":\\\"14\\\",\\\"fontWeight\\\":\\\"normal\\\"},\\\"top\\\":10},\\\"backgroundColor\\\":{\\\"src\\\":\\\"https://static.jeecg.com/designreport/images/bg1_1606961907450.png\\\"}}\",\"url\":\"\",\"extData\":{\"dataType\":\"api\",\"apiStatus\":\"1\",\"dataId\":\"1331514838211407873\",\"axisX\":\"name\",\"axisY\":\"value\",\"series\":\"type\",\"yText\":\"\",\"xText\":\"\",\"dbCode\":\"cjpaihang\",\"chartType\":\"bar.multi.horizontal\",\"isTiming\":true,\"intervalTime\":\"5\"},\"layer_id\":\"Cror94F1kmbP71ip\",\"offsetX\":0,\"offsetY\":0,\"virtualCellRange\":[[16,1],[16,2],[16,3]]},{\"row\":16,\"col\":4,\"width\":\"334\",\"height\":\"206\",\"config\":\"{\\\"yAxis\\\":{\\\"axisLabel\\\":{\\\"rotate\\\":0,\\\"interval\\\":0,\\\"textStyle\\\":{\\\"color\\\":\\\"#FFFFFF\\\",\\\"fontSize\\\":\\\"10\\\"}},\\\"data\\\":[\\\"马小姐\\\",\\\"孙小姐\\\",\\\"王先生\\\",\\\"李先生\\\",\\\"赵小姐\\\"],\\\"axisLine\\\":{\\\"lineStyle\\\":{\\\"color\\\":\\\"#FFFFFF\\\"}},\\\"show\\\":true,\\\"splitLine\\\":{\\\"lineStyle\\\":{\\\"color\\\":\\\"red\\\",\\\"width\\\":1,\\\"type\\\":\\\"solid\\\"},\\\"show\\\":false},\\\"type\\\":\\\"category\\\"},\\\"xAxis\\\":{\\\"axisLabel\\\":{\\\"textStyle\\\":{\\\"color\\\":\\\"#FFFFFF\\\",\\\"fontSize\\\":\\\"10\\\"}},\\\"axisLine\\\":{\\\"lineStyle\\\":{\\\"color\\\":\\\"#FFFFFF\\\"}},\\\"show\\\":true,\\\"splitLine\\\":{\\\"lineStyle\\\":{\\\"color\\\":\\\"red\\\",\\\"width\\\":1,\\\"type\\\":\\\"solid\\\"},\\\"show\\\":false},\\\"type \\\":\\\"value\\\"},\\\"legend\\\":{\\\"padding\\\":[25,20,25,10],\\\"data\\\":[\\\"房子\\\"],\\\"top\\\":\\\"top\\\",\\\"orient\\\":\\\"horizontal\\\",\\\"left\\\":\\\"center\\\",\\\"show\\\":false,\\\"textStyle\\\":{\\\"color\\\":\\\"#333\\\",\\\"fontSize\\\":12}},\\\"grid\\\":{\\\"top\\\":55,\\\"left\\\":56,\\\"bottom\\\":38,\\\"right\\\":30},\\\"series\\\":[{\\\"barWidth\\\":13,\\\"data\\\":[20,15,12,10,7],\\\"name\\\":\\\"房子\\\",\\\"itemStyle\\\":{\\\"color\\\":\\\"#2E72A7\\\",\\\"barBorderRadius\\\":7},\\\"label\\\":{\\\"show\\\":false,\\\"position\\\":\\\"top\\\",\\\"textStyle\\\":{\\\"color\\\":\\\"black\\\",\\\"fontSize\\\":16,\\\"fontWeight\\\":\\\"bolder\\\"}},\\\"type\\\":\\\"bar\\\",\\\"barMinHeight\\\":2,\\\"typeData\\\":[]}],\\\"tooltip\\\":{\\\"show\\\":true,\\\"axisPointer\\\":{\\\"type\\\":\\\"shadow\\\"},\\\"trigger\\\":\\\"axis\\\",\\\"textStyle\\\":{\\\"color\\\":\\\"#fff\\\",\\\"fontSize\\\":\\\"10\\\"}},\\\"title\\\":{\\\"padding\\\":[5,20,5,20],\\\"left\\\":\\\"left\\\",\\\"show\\\":true,\\\"text\\\":\\\"销售员成交金额\\\",\\\"textStyle\\\":{\\\"color\\\":\\\"#FFFFFF\\\",\\\"fontSize\\\":\\\"14\\\",\\\"fontWeight\\\":\\\"normal\\\"},\\\"top\\\":10},\\\"backgroundColor\\\":{\\\"src\\\":\\\"https://static.jeecg.com/designreport/images/bg1_1606961918589.png\\\"}}\",\"url\":\"\",\"extData\":{\"dataType\":\"api\",\"apiStatus\":\"1\",\"dataId\":\"1331514838211407873\",\"axisX\":\"name\",\"axisY\":\"value\",\"series\":\"type\",\"yText\":\"\",\"xText\":\"\",\"dbCode\":\"cjpaihang\",\"chartType\":\"bar.multi.horizontal\",\"isTiming\":true,\"intervalTime\":\"5\",\"chartId\":\"\"},\"layer_id\":\"pBOwp0Q0g4iuJCVm\",\"offsetX\":0,\"offsetY\":0,\"virtualCellRange\":[[16,4],[16,5],[16,6],[16,7]]},{\"row\":16,\"col\":8,\"width\":\"324\",\"height\":\"206\",\"config\":\"{\\\"legend\\\":{\\\"padding\\\":[25,20,25,10],\\\"data\\\":[\\\"简装\\\",\\\"中装\\\",\\\"精装\\\",\\\"豪装\\\",\\\"毛坯\\\"],\\\"top\\\":\\\"bottom\\\",\\\"orient\\\":\\\"vertical\\\",\\\"left\\\":\\\"left\\\",\\\"show\\\":true,\\\"textStyle\\\":{\\\"color\\\":\\\"#FFFFFF\\\",\\\"fontSize\\\":\\\"10\\\"}},\\\"series\\\":[{\\\"isRose\\\":false,\\\"data\\\":[{\\\"name\\\":\\\"简装\\\",\\\"value\\\":10,\\\"itemStyle\\\":{\\\"color\\\":\\\"rgba(52,158,172,1)\\\"}},{\\\"name\\\":\\\"中装\\\",\\\"value\\\":10,\\\"itemStyle\\\":{\\\"color\\\":\\\"rgba(56,131,185,1)\\\"}},{\\\"name\\\":\\\"精装\\\",\\\"value\\\":10,\\\"itemStyle\\\":{\\\"color\\\":\\\"rgba(103,153,75,1)\\\"}},{\\\"name\\\":\\\"豪装\\\",\\\"value\\\":10,\\\"itemStyle\\\":{\\\"color\\\":\\\"rgba(230,165,55,1)\\\"}},{\\\"name\\\":\\\"毛坯\\\",\\\"value\\\":10,\\\"itemStyle\\\":{\\\"color\\\":\\\"\\\"}}],\\\"isRadius\\\":false,\\\"roseType\\\":\\\"\\\",\\\"notCount\\\":false,\\\"center\\\":[\\\"180\\\",\\\"100\\\"],\\\"name\\\":\\\"访问来源\\\",\\\"minAngle\\\":0,\\\"label\\\":{\\\"show\\\":false,\\\"position\\\":\\\"outside\\\",\\\"textStyle\\\":{\\\"fontSize\\\":\\\"10\\\",\\\"fontWeight\\\":\\\"bolder\\\"}},\\\"type\\\":\\\"pie\\\",\\\"radius\\\":\\\"52%\\\",\\\"autoSort\\\":false}],\\\"tooltip\\\":{\\\"formatter\\\":\\\"{b} : {c}\\\",\\\"show\\\":true,\\\"textStyle\\\":{\\\"color\\\":\\\"#fff\\\",\\\"fontSize\\\":\\\"10\\\"}},\\\"title\\\":{\\\"show\\\":true,\\\"top\\\":10,\\\"text\\\":\\\"不同装修类型销售销量\\\",\\\"textStyle\\\":{\\\"color\\\":\\\"#ffffff\\\",\\\"fontWeight\\\":\\\"normal\\\",\\\"fontSize\\\":\\\"14\\\"},\\\"left\\\":\\\"left\\\",\\\"padding\\\":[5,20,5,10]},\\\"backgroundColor\\\":{\\\"src\\\":\\\"https://static.jeecg.com/designreport/images/bg1_1608535503498.png\\\"}}\",\"url\":\"\",\"extData\":{\"dataType\":\"api\",\"apiStatus\":\"1\",\"dataId\":\"1331878107552010242\",\"axisX\":\"name\",\"axisY\":\"value\",\"series\":\"type\",\"yText\":\"\",\"xText\":\"\",\"dbCode\":\"zhuangxiu\",\"chartType\":\"pie.simple\",\"isTiming\":true,\"intervalTime\":\"5\",\"id\":\"rQgkcYfLy4x0EP6h\"},\"layer_id\":\"rQgkcYfLy4x0EP6h\",\"offsetX\":0,\"offsetY\":0,\"virtualCellRange\":[[16,8],[16,9],[16,10],[16,11]]}],\"area\":{\"sri\":16,\"sci\":1,\"eri\":23,\"eci\":3,\"width\":340,\"height\":200},\"excel_config_id\":\"1331503965770223616\",\"printConfig\":{\"paper\":\"A4\",\"width\":210,\"height\":297,\"definition\":1,\"isBackend\":false,\"marginX\":10,\"marginY\":10},\"rows\":{\"0\":{\"cells\":{\"0\":{\"text\":\"\"},\"1\":{\"style\":60,\"merge\":[0,13],\"text\":\"房屋销售综合展示大屏\"}},\"height\":113},\"1\":{\"cells\":{\"1\":{\"merge\":[14,2],\"style\":43,\"text\":\" \",\"virtual\":\"5ggWQtDUvSopC4iL\"},\"2\":{\"text\":\" \",\"virtual\":\"5ggWQtDUvSopC4iL\"},\"3\":{\"text\":\" \",\"virtual\":\"5ggWQtDUvSopC4iL\"},\"4\":{\"style\":53,\"text\":\"成交量：\",\"merge\":[2,0],\"virtual\":\"5ggWQtDUvSopC4iL\"},\"5\":{\"text\":\"#{qingkuang.cjl}\",\"style\":64,\"merge\":[2,0]},\"7\":{\"style\":53,\"text\":\"成交金额：\",\"merge\":[2,0]},\"8\":{\"text\":\"#{qingkuang.cjje}\",\"style\":68,\"merge\":[2,0]},\"10\":{\"style\":53,\"text\":\"销售面积：\",\"merge\":[2,0]},\"11\":{\"text\":\"#{qingkuang.xsmj}\",\"style\":64,\"merge\":[2,0]},\"12\":{\"text\":\" \",\"virtual\":\"nk6I2RCefm9scS1k\"},\"13\":{\"text\":\" \",\"virtual\":\"nk6I2RCefm9scS1k\"},\"14\":{\"text\":\" \",\"virtual\":\"nk6I2RCefm9scS1k\"},\"15\":{\"text\":\" \",\"virtual\":\"nk6I2RCefm9scS1k\"}},\"isDrag\":true},\"2\":{\"cells\":{\"12\":{\"text\":\" \"},\"13\":{\"text\":\" \"},\"14\":{\"text\":\" \"}}},\"3\":{\"cells\":{\"12\":{\"text\":\" \"},\"13\":{\"text\":\" \"},\"14\":{\"text\":\" \"}}},\"4\":{\"cells\":{\"4\":{\"style\":58,\"text\":\"成交均价：\",\"merge\":[2,0]},\"5\":{\"text\":\"#{qingkuang.cjjj}\",\"style\":65,\"merge\":[2,0]},\"7\":{\"style\":58,\"text\":\"售房佣金：\",\"merge\":[2,0]},\"8\":{\"text\":\"#{qingkuang.sfyj}\",\"style\":65,\"merge\":[2,0]},\"10\":{\"style\":58,\"text\":\"预定客户：\",\"merge\":[2,0]},\"11\":{\"text\":\"#{qingkuang.ydkh}\",\"style\":65,\"merge\":[2,0]},\"12\":{\"text\":\" \"},\"13\":{\"text\":\" \"},\"14\":{\"text\":\" \"}},\"isDrag\":true,\"height\":25},\"5\":{\"cells\":{\"12\":{\"text\":\" \"},\"13\":{\"text\":\" \"},\"14\":{\"text\":\" \"}}},\"6\":{\"cells\":{\"12\":{\"text\":\" \"},\"13\":{\"text\":\" \"},\"14\":{\"text\":\" \"}}},\"7\":{\"cells\":{\"4\":{\"text\":\" \",\"virtual\":\"Nf6Xud4fZqEfvQw4\"},\"5\":{\"text\":\" \",\"virtual\":\"Nf6Xud4fZqEfvQw4\"},\"6\":{\"text\":\" \",\"virtual\":\"Nf6Xud4fZqEfvQw4\"},\"7\":{\"text\":\" \",\"virtual\":\"Nf6Xud4fZqEfvQw4\"},\"8\":{\"text\":\" \",\"virtual\":\"Nf6Xud4fZqEfvQw4\"},\"9\":{\"text\":\" \",\"virtual\":\"Nf6Xud4fZqEfvQw4\"},\"10\":{\"text\":\" \",\"virtual\":\"Nf6Xud4fZqEfvQw4\"},\"11\":{\"text\":\" \",\"virtual\":\"Nf6Xud4fZqEfvQw4\"},\"12\":{\"text\":\" \",\"virtual\":\"MCJP8uqwe57YoCvF\"},\"13\":{\"text\":\" \",\"virtual\":\"MCJP8uqwe57YoCvF\"},\"14\":{\"text\":\" \",\"virtual\":\"MCJP8uqwe57YoCvF\"},\"15\":{\"text\":\" \",\"virtual\":\"MCJP8uqwe57YoCvF\"}}},\"8\":{\"cells\":{\"4\":{\"text\":\" \"},\"5\":{\"text\":\" \"},\"6\":{\"text\":\" \"},\"7\":{\"text\":\" \"},\"8\":{\"text\":\" \"},\"9\":{\"text\":\" \"},\"10\":{\"text\":\" \"},\"11\":{\"text\":\" \"},\"12\":{\"text\":\" \"},\"13\":{\"text\":\" \"},\"14\":{\"text\":\" \"}}},\"9\":{\"cells\":{\"4\":{\"text\":\" \"},\"5\":{\"text\":\" \"},\"6\":{\"text\":\" \"},\"7\":{\"text\":\" \"},\"8\":{\"text\":\" \"},\"9\":{\"text\":\" \"},\"10\":{\"text\":\" \"},\"11\":{\"text\":\" \"},\"12\":{\"text\":\" \"},\"13\":{\"text\":\" \"},\"14\":{\"text\":\" \"}}},\"10\":{\"cells\":{\"4\":{\"text\":\" \"},\"5\":{\"text\":\" \"},\"6\":{\"text\":\" \"},\"7\":{\"text\":\" \"},\"8\":{\"text\":\" \"},\"9\":{\"text\":\" \"},\"10\":{\"text\":\" \"},\"11\":{\"text\":\" \"},\"12\":{\"text\":\" \"},\"13\":{\"text\":\" \"},\"14\":{\"text\":\" \"}}},\"11\":{\"cells\":{\"4\":{\"text\":\" \"},\"5\":{\"text\":\" \"},\"6\":{\"text\":\" \"},\"7\":{\"text\":\" \"},\"8\":{\"text\":\" \"},\"9\":{\"text\":\" \"},\"10\":{\"text\":\" \"},\"11\":{\"text\":\" \"},\"12\":{\"text\":\" \"},\"13\":{\"text\":\" \"},\"14\":{\"text\":\" \"}}},\"12\":{\"cells\":{\"4\":{\"text\":\" \"},\"5\":{\"text\":\" \"},\"6\":{\"text\":\" \"},\"7\":{\"text\":\" \"},\"8\":{\"text\":\" \"},\"9\":{\"text\":\" \"},\"10\":{\"text\":\" \"},\"11\":{\"text\":\" \"},\"12\":{\"text\":\" \"},\"13\":{\"text\":\" \"},\"14\":{\"text\":\" \"}}},\"13\":{\"cells\":{\"4\":{\"text\":\" \"},\"5\":{\"text\":\" \"},\"6\":{\"text\":\" \"},\"7\":{\"text\":\" \"},\"8\":{\"text\":\" \"},\"9\":{\"text\":\" \"},\"10\":{\"text\":\" \"},\"11\":{\"text\":\" \"},\"12\":{\"text\":\" \"},\"13\":{\"text\":\" \"},\"14\":{\"text\":\" \"}}},\"14\":{\"cells\":{\"4\":{\"text\":\" \"},\"5\":{\"text\":\" \"},\"6\":{\"text\":\" \"},\"7\":{\"text\":\" \"},\"8\":{\"text\":\" \"},\"9\":{\"text\":\" \"},\"10\":{\"text\":\" \"},\"11\":{\"text\":\" \"},\"12\":{\"text\":\" \"},\"13\":{\"text\":\" \"},\"14\":{\"text\":\" \"}}},\"15\":{\"cells\":{\"4\":{\"text\":\" \"},\"5\":{\"text\":\" \"},\"6\":{\"text\":\" \"},\"7\":{\"text\":\" \"},\"8\":{\"text\":\" \"},\"9\":{\"text\":\" \"},\"10\":{\"text\":\" \"},\"11\":{\"text\":\" \"},\"12\":{\"text\":\" \"},\"13\":{\"text\":\" \"},\"14\":{\"text\":\" \"}}},\"16\":{\"cells\":{\"1\":{\"style\":43,\"text\":\" \",\"merge\":[7,2],\"virtual\":\"Cror94F1kmbP71ip\"},\"2\":{\"text\":\" \",\"virtual\":\"Cror94F1kmbP71ip\"},\"3\":{\"text\":\" \",\"virtual\":\"Cror94F1kmbP71ip\"},\"4\":{\"text\":\" \",\"virtual\":\"pBOwp0Q0g4iuJCVm\"},\"5\":{\"text\":\" \",\"virtual\":\"pBOwp0Q0g4iuJCVm\"},\"6\":{\"text\":\" \",\"virtual\":\"pBOwp0Q0g4iuJCVm\"},\"7\":{\"text\":\" \",\"virtual\":\"pBOwp0Q0g4iuJCVm\"},\"8\":{\"text\":\" \",\"virtual\":\"rQgkcYfLy4x0EP6h\"},\"9\":{\"text\":\" \",\"virtual\":\"rQgkcYfLy4x0EP6h\"},\"10\":{\"text\":\" \",\"virtual\":\"rQgkcYfLy4x0EP6h\"},\"11\":{\"text\":\" \",\"virtual\":\"rQgkcYfLy4x0EP6h\"},\"12\":{\"text\":\" \",\"virtual\":\"IWoBtyiRxjkEbkfD\"},\"13\":{\"text\":\" \",\"virtual\":\"IWoBtyiRxjkEbkfD\"},\"14\":{\"text\":\" \",\"virtual\":\"IWoBtyiRxjkEbkfD\"},\"15\":{\"text\":\" \",\"virtual\":\"IWoBtyiRxjkEbkfD\"}}},\"17\":{\"cells\":{\"4\":{\"text\":\" \"},\"5\":{\"text\":\" \"},\"6\":{\"text\":\" \"},\"7\":{\"text\":\" \"},\"8\":{\"text\":\" \"},\"9\":{\"text\":\" \"},\"10\":{\"text\":\" \"},\"11\":{\"text\":\" \"},\"12\":{\"text\":\" \"},\"13\":{\"text\":\" \"},\"14\":{\"text\":\" \"}}},\"18\":{\"cells\":{\"4\":{\"text\":\" \"},\"5\":{\"text\":\" \"},\"6\":{\"text\":\" \"},\"7\":{\"text\":\" \"},\"8\":{\"text\":\" \"},\"9\":{\"text\":\" \"},\"10\":{\"text\":\" \"},\"11\":{\"text\":\" \"},\"12\":{\"text\":\" \"},\"13\":{\"text\":\" \"},\"14\":{\"text\":\" \"}}},\"19\":{\"cells\":{\"4\":{\"text\":\" \"},\"5\":{\"text\":\" \"},\"6\":{\"text\":\" \"},\"7\":{\"text\":\" \"},\"8\":{\"text\":\" \"},\"9\":{\"text\":\" \"},\"10\":{\"text\":\" \"},\"11\":{\"text\":\" \"},\"12\":{\"text\":\" \"},\"13\":{\"text\":\" \"},\"14\":{\"text\":\" \"}}},\"20\":{\"cells\":{\"4\":{\"text\":\" \"},\"5\":{\"text\":\" \"},\"6\":{\"text\":\" \"},\"7\":{\"text\":\" \"},\"8\":{\"text\":\" \"},\"9\":{\"text\":\" \"},\"10\":{\"text\":\" \"},\"11\":{\"text\":\" \"},\"12\":{\"text\":\" \"},\"13\":{\"text\":\" \"},\"14\":{\"text\":\" \"}}},\"21\":{\"cells\":{\"4\":{\"text\":\" \"},\"5\":{\"text\":\" \"},\"6\":{\"text\":\" \"},\"7\":{\"text\":\" \"},\"8\":{\"text\":\" \"},\"9\":{\"text\":\" \"},\"10\":{\"text\":\" \"},\"11\":{\"text\":\" \"},\"12\":{\"text\":\" \"},\"13\":{\"text\":\" \"},\"14\":{\"text\":\" \"}}},\"22\":{\"cells\":{\"4\":{\"text\":\" \"},\"5\":{\"text\":\" \"},\"6\":{\"text\":\" \"},\"7\":{\"text\":\" \"},\"8\":{\"text\":\" \"},\"9\":{\"text\":\" \"},\"10\":{\"text\":\" \"},\"11\":{\"text\":\" \"},\"12\":{\"text\":\" \"},\"13\":{\"text\":\" \"},\"14\":{\"text\":\" \"}}},\"23\":{\"cells\":{\"4\":{\"text\":\" \"},\"5\":{\"text\":\" \"},\"6\":{\"text\":\" \"},\"7\":{\"text\":\" \"},\"8\":{\"text\":\" \"},\"9\":{\"text\":\" \"},\"10\":{\"text\":\" \"},\"11\":{\"text\":\" \"},\"12\":{\"text\":\" \"},\"13\":{\"text\":\" \"},\"14\":{\"text\":\" \"}}},\"24\":{\"cells\":{\"1\":{\"text\":\" \"},\"2\":{\"text\":\" \"},\"3\":{\"text\":\" \"},\"4\":{\"text\":\" \"},\"5\":{\"text\":\" \"},\"6\":{\"text\":\" \"},\"7\":{\"text\":\" \"},\"8\":{\"text\":\" \"},\"9\":{\"text\":\" \"},\"10\":{\"text\":\" \"},\"11\":{\"text\":\" \"},\"12\":{\"text\":\" \"},\"13\":{\"text\":\" \"},\"14\":{\"text\":\" \"}}},\"len\":98},\"dbexps\":[],\"toolPrintSizeObj\":{\"printType\":\"A4\",\"widthPx\":794,\"heightPx\":1047},\"dicts\":[],\"freeze\":\"A1\",\"dataRectWidth\":1546,\"displayConfig\":{},\"background\":{\"path\":\"https://static.jeecg.com/designreport/images/bg_1606961893275.png\",\"repeat\":\"repeat\",\"width\":\"\",\"height\":\"\"},\"name\":\"sheet1\",\"autofilter\":{},\"styles\":[{\"font\":{\"bold\":true}},{\"font\":{\"bold\":true,\"name\":\"宋体\"}},{\"font\":{\"name\":\"宋体\"}},{\"font\":{\"bold\":true,\"name\":\"Microsoft YaHei\"}},{\"font\":{\"name\":\"Microsoft YaHei\"}},{\"font\":{\"bold\":true,\"name\":\"Microsoft YaHei\",\"size\":18}},{\"font\":{\"name\":\"Microsoft YaHei\",\"size\":18}},{\"font\":{\"bold\":true,\"name\":\"Microsoft YaHei\",\"size\":16}},{\"font\":{\"name\":\"Microsoft YaHei\",\"size\":16}},{\"font\":{\"bold\":true,\"name\":\"Microsoft YaHei\",\"size\":16},\"align\":\"center\"},{\"font\":{\"name\":\"Microsoft YaHei\",\"size\":16},\"align\":\"center\"},{\"border\":{\"bottom\":[\"thin\",\"#d8d8d8\"],\"top\":[\"thin\",\"#d8d8d8\"],\"left\":[\"thin\",\"#d8d8d8\"],\"right\":[\"thin\",\"#d8d8d8\"]}},{\"border\":{\"bottom\":[\"thin\",\"#d8d8d8\"],\"top\":[\"thin\",\"#d8d8d8\"],\"left\":[\"thin\",\"#d8d8d8\"],\"right\":[\"thin\",\"#d8d8d8\"]},\"align\":\"right\"},{\"align\":\"right\"},{\"align\":\"center\"},{\"border\":{\"bottom\":[\"thin\",\"#d8d8d8\"],\"top\":[\"thin\",\"#d8d8d8\"],\"left\":[\"thin\",\"#d8d8d8\"],\"right\":[\"thin\",\"#d8d8d8\"]},\"align\":\"right\",\"font\":{\"size\":14}},{\"align\":\"right\",\"font\":{\"size\":14}},{\"border\":{\"bottom\":[\"thin\",\"#d8d8d8\"],\"top\":[\"thin\",\"#d8d8d8\"],\"left\":[\"thin\",\"#d8d8d8\"],\"right\":[\"thin\",\"#d8d8d8\"]},\"align\":\"right\",\"font\":{\"size\":12}},{\"align\":\"right\",\"font\":{\"size\":12}},{\"align\":\"center\",\"font\":{\"size\":12}},{\"border\":{\"bottom\":[\"thin\",\"#d8d8d8\"],\"top\":[\"thin\",\"#d8d8d8\"],\"left\":[\"thin\",\"#d8d8d8\"],\"right\":[\"thin\",\"#d8d8d8\"]},\"align\":\"center\"},{\"border\":{\"bottom\":[\"thin\",\"#d8d8d8\"],\"top\":[\"thin\",\"#d8d8d8\"],\"left\":[\"thin\",\"#d8d8d8\"],\"right\":[\"thin\",\"#d8d8d8\"]},\"align\":\"center\",\"font\":{\"size\":12}},{\"border\":{\"bottom\":[\"thin\",\"#d8d8d8\"],\"top\":[\"thin\",\"#d8d8d8\"],\"left\":[\"thin\",\"#d8d8d8\"],\"right\":[\"thin\",\"#d8d8d8\"]},\"font\":{\"size\":12}},{\"font\":{\"size\":12}},{\"border\":{\"bottom\":[\"thin\",\"#d8d8d8\"],\"top\":[\"thin\",\"#d8d8d8\"],\"left\":[\"thin\",\"#d8d8d8\"],\"right\":[\"thin\",\"#d8d8d8\"]},\"align\":\"right\",\"font\":{\"size\":11}},{\"align\":\"right\",\"font\":{\"size\":11}},{\"border\":{\"bottom\":[\"thin\",\"#d8d8d8\"],\"top\":[\"thin\",\"#d8d8d8\"],\"left\":[\"thin\",\"#d8d8d8\"],\"right\":[\"thin\",\"#d8d8d8\"]},\"align\":\"center\",\"font\":{\"size\":11}},{\"align\":\"center\",\"font\":{\"size\":11}},{\"border\":{\"bottom\":[\"thin\",\"#d8d8d8\"],\"top\":[\"thin\",\"#d8d8d8\"],\"left\":[\"thin\",\"#d8d8d8\"],\"right\":[\"thin\",\"#d8d8d8\"]},\"font\":{\"size\":11}},{\"font\":{\"size\":11}},{\"border\":{\"bottom\":[\"thin\",\"#d8d8d8\"],\"top\":[\"thin\",\"#d8d8d8\"],\"left\":[\"thin\",\"#d8d8d8\"],\"right\":[\"thin\",\"#d8d8d8\"]},\"align\":\"right\",\"font\":{\"size\":11,\"bold\":true}},{\"align\":\"right\",\"font\":{\"size\":11,\"bold\":true}},{\"font\":{\"bold\":true,\"name\":\"Microsoft YaHei\",\"size\":16},\"align\":\"center\",\"color\":\"#ffffff\"},{\"color\":\"#ffffff\"},{\"font\":{\"bold\":true,\"name\":\"Microsoft YaHei\",\"size\":22},\"align\":\"center\",\"color\":\"#ffffff\"},{\"color\":\"#ffffff\",\"font\":{\"size\":22}},{\"font\":{\"bold\":true,\"name\":\"Microsoft YaHei\",\"size\":22},\"align\":\"center\",\"color\":\"#000100\"},{\"color\":\"#000100\",\"font\":{\"size\":22}},{\"border\":{\"bottom\":[\"thin\",\"#d8d8d8\"],\"top\":[\"thin\",\"#d8d8d8\"],\"left\":[\"thin\",\"#d8d8d8\"],\"right\":[\"thin\",\"#d8d8d8\"]},\"align\":\"right\",\"font\":{\"size\":11,\"bold\":true},\"color\":\"#ffffff\"},{\"align\":\"right\",\"font\":{\"size\":11,\"bold\":true},\"color\":\"#ffffff\"},{\"border\":{\"bottom\":[\"thin\",\"#d8d8d8\"],\"top\":[\"thin\",\"#d8d8d8\"],\"left\":[\"thin\",\"#d8d8d8\"],\"right\":[\"thin\",\"#d8d8d8\"]},\"align\":\"center\",\"font\":{\"size\":11},\"color\":\"#ffffff\"},{\"align\":\"center\",\"font\":{\"size\":11},\"color\":\"#ffffff\"},{\"font\":{\"size\":11},\"color\":\"#ffffff\"},{},{\"border\":{\"bottom\":[\"thin\",\"#d8d8d8\"],\"top\":[\"thin\",\"#d8d8d8\"],\"left\":[\"thin\",\"#d8d8d8\"],\"right\":[\"thin\",\"#d8d8d8\"]},\"align\":\"right\",\"font\":{\"size\":11,\"bold\":false},\"color\":\"#ffffff\"},{\"align\":\"right\",\"font\":{\"size\":11,\"bold\":false},\"color\":\"#ffffff\"},{\"border\":{\"bottom\":[\"thin\",\"#d8d8d8\"],\"top\":[\"thin\",\"#d8d8d8\"],\"left\":[\"thin\",\"#d8d8d8\"],\"right\":[\"thin\",\"#d8d8d8\"]},\"align\":\"right\",\"font\":{\"size\":11,\"bold\":true,\"name\":\"宋体\"},\"color\":\"#ffffff\"},{\"align\":\"right\",\"font\":{\"size\":11,\"bold\":true,\"name\":\"宋体\"},\"color\":\"#ffffff\"},{\"border\":{\"bottom\":[\"thin\",\"#d8d8d8\"],\"top\":[\"thin\",\"#d8d8d8\"],\"left\":[\"thin\",\"#d8d8d8\"],\"right\":[\"thin\",\"#d8d8d8\"]},\"align\":\"right\",\"font\":{\"size\":11,\"bold\":false,\"name\":\"宋体\"},\"color\":\"#ffffff\"},{\"align\":\"right\",\"font\":{\"size\":11,\"bold\":false,\"name\":\"宋体\"},\"color\":\"#ffffff\"},{\"align\":\"center\",\"font\":{\"size\":11},\"color\":\"#ffffff\",\"border\":{\"right\":[\"thin\",\"#eee\"]}},{\"align\":\"right\",\"font\":{\"size\":16,\"bold\":false,\"name\":\"宋体\"},\"color\":\"#ffffff\"},{\"align\":\"right\",\"font\":{\"size\":15,\"bold\":false,\"name\":\"宋体\"},\"color\":\"#ffffff\"},{\"align\":\"right\",\"font\":{\"size\":14,\"bold\":false,\"name\":\"宋体\"},\"color\":\"#ffffff\"},{\"align\":\"center\",\"font\":{\"size\":14},\"color\":\"#ffffff\"},{\"font\":{\"size\":14},\"color\":\"#ffffff\"},{\"align\":\"left\",\"font\":{\"size\":14},\"color\":\"#ffffff\"},{\"align\":\"left\",\"font\":{\"size\":14,\"bold\":false,\"name\":\"宋体\"},\"color\":\"#ffffff\"},{\"align\":\"right\",\"font\":{\"size\":14,\"bold\":false,\"name\":\"宋体\"},\"color\":\"#ffffff\",\"valign\":\"top\"},{\"align\":\"left\",\"font\":{\"size\":14},\"color\":\"#ffffff\",\"valign\":\"top\"},{\"font\":{\"bold\":true,\"name\":\"宋体\",\"size\":22},\"align\":\"center\",\"color\":\"#ffffff\"},{\"color\":\"#ffffff\",\"font\":{\"size\":22,\"name\":\"宋体\"}},{\"align\":\"left\",\"font\":{\"size\":14,\"name\":\"宋体\"},\"color\":\"#ffffff\",\"valign\":\"top\"},{\"align\":\"left\",\"font\":{\"size\":14,\"name\":\"宋体\"},\"color\":\"#ffffff\"},{\"align\":\"left\",\"font\":{\"size\":14,\"name\":\"宋体\"},\"color\":\"#ffff01\"},{\"align\":\"left\",\"font\":{\"size\":14,\"name\":\"宋体\"},\"color\":\"#ffff01\",\"valign\":\"top\"},{\"align\":\"left\",\"font\":{\"size\":14,\"name\":\"宋体\"},\"color\":\"#ffffff\",\"bgcolor\":\"#ffff01\"},{\"align\":\"left\",\"font\":{\"size\":14,\"name\":\"宋体\"},\"color\":\"#ffffff\",\"bgcolor\":\"\"},{\"align\":\"left\",\"font\":{\"size\":14,\"name\":\"宋体\"},\"color\":\"#ffff01\",\"bgcolor\":\"\"}],\"validations\":[],\"cols\":{\"0\":{\"width\":117},\"3\":{\"width\":140},\"4\":{\"width\":136},\"5\":{\"width\":79},\"6\":{\"width\":1},\"7\":{\"width\":123},\"8\":{\"width\":102},\"9\":{\"width\":24},\"11\":{\"width\":100},\"14\":{\"width\":124},\"len\":50},\"merges\":[\"B2:D16\",\"E8:L16\",\"B17:D24\",\"E17:H24\",\"E2:E4\",\"F2:F4\",\"E5:E7\",\"F5:F7\",\"H2:H4\",\"H5:H7\",\"I5:I7\",\"I2:I4\",\"K2:K4\",\"L2:L4\",\"K5:K7\",\"L5:L7\",\"M17:O24\",\"B1:O1\"]}', NULL, 'https://static.jeecg.com/designreport/images/QQ截图20201125161646_1606705892603.png', 'admin', '2020-11-25 15:50:43', 'admin', '2021-04-01 03:37:15', 0, NULL, NULL, 1, 712, NULL, NULL, NULL, NULL, 0, NULL);
INSERT INTO `jimu_report` VALUES ('1334378897302753280', '20201203140834', '区域销售表', NULL, NULL, '984272091947253760', '{\"loopBlockList\":[],\"area\":false,\"printElWidth\":718,\"excel_config_id\":\"1334378897302753280\",\"printElHeight\":1047,\"rows\":{\"0\":{\"cells\":{\"1\":{\"text\":\"区域销售表\",\"merge\":[0,22],\"style\":10},\"2\":{\"style\":10},\"3\":{\"style\":10},\"4\":{\"style\":10},\"5\":{\"style\":10},\"6\":{\"style\":10},\"7\":{\"style\":10},\"8\":{\"style\":10},\"9\":{\"style\":10},\"10\":{\"style\":10},\"11\":{\"style\":10},\"12\":{\"style\":10},\"13\":{\"style\":10},\"14\":{\"style\":10},\"15\":{\"style\":10},\"16\":{\"style\":10},\"17\":{\"style\":10},\"18\":{\"style\":10},\"19\":{\"style\":10},\"20\":{\"style\":10},\"21\":{\"style\":10},\"22\":{\"style\":10},\"23\":{\"style\":10}},\"height\":72},\"1\":{\"cells\":{\"0\":{\"style\":64},\"1\":{\"text\":\"区域\",\"merge\":[1,0],\"style\":65},\"2\":{\"text\":\"省份\",\"merge\":[1,0],\"style\":65},\"3\":{\"text\":\"1月\",\"merge\":[0,2],\"style\":65},\"4\":{\"style\":66,\"text\":\" \"},\"5\":{\"style\":66,\"text\":\" \"},\"6\":{\"text\":\"2月\",\"merge\":[0,2],\"style\":65},\"7\":{\"style\":66,\"text\":\" \"},\"8\":{\"style\":66,\"text\":\" \"},\"9\":{\"text\":\"3月\",\"merge\":[0,2],\"style\":65},\"10\":{\"style\":66,\"text\":\" \"},\"11\":{\"style\":66,\"text\":\" \"},\"12\":{\"text\":\"4月\",\"merge\":[0,2],\"style\":65},\"13\":{\"style\":66,\"text\":\" \"},\"14\":{\"style\":66,\"text\":\" \"},\"15\":{\"text\":\"5月\",\"merge\":[0,2],\"style\":65},\"16\":{\"style\":66,\"text\":\" \"},\"17\":{\"style\":66,\"text\":\" \"},\"18\":{\"text\":\"6月\",\"merge\":[0,2],\"style\":65},\"19\":{\"style\":66,\"text\":\" \"},\"20\":{\"style\":66,\"text\":\" \"},\"21\":{\"text\":\"总合计\",\"merge\":[0,2],\"style\":65},\"22\":{\"style\":66,\"text\":\" \"},\"23\":{\"style\":66,\"text\":\" \"},\"24\":{\"style\":64},\"25\":{\"style\":64}},\"height\":22},\"2\":{\"cells\":{\"0\":{\"style\":64},\"1\":{\"style\":66,\"text\":\" \"},\"2\":{\"style\":65,\"text\":\" \"},\"3\":{\"text\":\"销售额\",\"style\":65},\"4\":{\"text\":\"搭赠\",\"style\":65},\"5\":{\"text\":\"比例\",\"style\":65},\"6\":{\"text\":\"销售额\",\"style\":65},\"7\":{\"text\":\"搭赠\",\"style\":65},\"8\":{\"text\":\"比例\",\"style\":65},\"9\":{\"text\":\"销售额\",\"style\":65},\"10\":{\"text\":\"搭赠\",\"style\":65},\"11\":{\"text\":\"比例\",\"style\":65},\"12\":{\"text\":\"销售额\",\"style\":65},\"13\":{\"text\":\"搭赠\",\"style\":65},\"14\":{\"text\":\"比例\",\"style\":65},\"15\":{\"text\":\"销售额\",\"style\":65},\"16\":{\"text\":\"搭赠\",\"style\":65},\"17\":{\"text\":\"比例\",\"style\":65},\"18\":{\"text\":\"销售额\",\"style\":65},\"19\":{\"text\":\"搭赠\",\"style\":65},\"20\":{\"text\":\"比例\",\"style\":65},\"21\":{\"text\":\"销售额\",\"style\":65},\"22\":{\"text\":\"搭赠\",\"style\":65},\"23\":{\"text\":\"比例\",\"style\":65},\"24\":{\"style\":64},\"25\":{\"style\":64}},\"height\":24},\"3\":{\"cells\":{\"0\":{\"style\":67},\"1\":{\"text\":\"#{quyuxiaoshou.group(region)}\",\"style\":52,\"aggregate\":\"group\"},\"2\":{\"text\":\"#{quyuxiaoshou.province}\",\"style\":53},\"3\":{\"text\":\"#{quyuxiaoshou.sales_1}\",\"style\":17},\"4\":{\"text\":\"#{quyuxiaoshou.gift_1}\",\"style\":17},\"5\":{\"text\":\"#{quyuxiaoshou.proportion_1}\",\"style\":17},\"6\":{\"text\":\"#{quyuxiaoshou.sales_2}\",\"style\":17},\"7\":{\"text\":\"#{quyuxiaoshou.gift_2}\",\"style\":17},\"8\":{\"text\":\"#{quyuxiaoshou.proportion_2}\",\"style\":17},\"9\":{\"text\":\"#{quyuxiaoshou.sales_3}\",\"style\":17},\"10\":{\"text\":\"#{quyuxiaoshou.gift_3}\",\"style\":17},\"11\":{\"text\":\"#{quyuxiaoshou.proportion_3}\",\"style\":17},\"12\":{\"text\":\"#{quyuxiaoshou.sales_4}\",\"style\":17},\"13\":{\"text\":\"#{quyuxiaoshou.gift_4}\",\"style\":17},\"14\":{\"text\":\"#{quyuxiaoshou.proportion_4}\",\"style\":17},\"15\":{\"text\":\"#{quyuxiaoshou.sales_5}\",\"style\":17},\"16\":{\"text\":\"#{quyuxiaoshou.gift_5}\",\"style\":17},\"17\":{\"text\":\"#{quyuxiaoshou.proportion_5}\",\"style\":15},\"18\":{\"text\":\"#{quyuxiaoshou.sales_6}\",\"style\":15},\"19\":{\"text\":\"#{quyuxiaoshou.gift_6}\",\"style\":15},\"20\":{\"text\":\"#{quyuxiaoshou.proportion_6}\",\"style\":15},\"21\":{\"text\":\"#{quyuxiaoshou.sales_z}\",\"style\":15},\"22\":{\"text\":\"#{quyuxiaoshou.gift_z}\",\"style\":15},\"23\":{\"text\":\"#{quyuxiaoshou.proportion_z}\",\"style\":15},\"24\":{\"style\":67},\"25\":{\"style\":67}},\"isDrag\":true,\"height\":56},\"4\":{\"cells\":{\"0\":{\"style\":64},\"1\":{\"style\":39,\"text\":\"总计\",\"merge\":[0,1]},\"3\":{\"style\":68,\"text\":\"=SUM(D4)\"},\"4\":{\"style\":69,\"text\":\"=SUM(E4)\"},\"5\":{\"style\":70,\"text\":\"=SUM(F4)\"},\"6\":{\"style\":69,\"text\":\"=SUM(G4)\"},\"7\":{\"style\":69,\"text\":\"=SUM(H4)\"},\"8\":{\"style\":70,\"text\":\"=SUM(I4)\"},\"9\":{\"style\":69,\"text\":\"=SUM(J4)\"},\"10\":{\"style\":69,\"text\":\"=SUM(K4)\"},\"11\":{\"style\":70,\"text\":\"=SUM(L4)\"},\"12\":{\"style\":69,\"text\":\"=SUM(M4)\"},\"13\":{\"style\":69,\"text\":\"=SUM(N4)\"},\"14\":{\"style\":70,\"text\":\"=SUM(O4)\"},\"15\":{\"style\":69,\"text\":\"=SUM(P4)\"},\"16\":{\"style\":69,\"text\":\"=SUM(Q4)\"},\"17\":{\"style\":70,\"text\":\"=SUM(R4)\"},\"18\":{\"style\":69,\"text\":\"=SUM(S4)\"},\"19\":{\"style\":69,\"text\":\"=SUM(T4)\"},\"20\":{\"style\":70,\"text\":\"=SUM(U4)\"},\"21\":{\"style\":69,\"text\":\"=SUM(V4)\"},\"22\":{\"style\":69,\"text\":\"=SUM(W4)\"},\"23\":{\"style\":69,\"text\":\"=SUM(X4)\"},\"24\":{\"style\":64},\"25\":{\"style\":64}},\"height\":38},\"len\":100},\"dbexps\":[],\"toolPrintSizeObj\":{\"printType\":\"A4\",\"widthPx\":718,\"heightPx\":1047},\"dicts\":[],\"groupField\":\"quyuxiaoshou.region\",\"freeze\":\"A1\",\"dataRectWidth\":1554,\"background\":false,\"name\":\"sheet1\",\"autofilter\":{},\"styles\":[{\"align\":\"center\"},{\"align\":\"center\",\"bgcolor\":\"\"},{\"align\":\"center\",\"bgcolor\":\"#02a274\"},{\"align\":\"center\",\"bgcolor\":\"#02a274\",\"color\":\"#ffffff\"},{\"bgcolor\":\"#02a274\"},{\"align\":\"center\",\"bgcolor\":\"#02a274\",\"color\":\"#ffffff\",\"border\":{\"bottom\":[\"thin\",\"bfbfbf\"],\"top\":[\"thin\",\"bfbfbf\"],\"left\":[\"thin\",\"bfbfbf\"],\"right\":[\"thin\",\"bfbfbf\"]}},{\"border\":{\"bottom\":[\"thin\",\"bfbfbf\"],\"top\":[\"thin\",\"bfbfbf\"],\"left\":[\"thin\",\"bfbfbf\"],\"right\":[\"thin\",\"bfbfbf\"]}},{\"align\":\"center\",\"bgcolor\":\"#02a274\",\"color\":\"#ffffff\",\"border\":{\"bottom\":[\"thin\",\"#bfbfbf\"],\"top\":[\"thin\",\"#bfbfbf\"],\"left\":[\"thin\",\"#bfbfbf\"],\"right\":[\"thin\",\"#bfbfbf\"]}},{\"border\":{\"bottom\":[\"thin\",\"#bfbfbf\"],\"top\":[\"thin\",\"#bfbfbf\"],\"left\":[\"thin\",\"#bfbfbf\"],\"right\":[\"thin\",\"#bfbfbf\"]}},{\"align\":\"center\",\"font\":{\"size\":16}},{\"align\":\"center\",\"font\":{\"size\":16,\"bold\":true}},{\"border\":{\"bottom\":[\"thin\",\"#bfbfbf\"],\"top\":[\"thin\",\"#bfbfbf\"],\"left\":[\"thin\",\"#bfbfbf\"],\"right\":[\"thin\",\"#bfbfbf\"]},\"font\":{\"size\":8}},{\"border\":{\"bottom\":[\"thin\",\"#bfbfbf\"],\"top\":[\"thin\",\"#bfbfbf\"],\"left\":[\"thin\",\"#bfbfbf\"],\"right\":[\"thin\",\"#bfbfbf\"]},\"font\":{\"size\":8},\"align\":\"center\"},{\"border\":{\"bottom\":[\"thin\",\"#bfbfbf\"],\"top\":[\"thin\",\"#bfbfbf\"],\"left\":[\"thin\",\"#bfbfbf\"],\"right\":[\"thin\",\"#bfbfbf\"]},\"font\":{\"size\":8,\"name\":\"宋体\"},\"align\":\"center\"},{\"border\":{\"bottom\":[\"thin\",\"#bfbfbf\"],\"top\":[\"thin\",\"#bfbfbf\"],\"left\":[\"thin\",\"#bfbfbf\"],\"right\":[\"thin\",\"#bfbfbf\"]},\"font\":{\"size\":8,\"name\":\"隶书\"},\"align\":\"center\"},{\"border\":{\"bottom\":[\"thin\",\"#bfbfbf\"],\"top\":[\"thin\",\"#bfbfbf\"],\"left\":[\"thin\",\"#bfbfbf\"],\"right\":[\"thin\",\"#bfbfbf\"]},\"font\":{\"size\":8,\"name\":\"Microsoft YaHei\"},\"align\":\"center\"},{\"border\":{\"bottom\":[\"thin\",\"#bfbfbf\"],\"top\":[\"thin\",\"#bfbfbf\"],\"left\":[\"thin\",\"#bfbfbf\"],\"right\":[\"thin\",\"#bfbfbf\"]},\"font\":{\"size\":8,\"name\":\"Microsoft YaHei\"},\"align\":\"center\",\"color\":\"#7f7f7f\"},{\"border\":{\"bottom\":[\"thin\",\"#bfbfbf\"],\"top\":[\"thin\",\"#bfbfbf\"],\"left\":[\"thin\",\"#bfbfbf\"],\"right\":[\"thin\",\"#bfbfbf\"]},\"font\":{\"size\":8,\"name\":\"Microsoft YaHei\"},\"align\":\"center\",\"color\":\"#262626\"},{\"align\":\"center\",\"bgcolor\":\"#02a274\",\"color\":\"#ffffff\",\"border\":{\"bottom\":[\"thin\",\"#bfbfbf\"],\"top\":[\"thin\",\"#bfbfbf\"],\"left\":[\"thin\",\"#bfbfbf\"],\"right\":[\"thin\",\"#bfbfbf\"]},\"font\":{\"bold\":true}},{\"align\":\"center\",\"bgcolor\":\"#02a274\",\"color\":\"#ffffff\",\"font\":{\"bold\":true}},{\"border\":{\"bottom\":[\"thin\",\"#bfbfbf\"],\"top\":[\"thin\",\"#bfbfbf\"],\"left\":[\"thin\",\"#bfbfbf\"],\"right\":[\"thin\",\"#bfbfbf\"]},\"font\":{\"size\":8,\"name\":\"Microsoft YaHei\"},\"align\":\"center\",\"color\":\"#262626\",\"bgcolor\":\"#\"},{\"border\":{\"bottom\":[\"thin\",\"#bfbfbf\"],\"top\":[\"thin\",\"#bfbfbf\"],\"left\":[\"thin\",\"#bfbfbf\"],\"right\":[\"thin\",\"#bfbfbf\"]},\"font\":{\"size\":8,\"name\":\"Microsoft YaHei\"},\"align\":\"center\",\"color\":\"#262626\",\"bgcolor\":\"#f1f9f6\"},{\"border\":{\"bottom\":[\"thin\",\"#bfbfbf\"],\"top\":[\"thin\",\"#bfbfbf\"],\"left\":[\"thin\",\"#bfbfbf\"],\"right\":[\"thin\",\"#bfbfbf\"]},\"font\":{\"size\":8,\"name\":\"Microsoft YaHei\"},\"align\":\"center\",\"color\":\"#262626\",\"bgcolor\":\"#ddefe8\"},{\"align\":\"center\",\"bgcolor\":\"#02a274\",\"color\":\"#ffffff\",\"border\":{\"bottom\":[\"thin\",\"#bfbfbf\"],\"top\":[\"thin\",\"#bfbfbf\"],\"left\":[\"thin\",\"#bfbfbf\"],\"right\":[\"thin\",\"#bfbfbf\"]},\"font\":{\"bold\":true,\"size\":9}},{\"align\":\"center\",\"bgcolor\":\"#02a274\",\"color\":\"#ffffff\",\"font\":{\"bold\":true,\"size\":9}},{\"border\":{\"bottom\":[\"thin\",\"#bfbfbf\"],\"top\":[\"thin\",\"#bfbfbf\"],\"left\":[\"thin\",\"#bfbfbf\"],\"right\":[\"thin\",\"#bfbfbf\"]},\"font\":{\"size\":8,\"name\":\"华文中宋\"},\"align\":\"center\",\"color\":\"#262626\",\"bgcolor\":\"#f1f9f6\"},{\"border\":{\"bottom\":[\"thin\",\"#bfbfbf\"],\"top\":[\"thin\",\"#bfbfbf\"],\"left\":[\"thin\",\"#bfbfbf\"],\"right\":[\"thin\",\"#bfbfbf\"]},\"font\":{\"size\":8,\"name\":\"Arial\"},\"align\":\"center\",\"color\":\"#262626\",\"bgcolor\":\"#f1f9f6\"},{\"border\":{\"bottom\":[\"thin\",\"#bfbfbf\"],\"top\":[\"thin\",\"#bfbfbf\"],\"left\":[\"thin\",\"#bfbfbf\"],\"right\":[\"thin\",\"#bfbfbf\"]},\"font\":{\"size\":10}},{\"border\":{\"bottom\":[\"thin\",\"#bfbfbf\"],\"top\":[\"thin\",\"#bfbfbf\"],\"left\":[\"thin\",\"#bfbfbf\"],\"right\":[\"thin\",\"#bfbfbf\"]},\"font\":{\"size\":8},\"bgcolor\":\"#\"},{\"border\":{\"bottom\":[\"thin\",\"#bfbfbf\"],\"top\":[\"thin\",\"#bfbfbf\"],\"left\":[\"thin\",\"#bfbfbf\"],\"right\":[\"thin\",\"#bfbfbf\"]},\"bgcolor\":\"#\"},{\"border\":{\"bottom\":[\"thin\",\"#bfbfbf\"],\"top\":[\"thin\",\"#bfbfbf\"],\"left\":[\"thin\",\"#bfbfbf\"],\"right\":[\"thin\",\"#bfbfbf\"]},\"font\":{\"size\":8,\"name\":\"Microsoft YaHei\"},\"align\":\"center\",\"color\":\"#262626\",\"bgcolor\":\"#aedac8\"},{\"border\":{\"bottom\":[\"thin\",\"#bfbfbf\"],\"top\":[\"thin\",\"#bfbfbf\"],\"left\":[\"thin\",\"#bfbfbf\"],\"right\":[\"thin\",\"#bfbfbf\"]},\"font\":{\"size\":8},\"bgcolor\":\"#aedac8\"},{\"border\":{\"bottom\":[\"thin\",\"#bfbfbf\"],\"top\":[\"thin\",\"#bfbfbf\"],\"left\":[\"thin\",\"#bfbfbf\"],\"right\":[\"thin\",\"#bfbfbf\"]},\"bgcolor\":\"#aedac8\"},{\"border\":{\"bottom\":[\"thin\",\"#bfbfbf\"],\"top\":[\"thin\",\"#bfbfbf\"],\"left\":[\"thin\",\"#bfbfbf\"],\"right\":[\"thin\",\"#bfbfbf\"]},\"font\":{\"size\":8},\"bgcolor\":\"#aedac8\",\"align\":\"center\"},{\"border\":{\"bottom\":[\"thin\",\"#bfbfbf\"],\"top\":[\"thin\",\"#bfbfbf\"],\"left\":[\"thin\",\"#bfbfbf\"],\"right\":[\"thin\",\"#bfbfbf\"]},\"font\":{\"size\":8},\"bgcolor\":\"#aedac8\",\"align\":\"center\",\"format\":\"number\"},{\"border\":{\"bottom\":[\"thin\",\"#bfbfbf\"],\"top\":[\"thin\",\"#bfbfbf\"],\"left\":[\"thin\",\"#bfbfbf\"],\"right\":[\"thin\",\"#bfbfbf\"]},\"font\":{\"size\":8},\"bgcolor\":\"#aedac8\",\"align\":\"center\",\"format\":\"normal\"},{\"border\":{\"bottom\":[\"thin\",\"#bfbfbf\"],\"top\":[\"thin\",\"#bfbfbf\"],\"left\":[\"thin\",\"#bfbfbf\"],\"right\":[\"thin\",\"#bfbfbf\"]},\"bgcolor\":\"#aedac8\",\"align\":\"center\"},{\"align\":\"center\",\"bgcolor\":\"#02a274\",\"color\":\"#ffffff\",\"border\":{\"bottom\":[\"thin\",\"#bfbfbf\"],\"top\":[\"thin\",\"#bfbfbf\"],\"left\":[\"thin\",\"#bfbfbf\"],\"right\":[\"thin\",\"#bfbfbf\"]},\"font\":{\"bold\":false,\"size\":9}},{\"align\":\"center\",\"bgcolor\":\"#02a274\",\"color\":\"#ffffff\",\"font\":{\"bold\":false,\"size\":9}},{\"border\":{\"bottom\":[\"thin\",\"#bfbfbf\"],\"top\":[\"thin\",\"#bfbfbf\"],\"left\":[\"thin\",\"#bfbfbf\"],\"right\":[\"thin\",\"#bfbfbf\"]},\"font\":{\"size\":10,\"name\":\"Microsoft YaHei\"},\"align\":\"center\",\"color\":\"#262626\",\"bgcolor\":\"#aedac8\"},{\"font\":{\"size\":10}},{\"border\":{\"bottom\":[\"thin\",\"#bfbfbf\"],\"top\":[\"thin\",\"#bfbfbf\"],\"left\":[\"thin\",\"#bfbfbf\"],\"right\":[\"thin\",\"#bfbfbf\"]},\"font\":{\"size\":10},\"bgcolor\":\"#aedac8\",\"align\":\"center\",\"format\":\"normal\"},{\"border\":{\"bottom\":[\"thin\",\"#bfbfbf\"],\"top\":[\"thin\",\"#bfbfbf\"],\"left\":[\"thin\",\"#bfbfbf\"],\"right\":[\"thin\",\"#bfbfbf\"]},\"font\":{\"size\":10},\"bgcolor\":\"#aedac8\",\"align\":\"center\"},{\"border\":{\"bottom\":[\"thin\",\"#bfbfbf\"],\"top\":[\"thin\",\"#bfbfbf\"],\"left\":[\"thin\",\"#bfbfbf\"],\"right\":[\"thin\",\"#bfbfbf\"]},\"bgcolor\":\"#aedac8\",\"font\":{\"size\":10}},{\"font\":{\"size\":10},\"bgcolor\":\"#aedac8\"},{\"align\":\"center\",\"bgcolor\":\"#02a274\",\"color\":\"#ffffff\",\"border\":{\"bottom\":[\"thin\",\"#bfbfbf\"],\"top\":[\"thin\",\"#bfbfbf\"],\"left\":[\"thin\",\"#bfbfbf\"],\"right\":[\"thin\",\"#bfbfbf\"]},\"font\":{\"bold\":false,\"size\":10}},{\"align\":\"center\",\"bgcolor\":\"#02a274\",\"color\":\"#ffffff\",\"font\":{\"bold\":false,\"size\":10}},{\"border\":{\"bottom\":[\"thin\",\"#bfbfbf\"],\"top\":[\"thin\",\"#bfbfbf\"],\"left\":[\"thin\",\"#bfbfbf\"],\"right\":[\"thin\",\"#bfbfbf\"]},\"font\":{\"size\":10,\"name\":\"Microsoft YaHei\"},\"align\":\"center\",\"color\":\"#262626\",\"bgcolor\":\"#f1f9f6\"},{\"border\":{\"bottom\":[\"thin\",\"#bfbfbf\"],\"top\":[\"thin\",\"#bfbfbf\"],\"left\":[\"thin\",\"#bfbfbf\"],\"right\":[\"thin\",\"#bfbfbf\"]},\"font\":{\"size\":10,\"name\":\"Microsoft YaHei\"},\"align\":\"center\",\"color\":\"#262626\",\"bgcolor\":\"#ddefe8\"},{\"border\":{\"bottom\":[\"thin\",\"#bfbfbf\"],\"top\":[\"thin\",\"#bfbfbf\"],\"left\":[\"thin\",\"#bfbfbf\"],\"right\":[\"thin\",\"#bfbfbf\"]},\"font\":{\"size\":10,\"name\":\"Microsoft YaHei\"},\"align\":\"center\",\"color\":\"#262626\"},{\"border\":{\"bottom\":[\"thin\",\"#bfbfbf\"],\"top\":[\"thin\",\"#bfbfbf\"],\"left\":[\"thin\",\"#bfbfbf\"],\"right\":[\"thin\",\"#bfbfbf\"]},\"font\":{\"size\":10,\"name\":\"Microsoft YaHei\"},\"align\":\"center\"},{\"font\":{\"size\":8}},{\"border\":{\"bottom\":[\"thin\",\"#bfbfbf\"],\"top\":[\"thin\",\"#bfbfbf\"],\"left\":[\"thin\",\"#bfbfbf\"],\"right\":[\"thin\",\"#bfbfbf\"]},\"font\":{\"size\":9,\"name\":\"Microsoft YaHei\"},\"align\":\"center\",\"color\":\"#262626\",\"bgcolor\":\"#f1f9f6\"},{\"border\":{\"bottom\":[\"thin\",\"#bfbfbf\"],\"top\":[\"thin\",\"#bfbfbf\"],\"left\":[\"thin\",\"#bfbfbf\"],\"right\":[\"thin\",\"#bfbfbf\"]},\"font\":{\"size\":9,\"name\":\"Microsoft YaHei\"},\"align\":\"center\",\"color\":\"#262626\",\"bgcolor\":\"#ddefe8\"},{\"align\":\"center\",\"bgcolor\":\"#02a274\",\"color\":\"#ffffff\",\"border\":{\"bottom\":[\"thin\",\"#bfbfbf\"],\"top\":[\"thin\",\"#bfbfbf\"],\"left\":[\"thin\",\"#bfbfbf\"],\"right\":[\"thin\",\"#bfbfbf\"]},\"font\":{\"bold\":false,\"size\":10,\"name\":\"宋体\"}},{\"align\":\"center\",\"bgcolor\":\"#02a274\",\"color\":\"#ffffff\",\"font\":{\"bold\":false,\"size\":10,\"name\":\"宋体\"}},{\"border\":{\"bottom\":[\"thin\",\"#bfbfbf\"],\"top\":[\"thin\",\"#bfbfbf\"],\"left\":[\"thin\",\"#bfbfbf\"],\"right\":[\"thin\",\"#bfbfbf\"]},\"font\":{\"size\":9,\"name\":\"宋体\"},\"align\":\"center\",\"color\":\"#262626\",\"bgcolor\":\"#f1f9f6\"},{\"border\":{\"bottom\":[\"thin\",\"#bfbfbf\"],\"top\":[\"thin\",\"#bfbfbf\"],\"left\":[\"thin\",\"#bfbfbf\"],\"right\":[\"thin\",\"#bfbfbf\"]},\"font\":{\"size\":9,\"name\":\"宋体\"},\"align\":\"center\",\"color\":\"#262626\",\"bgcolor\":\"#ddefe8\"},{\"border\":{\"bottom\":[\"thin\",\"#bfbfbf\"],\"top\":[\"thin\",\"#bfbfbf\"],\"left\":[\"thin\",\"#bfbfbf\"],\"right\":[\"thin\",\"#bfbfbf\"]},\"font\":{\"size\":8,\"name\":\"宋体\"},\"align\":\"center\",\"color\":\"#262626\"},{\"border\":{\"bottom\":[\"thin\",\"#bfbfbf\"],\"top\":[\"thin\",\"#bfbfbf\"],\"left\":[\"thin\",\"#bfbfbf\"],\"right\":[\"thin\",\"#bfbfbf\"]},\"font\":{\"size\":10,\"name\":\"宋体\"},\"align\":\"center\",\"color\":\"#262626\",\"bgcolor\":\"#aedac8\"},{\"font\":{\"name\":\"宋体\"}},{\"border\":{\"bottom\":[\"thin\",\"#bfbfbf\"],\"top\":[\"thin\",\"#bfbfbf\"],\"left\":[\"thin\",\"#bfbfbf\"],\"right\":[\"thin\",\"#bfbfbf\"]},\"font\":{\"size\":10,\"name\":\"宋体\"},\"bgcolor\":\"#aedac8\",\"align\":\"center\",\"format\":\"normal\"},{\"border\":{\"bottom\":[\"thin\",\"#bfbfbf\"],\"top\":[\"thin\",\"#bfbfbf\"],\"left\":[\"thin\",\"#bfbfbf\"],\"right\":[\"thin\",\"#bfbfbf\"]},\"font\":{\"size\":10,\"name\":\"宋体\"},\"bgcolor\":\"#aedac8\",\"align\":\"center\"},{\"border\":{\"bottom\":[\"thin\",\"#bfbfbf\"],\"top\":[\"thin\",\"#bfbfbf\"],\"left\":[\"thin\",\"#bfbfbf\"],\"right\":[\"thin\",\"#bfbfbf\"]},\"bgcolor\":\"#aedac8\",\"font\":{\"size\":10,\"name\":\"宋体\"}},{\"font\":{\"name\":\"Microsoft YaHei\"}},{\"align\":\"center\",\"bgcolor\":\"#02a274\",\"color\":\"#ffffff\",\"border\":{\"bottom\":[\"thin\",\"#bfbfbf\"],\"top\":[\"thin\",\"#bfbfbf\"],\"left\":[\"thin\",\"#bfbfbf\"],\"right\":[\"thin\",\"#bfbfbf\"]},\"font\":{\"bold\":false,\"size\":10,\"name\":\"Microsoft YaHei\"}},{\"align\":\"center\",\"bgcolor\":\"#02a274\",\"color\":\"#ffffff\",\"font\":{\"bold\":false,\"size\":10,\"name\":\"Microsoft YaHei\"}},{\"font\":{\"size\":8,\"name\":\"Microsoft YaHei\"}},{\"border\":{\"bottom\":[\"thin\",\"#bfbfbf\"],\"top\":[\"thin\",\"#bfbfbf\"],\"left\":[\"thin\",\"#bfbfbf\"],\"right\":[\"thin\",\"#bfbfbf\"]},\"font\":{\"size\":10,\"name\":\"Microsoft YaHei\"},\"bgcolor\":\"#aedac8\",\"align\":\"center\",\"format\":\"normal\"},{\"border\":{\"bottom\":[\"thin\",\"#bfbfbf\"],\"top\":[\"thin\",\"#bfbfbf\"],\"left\":[\"thin\",\"#bfbfbf\"],\"right\":[\"thin\",\"#bfbfbf\"]},\"font\":{\"size\":10,\"name\":\"Microsoft YaHei\"},\"bgcolor\":\"#aedac8\",\"align\":\"center\"},{\"border\":{\"bottom\":[\"thin\",\"#bfbfbf\"],\"top\":[\"thin\",\"#bfbfbf\"],\"left\":[\"thin\",\"#bfbfbf\"],\"right\":[\"thin\",\"#bfbfbf\"]},\"bgcolor\":\"#aedac8\",\"font\":{\"size\":10,\"name\":\"Microsoft YaHei\"}}],\"validations\":[],\"isGroup\":true,\"cols\":{\"0\":{\"width\":20},\"1\":{\"width\":84},\"2\":{\"width\":81},\"3\":{\"width\":75},\"4\":{\"width\":63},\"5\":{\"width\":59},\"6\":{\"width\":70},\"7\":{\"width\":57},\"8\":{\"width\":60},\"9\":{\"width\":75},\"10\":{\"width\":66},\"11\":{\"width\":64},\"12\":{\"width\":70},\"13\":{\"width\":61},\"14\":{\"width\":61},\"15\":{\"width\":70},\"16\":{\"width\":58},\"17\":{\"width\":63},\"18\":{\"width\":60},\"19\":{\"width\":63},\"20\":{\"width\":59},\"21\":{\"width\":73},\"22\":{\"width\":69},\"23\":{\"width\":73},\"len\":50},\"merges\":[\"B2:B3\",\"C2:C3\",\"D2:F2\",\"G2:I2\",\"J2:L2\",\"M2:O2\",\"P2:R2\",\"S2:U2\",\"V2:X2\",\"B1:X1\",\"B5:C5\"]}', NULL, 'https://static.jeecg.com/designreport/images/quyu_1607069899537.png', 'admin', '2020-12-03 14:08:34', 'admin', '2021-02-03 13:59:12', 0, NULL, NULL, 1, 450, NULL, NULL, NULL, NULL, 0, NULL);
INSERT INTO `jimu_report` VALUES ('1334420681185566722', '202012031408346166', '学校经费一览表', NULL, NULL, '984272091947253760', '{\"loopBlockList\":[],\"area\":{\"sri\":7,\"sci\":1,\"eri\":7,\"eci\":2,\"width\":216,\"height\":25},\"printElWidth\":718,\"excel_config_id\":\"1334420681185566722\",\"printElHeight\":1047,\"rows\":{\"0\":{\"cells\":{\"1\":{\"text\":\"学校经费一览表\",\"merge\":[0,22],\"style\":10},\"2\":{\"style\":10},\"3\":{\"style\":10},\"4\":{\"style\":10},\"5\":{\"style\":10},\"6\":{\"style\":10},\"7\":{\"style\":10},\"8\":{\"style\":10},\"9\":{\"style\":10},\"10\":{\"style\":10},\"11\":{\"style\":10},\"12\":{\"style\":10},\"13\":{\"style\":10},\"14\":{\"style\":10},\"15\":{\"style\":10},\"16\":{\"style\":10},\"17\":{\"style\":10},\"18\":{\"style\":10},\"19\":{\"style\":10},\"20\":{\"style\":10},\"21\":{\"style\":10},\"22\":{\"style\":10},\"23\":{\"style\":10}},\"height\":72},\"1\":{\"cells\":{\"1\":{\"text\":\"学校类别\",\"style\":221,\"merge\":[4,0]},\"2\":{\"merge\":[4,0],\"style\":222,\"text\":\"学校名称\"},\"3\":{\"text\":\"财政教育经费投入（万元）\",\"merge\":[0,8],\"style\":84},\"4\":{\"style\":40,\"text\":\" \"},\"5\":{\"style\":40,\"text\":\" \"},\"6\":{\"style\":40,\"text\":\" \"},\"7\":{\"style\":40,\"text\":\" \"},\"8\":{\"style\":40,\"text\":\" \"},\"9\":{\"style\":40,\"text\":\" \"},\"10\":{\"style\":40,\"text\":\" \"},\"11\":{\"style\":40,\"text\":\" \"},\"12\":{\"text\":\"其他投入\",\"merge\":[0,7],\"style\":84},\"13\":{\"text\":\" \",\"style\":40},\"14\":{\"text\":\" \",\"style\":40},\"15\":{\"text\":\" \",\"style\":40},\"16\":{\"text\":\" \",\"style\":40},\"17\":{\"text\":\" \",\"style\":40},\"18\":{\"text\":\" \",\"style\":40},\"19\":{\"text\":\" \",\"style\":40},\"20\":{\"style\":84,\"text\":\"补充资料\",\"merge\":[0,4]},\"21\":{\"text\":\" \",\"style\":40},\"22\":{\"text\":\" \",\"style\":40},\"23\":{\"text\":\" \",\"style\":40},\"24\":{\"text\":\" \",\"style\":40}},\"height\":28},\"2\":{\"cells\":{\"1\":{\"text\":\" \",\"style\":40},\"2\":{\"style\":222,\"text\":\" \"},\"3\":{\"text\":\"总计\",\"style\":117,\"merge\":[3,0]},\"4\":{\"text\":\"教育事业费\",\"style\":117,\"merge\":[0,6]},\"5\":{\"style\":118,\"text\":\" \"},\"6\":{\"style\":118,\"text\":\" \"},\"7\":{\"style\":118,\"text\":\" \"},\"8\":{\"style\":118,\"text\":\" \"},\"9\":{\"style\":118,\"text\":\" \"},\"10\":{\"style\":118,\"text\":\" \"},\"11\":{\"text\":\"基础拨款\",\"style\":117,\"merge\":[3,0]},\"12\":{\"text\":\"村投入\",\"style\":117,\"merge\":[0,4]},\"13\":{\"text\":\" \",\"style\":223},\"14\":{\"text\":\" \",\"style\":223},\"15\":{\"text\":\" \",\"style\":223},\"16\":{\"text\":\" \",\"style\":223},\"17\":{\"text\":\"社会捐款\",\"style\":117,\"merge\":[0,2]},\"18\":{\"text\":\" \",\"style\":223},\"19\":{\"text\":\" \",\"style\":223},\"20\":{\"style\":126,\"merge\":[0,4],\"text\":\"信息化建设\"},\"21\":{\"style\":122,\"text\":\" \"},\"22\":{\"style\":122,\"text\":\" \"},\"23\":{\"style\":122,\"text\":\" \"},\"24\":{\"style\":122,\"text\":\" \"}},\"height\":24},\"3\":{\"cells\":{\"1\":{\"text\":\" \",\"style\":40},\"2\":{\"style\":222,\"text\":\" \"},\"3\":{\"style\":118,\"text\":\" \"},\"4\":{\"merge\":[0,1],\"text\":\"合计\",\"style\":121},\"5\":{\"style\":122,\"text\":\" \"},\"6\":{\"merge\":[2,0],\"text\":\"人员经费\",\"style\":121},\"7\":{\"merge\":[2,0],\"text\":\"日常公用费用\",\"style\":123},\"8\":{\"merge\":[0,2],\"text\":\"项目经费\",\"style\":121},\"9\":{\"style\":122,\"text\":\" \"},\"10\":{\"style\":122,\"text\":\" \"},\"11\":{\"style\":118,\"text\":\" \"},\"12\":{\"merge\":[2,0],\"text\":\"合计\",\"style\":121},\"13\":{\"merge\":[0,3],\"text\":\"其中\",\"style\":121},\"14\":{\"text\":\" \",\"style\":223},\"15\":{\"text\":\" \",\"style\":223},\"16\":{\"text\":\" \",\"style\":223},\"17\":{\"merge\":[2,0],\"text\":\"合计\",\"style\":121},\"18\":{\"merge\":[0,1],\"text\":\"其中\",\"style\":121},\"19\":{\"style\":122,\"text\":\" \"},\"20\":{\"merge\":[2,0],\"text\":\"本年投入金额（万元）\",\"style\":230},\"21\":{\"merge\":[0,1],\"text\":\"电脑数（台数）\",\"style\":121},\"22\":{\"style\":122,\"text\":\" \"},\"23\":{\"merge\":[0,1],\"text\":\"校园网数（个）\",\"style\":121},\"24\":{\"style\":122,\"text\":\" \"}}},\"4\":{\"cells\":{\"1\":{\"text\":\" \",\"style\":40},\"2\":{\"style\":222,\"text\":\" \"},\"3\":{\"style\":118,\"text\":\" \"},\"4\":{\"merge\":[1,0],\"text\":\"金额\",\"style\":126},\"5\":{\"merge\":[1,0],\"text\":\"比上年增长（%）\",\"style\":127},\"6\":{\"style\":122,\"text\":\" \"},\"7\":{\"style\":123,\"text\":\" \"},\"8\":{\"merge\":[1,0],\"text\":\"合计\",\"style\":121},\"9\":{\"merge\":[0,1],\"text\":\"其中\",\"style\":121},\"10\":{\"style\":122,\"text\":\" \"},\"11\":{\"style\":118,\"text\":\" \"},\"12\":{\"style\":121,\"text\":\" \"},\"13\":{\"merge\":[1,0],\"text\":\"人员经费\",\"style\":131},\"14\":{\"merge\":[1,0],\"text\":\"日常公用费用\",\"style\":131},\"15\":{\"merge\":[1,0],\"text\":\"项目经费\",\"style\":131},\"16\":{\"merge\":[1,0],\"text\":\"基建投入\",\"style\":131},\"17\":{\"style\":121,\"text\":\" \"},\"18\":{\"merge\":[1,0],\"text\":\"项目经费\",\"style\":131},\"19\":{\"merge\":[1,0],\"text\":\"基础投入\",\"style\":131},\"20\":{\"style\":231,\"text\":\" \"},\"21\":{\"merge\":[1,0],\"text\":\"合计\",\"style\":121},\"22\":{\"merge\":[1,0],\"text\":\"本年购置数\",\"style\":121},\"23\":{\"style\":121,\"merge\":[1,0],\"text\":\"合计\"},\"24\":{\"merge\":[1,0],\"text\":\"本年建成数\",\"style\":121}}},\"5\":{\"cells\":{\"1\":{\"text\":\" \",\"style\":40},\"2\":{\"style\":222,\"text\":\" \"},\"3\":{\"style\":118,\"text\":\" \"},\"4\":{\"style\":126,\"text\":\" \"},\"5\":{\"style\":129,\"text\":\" \"},\"6\":{\"style\":121,\"text\":\" \"},\"7\":{\"style\":130,\"text\":\" \"},\"8\":{\"style\":121,\"text\":\" \"},\"9\":{\"text\":\"标准化建设\",\"style\":131},\"10\":{\"text\":\"信息化建设\",\"style\":121},\"11\":{\"style\":118,\"text\":\" \"},\"12\":{\"style\":121,\"text\":\" \"},\"13\":{\"text\":\" \",\"style\":223},\"14\":{\"style\":131,\"text\":\" \"},\"15\":{\"text\":\" \",\"style\":223},\"16\":{\"style\":131,\"text\":\" \"},\"17\":{\"style\":121,\"text\":\" \"},\"18\":{\"text\":\" \",\"style\":223},\"19\":{\"style\":131,\"text\":\" \"},\"20\":{\"style\":231,\"text\":\" \"},\"21\":{\"style\":121,\"text\":\" \"},\"22\":{\"style\":122,\"text\":\" \"},\"23\":{\"style\":131,\"text\":\" \"},\"24\":{\"style\":122,\"text\":\" \"}}},\"6\":{\"cells\":{\"0\":{\"style\":236},\"1\":{\"text\":\"#{laiyuan.group(class)}\",\"style\":233,\"aggregate\":\"group\"},\"2\":{\"text\":\"#{laiyuan.school}\",\"style\":234},\"3\":{\"style\":15,\"text\":\"=SUM(E7,I7)\"},\"4\":{\"style\":15,\"text\":\"=SUM(G7,H7)\"},\"5\":{\"text\":\"#{laiyuan.lv}\",\"style\":12},\"6\":{\"text\":\"#{laiyuan.renyuan_jy}\",\"style\":12},\"7\":{\"text\":\"#{laiyuan.richang_jy}\",\"style\":12},\"8\":{\"style\":12,\"text\":\"=SUM(J7,K7)\"},\"9\":{\"text\":\"#{laiyuan.biaozhun_jy}\",\"style\":12},\"10\":{\"text\":\"#{laiyuan.xinxi_jy}\",\"style\":12},\"11\":{\"text\":\"#{laiyuan.jichubokuan_jy}\",\"style\":12},\"12\":{\"style\":12,\"text\":\"=SUM(N7,O7)\"},\"13\":{\"text\":\"#{laiyuan.renyuan_ct}\",\"style\":12},\"14\":{\"text\":\"#{laiyuan.richang_ct}\",\"style\":12},\"15\":{\"text\":\"#{laiyuan.xiangmu_ct}\",\"style\":12},\"16\":{\"text\":\"#{laiyuan.jichubokuan_ct}\",\"style\":12},\"17\":{\"style\":12,\"text\":\"=SUM(S7,T7)\"},\"18\":{\"text\":\"#{laiyuan.xiangmu_sh}\",\"style\":12},\"19\":{\"text\":\"#{laiyuan.jichubokuan_sh}\",\"style\":12},\"20\":{\"style\":12,\"text\":\"=SUM(V7,X7)\"},\"21\":{\"style\":12,\"text\":\"#{laiyuan.diannao}\"},\"22\":{\"text\":\"#{laiyuan.diannao}\",\"style\":12},\"23\":{\"style\":12,\"text\":\"#{laiyuan.xiaoyuanwang}\"},\"24\":{\"text\":\"#{laiyuan.xiaoyuanwang}\",\"style\":12},\"25\":{\"style\":236}},\"isDrag\":true},\"7\":{\"cells\":{\"1\":{\"text\":\"总计\",\"style\":226,\"rendered\":\"\",\"merge\":[0,1]},\"3\":{\"style\":228,\"text\":\"=SUM(D7)\"},\"4\":{\"style\":228,\"text\":\"=SUM(E7)\"},\"5\":{\"style\":228,\"text\":\"\"},\"6\":{\"style\":228,\"text\":\"=SUM(G7)\"},\"7\":{\"style\":228,\"text\":\"=SUM(H7)\"},\"8\":{\"style\":228,\"text\":\"=SUM(I7)\"},\"9\":{\"style\":228,\"text\":\"=SUM(J7)\"},\"10\":{\"style\":228,\"text\":\"=SUM(K7)\"},\"11\":{\"style\":228,\"text\":\"=SUM(L7)\"},\"12\":{\"style\":228,\"text\":\"=SUM(M7)\"},\"13\":{\"style\":229,\"text\":\"=SUM(N7)\"},\"14\":{\"style\":229,\"text\":\"=SUM(O7)\"},\"15\":{\"style\":229,\"text\":\"=SUM(P7)\"},\"16\":{\"style\":229,\"text\":\"=SUM(Q7)\"},\"17\":{\"style\":229,\"text\":\"=SUM(R7)\"},\"18\":{\"style\":229,\"text\":\"=SUM(S7)\"},\"19\":{\"style\":229,\"text\":\"=SUM(T7)\"},\"20\":{\"style\":229,\"text\":\"=SUM(U7)\"},\"21\":{\"style\":229,\"text\":\"=SUM(V8)\"},\"22\":{\"style\":229,\"text\":\"=SUM(W7)\"},\"23\":{\"style\":232,\"text\":\"=SUM(X7)\"},\"24\":{\"style\":229,\"text\":\"=SUM(Y7)\"}}},\"9\":{\"cells\":{\"4\":{\"lineStart\":\"leftbottom\",\"text\":\"\"}}},\"len\":100},\"dbexps\":[],\"toolPrintSizeObj\":{\"printType\":\"A4\",\"widthPx\":718,\"heightPx\":1047},\"dicts\":[],\"groupField\":\"laiyuan.class\",\"freeze\":\"A1\",\"dataRectWidth\":1738,\"background\":false,\"name\":\"sheet1\",\"autofilter\":{},\"styles\":[{\"align\":\"center\"},{\"align\":\"center\",\"bgcolor\":\"\"},{\"align\":\"center\",\"bgcolor\":\"#02a274\"},{\"align\":\"center\",\"bgcolor\":\"#02a274\",\"color\":\"#ffffff\"},{\"bgcolor\":\"#02a274\"},{\"align\":\"center\",\"bgcolor\":\"#02a274\",\"color\":\"#ffffff\",\"border\":{\"bottom\":[\"thin\",\"bfbfbf\"],\"top\":[\"thin\",\"bfbfbf\"],\"left\":[\"thin\",\"bfbfbf\"],\"right\":[\"thin\",\"bfbfbf\"]}},{\"border\":{\"bottom\":[\"thin\",\"bfbfbf\"],\"top\":[\"thin\",\"bfbfbf\"],\"left\":[\"thin\",\"bfbfbf\"],\"right\":[\"thin\",\"bfbfbf\"]}},{\"align\":\"center\",\"bgcolor\":\"#02a274\",\"color\":\"#ffffff\",\"border\":{\"bottom\":[\"thin\",\"#bfbfbf\"],\"top\":[\"thin\",\"#bfbfbf\"],\"left\":[\"thin\",\"#bfbfbf\"],\"right\":[\"thin\",\"#bfbfbf\"]}},{\"border\":{\"bottom\":[\"thin\",\"#bfbfbf\"],\"top\":[\"thin\",\"#bfbfbf\"],\"left\":[\"thin\",\"#bfbfbf\"],\"right\":[\"thin\",\"#bfbfbf\"]}},{\"align\":\"center\",\"font\":{\"size\":16}},{\"align\":\"center\",\"font\":{\"size\":16,\"bold\":true}},{\"border\":{\"bottom\":[\"thin\",\"#bfbfbf\"],\"top\":[\"thin\",\"#bfbfbf\"],\"left\":[\"thin\",\"#bfbfbf\"],\"right\":[\"thin\",\"#bfbfbf\"]},\"font\":{\"size\":8}},{\"border\":{\"bottom\":[\"thin\",\"#bfbfbf\"],\"top\":[\"thin\",\"#bfbfbf\"],\"left\":[\"thin\",\"#bfbfbf\"],\"right\":[\"thin\",\"#bfbfbf\"]},\"font\":{\"size\":8},\"align\":\"center\"},{\"border\":{\"bottom\":[\"thin\",\"#bfbfbf\"],\"top\":[\"thin\",\"#bfbfbf\"],\"left\":[\"thin\",\"#bfbfbf\"],\"right\":[\"thin\",\"#bfbfbf\"]},\"font\":{\"size\":8,\"name\":\"宋体\"},\"align\":\"center\"},{\"border\":{\"bottom\":[\"thin\",\"#bfbfbf\"],\"top\":[\"thin\",\"#bfbfbf\"],\"left\":[\"thin\",\"#bfbfbf\"],\"right\":[\"thin\",\"#bfbfbf\"]},\"font\":{\"size\":8,\"name\":\"隶书\"},\"align\":\"center\"},{\"border\":{\"bottom\":[\"thin\",\"#bfbfbf\"],\"top\":[\"thin\",\"#bfbfbf\"],\"left\":[\"thin\",\"#bfbfbf\"],\"right\":[\"thin\",\"#bfbfbf\"]},\"font\":{\"size\":8,\"name\":\"Microsoft YaHei\"},\"align\":\"center\"},{\"border\":{\"bottom\":[\"thin\",\"#bfbfbf\"],\"top\":[\"thin\",\"#bfbfbf\"],\"left\":[\"thin\",\"#bfbfbf\"],\"right\":[\"thin\",\"#bfbfbf\"]},\"font\":{\"size\":8,\"name\":\"Microsoft YaHei\"},\"align\":\"center\",\"color\":\"#7f7f7f\"},{\"border\":{\"bottom\":[\"thin\",\"#bfbfbf\"],\"top\":[\"thin\",\"#bfbfbf\"],\"left\":[\"thin\",\"#bfbfbf\"],\"right\":[\"thin\",\"#bfbfbf\"]},\"font\":{\"size\":8,\"name\":\"Microsoft YaHei\"},\"align\":\"center\",\"color\":\"#262626\"},{\"align\":\"center\",\"bgcolor\":\"#02a274\",\"color\":\"#ffffff\",\"border\":{\"bottom\":[\"thin\",\"#bfbfbf\"],\"top\":[\"thin\",\"#bfbfbf\"],\"left\":[\"thin\",\"#bfbfbf\"],\"right\":[\"thin\",\"#bfbfbf\"]},\"font\":{\"bold\":true}},{\"align\":\"center\",\"bgcolor\":\"#02a274\",\"color\":\"#ffffff\",\"font\":{\"bold\":true}},{\"border\":{\"bottom\":[\"thin\",\"#bfbfbf\"],\"top\":[\"thin\",\"#bfbfbf\"],\"left\":[\"thin\",\"#bfbfbf\"],\"right\":[\"thin\",\"#bfbfbf\"]},\"font\":{\"size\":8,\"name\":\"Microsoft YaHei\"},\"align\":\"center\",\"color\":\"#262626\",\"bgcolor\":\"#\"},{\"border\":{\"bottom\":[\"thin\",\"#bfbfbf\"],\"top\":[\"thin\",\"#bfbfbf\"],\"left\":[\"thin\",\"#bfbfbf\"],\"right\":[\"thin\",\"#bfbfbf\"]},\"font\":{\"size\":8,\"name\":\"Microsoft YaHei\"},\"align\":\"center\",\"color\":\"#262626\",\"bgcolor\":\"#f1f9f6\"},{\"border\":{\"bottom\":[\"thin\",\"#bfbfbf\"],\"top\":[\"thin\",\"#bfbfbf\"],\"left\":[\"thin\",\"#bfbfbf\"],\"right\":[\"thin\",\"#bfbfbf\"]},\"font\":{\"size\":8,\"name\":\"Microsoft YaHei\"},\"align\":\"center\",\"color\":\"#262626\",\"bgcolor\":\"#ddefe8\"},{\"align\":\"center\",\"bgcolor\":\"#02a274\",\"color\":\"#ffffff\",\"border\":{\"bottom\":[\"thin\",\"#bfbfbf\"],\"top\":[\"thin\",\"#bfbfbf\"],\"left\":[\"thin\",\"#bfbfbf\"],\"right\":[\"thin\",\"#bfbfbf\"]},\"font\":{\"bold\":true,\"size\":9}},{\"align\":\"center\",\"bgcolor\":\"#02a274\",\"color\":\"#ffffff\",\"font\":{\"bold\":true,\"size\":9}},{\"border\":{\"bottom\":[\"thin\",\"#bfbfbf\"],\"top\":[\"thin\",\"#bfbfbf\"],\"left\":[\"thin\",\"#bfbfbf\"],\"right\":[\"thin\",\"#bfbfbf\"]},\"font\":{\"size\":8,\"name\":\"华文中宋\"},\"align\":\"center\",\"color\":\"#262626\",\"bgcolor\":\"#f1f9f6\"},{\"border\":{\"bottom\":[\"thin\",\"#bfbfbf\"],\"top\":[\"thin\",\"#bfbfbf\"],\"left\":[\"thin\",\"#bfbfbf\"],\"right\":[\"thin\",\"#bfbfbf\"]},\"font\":{\"size\":8,\"name\":\"Arial\"},\"align\":\"center\",\"color\":\"#262626\",\"bgcolor\":\"#f1f9f6\"},{\"border\":{\"bottom\":[\"thin\",\"#bfbfbf\"],\"top\":[\"thin\",\"#bfbfbf\"],\"left\":[\"thin\",\"#bfbfbf\"],\"right\":[\"thin\",\"#bfbfbf\"]},\"font\":{\"size\":10}},{\"border\":{\"bottom\":[\"thin\",\"#bfbfbf\"],\"top\":[\"thin\",\"#bfbfbf\"],\"left\":[\"thin\",\"#bfbfbf\"],\"right\":[\"thin\",\"#bfbfbf\"]},\"font\":{\"size\":8},\"bgcolor\":\"#\"},{\"border\":{\"bottom\":[\"thin\",\"#bfbfbf\"],\"top\":[\"thin\",\"#bfbfbf\"],\"left\":[\"thin\",\"#bfbfbf\"],\"right\":[\"thin\",\"#bfbfbf\"]},\"bgcolor\":\"#\"},{\"border\":{\"bottom\":[\"thin\",\"#bfbfbf\"],\"top\":[\"thin\",\"#bfbfbf\"],\"left\":[\"thin\",\"#bfbfbf\"],\"right\":[\"thin\",\"#bfbfbf\"]},\"font\":{\"size\":8,\"name\":\"Microsoft YaHei\"},\"align\":\"center\",\"color\":\"#262626\",\"bgcolor\":\"#aedac8\"},{\"border\":{\"bottom\":[\"thin\",\"#bfbfbf\"],\"top\":[\"thin\",\"#bfbfbf\"],\"left\":[\"thin\",\"#bfbfbf\"],\"right\":[\"thin\",\"#bfbfbf\"]},\"font\":{\"size\":8},\"bgcolor\":\"#aedac8\"},{\"border\":{\"bottom\":[\"thin\",\"#bfbfbf\"],\"top\":[\"thin\",\"#bfbfbf\"],\"left\":[\"thin\",\"#bfbfbf\"],\"right\":[\"thin\",\"#bfbfbf\"]},\"bgcolor\":\"#aedac8\"},{\"border\":{\"bottom\":[\"thin\",\"#bfbfbf\"],\"top\":[\"thin\",\"#bfbfbf\"],\"left\":[\"thin\",\"#bfbfbf\"],\"right\":[\"thin\",\"#bfbfbf\"]},\"font\":{\"size\":8},\"bgcolor\":\"#aedac8\",\"align\":\"center\"},{\"border\":{\"bottom\":[\"thin\",\"#bfbfbf\"],\"top\":[\"thin\",\"#bfbfbf\"],\"left\":[\"thin\",\"#bfbfbf\"],\"right\":[\"thin\",\"#bfbfbf\"]},\"font\":{\"size\":8},\"bgcolor\":\"#aedac8\",\"align\":\"center\",\"format\":\"number\"},{\"border\":{\"bottom\":[\"thin\",\"#bfbfbf\"],\"top\":[\"thin\",\"#bfbfbf\"],\"left\":[\"thin\",\"#bfbfbf\"],\"right\":[\"thin\",\"#bfbfbf\"]},\"font\":{\"size\":8},\"bgcolor\":\"#aedac8\",\"align\":\"center\",\"format\":\"normal\"},{\"border\":{\"bottom\":[\"thin\",\"#bfbfbf\"],\"top\":[\"thin\",\"#bfbfbf\"],\"left\":[\"thin\",\"#bfbfbf\"],\"right\":[\"thin\",\"#bfbfbf\"]},\"bgcolor\":\"#aedac8\",\"align\":\"center\"},{\"align\":\"center\",\"bgcolor\":\"#02a274\",\"color\":\"#ffffff\",\"border\":{\"bottom\":[\"thin\",\"#bfbfbf\"],\"top\":[\"thin\",\"#bfbfbf\"],\"left\":[\"thin\",\"#bfbfbf\"],\"right\":[\"thin\",\"#bfbfbf\"]},\"font\":{\"bold\":false,\"size\":9}},{\"align\":\"center\",\"bgcolor\":\"#02a274\",\"color\":\"#ffffff\",\"font\":{\"bold\":false,\"size\":9}},{\"border\":{\"bottom\":[\"thin\",\"#bfbfbf\"],\"top\":[\"thin\",\"#bfbfbf\"],\"left\":[\"thin\",\"#bfbfbf\"],\"right\":[\"thin\",\"#bfbfbf\"]},\"font\":{\"size\":10,\"name\":\"Microsoft YaHei\"},\"align\":\"center\",\"color\":\"#262626\",\"bgcolor\":\"#aedac8\"},{\"font\":{\"size\":10}},{\"border\":{\"bottom\":[\"thin\",\"#bfbfbf\"],\"top\":[\"thin\",\"#bfbfbf\"],\"left\":[\"thin\",\"#bfbfbf\"],\"right\":[\"thin\",\"#bfbfbf\"]},\"font\":{\"size\":10},\"bgcolor\":\"#aedac8\",\"align\":\"center\",\"format\":\"normal\"},{\"border\":{\"bottom\":[\"thin\",\"#bfbfbf\"],\"top\":[\"thin\",\"#bfbfbf\"],\"left\":[\"thin\",\"#bfbfbf\"],\"right\":[\"thin\",\"#bfbfbf\"]},\"font\":{\"size\":10},\"bgcolor\":\"#aedac8\",\"align\":\"center\"},{\"border\":{\"bottom\":[\"thin\",\"#bfbfbf\"],\"top\":[\"thin\",\"#bfbfbf\"],\"left\":[\"thin\",\"#bfbfbf\"],\"right\":[\"thin\",\"#bfbfbf\"]},\"bgcolor\":\"#aedac8\",\"font\":{\"size\":10}},{\"font\":{\"size\":10},\"bgcolor\":\"#aedac8\"},{\"bgcolor\":\"#02a274\",\"font\":{\"size\":9}},{\"bgcolor\":\"#02a274\",\"font\":{\"size\":9},\"align\":\"center\"},{\"bgcolor\":\"#02a274\",\"font\":{\"size\":9},\"align\":\"center\",\"color\":\"#ffffff\"},{\"textwrap\":true},{\"textwrap\":true,\"font\":{\"size\":9}},{\"textwrap\":true,\"font\":{\"size\":9},\"bgcolor\":\"#02a274\"},{\"textwrap\":true,\"font\":{\"size\":9},\"bgcolor\":\"#02a274\",\"color\":\"#ffffff\"},{\"align\":\"center\",\"bgcolor\":\"#02a274\",\"color\":\"#000100\",\"border\":{\"bottom\":[\"thin\",\"#bfbfbf\"],\"top\":[\"thin\",\"#bfbfbf\"],\"left\":[\"thin\",\"#bfbfbf\"],\"right\":[\"thin\",\"#bfbfbf\"]},\"font\":{\"bold\":false,\"size\":9}},{\"color\":\"#000100\"},{\"bgcolor\":\"#02a274\",\"font\":{\"size\":9},\"align\":\"center\",\"color\":\"#000100\"},{\"textwrap\":true,\"font\":{\"size\":9},\"bgcolor\":\"#02a274\",\"color\":\"#000100\"},{\"bgcolor\":\"\",\"font\":{\"size\":9},\"align\":\"center\",\"color\":\"#000100\"},{\"textwrap\":true,\"font\":{\"size\":9},\"bgcolor\":\"\",\"color\":\"#000100\"},{\"align\":\"center\",\"bgcolor\":\"\",\"color\":\"#000100\",\"border\":{\"bottom\":[\"thin\",\"#bfbfbf\"],\"top\":[\"thin\",\"#bfbfbf\"],\"left\":[\"thin\",\"#bfbfbf\"],\"right\":[\"thin\",\"#bfbfbf\"]},\"font\":{\"bold\":false,\"size\":9}},{\"color\":\"#000100\",\"bgcolor\":\"\"},{\"textwrap\":true,\"font\":{\"size\":9},\"bgcolor\":\"\",\"color\":\"#000100\",\"align\":\"center\"},{\"font\":{\"size\":9}},{\"font\":{\"size\":9},\"align\":\"center\"},{\"textwrap\":true,\"align\":\"center\"},{\"font\":{\"size\":9},\"align\":\"center\",\"border\":{\"bottom\":[\"thin\",\"#595959\"],\"top\":[\"thin\",\"#595959\"],\"left\":[\"thin\",\"#595959\"],\"right\":[\"thin\",\"#595959\"]}},{\"textwrap\":true,\"align\":\"center\",\"border\":{\"bottom\":[\"thin\",\"#595959\"],\"top\":[\"thin\",\"#595959\"],\"left\":[\"thin\",\"#595959\"],\"right\":[\"thin\",\"#595959\"]}},{\"align\":\"center\",\"border\":{\"bottom\":[\"thin\",\"#595959\"],\"top\":[\"thin\",\"#595959\"],\"left\":[\"thin\",\"#595959\"],\"right\":[\"thin\",\"#595959\"]}},{\"bgcolor\":\"\",\"font\":{\"size\":9},\"align\":\"center\",\"color\":\"#000100\",\"border\":{\"bottom\":[\"thin\",\"#595959\"],\"top\":[\"thin\",\"#595959\"],\"left\":[\"thin\",\"#595959\"],\"right\":[\"thin\",\"#595959\"]}},{\"textwrap\":true,\"font\":{\"size\":9},\"bgcolor\":\"\",\"color\":\"#000100\",\"align\":\"center\",\"border\":{\"bottom\":[\"thin\",\"#595959\"],\"top\":[\"thin\",\"#595959\"],\"left\":[\"thin\",\"#595959\"],\"right\":[\"thin\",\"#595959\"]}},{\"font\":{\"size\":9},\"border\":{\"bottom\":[\"thin\",\"#595959\"],\"top\":[\"thin\",\"#595959\"],\"left\":[\"thin\",\"#595959\"],\"right\":[\"thin\",\"#595959\"]}},{\"font\":{\"size\":9},\"align\":\"center\",\"border\":{\"bottom\":[\"thin\",\"#7f7f7f\"],\"top\":[\"thin\",\"#7f7f7f\"],\"left\":[\"thin\",\"#7f7f7f\"],\"right\":[\"thin\",\"#7f7f7f\"]}},{\"textwrap\":true,\"align\":\"center\",\"border\":{\"bottom\":[\"thin\",\"#7f7f7f\"],\"top\":[\"thin\",\"#7f7f7f\"],\"left\":[\"thin\",\"#7f7f7f\"],\"right\":[\"thin\",\"#7f7f7f\"]}},{\"align\":\"center\",\"border\":{\"bottom\":[\"thin\",\"#7f7f7f\"],\"top\":[\"thin\",\"#7f7f7f\"],\"left\":[\"thin\",\"#7f7f7f\"],\"right\":[\"thin\",\"#7f7f7f\"]}},{\"bgcolor\":\"\",\"font\":{\"size\":9},\"align\":\"center\",\"color\":\"#000100\",\"border\":{\"bottom\":[\"thin\",\"#7f7f7f\"],\"top\":[\"thin\",\"#7f7f7f\"],\"left\":[\"thin\",\"#7f7f7f\"],\"right\":[\"thin\",\"#7f7f7f\"]}},{\"textwrap\":true,\"font\":{\"size\":9},\"bgcolor\":\"\",\"color\":\"#000100\",\"align\":\"center\",\"border\":{\"bottom\":[\"thin\",\"#7f7f7f\"],\"top\":[\"thin\",\"#7f7f7f\"],\"left\":[\"thin\",\"#7f7f7f\"],\"right\":[\"thin\",\"#7f7f7f\"]}},{\"font\":{\"size\":9},\"border\":{\"bottom\":[\"thin\",\"#7f7f7f\"],\"top\":[\"thin\",\"#7f7f7f\"],\"left\":[\"thin\",\"#7f7f7f\"],\"right\":[\"thin\",\"#7f7f7f\"]}},{\"font\":{\"size\":9},\"align\":\"center\",\"border\":{\"bottom\":[\"thin\",\"#756f6f\"],\"top\":[\"thin\",\"#756f6f\"],\"left\":[\"thin\",\"#756f6f\"],\"right\":[\"thin\",\"#756f6f\"]}},{\"textwrap\":true,\"align\":\"center\",\"border\":{\"bottom\":[\"thin\",\"#756f6f\"],\"top\":[\"thin\",\"#756f6f\"],\"left\":[\"thin\",\"#756f6f\"],\"right\":[\"thin\",\"#756f6f\"]}},{\"align\":\"center\",\"border\":{\"bottom\":[\"thin\",\"#756f6f\"],\"top\":[\"thin\",\"#756f6f\"],\"left\":[\"thin\",\"#756f6f\"],\"right\":[\"thin\",\"#756f6f\"]}},{\"bgcolor\":\"\",\"font\":{\"size\":9},\"align\":\"center\",\"color\":\"#000100\",\"border\":{\"bottom\":[\"thin\",\"#756f6f\"],\"top\":[\"thin\",\"#756f6f\"],\"left\":[\"thin\",\"#756f6f\"],\"right\":[\"thin\",\"#756f6f\"]}},{\"textwrap\":true,\"font\":{\"size\":9},\"bgcolor\":\"\",\"color\":\"#000100\",\"align\":\"center\",\"border\":{\"bottom\":[\"thin\",\"#756f6f\"],\"top\":[\"thin\",\"#756f6f\"],\"left\":[\"thin\",\"#756f6f\"],\"right\":[\"thin\",\"#756f6f\"]}},{\"font\":{\"size\":9},\"border\":{\"bottom\":[\"thin\",\"#756f6f\"],\"top\":[\"thin\",\"#756f6f\"],\"left\":[\"thin\",\"#756f6f\"],\"right\":[\"thin\",\"#756f6f\"]}},{\"align\":\"center\",\"bgcolor\":\"\",\"color\":\"#ffffff\",\"border\":{\"bottom\":[\"thin\",\"#bfbfbf\"],\"top\":[\"thin\",\"#bfbfbf\"],\"left\":[\"thin\",\"#bfbfbf\"],\"right\":[\"thin\",\"#bfbfbf\"]},\"font\":{\"bold\":false,\"size\":9}},{\"bgcolor\":\"\"},{\"align\":\"center\",\"bgcolor\":\"#02a274\",\"color\":\"#ffffff\",\"border\":{\"bottom\":[\"thin\",\"#bfbfbf\"],\"top\":[\"thin\",\"#bfbfbf\"],\"left\":[\"thin\",\"#bfbfbf\"],\"right\":[\"thin\",\"#bfbfbf\"]},\"font\":{\"bold\":false,\"size\":10}},{\"align\":\"center\",\"bgcolor\":\"\",\"color\":\"#000100\",\"border\":{\"bottom\":[\"thin\",\"#bfbfbf\"],\"top\":[\"thin\",\"#bfbfbf\"],\"left\":[\"thin\",\"#bfbfbf\"],\"right\":[\"thin\",\"#bfbfbf\"]},\"font\":{\"bold\":false,\"size\":10}},{\"color\":\"#000100\",\"font\":{\"size\":10}},{\"color\":\"#000100\",\"bgcolor\":\"\",\"font\":{\"size\":10}},{\"font\":{\"size\":10},\"align\":\"center\",\"border\":{\"bottom\":[\"thin\",\"#7f7f7f\"],\"top\":[\"thin\",\"#7f7f7f\"],\"left\":[\"thin\",\"#7f7f7f\"],\"right\":[\"thin\",\"#7f7f7f\"]}},{\"font\":{\"size\":10},\"align\":\"center\"},{\"textwrap\":true,\"align\":\"center\",\"border\":{\"bottom\":[\"thin\",\"#7f7f7f\"],\"top\":[\"thin\",\"#7f7f7f\"],\"left\":[\"thin\",\"#7f7f7f\"],\"right\":[\"thin\",\"#7f7f7f\"]},\"font\":{\"size\":10}},{\"bgcolor\":\"\",\"font\":{\"size\":10},\"align\":\"center\",\"color\":\"#000100\",\"border\":{\"bottom\":[\"thin\",\"#7f7f7f\"],\"top\":[\"thin\",\"#7f7f7f\"],\"left\":[\"thin\",\"#7f7f7f\"],\"right\":[\"thin\",\"#7f7f7f\"]}},{\"textwrap\":true,\"font\":{\"size\":10},\"bgcolor\":\"\",\"color\":\"#000100\",\"align\":\"center\",\"border\":{\"bottom\":[\"thin\",\"#7f7f7f\"],\"top\":[\"thin\",\"#7f7f7f\"],\"left\":[\"thin\",\"#7f7f7f\"],\"right\":[\"thin\",\"#7f7f7f\"]}},{\"bgcolor\":\"\",\"font\":{\"size\":10},\"align\":\"center\",\"color\":\"#000100\"},{\"font\":{\"size\":10},\"border\":{\"bottom\":[\"thin\",\"#7f7f7f\"],\"top\":[\"thin\",\"#7f7f7f\"],\"left\":[\"thin\",\"#7f7f7f\"],\"right\":[\"thin\",\"#7f7f7f\"]}},{\"color\":\"#000100\",\"bgcolor\":\"\",\"align\":\"center\"},{\"font\":{\"size\":10},\"align\":\"center\",\"border\":{\"bottom\":[\"thin\",\"#bfbfbf\"],\"top\":[\"thin\",\"#bfbfbf\"],\"left\":[\"thin\",\"#bfbfbf\"],\"right\":[\"thin\",\"#bfbfbf\"]}},{\"textwrap\":true,\"align\":\"center\",\"border\":{\"bottom\":[\"thin\",\"#bfbfbf\"],\"top\":[\"thin\",\"#bfbfbf\"],\"left\":[\"thin\",\"#bfbfbf\"],\"right\":[\"thin\",\"#bfbfbf\"]},\"font\":{\"size\":10}},{\"align\":\"center\",\"border\":{\"bottom\":[\"thin\",\"#bfbfbf\"],\"top\":[\"thin\",\"#bfbfbf\"],\"left\":[\"thin\",\"#bfbfbf\"],\"right\":[\"thin\",\"#bfbfbf\"]}},{\"bgcolor\":\"\",\"font\":{\"size\":10},\"align\":\"center\",\"color\":\"#000100\",\"border\":{\"bottom\":[\"thin\",\"#bfbfbf\"],\"top\":[\"thin\",\"#bfbfbf\"],\"left\":[\"thin\",\"#bfbfbf\"],\"right\":[\"thin\",\"#bfbfbf\"]}},{\"textwrap\":true,\"font\":{\"size\":10},\"bgcolor\":\"\",\"color\":\"#000100\",\"align\":\"center\",\"border\":{\"bottom\":[\"thin\",\"#bfbfbf\"],\"top\":[\"thin\",\"#bfbfbf\"],\"left\":[\"thin\",\"#bfbfbf\"],\"right\":[\"thin\",\"#bfbfbf\"]}},{\"color\":\"#000100\",\"bgcolor\":\"\",\"align\":\"center\",\"border\":{\"bottom\":[\"thin\",\"#bfbfbf\"],\"top\":[\"thin\",\"#bfbfbf\"],\"left\":[\"thin\",\"#bfbfbf\"],\"right\":[\"thin\",\"#bfbfbf\"]}},{\"textwrap\":true,\"border\":{\"bottom\":[\"thin\",\"#bfbfbf\"],\"top\":[\"thin\",\"#bfbfbf\"],\"left\":[\"thin\",\"#bfbfbf\"],\"right\":[\"thin\",\"#bfbfbf\"]}},{\"align\":\"center\",\"bgcolor\":\"#\",\"color\":\"#000100\",\"border\":{\"bottom\":[\"thin\",\"#bfbfbf\"],\"top\":[\"thin\",\"#bfbfbf\"],\"left\":[\"thin\",\"#bfbfbf\"],\"right\":[\"thin\",\"#bfbfbf\"]},\"font\":{\"bold\":false,\"size\":10}},{\"color\":\"#000100\",\"font\":{\"size\":10},\"bgcolor\":\"#\"},{\"align\":\"center\",\"bgcolor\":\"#\",\"color\":\"#000100\",\"border\":{\"bottom\":[\"thin\",\"#bfbfbf\"],\"top\":[\"thin\",\"#bfbfbf\"],\"left\":[\"thin\",\"#bfbfbf\"],\"right\":[\"thin\",\"#bfbfbf\"]},\"font\":{\"bold\":false,\"size\":9}},{\"bgcolor\":\"#\"},{\"font\":{\"size\":10},\"align\":\"center\",\"border\":{\"bottom\":[\"thin\",\"#bfbfbf\"],\"top\":[\"thin\",\"#bfbfbf\"],\"left\":[\"thin\",\"#bfbfbf\"],\"right\":[\"thin\",\"#bfbfbf\"]},\"bgcolor\":\"#\"},{\"font\":{\"size\":10},\"align\":\"center\",\"bgcolor\":\"#\"},{\"textwrap\":true,\"align\":\"center\",\"border\":{\"bottom\":[\"thin\",\"#bfbfbf\"],\"top\":[\"thin\",\"#bfbfbf\"],\"left\":[\"thin\",\"#bfbfbf\"],\"right\":[\"thin\",\"#bfbfbf\"]},\"font\":{\"size\":10},\"bgcolor\":\"#\"},{\"align\":\"center\",\"border\":{\"bottom\":[\"thin\",\"#bfbfbf\"],\"top\":[\"thin\",\"#bfbfbf\"],\"left\":[\"thin\",\"#bfbfbf\"],\"right\":[\"thin\",\"#bfbfbf\"]},\"bgcolor\":\"#\"},{\"align\":\"center\",\"bgcolor\":\"#\"},{\"bgcolor\":\"#\",\"font\":{\"size\":10},\"align\":\"center\",\"color\":\"#000100\",\"border\":{\"bottom\":[\"thin\",\"#bfbfbf\"],\"top\":[\"thin\",\"#bfbfbf\"],\"left\":[\"thin\",\"#bfbfbf\"],\"right\":[\"thin\",\"#bfbfbf\"]}},{\"textwrap\":true,\"font\":{\"size\":10},\"bgcolor\":\"#\",\"color\":\"#000100\",\"align\":\"center\",\"border\":{\"bottom\":[\"thin\",\"#bfbfbf\"],\"top\":[\"thin\",\"#bfbfbf\"],\"left\":[\"thin\",\"#bfbfbf\"],\"right\":[\"thin\",\"#bfbfbf\"]}},{\"textwrap\":true,\"font\":{\"size\":10},\"bgcolor\":\"#\",\"color\":\"#000100\",\"align\":\"center\",\"border\":{\"bottom\":[\"thin\",\"#7f7f7f\"],\"top\":[\"thin\",\"#7f7f7f\"],\"left\":[\"thin\",\"#7f7f7f\"],\"right\":[\"thin\",\"#7f7f7f\"]}},{\"textwrap\":true,\"align\":\"center\",\"border\":{\"bottom\":[\"thin\",\"#7f7f7f\"],\"top\":[\"thin\",\"#7f7f7f\"],\"left\":[\"thin\",\"#7f7f7f\"],\"right\":[\"thin\",\"#7f7f7f\"]},\"font\":{\"size\":10},\"bgcolor\":\"#\"},{\"border\":{\"bottom\":[\"thin\",\"#bfbfbf\"],\"top\":[\"thin\",\"#bfbfbf\"],\"left\":[\"thin\",\"#bfbfbf\"],\"right\":[\"thin\",\"#bfbfbf\"]},\"font\":{\"size\":10},\"bgcolor\":\"#\"},{\"align\":\"center\",\"bgcolor\":\"#ddefe8\",\"color\":\"#000100\",\"border\":{\"bottom\":[\"thin\",\"#bfbfbf\"],\"top\":[\"thin\",\"#bfbfbf\"],\"left\":[\"thin\",\"#bfbfbf\"],\"right\":[\"thin\",\"#bfbfbf\"]},\"font\":{\"bold\":false,\"size\":10}},{\"color\":\"#000100\",\"font\":{\"size\":10},\"bgcolor\":\"#ddefe8\"},{\"align\":\"center\",\"bgcolor\":\"#ddefe8\",\"color\":\"#000100\",\"border\":{\"bottom\":[\"thin\",\"#bfbfbf\"],\"top\":[\"thin\",\"#bfbfbf\"],\"left\":[\"thin\",\"#bfbfbf\"],\"right\":[\"thin\",\"#bfbfbf\"]},\"font\":{\"bold\":false,\"size\":9}},{\"bgcolor\":\"#ddefe8\"},{\"font\":{\"size\":10},\"align\":\"center\",\"border\":{\"bottom\":[\"thin\",\"#bfbfbf\"],\"top\":[\"thin\",\"#bfbfbf\"],\"left\":[\"thin\",\"#bfbfbf\"],\"right\":[\"thin\",\"#bfbfbf\"]},\"bgcolor\":\"#ddefe8\"},{\"font\":{\"size\":10},\"align\":\"center\",\"bgcolor\":\"#ddefe8\"},{\"textwrap\":true,\"align\":\"center\",\"border\":{\"bottom\":[\"thin\",\"#bfbfbf\"],\"top\":[\"thin\",\"#bfbfbf\"],\"left\":[\"thin\",\"#bfbfbf\"],\"right\":[\"thin\",\"#bfbfbf\"]},\"font\":{\"size\":10},\"bgcolor\":\"#ddefe8\"},{\"align\":\"center\",\"border\":{\"bottom\":[\"thin\",\"#bfbfbf\"],\"top\":[\"thin\",\"#bfbfbf\"],\"left\":[\"thin\",\"#bfbfbf\"],\"right\":[\"thin\",\"#bfbfbf\"]},\"bgcolor\":\"#ddefe8\"},{\"align\":\"center\",\"bgcolor\":\"#ddefe8\"},{\"bgcolor\":\"#ddefe8\",\"font\":{\"size\":10},\"align\":\"center\",\"color\":\"#000100\",\"border\":{\"bottom\":[\"thin\",\"#bfbfbf\"],\"top\":[\"thin\",\"#bfbfbf\"],\"left\":[\"thin\",\"#bfbfbf\"],\"right\":[\"thin\",\"#bfbfbf\"]}},{\"textwrap\":true,\"font\":{\"size\":10},\"bgcolor\":\"#ddefe8\",\"color\":\"#000100\",\"align\":\"center\",\"border\":{\"bottom\":[\"thin\",\"#bfbfbf\"],\"top\":[\"thin\",\"#bfbfbf\"],\"left\":[\"thin\",\"#bfbfbf\"],\"right\":[\"thin\",\"#bfbfbf\"]}},{\"border\":{\"bottom\":[\"thin\",\"#bfbfbf\"],\"top\":[\"thin\",\"#bfbfbf\"],\"left\":[\"thin\",\"#bfbfbf\"],\"right\":[\"thin\",\"#bfbfbf\"]},\"bgcolor\":\"#ddefe8\"},{\"textwrap\":true,\"font\":{\"size\":10},\"bgcolor\":\"#ddefe8\",\"color\":\"#000100\",\"align\":\"center\",\"border\":{\"bottom\":[\"thin\",\"#7f7f7f\"],\"top\":[\"thin\",\"#7f7f7f\"],\"left\":[\"thin\",\"#7f7f7f\"],\"right\":[\"thin\",\"#7f7f7f\"]}},{\"textwrap\":true,\"align\":\"center\",\"border\":{\"bottom\":[\"thin\",\"#7f7f7f\"],\"top\":[\"thin\",\"#7f7f7f\"],\"left\":[\"thin\",\"#7f7f7f\"],\"right\":[\"thin\",\"#7f7f7f\"]},\"font\":{\"size\":10},\"bgcolor\":\"#ddefe8\"},{\"border\":{\"bottom\":[\"thin\",\"#bfbfbf\"],\"top\":[\"thin\",\"#bfbfbf\"],\"left\":[\"thin\",\"#bfbfbf\"],\"right\":[\"thin\",\"#bfbfbf\"]},\"font\":{\"size\":10},\"bgcolor\":\"#ddefe8\"},{\"color\":\"#000100\",\"bgcolor\":\"#fffff\",\"align\":\"center\",\"border\":{\"bottom\":[\"thin\",\"#bfbfbf\"],\"top\":[\"thin\",\"#bfbfbf\"],\"left\":[\"thin\",\"#bfbfbf\"],\"right\":[\"thin\",\"#bfbfbf\"]}},{\"align\":\"center\",\"bgcolor\":\"#fffff\"},{\"textwrap\":true,\"border\":{\"bottom\":[\"thin\",\"#bfbfbf\"],\"top\":[\"thin\",\"#bfbfbf\"],\"left\":[\"thin\",\"#bfbfbf\"],\"right\":[\"thin\",\"#bfbfbf\"]},\"bgcolor\":\"#fffff\"},{\"align\":\"center\",\"border\":{\"bottom\":[\"thin\",\"#bfbfbf\"],\"top\":[\"thin\",\"#bfbfbf\"],\"left\":[\"thin\",\"#bfbfbf\"],\"right\":[\"thin\",\"#bfbfbf\"]},\"bgcolor\":\"#fffff\"},{\"textwrap\":true,\"bgcolor\":\"#fffff\"},{\"border\":{\"bottom\":[\"thin\",\"#bfbfbf\"],\"top\":[\"thin\",\"#bfbfbf\"],\"left\":[\"thin\",\"#bfbfbf\"],\"right\":[\"thin\",\"#bfbfbf\"]},\"bgcolor\":\"#fffff\"},{\"color\":\"#000100\",\"bgcolor\":\"#ffff\",\"align\":\"center\",\"border\":{\"bottom\":[\"thin\",\"#bfbfbf\"],\"top\":[\"thin\",\"#bfbfbf\"],\"left\":[\"thin\",\"#bfbfbf\"],\"right\":[\"thin\",\"#bfbfbf\"]}},{\"align\":\"center\",\"bgcolor\":\"#ffff\"},{\"textwrap\":true,\"border\":{\"bottom\":[\"thin\",\"#bfbfbf\"],\"top\":[\"thin\",\"#bfbfbf\"],\"left\":[\"thin\",\"#bfbfbf\"],\"right\":[\"thin\",\"#bfbfbf\"]},\"bgcolor\":\"#ffff\"},{\"align\":\"center\",\"border\":{\"bottom\":[\"thin\",\"#bfbfbf\"],\"top\":[\"thin\",\"#bfbfbf\"],\"left\":[\"thin\",\"#bfbfbf\"],\"right\":[\"thin\",\"#bfbfbf\"]},\"bgcolor\":\"#ffff\"},{\"textwrap\":true,\"bgcolor\":\"#ffff\"},{\"border\":{\"bottom\":[\"thin\",\"#bfbfbf\"],\"top\":[\"thin\",\"#bfbfbf\"],\"left\":[\"thin\",\"#bfbfbf\"],\"right\":[\"thin\",\"#bfbfbf\"]},\"bgcolor\":\"#ffff\"},{\"color\":\"#000100\",\"bgcolor\":\"#fff\",\"align\":\"center\",\"border\":{\"bottom\":[\"thin\",\"#bfbfbf\"],\"top\":[\"thin\",\"#bfbfbf\"],\"left\":[\"thin\",\"#bfbfbf\"],\"right\":[\"thin\",\"#bfbfbf\"]}},{\"align\":\"center\",\"bgcolor\":\"#fff\"},{\"textwrap\":true,\"border\":{\"bottom\":[\"thin\",\"#bfbfbf\"],\"top\":[\"thin\",\"#bfbfbf\"],\"left\":[\"thin\",\"#bfbfbf\"],\"right\":[\"thin\",\"#bfbfbf\"]},\"bgcolor\":\"#fff\"},{\"align\":\"center\",\"border\":{\"bottom\":[\"thin\",\"#bfbfbf\"],\"top\":[\"thin\",\"#bfbfbf\"],\"left\":[\"thin\",\"#bfbfbf\"],\"right\":[\"thin\",\"#bfbfbf\"]},\"bgcolor\":\"#fff\"},{\"textwrap\":true,\"bgcolor\":\"#fff\"},{\"border\":{\"bottom\":[\"thin\",\"#bfbfbf\"],\"top\":[\"thin\",\"#bfbfbf\"],\"left\":[\"thin\",\"#bfbfbf\"],\"right\":[\"thin\",\"#bfbfbf\"]},\"bgcolor\":\"#fff\"},{\"color\":\"#000100\",\"bgcolor\":\"#ff\",\"align\":\"center\",\"border\":{\"bottom\":[\"thin\",\"#bfbfbf\"],\"top\":[\"thin\",\"#bfbfbf\"],\"left\":[\"thin\",\"#bfbfbf\"],\"right\":[\"thin\",\"#bfbfbf\"]}},{\"align\":\"center\",\"bgcolor\":\"#ff\"},{\"textwrap\":true,\"border\":{\"bottom\":[\"thin\",\"#bfbfbf\"],\"top\":[\"thin\",\"#bfbfbf\"],\"left\":[\"thin\",\"#bfbfbf\"],\"right\":[\"thin\",\"#bfbfbf\"]},\"bgcolor\":\"#ff\"},{\"align\":\"center\",\"border\":{\"bottom\":[\"thin\",\"#bfbfbf\"],\"top\":[\"thin\",\"#bfbfbf\"],\"left\":[\"thin\",\"#bfbfbf\"],\"right\":[\"thin\",\"#bfbfbf\"]},\"bgcolor\":\"#ff\"},{\"textwrap\":true,\"bgcolor\":\"#ff\"},{\"border\":{\"bottom\":[\"thin\",\"#bfbfbf\"],\"top\":[\"thin\",\"#bfbfbf\"],\"left\":[\"thin\",\"#bfbfbf\"],\"right\":[\"thin\",\"#bfbfbf\"]},\"bgcolor\":\"#ff\"},{\"color\":\"#000100\",\"bgcolor\":\"#f\",\"align\":\"center\",\"border\":{\"bottom\":[\"thin\",\"#bfbfbf\"],\"top\":[\"thin\",\"#bfbfbf\"],\"left\":[\"thin\",\"#bfbfbf\"],\"right\":[\"thin\",\"#bfbfbf\"]}},{\"align\":\"center\",\"bgcolor\":\"#f\"},{\"textwrap\":true,\"border\":{\"bottom\":[\"thin\",\"#bfbfbf\"],\"top\":[\"thin\",\"#bfbfbf\"],\"left\":[\"thin\",\"#bfbfbf\"],\"right\":[\"thin\",\"#bfbfbf\"]},\"bgcolor\":\"#f\"},{\"align\":\"center\",\"border\":{\"bottom\":[\"thin\",\"#bfbfbf\"],\"top\":[\"thin\",\"#bfbfbf\"],\"left\":[\"thin\",\"#bfbfbf\"],\"right\":[\"thin\",\"#bfbfbf\"]},\"bgcolor\":\"#f\"},{\"textwrap\":true,\"bgcolor\":\"#f\"},{\"border\":{\"bottom\":[\"thin\",\"#bfbfbf\"],\"top\":[\"thin\",\"#bfbfbf\"],\"left\":[\"thin\",\"#bfbfbf\"],\"right\":[\"thin\",\"#bfbfbf\"]},\"bgcolor\":\"#f\"},{\"color\":\"#000100\",\"bgcolor\":\"#\",\"align\":\"center\",\"border\":{\"bottom\":[\"thin\",\"#bfbfbf\"],\"top\":[\"thin\",\"#bfbfbf\"],\"left\":[\"thin\",\"#bfbfbf\"],\"right\":[\"thin\",\"#bfbfbf\"]}},{\"textwrap\":true,\"border\":{\"bottom\":[\"thin\",\"#bfbfbf\"],\"top\":[\"thin\",\"#bfbfbf\"],\"left\":[\"thin\",\"#bfbfbf\"],\"right\":[\"thin\",\"#bfbfbf\"]},\"bgcolor\":\"#\"},{\"textwrap\":true,\"bgcolor\":\"#\"},{\"color\":\"#000100\",\"bgcolor\":\"#ddefe8\",\"align\":\"center\",\"border\":{\"bottom\":[\"thin\",\"#bfbfbf\"],\"top\":[\"thin\",\"#bfbfbf\"],\"left\":[\"thin\",\"#bfbfbf\"],\"right\":[\"thin\",\"#bfbfbf\"]}},{\"textwrap\":true,\"border\":{\"bottom\":[\"thin\",\"#bfbfbf\"],\"top\":[\"thin\",\"#bfbfbf\"],\"left\":[\"thin\",\"#bfbfbf\"],\"right\":[\"thin\",\"#bfbfbf\"]},\"bgcolor\":\"#ddefe8\"},{\"textwrap\":true,\"bgcolor\":\"#ddefe8\"},{\"border\":{\"bottom\":[\"thin\",\"#bfbfbf\"],\"top\":[\"thin\",\"#bfbfbf\"],\"left\":[\"thin\",\"#bfbfbf\"],\"right\":[\"thin\",\"#bfbfbf\"]},\"font\":{\"size\":9}},{\"color\":\"#000100\",\"font\":{\"size\":9},\"bgcolor\":\"#ddefe8\"},{\"bgcolor\":\"#ddefe8\",\"font\":{\"size\":9}},{\"font\":{\"size\":9},\"align\":\"center\",\"border\":{\"bottom\":[\"thin\",\"#bfbfbf\"],\"top\":[\"thin\",\"#bfbfbf\"],\"left\":[\"thin\",\"#bfbfbf\"],\"right\":[\"thin\",\"#bfbfbf\"]},\"bgcolor\":\"#ddefe8\"},{\"font\":{\"size\":9},\"align\":\"center\",\"bgcolor\":\"#ddefe8\"},{\"textwrap\":true,\"align\":\"center\",\"border\":{\"bottom\":[\"thin\",\"#bfbfbf\"],\"top\":[\"thin\",\"#bfbfbf\"],\"left\":[\"thin\",\"#bfbfbf\"],\"right\":[\"thin\",\"#bfbfbf\"]},\"font\":{\"size\":9},\"bgcolor\":\"#ddefe8\"},{\"bgcolor\":\"#ddefe8\",\"font\":{\"size\":9},\"align\":\"center\",\"color\":\"#000100\",\"border\":{\"bottom\":[\"thin\",\"#bfbfbf\"],\"top\":[\"thin\",\"#bfbfbf\"],\"left\":[\"thin\",\"#bfbfbf\"],\"right\":[\"thin\",\"#bfbfbf\"]}},{\"textwrap\":true,\"font\":{\"size\":9},\"bgcolor\":\"#ddefe8\",\"color\":\"#000100\",\"align\":\"center\",\"border\":{\"bottom\":[\"thin\",\"#bfbfbf\"],\"top\":[\"thin\",\"#bfbfbf\"],\"left\":[\"thin\",\"#bfbfbf\"],\"right\":[\"thin\",\"#bfbfbf\"]}},{\"border\":{\"bottom\":[\"thin\",\"#bfbfbf\"],\"top\":[\"thin\",\"#bfbfbf\"],\"left\":[\"thin\",\"#bfbfbf\"],\"right\":[\"thin\",\"#bfbfbf\"]},\"bgcolor\":\"#ddefe8\",\"font\":{\"size\":9}},{\"textwrap\":true,\"font\":{\"size\":9},\"bgcolor\":\"#ddefe8\",\"color\":\"#000100\",\"align\":\"center\",\"border\":{\"bottom\":[\"thin\",\"#7f7f7f\"],\"top\":[\"thin\",\"#7f7f7f\"],\"left\":[\"thin\",\"#7f7f7f\"],\"right\":[\"thin\",\"#7f7f7f\"]}},{\"textwrap\":true,\"align\":\"center\",\"border\":{\"bottom\":[\"thin\",\"#7f7f7f\"],\"top\":[\"thin\",\"#7f7f7f\"],\"left\":[\"thin\",\"#7f7f7f\"],\"right\":[\"thin\",\"#7f7f7f\"]},\"font\":{\"size\":9},\"bgcolor\":\"#ddefe8\"},{\"textwrap\":true,\"border\":{\"bottom\":[\"thin\",\"#bfbfbf\"],\"top\":[\"thin\",\"#bfbfbf\"],\"left\":[\"thin\",\"#bfbfbf\"],\"right\":[\"thin\",\"#bfbfbf\"]},\"bgcolor\":\"#ddefe8\",\"font\":{\"size\":9}},{\"textwrap\":true,\"bgcolor\":\"#ddefe8\",\"font\":{\"size\":9}},{\"align\":\"center\",\"bgcolor\":\"#aedac8\"},{\"bgcolor\":\"#aedac8\"},{\"bgcolor\":\"#fffff\"},{\"bgcolor\":\"#ffff\"},{\"bgcolor\":\"#fff\"},{\"bgcolor\":\"#ff\"},{\"bgcolor\":\"#f\"},{\"align\":\"center\",\"bgcolor\":\"#aedac8\",\"font\":{\"size\":8}},{\"align\":\"center\",\"bgcolor\":\"#aedac8\",\"font\":{\"size\":9}},{\"align\":\"center\",\"bgcolor\":\"#aedac8\",\"font\":{\"size\":9},\"border\":{\"bottom\":[\"thin\",\"#bfbfbf\"],\"top\":[\"thin\",\"#bfbfbf\"],\"left\":[\"thin\",\"#bfbfbf\"],\"right\":[\"thin\",\"#bfbfbf\"]}},{\"border\":{\"bottom\":[\"thin\",\"#bfbfbf\"],\"top\":[\"thin\",\"#bfbfbf\"],\"left\":[\"thin\",\"#bfbfbf\"],\"right\":[\"thin\",\"#bfbfbf\"]},\"font\":{\"size\":8,\"name\":\"Arial\"},\"align\":\"center\"},{\"border\":{\"bottom\":[\"thin\",\"#bfbfbf\"],\"top\":[\"thin\",\"#bfbfbf\"],\"left\":[\"thin\",\"#bfbfbf\"],\"right\":[\"thin\",\"#bfbfbf\"]},\"font\":{\"size\":8,\"name\":\"Microsoft YaHei\"},\"align\":\"center\",\"bgcolor\":\"#\"},{\"border\":{\"bottom\":[\"thin\",\"#bfbfbf\"],\"top\":[\"thin\",\"#bfbfbf\"],\"left\":[\"thin\",\"#bfbfbf\"],\"right\":[\"thin\",\"#bfbfbf\"]},\"font\":{\"size\":8,\"name\":\"Microsoft YaHei\"},\"align\":\"center\",\"bgcolor\":\"#f1f9f6\"},{\"border\":{\"bottom\":[\"thin\",\"#bfbfbf\"],\"top\":[\"thin\",\"#bfbfbf\"],\"left\":[\"thin\",\"#bfbfbf\"],\"right\":[\"thin\",\"#bfbfbf\"]},\"bgcolor\":\"#aedac8\",\"font\":{\"size\":9}},{\"align\":\"center\",\"bgcolor\":\"#02a274\",\"color\":\"#ffffff\",\"border\":{\"bottom\":[\"thin\",\"#d8d8d8\"],\"top\":[\"thin\",\"#d8d8d8\"],\"left\":[\"thin\",\"#d8d8d8\"],\"right\":[\"thin\",\"#d8d8d8\"]},\"font\":{\"bold\":false,\"size\":9}},{\"bgcolor\":\"#02a274\",\"font\":{\"size\":9},\"align\":\"center\",\"color\":\"#ffffff\",\"border\":{\"bottom\":[\"thin\",\"#d8d8d8\"],\"top\":[\"thin\",\"#d8d8d8\"],\"left\":[\"thin\",\"#d8d8d8\"],\"right\":[\"thin\",\"#d8d8d8\"]}},{\"align\":\"center\",\"border\":{\"bottom\":[\"thin\",\"#d8d8d8\"],\"top\":[\"thin\",\"#d8d8d8\"],\"left\":[\"thin\",\"#d8d8d8\"],\"right\":[\"thin\",\"#d8d8d8\"]}},{\"border\":{\"bottom\":[\"thin\",\"#d8d8d8\"],\"top\":[\"thin\",\"#d8d8d8\"],\"left\":[\"thin\",\"#d8d8d8\"],\"right\":[\"thin\",\"#d8d8d8\"]}},{\"align\":\"center\",\"border\":{\"bottom\":[\"thin\",\"#d8d8d8\"],\"top\":[\"thin\",\"#d8d8d8\"],\"left\":[\"thin\",\"#d8d8d8\"],\"right\":[\"thin\",\"#d8d8d8\"]},\"bgcolor\":\"\"},{\"align\":\"center\",\"border\":{\"bottom\":[\"thin\",\"#d8d8d8\"],\"top\":[\"thin\",\"#d8d8d8\"],\"left\":[\"thin\",\"#d8d8d8\"],\"right\":[\"thin\",\"#d8d8d8\"]},\"bgcolor\":\"aedac8\"},{\"align\":\"center\",\"bgcolor\":\"aedac8\"},{\"align\":\"center\",\"border\":{\"bottom\":[\"thin\",\"#d8d8d8\"],\"top\":[\"thin\",\"#d8d8d8\"],\"left\":[\"thin\",\"#d8d8d8\"],\"right\":[\"thin\",\"#d8d8d8\"]},\"bgcolor\":\"#aedac8\"},{\"align\":\"center\",\"border\":{\"bottom\":[\"thin\",\"#d8d8d8\"],\"top\":[\"thin\",\"#d8d8d8\"],\"left\":[\"thin\",\"#d8d8d8\"],\"right\":[\"thin\",\"#d8d8d8\"]},\"bgcolor\":\"#aedac8\",\"color\":\"#ffffff\"},{\"align\":\"center\",\"bgcolor\":\"#aedac8\",\"color\":\"#ffffff\"},{\"align\":\"center\",\"border\":{\"bottom\":[\"thin\",\"#d8d8d8\"],\"top\":[\"thin\",\"#d8d8d8\"],\"left\":[\"thin\",\"#d8d8d8\"],\"right\":[\"thin\",\"#d8d8d8\"]},\"bgcolor\":\"#aedac8\",\"color\":\"#ffffff\",\"font\":{\"size\":9}},{\"align\":\"center\",\"bgcolor\":\"#aedac8\",\"color\":\"#ffffff\",\"font\":{\"size\":9}},{\"align\":\"center\",\"border\":{\"bottom\":[\"thin\",\"#d8d8d8\"],\"top\":[\"thin\",\"#d8d8d8\"],\"left\":[\"thin\",\"#d8d8d8\"],\"right\":[\"thin\",\"#d8d8d8\"]},\"bgcolor\":\"#aedac8\",\"color\":\"#000100\",\"font\":{\"size\":9}},{\"align\":\"center\",\"bgcolor\":\"#aedac8\",\"color\":\"#000100\",\"font\":{\"size\":9}},{\"align\":\"center\",\"border\":{\"bottom\":[\"thin\",\"#d8d8d8\"],\"top\":[\"thin\",\"#d8d8d8\"],\"left\":[\"thin\",\"#d8d8d8\"],\"right\":[\"thin\",\"#d8d8d8\"]},\"bgcolor\":\"#aedac8\",\"color\":\"#000100\",\"font\":{\"size\":8}},{\"align\":\"center\",\"bgcolor\":\"#aedac8\",\"color\":\"#000100\",\"font\":{\"size\":8}},{\"border\":{\"bottom\":[\"thin\",\"#d8d8d8\"],\"top\":[\"thin\",\"#d8d8d8\"],\"left\":[\"thin\",\"#d8d8d8\"],\"right\":[\"thin\",\"#d8d8d8\"]},\"bgcolor\":\"#\"},{\"border\":{\"bottom\":[\"thin\",\"#d8d8d8\"],\"top\":[\"thin\",\"#d8d8d8\"],\"left\":[\"thin\",\"#d8d8d8\"],\"right\":[\"thin\",\"#d8d8d8\"]},\"bgcolor\":\"##aedac8\"},{\"bgcolor\":\"##aedac8\"},{\"border\":{\"bottom\":[\"thin\",\"#d8d8d8\"],\"top\":[\"thin\",\"#d8d8d8\"],\"left\":[\"thin\",\"#d8d8d8\"],\"right\":[\"thin\",\"#d8d8d8\"]},\"bgcolor\":\"#aedac8\"},{\"border\":{\"bottom\":[\"thin\",\"#d8d8d8\"],\"top\":[\"thin\",\"#d8d8d8\"],\"left\":[\"thin\",\"#d8d8d8\"],\"right\":[\"thin\",\"#d8d8d8\"]},\"bgcolor\":\"#aedac8\",\"font\":{\"size\":8}},{\"border\":{\"bottom\":[\"thin\",\"#d8d8d8\"],\"top\":[\"thin\",\"#d8d8d8\"],\"left\":[\"thin\",\"#d8d8d8\"],\"right\":[\"thin\",\"#d8d8d8\"]},\"bgcolor\":\"#aedac8\",\"font\":{\"size\":8},\"align\":\"center\"},{\"align\":\"center\",\"border\":{\"bottom\":[\"thin\",\"#d8d8d8\"],\"top\":[\"thin\",\"#d8d8d8\"],\"left\":[\"thin\",\"#d8d8d8\"],\"right\":[\"thin\",\"#d8d8d8\"]},\"bgcolor\":\"#aedac8\",\"font\":{\"size\":9}},{\"bgcolor\":\"#aedac8\",\"font\":{\"size\":8}},{\"bgcolor\":\"#aedac8\",\"font\":{\"size\":8},\"align\":\"left\"},{\"bgcolor\":\"#aedac8\",\"font\":{\"size\":8},\"align\":\"left\",\"valign\":\"middle\"},{\"align\":\"center\",\"bgcolor\":\"#02a274\",\"color\":\"#ffffff\",\"border\":{\"bottom\":[\"thin\",\"#d8d8d8\"],\"top\":[\"thin\",\"#d8d8d8\"],\"left\":[\"thin\",\"#d8d8d8\"],\"right\":[\"thin\",\"#d8d8d8\"]},\"font\":{\"bold\":false,\"size\":10}},{\"bgcolor\":\"#02a274\",\"font\":{\"size\":10},\"align\":\"center\",\"color\":\"#ffffff\",\"border\":{\"bottom\":[\"thin\",\"#d8d8d8\"],\"top\":[\"thin\",\"#d8d8d8\"],\"left\":[\"thin\",\"#d8d8d8\"],\"right\":[\"thin\",\"#d8d8d8\"]}},{\"bgcolor\":\"#ddefe8\",\"font\":{\"size\":10}},{\"border\":{\"bottom\":[\"thin\",\"#bfbfbf\"],\"top\":[\"thin\",\"#bfbfbf\"],\"left\":[\"thin\",\"#bfbfbf\"],\"right\":[\"thin\",\"#bfbfbf\"]},\"font\":{\"size\":10,\"name\":\"Microsoft YaHei\"},\"align\":\"center\",\"bgcolor\":\"#f1f9f6\"},{\"border\":{\"bottom\":[\"thin\",\"#bfbfbf\"],\"top\":[\"thin\",\"#bfbfbf\"],\"left\":[\"thin\",\"#bfbfbf\"],\"right\":[\"thin\",\"#bfbfbf\"]},\"font\":{\"size\":10,\"name\":\"Microsoft YaHei\"},\"align\":\"center\"},{\"align\":\"center\",\"border\":{\"bottom\":[\"thin\",\"#d8d8d8\"],\"top\":[\"thin\",\"#d8d8d8\"],\"left\":[\"thin\",\"#d8d8d8\"],\"right\":[\"thin\",\"#d8d8d8\"]},\"bgcolor\":\"#aedac8\",\"color\":\"#000100\",\"font\":{\"size\":10}},{\"align\":\"center\",\"bgcolor\":\"#aedac8\",\"color\":\"#000100\",\"font\":{\"size\":10}},{\"border\":{\"bottom\":[\"thin\",\"#d8d8d8\"],\"top\":[\"thin\",\"#d8d8d8\"],\"left\":[\"thin\",\"#d8d8d8\"],\"right\":[\"thin\",\"#d8d8d8\"]},\"bgcolor\":\"#aedac8\",\"font\":{\"size\":10},\"align\":\"center\"},{\"align\":\"center\",\"bgcolor\":\"#aedac8\",\"font\":{\"size\":10}},{\"textwrap\":true,\"border\":{\"bottom\":[\"thin\",\"#bfbfbf\"],\"top\":[\"thin\",\"#bfbfbf\"],\"left\":[\"thin\",\"#bfbfbf\"],\"right\":[\"thin\",\"#bfbfbf\"]},\"bgcolor\":\"#ddefe8\",\"font\":{\"size\":10}},{\"textwrap\":true,\"bgcolor\":\"#ddefe8\",\"font\":{\"size\":10}},{\"bgcolor\":\"#aedac8\",\"font\":{\"size\":10},\"align\":\"left\",\"valign\":\"middle\"},{\"border\":{\"bottom\":[\"thin\",\"#bfbfbf\"],\"top\":[\"thin\",\"#bfbfbf\"],\"left\":[\"thin\",\"#bfbfbf\"],\"right\":[\"thin\",\"#bfbfbf\"]},\"font\":{\"size\":9,\"name\":\"Microsoft YaHei\"},\"align\":\"center\",\"bgcolor\":\"#f1f9f6\"},{\"border\":{\"bottom\":[\"thin\",\"#bfbfbf\"],\"top\":[\"thin\",\"#bfbfbf\"],\"left\":[\"thin\",\"#bfbfbf\"],\"right\":[\"thin\",\"#bfbfbf\"]},\"font\":{\"size\":9,\"name\":\"Microsoft YaHei\"},\"align\":\"center\"},{\"font\":{\"size\":9},\"align\":\"center\",\"border\":{\"bottom\":[\"thin\",\"#bfbfbf\"],\"top\":[\"thin\",\"#bfbfbf\"],\"left\":[\"thin\",\"#bfbfbf\"],\"right\":[\"thin\",\"#bfbfbf\"]}},{\"font\":{\"size\":8}}],\"validations\":[],\"isGroup\":true,\"cols\":{\"0\":{\"width\":20},\"1\":{\"width\":84},\"2\":{\"width\":132},\"3\":{\"width\":75},\"4\":{\"width\":63},\"5\":{\"width\":59},\"6\":{\"width\":70},\"7\":{\"width\":61},\"8\":{\"width\":60},\"9\":{\"width\":75},\"10\":{\"width\":75},\"11\":{\"width\":64},\"12\":{\"width\":70},\"13\":{\"width\":63},\"14\":{\"width\":86},\"15\":{\"width\":64},\"16\":{\"width\":58},\"17\":{\"width\":63},\"18\":{\"width\":60},\"19\":{\"width\":63},\"20\":{\"width\":59},\"21\":{\"width\":73},\"22\":{\"width\":82},\"23\":{\"width\":73},\"24\":{\"width\":86},\"len\":50},\"merges\":[\"B1:X1\",\"D3:D6\",\"E5:E6\",\"F5:F6\",\"E4:F4\",\"G4:G6\",\"H4:H6\",\"I5:I6\",\"J5:K5\",\"I4:K4\",\"E3:K3\",\"L3:L6\",\"D2:L2\",\"M4:M6\",\"N5:N6\",\"O5:O6\",\"P5:P6\",\"Q5:Q6\",\"N4:Q4\",\"M3:Q3\",\"R4:R6\",\"R3:T3\",\"S4:T4\",\"S5:S6\",\"T5:T6\",\"U4:U6\",\"V4:W4\",\"V5:V6\",\"W5:W6\",\"X4:Y4\",\"X5:X6\",\"Y5:Y6\",\"U3:Y3\",\"M2:T2\",\"U2:Y2\",\"B2:B6\",\"C2:C6\",\"B8:C8\"]}', NULL, 'https://static.jeecg.com/designreport/images/jingfei_1607069843358.png', 'admin', '2020-12-03 16:54:17', 'admin', '2021-02-03 13:59:08', 0, NULL, NULL, 1, 443, NULL, NULL, NULL, NULL, 0, NULL);
INSERT INTO `jimu_report` VALUES ('1334457419857793024', '20201203192154', '超市各地区销售额', NULL, NULL, '984272091947253760', '{\"loopBlockList\":[],\"area\":{\"sri\":1,\"sci\":26,\"eri\":4,\"eci\":28,\"width\":300,\"height\":100},\"excel_config_id\":\"1334457419857793024\",\"printConfig\":{\"paper\":\"A4\",\"width\":210,\"height\":297,\"definition\":1,\"isBackend\":false,\"marginX\":10,\"marginY\":10},\"rows\":{\"0\":{\"cells\":{\"1\":{\"text\":\"各地区商品销售额一栏表\",\"merge\":[0,18],\"style\":13}},\"height\":82},\"1\":{\"cells\":{\"1\":{\"text\":\"地区/类别/时间\",\"merge\":[1,1],\"style\":46},\"3\":{\"text\":\"2020年\",\"style\":46,\"merge\":[0,12]},\"16\":{\"text\":\"2019年\",\"style\":46,\"merge\":[0,9]}}},\"2\":{\"cells\":{\"3\":{\"text\":\"12月\",\"style\":46},\"4\":{\"text\":\"11月\",\"style\":46},\"5\":{\"text\":\"10月\",\"style\":46},\"6\":{\"text\":\"9月\",\"style\":46},\"7\":{\"text\":\"8月\",\"style\":46},\"8\":{\"text\":\"7月\",\"style\":46},\"9\":{\"text\":\"6月\",\"style\":46},\"10\":{\"text\":\"5月\",\"style\":46},\"11\":{\"text\":\"4月\",\"style\":46},\"12\":{\"text\":\"3月\",\"style\":46},\"13\":{\"text\":\"2月\",\"style\":46},\"14\":{\"text\":\"1月\",\"style\":46},\"15\":{\"text\":\"本年小计\",\"style\":46},\"16\":{\"text\":\"12月\",\"style\":46},\"17\":{\"text\":\"11月\",\"style\":46},\"18\":{\"text\":\"10月\",\"style\":46},\"19\":{\"text\":\"9月\",\"style\":46},\"20\":{\"text\":\"8月\",\"style\":46},\"21\":{\"text\":\"7月\",\"style\":46},\"22\":{\"text\":\"6月\",\"style\":46},\"23\":{\"text\":\"5月\",\"style\":46},\"24\":{\"text\":\"4月\",\"style\":46},\"25\":{\"text\":\"本年小计\",\"style\":46}}},\"3\":{\"cells\":{\"1\":{\"text\":\"#{xiaoshou.group(diqu)}\",\"style\":51,\"aggregate\":\"group\"},\"2\":{\"text\":\"#{xiaoshou.class}\",\"style\":51},\"3\":{\"text\":\"#{xiaoshou.sales_11}\",\"style\":20},\"4\":{\"text\":\"#{xiaoshou.sales_12}\",\"style\":20},\"5\":{\"text\":\"#{xiaoshou.sales_13}\",\"style\":20},\"6\":{\"text\":\"#{xiaoshou.sales_14}\",\"style\":20},\"7\":{\"text\":\"#{xiaoshou.sales_15}\",\"style\":20},\"8\":{\"text\":\"#{xiaoshou.sales_16}\",\"style\":20},\"9\":{\"text\":\"#{xiaoshou.sales_17}\",\"style\":20},\"10\":{\"text\":\"#{xiaoshou.sales_18}\",\"style\":20},\"11\":{\"text\":\"#{xiaoshou.sales_19}\",\"style\":20},\"12\":{\"text\":\"#{xiaoshou.sales_20}\",\"style\":20},\"13\":{\"text\":\"#{xiaoshou.sales_21}\",\"style\":20},\"14\":{\"text\":\"#{xiaoshou.sales_22}\",\"style\":20},\"15\":{\"style\":48,\"text\":\"=SUM(D4:O4)\"},\"16\":{\"text\":\"#{xiaoshou.sales_31}\",\"style\":20},\"17\":{\"text\":\"#{xiaoshou.sales_32}\",\"style\":20},\"18\":{\"text\":\"#{xiaoshou.sales_33}\",\"style\":20},\"19\":{\"text\":\"#{xiaoshou.sales_34}\",\"style\":20},\"20\":{\"text\":\"#{xiaoshou.sales_35}\",\"style\":20},\"21\":{\"text\":\"#{xiaoshou.sales_36}\",\"style\":20},\"22\":{\"text\":\"#{xiaoshou.sales_37}\",\"style\":20},\"23\":{\"text\":\"#{xiaoshou.sales_38}\",\"style\":20},\"24\":{\"text\":\"#{xiaoshou.sales_39}\",\"style\":20},\"25\":{\"style\":48,\"text\":\"=SUM(Q4:Y4)\"}},\"isDrag\":true},\"4\":{\"cells\":{\"1\":{\"text\":\"合计\",\"style\":52,\"rendered\":\"\",\"merge\":[0,1]},\"3\":{\"text\":\"=SUM(D4)\",\"style\":55},\"4\":{\"text\":\"=SUM(E4)\",\"style\":55},\"5\":{\"text\":\"=SUM(F4)\",\"style\":55},\"6\":{\"text\":\"=SUM(G4)\",\"style\":55},\"7\":{\"text\":\"=SUM(H4)\",\"style\":55},\"8\":{\"text\":\"=SUM(I4)\",\"style\":55},\"9\":{\"text\":\"=SUM(J4)\",\"style\":55},\"10\":{\"text\":\"=SUM(K4)\",\"style\":55},\"11\":{\"text\":\"=SUM(L4)\",\"style\":55},\"12\":{\"text\":\"=SUM(M4)\",\"style\":55},\"13\":{\"text\":\"=SUM(N4)\",\"style\":55},\"14\":{\"text\":\"=SUM(O4)\",\"style\":55},\"15\":{\"text\":\"=SUM(P4)\",\"style\":55},\"16\":{\"text\":\"=SUM(Q4)\",\"style\":55},\"17\":{\"text\":\"=SUM(R4)\",\"style\":55},\"18\":{\"text\":\"=SUM(S4)\",\"style\":55},\"19\":{\"text\":\"=SUM(T4)\",\"style\":55},\"20\":{\"text\":\"=SUM(U4)\",\"style\":55},\"21\":{\"text\":\"=SUM(V4)\",\"style\":55},\"22\":{\"text\":\"=SUM(W4)\",\"style\":55},\"23\":{\"text\":\"=SUM(X4)\",\"style\":55},\"24\":{\"text\":\"=SUM(Y4)\",\"style\":55},\"25\":{\"text\":\"=SUM(Z4)\",\"style\":55}},\"isDrag\":true},\"len\":100},\"dbexps\":[],\"toolPrintSizeObj\":{\"printType\":\"A4\",\"widthPx\":718,\"heightPx\":1047},\"dicts\":[],\"groupField\":\"xiaoshou.diqu\",\"freeze\":\"A1\",\"dataRectWidth\":2464,\"displayConfig\":{},\"background\":false,\"name\":\"sheet1\",\"autofilter\":{},\"styles\":[{\"bgcolor\":\"#\"},{\"bgcolor\":\"#d7f2f9\"},{\"bgcolor\":\"#d7f2f9\",\"align\":\"center\"},{\"align\":\"center\"},{\"align\":\"center\",\"bgcolor\":\"#\"},{\"bgcolor\":\"#d7f2f9\",\"align\":\"center\",\"border\":{\"bottom\":[\"thin\",\"2896ea\"],\"top\":[\"thin\",\"2896ea\"],\"left\":[\"thin\",\"2896ea\"],\"right\":[\"thin\",\"2896ea\"]}},{\"align\":\"center\",\"border\":{\"bottom\":[\"thin\",\"2896ea\"],\"top\":[\"thin\",\"2896ea\"],\"left\":[\"thin\",\"2896ea\"],\"right\":[\"thin\",\"2896ea\"]}},{\"border\":{\"bottom\":[\"thin\",\"2896ea\"],\"top\":[\"thin\",\"2896ea\"],\"left\":[\"thin\",\"2896ea\"],\"right\":[\"thin\",\"2896ea\"]}},{\"bgcolor\":\"#d7f2f9\",\"align\":\"center\",\"border\":{\"bottom\":[\"thin\",\"#2896ea\"],\"top\":[\"thin\",\"#2896ea\"],\"left\":[\"thin\",\"#2896ea\"],\"right\":[\"thin\",\"#2896ea\"]}},{\"align\":\"center\",\"border\":{\"bottom\":[\"thin\",\"#2896ea\"],\"top\":[\"thin\",\"#2896ea\"],\"left\":[\"thin\",\"#2896ea\"],\"right\":[\"thin\",\"#2896ea\"]}},{\"border\":{\"bottom\":[\"thin\",\"#2896ea\"],\"top\":[\"thin\",\"#2896ea\"],\"left\":[\"thin\",\"#2896ea\"],\"right\":[\"thin\",\"#2896ea\"]}},{\"font\":{\"bold\":true}},{\"font\":{\"bold\":true,\"size\":16}},{\"font\":{\"bold\":true,\"size\":16},\"align\":\"center\"},{\"border\":{\"bottom\":[\"thin\",\"#2896ea\"],\"top\":[\"thin\",\"#2896ea\"],\"left\":[\"thin\",\"#2896ea\"],\"right\":[\"thin\",\"#2896ea\"]},\"font\":{\"size\":8}},{\"border\":{\"bottom\":[\"thin\",\"#2896ea\"],\"top\":[\"thin\",\"#2896ea\"],\"left\":[\"thin\",\"#2896ea\"],\"right\":[\"thin\",\"#2896ea\"]},\"font\":{\"size\":8},\"align\":\"center\"},{\"border\":{\"bottom\":[\"thin\",\"#2896ea\"],\"top\":[\"thin\",\"#2896ea\"],\"left\":[\"thin\",\"#2896ea\"],\"right\":[\"thin\",\"#2896ea\"]},\"font\":{\"size\":8},\"align\":\"center\",\"format\":\"number\"},{\"bgcolor\":\"#5b9cd6\",\"align\":\"center\",\"border\":{\"bottom\":[\"thin\",\"#2896ea\"],\"top\":[\"thin\",\"#2896ea\"],\"left\":[\"thin\",\"#2896ea\"],\"right\":[\"thin\",\"#2896ea\"]}},{\"bgcolor\":\"#5b9cd6\"},{\"bgcolor\":\"#5b9cd6\",\"align\":\"center\",\"border\":{\"bottom\":[\"thin\",\"#d8d8d8\"],\"top\":[\"thin\",\"#d8d8d8\"],\"left\":[\"thin\",\"#d8d8d8\"],\"right\":[\"thin\",\"#d8d8d8\"]}},{\"border\":{\"bottom\":[\"thin\",\"#d8d8d8\"],\"top\":[\"thin\",\"#d8d8d8\"],\"left\":[\"thin\",\"#d8d8d8\"],\"right\":[\"thin\",\"#d8d8d8\"]},\"font\":{\"size\":8},\"align\":\"center\"},{\"border\":{\"bottom\":[\"thin\",\"#d8d8d8\"],\"top\":[\"thin\",\"#d8d8d8\"],\"left\":[\"thin\",\"#d8d8d8\"],\"right\":[\"thin\",\"#d8d8d8\"]},\"font\":{\"size\":8},\"align\":\"center\",\"format\":\"number\"},{\"bgcolor\":\"#5b9cd6\",\"align\":\"center\",\"border\":{\"bottom\":[\"thin\",\"#9cc2e6\"],\"top\":[\"thin\",\"#9cc2e6\"],\"left\":[\"thin\",\"#9cc2e6\"],\"right\":[\"thin\",\"#9cc2e6\"]}},{\"border\":{\"bottom\":[\"thin\",\"#9cc2e6\"],\"top\":[\"thin\",\"#9cc2e6\"],\"left\":[\"thin\",\"#9cc2e6\"],\"right\":[\"thin\",\"#9cc2e6\"]},\"font\":{\"size\":8},\"align\":\"center\"},{\"border\":{\"bottom\":[\"thin\",\"#9cc2e6\"],\"top\":[\"thin\",\"#9cc2e6\"],\"left\":[\"thin\",\"#9cc2e6\"],\"right\":[\"thin\",\"#9cc2e6\"]},\"font\":{\"size\":8},\"align\":\"center\",\"format\":\"number\"},{\"bgcolor\":\"#5b9cd6\",\"align\":\"center\",\"border\":{\"bottom\":[\"thin\",\"#4371c6\"],\"top\":[\"thin\",\"#4371c6\"],\"left\":[\"thin\",\"#4371c6\"],\"right\":[\"thin\",\"#4371c6\"]}},{\"border\":{\"bottom\":[\"thin\",\"#4371c6\"],\"top\":[\"thin\",\"#4371c6\"],\"left\":[\"thin\",\"#4371c6\"],\"right\":[\"thin\",\"#4371c6\"]},\"font\":{\"size\":8},\"align\":\"center\"},{\"border\":{\"bottom\":[\"thin\",\"#4371c6\"],\"top\":[\"thin\",\"#4371c6\"],\"left\":[\"thin\",\"#4371c6\"],\"right\":[\"thin\",\"#4371c6\"]},\"font\":{\"size\":8},\"align\":\"center\",\"format\":\"number\"},{\"bgcolor\":\"#5b9cd6\",\"align\":\"center\",\"border\":{\"bottom\":[\"thin\",\"#a5a5a5\"],\"top\":[\"thin\",\"#a5a5a5\"],\"left\":[\"thin\",\"#a5a5a5\"],\"right\":[\"thin\",\"#a5a5a5\"]}},{\"bgcolor\":\"#5b9cd6\",\"align\":\"center\",\"border\":{\"bottom\":[\"thin\",\"#7f7f7f\"],\"top\":[\"thin\",\"#7f7f7f\"],\"left\":[\"thin\",\"#7f7f7f\"],\"right\":[\"thin\",\"#7f7f7f\"]}},{\"border\":{\"bottom\":[\"thin\",\"#7f7f7f\"],\"top\":[\"thin\",\"#7f7f7f\"],\"left\":[\"thin\",\"#7f7f7f\"],\"right\":[\"thin\",\"#7f7f7f\"]},\"font\":{\"size\":8},\"align\":\"center\"},{\"border\":{\"bottom\":[\"thin\",\"#7f7f7f\"],\"top\":[\"thin\",\"#7f7f7f\"],\"left\":[\"thin\",\"#7f7f7f\"],\"right\":[\"thin\",\"#7f7f7f\"]},\"font\":{\"size\":8},\"align\":\"center\",\"format\":\"number\"},{\"bgcolor\":\"#5b9cd6\",\"align\":\"center\",\"border\":{\"bottom\":[\"thin\",\"#e7e5e6\"],\"top\":[\"thin\",\"#e7e5e6\"],\"left\":[\"thin\",\"#e7e5e6\"],\"right\":[\"thin\",\"#e7e5e6\"]}},{\"border\":{\"bottom\":[\"thin\",\"#e7e5e6\"],\"top\":[\"thin\",\"#e7e5e6\"],\"left\":[\"thin\",\"#e7e5e6\"],\"right\":[\"thin\",\"#e7e5e6\"]},\"font\":{\"size\":8},\"align\":\"center\"},{\"border\":{\"bottom\":[\"thin\",\"#e7e5e6\"],\"top\":[\"thin\",\"#e7e5e6\"],\"left\":[\"thin\",\"#e7e5e6\"],\"right\":[\"thin\",\"#e7e5e6\"]},\"font\":{\"size\":8},\"align\":\"center\",\"format\":\"number\"},{\"bgcolor\":\"#5b9cd6\",\"align\":\"center\",\"border\":{\"bottom\":[\"thin\",\"#d0cecf\"],\"top\":[\"thin\",\"#d0cecf\"],\"left\":[\"thin\",\"#d0cecf\"],\"right\":[\"thin\",\"#d0cecf\"]}},{\"border\":{\"bottom\":[\"thin\",\"#d0cecf\"],\"top\":[\"thin\",\"#d0cecf\"],\"left\":[\"thin\",\"#d0cecf\"],\"right\":[\"thin\",\"#d0cecf\"]},\"font\":{\"size\":8},\"align\":\"center\"},{\"border\":{\"bottom\":[\"thin\",\"#d0cecf\"],\"top\":[\"thin\",\"#d0cecf\"],\"left\":[\"thin\",\"#d0cecf\"],\"right\":[\"thin\",\"#d0cecf\"]},\"font\":{\"size\":8},\"align\":\"center\",\"format\":\"number\"},{\"bgcolor\":\"#5b9cd6\",\"align\":\"center\",\"border\":{\"bottom\":[\"thin\",\"#d0cecf\"],\"top\":[\"thin\",\"#d0cecf\"],\"left\":[\"thin\",\"#d0cecf\"],\"right\":[\"thin\",\"#d0cecf\"]},\"color\":\"#ffffff\"},{\"bgcolor\":\"#5b9cd6\",\"color\":\"#ffffff\"},{\"bgcolor\":\"#5b9cd6\",\"align\":\"center\",\"border\":{\"bottom\":[\"thin\",\"#afabac\"],\"top\":[\"thin\",\"#afabac\"],\"left\":[\"thin\",\"#afabac\"],\"right\":[\"thin\",\"#afabac\"]},\"color\":\"#ffffff\"},{\"border\":{\"bottom\":[\"thin\",\"#afabac\"],\"top\":[\"thin\",\"#afabac\"],\"left\":[\"thin\",\"#afabac\"],\"right\":[\"thin\",\"#afabac\"]},\"font\":{\"size\":8},\"align\":\"center\"},{\"border\":{\"bottom\":[\"thin\",\"#afabac\"],\"top\":[\"thin\",\"#afabac\"],\"left\":[\"thin\",\"#afabac\"],\"right\":[\"thin\",\"#afabac\"]},\"font\":{\"size\":8},\"align\":\"center\",\"format\":\"number\"},{\"bgcolor\":\"#5b9cd6\",\"align\":\"center\",\"border\":{\"bottom\":[\"thin\",\"#f2f2f2\"],\"top\":[\"thin\",\"#f2f2f2\"],\"left\":[\"thin\",\"#f2f2f2\"],\"right\":[\"thin\",\"#f2f2f2\"]},\"color\":\"#ffffff\"},{\"border\":{\"bottom\":[\"thin\",\"#f2f2f2\"],\"top\":[\"thin\",\"#f2f2f2\"],\"left\":[\"thin\",\"#f2f2f2\"],\"right\":[\"thin\",\"#f2f2f2\"]},\"font\":{\"size\":8},\"align\":\"center\"},{\"border\":{\"bottom\":[\"thin\",\"#f2f2f2\"],\"top\":[\"thin\",\"#f2f2f2\"],\"left\":[\"thin\",\"#f2f2f2\"],\"right\":[\"thin\",\"#f2f2f2\"]},\"font\":{\"size\":8},\"align\":\"center\",\"format\":\"number\"},{\"bgcolor\":\"#5b9cd6\",\"align\":\"center\",\"border\":{\"bottom\":[\"thin\",\"#d8d8d8\"],\"top\":[\"thin\",\"#d8d8d8\"],\"left\":[\"thin\",\"#d8d8d8\"],\"right\":[\"thin\",\"#d8d8d8\"]},\"color\":\"#ffffff\"},{\"border\":{\"bottom\":[\"thin\",\"#d8d8d8\"],\"top\":[\"thin\",\"#d8d8d8\"],\"left\":[\"thin\",\"#d8d8d8\"],\"right\":[\"thin\",\"#d8d8d8\"]},\"font\":{\"size\":8},\"align\":\"center\",\"bgcolor\":\"#d7f2f9\"},{\"border\":{\"bottom\":[\"thin\",\"#d8d8d8\"],\"top\":[\"thin\",\"#d8d8d8\"],\"left\":[\"thin\",\"#d8d8d8\"],\"right\":[\"thin\",\"#d8d8d8\"]},\"font\":{\"size\":8},\"align\":\"center\",\"format\":\"number\",\"bgcolor\":\"#deeaf6\"},{\"border\":{\"bottom\":[\"thin\",\"#d8d8d8\"],\"top\":[\"thin\",\"#d8d8d8\"],\"left\":[\"thin\",\"#d8d8d8\"],\"right\":[\"thin\",\"#d8d8d8\"]},\"font\":{\"size\":8},\"align\":\"center\",\"format\":\"number\",\"bgcolor\":\"#bdd7ee\"},{\"border\":{\"bottom\":[\"thin\",\"#d8d8d8\"],\"top\":[\"thin\",\"#d8d8d8\"],\"left\":[\"thin\",\"#d8d8d8\"],\"right\":[\"thin\",\"#d8d8d8\"]},\"font\":{\"size\":10},\"align\":\"center\",\"bgcolor\":\"#d7f2f9\"},{\"border\":{\"bottom\":[\"thin\",\"#d8d8d8\"],\"top\":[\"thin\",\"#d8d8d8\"],\"left\":[\"thin\",\"#d8d8d8\"],\"right\":[\"thin\",\"#d8d8d8\"]},\"font\":{\"size\":9},\"align\":\"center\",\"bgcolor\":\"#d7f2f9\"},{\"align\":\"center\",\"bgcolor\":\"#bdd7ee\"},{\"bgcolor\":\"#bdd7ee\"},{\"bgcolor\":\"#bdd7ee\",\"format\":\"number\"},{\"bgcolor\":\"#bdd7ee\",\"format\":\"number\",\"align\":\"center\"}],\"validations\":[],\"isGroup\":true,\"cols\":{\"0\":{\"width\":21},\"1\":{\"width\":63},\"2\":{\"width\":85},\"3\":{\"width\":95},\"4\":{\"width\":83},\"5\":{\"width\":81},\"6\":{\"width\":88},\"7\":{\"width\":89},\"8\":{\"width\":87},\"9\":{\"width\":95},\"10\":{\"width\":92},\"11\":{\"width\":95},\"12\":{\"width\":96},\"13\":{\"width\":98},\"14\":{\"width\":98},\"15\":{\"width\":78},\"16\":{\"width\":110},\"17\":{\"width\":111},\"18\":{\"width\":102},\"19\":{\"width\":102},\"20\":{\"width\":114},\"21\":{\"width\":111},\"22\":{\"width\":113},\"23\":{\"width\":107},\"24\":{\"width\":115},\"25\":{\"width\":135},\"len\":49},\"merges\":[\"D2:P2\",\"B2:C3\",\"Q2:Z2\",\"B1:T1\",\"B5:C5\"]}', NULL, 'https://static.jeecg.com/designreport/images/chaoshi_1607069609875.png', 'admin', '2020-12-03 19:21:55', 'admin', '2021-04-05 18:47:20', 0, NULL, NULL, 1, 376, NULL, NULL, NULL, NULL, 0, NULL);
INSERT INTO `jimu_report` VALUES ('1334696790477377536', '20201204111149', '学校收入一览表', NULL, NULL, '984272091947253760', '{\"loopBlockList\":[],\"area\":{\"sri\":1,\"sci\":24,\"eri\":5,\"eci\":24,\"width\":100,\"height\":138},\"excel_config_id\":\"1334696790477377536\",\"printConfig\":{\"paper\":\"A4\",\"width\":210,\"height\":297,\"definition\":1,\"isBackend\":false,\"marginX\":10,\"marginY\":10},\"rows\":{\"0\":{\"cells\":{\"1\":{\"text\":\"学校收入一览表\",\"merge\":[0,13],\"style\":25}},\"height\":71},\"1\":{\"cells\":{\"1\":{\"text\":\"校园信息\",\"merge\":[1,2],\"style\":40},\"4\":{\"text\":\"学生信息\",\"merge\":[1,2],\"style\":40},\"7\":{\"merge\":[1,5],\"style\":42,\"text\":\"收款信息\"},\"13\":{\"merge\":[0,10],\"text\":\"确认收入信息\",\"style\":43}},\"height\":23},\"2\":{\"cells\":{\"13\":{\"merge\":[0,3],\"text\":\"2020.09\",\"style\":46},\"17\":{\"merge\":[0,3],\"text\":\"2020.10\",\"style\":46},\"21\":{\"text\":\"合计\",\"style\":46,\"merge\":[0,2]}},\"height\":40},\"3\":{\"cells\":{\"1\":{\"text\":\"所属城际\",\"style\":50},\"2\":{\"text\":\"所属校园\",\"style\":50},\"3\":{\"text\":\"NC帐套\",\"style\":50},\"4\":{\"text\":\"学号\",\"style\":50},\"5\":{\"text\":\"姓名\",\"style\":50},\"6\":{\"text\":\"性质\",\"style\":50},\"7\":{\"text\":\"缴费金额\",\"style\":50},\"8\":{\"text\":\"缴费时间\",\"style\":50},\"9\":{\"text\":\"缴费性质\",\"style\":50},\"10\":{\"text\":\"缴费所属期间\",\"style\":50},\"11\":{\"text\":\"缴费月份数\",\"style\":50},\"12\":{\"text\":\"缴费方式\",\"style\":50},\"13\":{\"text\":\"全部\",\"style\":50},\"14\":{\"text\":\"学费\",\"style\":50},\"15\":{\"text\":\"餐费\",\"style\":50},\"16\":{\"text\":\"校车费\",\"style\":50},\"17\":{\"text\":\"全部\",\"style\":50},\"18\":{\"text\":\"学费\",\"style\":50},\"19\":{\"text\":\"餐费\",\"style\":50},\"20\":{\"text\":\"校车费\",\"style\":50},\"21\":{\"text\":\"全部\",\"style\":50},\"22\":{\"text\":\"学费\",\"style\":50},\"23\":{\"text\":\"餐费\",\"style\":50}}},\"4\":{\"cells\":{\"1\":{\"text\":\"#{shouru.group(city)}\",\"style\":45,\"aggregate\":\"group\"},\"2\":{\"text\":\"#{shouru.group(school)}\",\"style\":45,\"aggregate\":\"group\"},\"3\":{\"text\":\"#{shouru.group(ncnum)}\",\"style\":35,\"aggregate\":\"group\"},\"4\":{\"text\":\"#{shouru.num}\",\"style\":35},\"5\":{\"text\":\"#{shouru.name}\",\"style\":35},\"6\":{\"text\":\"#{shouru.class}\",\"style\":35},\"7\":{\"text\":\"#{shouru.pay}\",\"style\":35},\"8\":{\"text\":\"#{shouru.paytime}\",\"style\":35},\"9\":{\"text\":\"#{shouru.payclass}\",\"style\":35},\"10\":{\"text\":\"#{shouru.pay1}\",\"style\":35},\"11\":{\"text\":\"#{shouru.paymoth}\",\"style\":35},\"12\":{\"text\":\"#{shouru.pay2}\",\"style\":35},\"13\":{\"style\":33,\"text\":\"=SUM(O5:Q5)\"},\"14\":{\"text\":\"#{shouru.tuition_09}\",\"style\":35},\"15\":{\"text\":\"#{shouru.meals_09}\",\"style\":35},\"16\":{\"text\":\"#{shouru.busfee_09}\",\"style\":35},\"17\":{\"style\":33,\"text\":\"=SUM(S5:U5)\"},\"18\":{\"text\":\"#{shouru.tuition_10}\",\"style\":35},\"19\":{\"text\":\"#{shouru.meals_10}\",\"style\":35},\"20\":{\"text\":\"#{shouru.busfee_10}\",\"style\":35},\"21\":{\"style\":33,\"text\":\"=SUM(W5,X5)\"},\"22\":{\"style\":35,\"text\":\"=SUM(O5,S5)\"},\"23\":{\"style\":35,\"text\":\"=SUM(P5,T5)\"}},\"isDrag\":true,\"height\":25},\"5\":{\"cells\":{\"1\":{\"style\":66,\"text\":\"合计\"},\"2\":{\"text\":\" \",\"style\":66},\"3\":{\"style\":66,\"text\":\" \"},\"4\":{\"style\":66,\"text\":\" \"},\"5\":{\"style\":66,\"text\":\" \"},\"6\":{\"style\":66,\"text\":\" \"},\"7\":{\"style\":66,\"text\":\" \"},\"8\":{\"style\":66,\"text\":\" \"},\"9\":{\"style\":66,\"text\":\" \"},\"10\":{\"style\":66,\"text\":\" \"},\"11\":{\"style\":66,\"text\":\" \"},\"12\":{\"style\":66,\"text\":\" \"},\"13\":{\"style\":66,\"text\":\" \"},\"14\":{\"style\":66,\"text\":\" \"},\"15\":{\"style\":66,\"text\":\" \"},\"16\":{\"style\":66,\"text\":\" \"},\"17\":{\"style\":66,\"text\":\" \"},\"18\":{\"text\":\" \",\"style\":66},\"19\":{\"style\":66,\"text\":\" \"},\"20\":{\"style\":66,\"text\":\" \"},\"21\":{\"style\":15,\"text\":\"=SUM(V5)\"},\"22\":{\"style\":15,\"text\":\"=SUM(W5)\"},\"23\":{\"style\":15,\"text\":\"=SUM(X5)\"}}},\"9\":{\"cells\":{}},\"11\":{\"cells\":{}},\"len\":101},\"dbexps\":[],\"toolPrintSizeObj\":{\"printType\":\"A4\",\"widthPx\":718,\"heightPx\":1047},\"dicts\":[],\"groupField\":\"shouru.city\",\"freeze\":\"A1\",\"dataRectWidth\":1881,\"displayConfig\":{},\"background\":false,\"name\":\"sheet1\",\"autofilter\":{},\"styles\":[{\"align\":\"center\"},{\"align\":\"center\",\"bgcolor\":\"#\"},{\"align\":\"center\",\"bgcolor\":\"#309fc6\"},{\"bgcolor\":\"#ffffff\"},{\"align\":\"center\",\"bgcolor\":\"#309fc6\",\"color\":\"#ffffff\"},{\"align\":\"center\",\"bgcolor\":\"#b2ddec\"},{\"align\":\"center\",\"bgcolor\":\"#309fc6\",\"color\":\"#ffffff\",\"font\":{\"size\":8}},{\"align\":\"center\",\"bgcolor\":\"#b2ddec\",\"font\":{\"size\":8}},{\"align\":\"center\",\"bgcolor\":\"#309fc6\",\"color\":\"#ffffff\",\"font\":{\"size\":9}},{\"align\":\"center\",\"bgcolor\":\"#b2ddec\",\"font\":{\"size\":9}},{\"align\":\"center\",\"bgcolor\":\"#309fc6\",\"color\":\"#ffffff\",\"font\":{\"size\":10}},{\"align\":\"center\",\"bgcolor\":\"\"},{\"align\":\"center\",\"bgcolor\":\"#309fc6\",\"color\":\"#ffffff\",\"font\":{\"size\":10},\"border\":{\"bottom\":[\"thin\",\"#bfbfbf\"],\"top\":[\"thin\",\"#bfbfbf\"],\"left\":[\"thin\",\"#bfbfbf\"],\"right\":[\"thin\",\"#bfbfbf\"]}},{\"align\":\"center\",\"bgcolor\":\"#309fc6\",\"color\":\"#ffffff\",\"border\":{\"bottom\":[\"thin\",\"#bfbfbf\"],\"top\":[\"thin\",\"#bfbfbf\"],\"left\":[\"thin\",\"#bfbfbf\"],\"right\":[\"thin\",\"#bfbfbf\"]}},{\"align\":\"center\",\"bgcolor\":\"#b2ddec\",\"font\":{\"size\":9},\"border\":{\"bottom\":[\"thin\",\"#bfbfbf\"],\"top\":[\"thin\",\"#bfbfbf\"],\"left\":[\"thin\",\"#bfbfbf\"],\"right\":[\"thin\",\"#bfbfbf\"]}},{\"align\":\"center\",\"bgcolor\":\"#b2ddec\",\"border\":{\"bottom\":[\"thin\",\"#bfbfbf\"],\"top\":[\"thin\",\"#bfbfbf\"],\"left\":[\"thin\",\"#bfbfbf\"],\"right\":[\"thin\",\"#bfbfbf\"]}},{\"border\":{\"bottom\":[\"thin\",\"#bfbfbf\"],\"top\":[\"thin\",\"#bfbfbf\"],\"left\":[\"thin\",\"#bfbfbf\"],\"right\":[\"thin\",\"#bfbfbf\"]}},{\"font\":{\"size\":9}},{\"align\":\"center\",\"font\":{\"size\":9}},{\"align\":\"center\",\"bgcolor\":\"#dff2f9\"},{\"bgcolor\":\"\"},{\"bgcolor\":\"#309fc6\"},{\"align\":\"center\",\"color\":\"#ffffff\"},{\"align\":\"center\",\"bgcolor\":\"#dff2f9\",\"border\":{\"bottom\":[\"thin\",\"#bfbfbf\"],\"top\":[\"thin\",\"#bfbfbf\"],\"left\":[\"thin\",\"#bfbfbf\"],\"right\":[\"thin\",\"#bfbfbf\"]}},{\"align\":\"center\",\"font\":{\"size\":16}},{\"align\":\"center\",\"font\":{\"size\":16,\"bold\":true}},{\"border\":{\"bottom\":[\"thin\",\"#bfbfbf\"],\"top\":[\"thin\",\"#bfbfbf\"],\"left\":[\"thin\",\"#bfbfbf\"],\"right\":[\"thin\",\"#bfbfbf\"]},\"bgcolor\":\"#\"},{\"border\":{\"bottom\":[\"thin\",\"#bfbfbf\"],\"top\":[\"thin\",\"#bfbfbf\"],\"left\":[\"thin\",\"#bfbfbf\"],\"right\":[\"thin\",\"#bfbfbf\"]},\"bgcolor\":\"#b2ddec\"},{\"border\":{\"bottom\":[\"thin\",\"#bfbfbf\"],\"top\":[\"thin\",\"#bfbfbf\"],\"left\":[\"thin\",\"#bfbfbf\"],\"right\":[\"thin\",\"#bfbfbf\"]},\"bgcolor\":\"#dff2f9\"},{\"border\":{\"bottom\":[\"thin\",\"#bfbfbf\"],\"top\":[\"thin\",\"#bfbfbf\"],\"left\":[\"thin\",\"#bfbfbf\"],\"right\":[\"thin\",\"#bfbfbf\"]},\"bgcolor\":\"b2ddec\"},{\"border\":{\"bottom\":[\"thin\",\"#bfbfbf\"],\"top\":[\"thin\",\"#bfbfbf\"],\"left\":[\"thin\",\"#bfbfbf\"],\"right\":[\"thin\",\"#bfbfbf\"]},\"bgcolor\":\"￥b2ddec\"},{\"border\":{\"bottom\":[\"thin\",\"#bfbfbf\"],\"top\":[\"thin\",\"#bfbfbf\"],\"left\":[\"thin\",\"#bfbfbf\"],\"right\":[\"thin\",\"#bfbfbf\"]},\"align\":\"center\"},{\"align\":\"center\",\"font\":{\"size\":8}},{\"align\":\"center\",\"bgcolor\":\"#b2ddec\",\"border\":{\"bottom\":[\"thin\",\"#bfbfbf\"],\"top\":[\"thin\",\"#bfbfbf\"],\"left\":[\"thin\",\"#bfbfbf\"],\"right\":[\"thin\",\"#bfbfbf\"]},\"font\":{\"size\":8}},{\"align\":\"center\",\"bgcolor\":\"#dff2f9\",\"border\":{\"bottom\":[\"thin\",\"#bfbfbf\"],\"top\":[\"thin\",\"#bfbfbf\"],\"left\":[\"thin\",\"#bfbfbf\"],\"right\":[\"thin\",\"#bfbfbf\"]},\"font\":{\"size\":8}},{\"border\":{\"bottom\":[\"thin\",\"#bfbfbf\"],\"top\":[\"thin\",\"#bfbfbf\"],\"left\":[\"thin\",\"#bfbfbf\"],\"right\":[\"thin\",\"#bfbfbf\"]},\"align\":\"center\",\"font\":{\"size\":8}},{\"align\":\"center\",\"bgcolor\":\"#dff2f9\",\"border\":{\"bottom\":[\"thin\",\"#bfbfbf\"],\"top\":[\"thin\",\"#bfbfbf\"],\"left\":[\"thin\",\"#bfbfbf\"],\"right\":[\"thin\",\"#bfbfbf\"]},\"font\":{\"size\":9}},{\"border\":{\"bottom\":[\"thin\",\"#bfbfbf\"],\"top\":[\"thin\",\"#bfbfbf\"],\"left\":[\"thin\",\"#bfbfbf\"],\"right\":[\"thin\",\"#bfbfbf\"]},\"align\":\"center\",\"font\":{\"size\":9}},{\"align\":\"center\",\"bgcolor\":\"\",\"color\":\"#ffffff\",\"font\":{\"size\":10},\"border\":{\"bottom\":[\"thin\",\"#bfbfbf\"],\"top\":[\"thin\",\"#bfbfbf\"],\"left\":[\"thin\",\"#bfbfbf\"],\"right\":[\"thin\",\"#bfbfbf\"]}},{\"align\":\"center\",\"bgcolor\":\"\",\"color\":\"#ffffff\",\"border\":{\"bottom\":[\"thin\",\"#bfbfbf\"],\"top\":[\"thin\",\"#bfbfbf\"],\"left\":[\"thin\",\"#bfbfbf\"],\"right\":[\"thin\",\"#bfbfbf\"]}},{\"align\":\"center\",\"bgcolor\":\"#5b9cd6\",\"color\":\"#ffffff\",\"font\":{\"size\":10},\"border\":{\"bottom\":[\"thin\",\"#bfbfbf\"],\"top\":[\"thin\",\"#bfbfbf\"],\"left\":[\"thin\",\"#bfbfbf\"],\"right\":[\"thin\",\"#bfbfbf\"]}},{\"bgcolor\":\"#5b9cd6\"},{\"align\":\"center\",\"bgcolor\":\"#5b9cd6\",\"color\":\"#ffffff\",\"border\":{\"bottom\":[\"thin\",\"#bfbfbf\"],\"top\":[\"thin\",\"#bfbfbf\"],\"left\":[\"thin\",\"#bfbfbf\"],\"right\":[\"thin\",\"#bfbfbf\"]}},{\"align\":\"center\",\"bgcolor\":\"#5b9cd6\",\"color\":\"#ffffff\"},{\"align\":\"center\",\"bgcolor\":\"#d7f2f9\",\"font\":{\"size\":9},\"border\":{\"bottom\":[\"thin\",\"#bfbfbf\"],\"top\":[\"thin\",\"#bfbfbf\"],\"left\":[\"thin\",\"#bfbfbf\"],\"right\":[\"thin\",\"#bfbfbf\"]}},{\"align\":\"center\",\"bgcolor\":\"#d7f2f9\",\"font\":{\"size\":8},\"border\":{\"bottom\":[\"thin\",\"#bfbfbf\"],\"top\":[\"thin\",\"#bfbfbf\"],\"left\":[\"thin\",\"#bfbfbf\"],\"right\":[\"thin\",\"#bfbfbf\"]}},{\"align\":\"center\",\"bgcolor\":\"#5b9cd6\",\"border\":{\"bottom\":[\"thin\",\"#bfbfbf\"],\"top\":[\"thin\",\"#bfbfbf\"],\"left\":[\"thin\",\"#bfbfbf\"],\"right\":[\"thin\",\"#bfbfbf\"]}},{\"align\":\"center\",\"bgcolor\":\"#5b9cd6\"},{\"align\":\"center\",\"bgcolor\":\"#bdd7ee\",\"font\":{\"size\":9},\"border\":{\"bottom\":[\"thin\",\"#bfbfbf\"],\"top\":[\"thin\",\"#bfbfbf\"],\"left\":[\"thin\",\"#bfbfbf\"],\"right\":[\"thin\",\"#bfbfbf\"]}},{\"font\":{\"size\":8}},{\"align\":\"center\",\"bgcolor\":\"#bdd7ee\",\"font\":{\"size\":8},\"border\":{\"bottom\":[\"thin\",\"#bfbfbf\"],\"top\":[\"thin\",\"#bfbfbf\"],\"left\":[\"thin\",\"#bfbfbf\"],\"right\":[\"thin\",\"#bfbfbf\"]}},{\"font\":{\"size\":10}},{\"align\":\"center\",\"bgcolor\":\"#bdd7ee\",\"font\":{\"size\":10},\"border\":{\"bottom\":[\"thin\",\"#bfbfbf\"],\"top\":[\"thin\",\"#bfbfbf\"],\"left\":[\"thin\",\"#bfbfbf\"],\"right\":[\"thin\",\"#bfbfbf\"]}},{\"align\":\"center\",\"font\":{\"size\":10}},{\"align\":\"center\",\"bgcolor\":\"#d7f2f9\",\"font\":{\"size\":10},\"border\":{\"bottom\":[\"thin\",\"#bfbfbf\"],\"top\":[\"thin\",\"#bfbfbf\"],\"left\":[\"thin\",\"#bfbfbf\"],\"right\":[\"thin\",\"#bfbfbf\"]}},{\"border\":{\"bottom\":[\"thin\",\"#bfbfbf\"],\"top\":[\"thin\",\"#bfbfbf\"],\"left\":[\"thin\",\"#bfbfbf\"],\"right\":[\"thin\",\"#bfbfbf\"]},\"align\":\"center\",\"font\":{\"size\":10}},{\"font\":{\"size\":12}},{\"align\":\"center\",\"bgcolor\":\"#bdd7ee\",\"font\":{\"size\":12},\"border\":{\"bottom\":[\"thin\",\"#bfbfbf\"],\"top\":[\"thin\",\"#bfbfbf\"],\"left\":[\"thin\",\"#bfbfbf\"],\"right\":[\"thin\",\"#bfbfbf\"]}},{\"align\":\"center\",\"font\":{\"size\":12}},{\"align\":\"center\",\"bgcolor\":\"#d7f2f9\",\"font\":{\"size\":12},\"border\":{\"bottom\":[\"thin\",\"#bfbfbf\"],\"top\":[\"thin\",\"#bfbfbf\"],\"left\":[\"thin\",\"#bfbfbf\"],\"right\":[\"thin\",\"#bfbfbf\"]}},{\"border\":{\"bottom\":[\"thin\",\"#bfbfbf\"],\"top\":[\"thin\",\"#bfbfbf\"],\"left\":[\"thin\",\"#bfbfbf\"],\"right\":[\"thin\",\"#bfbfbf\"]},\"align\":\"center\",\"font\":{\"size\":12}},{\"font\":{\"size\":10.5}},{\"align\":\"center\",\"bgcolor\":\"#bdd7ee\",\"font\":{\"size\":10.5},\"border\":{\"bottom\":[\"thin\",\"#bfbfbf\"],\"top\":[\"thin\",\"#bfbfbf\"],\"left\":[\"thin\",\"#bfbfbf\"],\"right\":[\"thin\",\"#bfbfbf\"]}},{\"align\":\"center\",\"font\":{\"size\":10.5}},{\"align\":\"center\",\"bgcolor\":\"#d7f2f9\",\"font\":{\"size\":10.5},\"border\":{\"bottom\":[\"thin\",\"#bfbfbf\"],\"top\":[\"thin\",\"#bfbfbf\"],\"left\":[\"thin\",\"#bfbfbf\"],\"right\":[\"thin\",\"#bfbfbf\"]}},{\"border\":{\"bottom\":[\"thin\",\"#bfbfbf\"],\"top\":[\"thin\",\"#bfbfbf\"],\"left\":[\"thin\",\"#bfbfbf\"],\"right\":[\"thin\",\"#bfbfbf\"]},\"align\":\"center\",\"font\":{\"size\":10.5}},{\"align\":\"left\",\"bgcolor\":\"#b2ddec\",\"border\":{\"bottom\":[\"thin\",\"#bfbfbf\"],\"top\":[\"thin\",\"#bfbfbf\"],\"left\":[\"thin\",\"#bfbfbf\"],\"right\":[\"thin\",\"#bfbfbf\"]}},{\"align\":\"left\"}],\"validations\":[],\"isGroup\":true,\"cols\":{\"0\":{\"width\":37},\"1\":{\"width\":79},\"2\":{\"width\":87},\"3\":{\"width\":79},\"4\":{\"width\":92},\"5\":{\"width\":90},\"6\":{\"width\":77},\"7\":{\"width\":83},\"8\":{\"width\":89},\"9\":{\"width\":79},\"10\":{\"width\":89},\"11\":{\"width\":84},\"12\":{\"width\":76},\"13\":{\"width\":67},\"14\":{\"width\":74},\"15\":{\"width\":69},\"16\":{\"width\":74},\"17\":{\"width\":68},\"18\":{\"width\":76},\"19\":{\"width\":79},\"20\":{\"width\":78},\"21\":{\"width\":74},\"22\":{\"width\":81},\"len\":49},\"merges\":[\"B2:D3\",\"E2:G3\",\"H2:M3\",\"N3:Q3\",\"R3:U3\",\"V3:X3\",\"N2:X2\",\"B1:O1\"]}', NULL, 'https://static.jeecg.com/designreport/images/xuexiao_1607069724407.png', 'admin', '2020-12-04 11:11:50', 'admin', '2021-04-01 02:46:23', 0, NULL, NULL, 1, 434, NULL, NULL, NULL, NULL, 0, NULL);
