-- Table structure for REP_DEMO_ORDER_MAIN
-- ----------------------------
DROP TABLE "JEECGBOOTOS"."REP_DEMO_ORDER_MAIN";
CREATE TABLE "JEECGBOOTOS"."REP_DEMO_ORDER_MAIN" (
  "ID" NVARCHAR2(36) NOT NULL,
  "CREATE_BY" NVARCHAR2(50),
  "CREATE_TIME" DATE,
  "UPDATE_BY" NVARCHAR2(50),
  "UPDATE_TIME" DATE,
  "ORDER_CODE" NVARCHAR2(32),
  "ORDER_DATE" DATE,
  "DESCC" NVARCHAR2(100),
  "XIALA" NVARCHAR2(32)
)
LOGGING
NOCOMPRESS
PCTFREE 10
INITRANS 1
STORAGE (
  INITIAL 65536 
  NEXT 1048576 
  MINEXTENTS 1
  MAXEXTENTS 2147483645
  BUFFER_POOL DEFAULT
)
PARALLEL 1
NOCACHE
DISABLE ROW MOVEMENT
;
COMMENT ON COLUMN "JEECGBOOTOS"."REP_DEMO_ORDER_MAIN"."ID" IS '主键';
COMMENT ON COLUMN "JEECGBOOTOS"."REP_DEMO_ORDER_MAIN"."CREATE_BY" IS '创建人';
COMMENT ON COLUMN "JEECGBOOTOS"."REP_DEMO_ORDER_MAIN"."CREATE_TIME" IS '创建日期';
COMMENT ON COLUMN "JEECGBOOTOS"."REP_DEMO_ORDER_MAIN"."UPDATE_BY" IS '更新人';
COMMENT ON COLUMN "JEECGBOOTOS"."REP_DEMO_ORDER_MAIN"."UPDATE_TIME" IS '更新日期';
COMMENT ON COLUMN "JEECGBOOTOS"."REP_DEMO_ORDER_MAIN"."ORDER_CODE" IS '订单编码';
COMMENT ON COLUMN "JEECGBOOTOS"."REP_DEMO_ORDER_MAIN"."ORDER_DATE" IS '下单时间';
COMMENT ON COLUMN "JEECGBOOTOS"."REP_DEMO_ORDER_MAIN"."DESCC" IS '描述';
COMMENT ON COLUMN "JEECGBOOTOS"."REP_DEMO_ORDER_MAIN"."XIALA" IS '下拉多选';

-- ----------------------------
-- Records of REP_DEMO_ORDER_MAIN
-- ----------------------------
INSERT INTO "JEECGBOOTOS"."REP_DEMO_ORDER_MAIN" VALUES ('1256629667445714946', 'admin', TO_DATE('2020-05-03 01:00:34', 'SYYYY-MM-DD HH24:MI:SS'), 'admin', TO_DATE('2020-11-26 15:22:35', 'SYYYY-MM-DD HH24:MI:SS'), 'CN20221', TO_DATE('2020-05-03 00:00:00', 'SYYYY-MM-DD HH24:MI:SS'), '15', NULL);
INSERT INTO "JEECGBOOTOS"."REP_DEMO_ORDER_MAIN" VALUES ('1551943088862896130', 'admin', TO_DATE('2022-07-26 22:50:40', 'SYYYY-MM-DD HH24:MI:SS'), 'admin', TO_DATE('2022-10-29 17:16:26', 'SYYYY-MM-DD HH24:MI:SS'), 'CN20222', TO_DATE('2020-05-03 00:00:00', 'SYYYY-MM-DD HH24:MI:SS'), NULL, NULL);
INSERT INTO "JEECGBOOTOS"."REP_DEMO_ORDER_MAIN" VALUES ('1586557968995545089', 'admin', TO_DATE('2022-10-30 11:17:51', 'SYYYY-MM-DD HH24:MI:SS'), 'admin', TO_DATE('2022-11-07 15:07:24', 'SYYYY-MM-DD HH24:MI:SS'), 'CN20225', TO_DATE('2020-05-03 00:00:00', 'SYYYY-MM-DD HH24:MI:SS'), '111', NULL);
INSERT INTO "JEECGBOOTOS"."REP_DEMO_ORDER_MAIN" VALUES ('1589514956490637313', 'admin', TO_DATE('2022-11-07 15:07:52', 'SYYYY-MM-DD HH24:MI:SS'), 'admin', TO_DATE('2022-11-07 15:14:50', 'SYYYY-MM-DD HH24:MI:SS'), 'CN20223', TO_DATE('2022-11-07 00:00:00', 'SYYYY-MM-DD HH24:MI:SS'), NULL, '1,2');
INSERT INTO "JEECGBOOTOS"."REP_DEMO_ORDER_MAIN" VALUES ('1589516804530339842', 'admin', TO_DATE('2022-11-07 15:15:13', 'SYYYY-MM-DD HH24:MI:SS'), 'admin', TO_DATE('2022-11-23 17:20:56', 'SYYYY-MM-DD HH24:MI:SS'), 'CN20224', TO_DATE('2022-11-07 00:00:00', 'SYYYY-MM-DD HH24:MI:SS'), '222', '1,2');
INSERT INTO "JEECGBOOTOS"."REP_DEMO_ORDER_MAIN" VALUES ('1683074969561157634', 'admin', TO_DATE('2023-07-23 19:21:57', 'SYYYY-MM-DD HH24:MI:SS'), 'admin', TO_DATE('2023-12-06 15:26:44', 'SYYYY-MM-DD HH24:MI:SS'), 'CN20231', TO_DATE('2020-05-03 00:00:00', 'SYYYY-MM-DD HH24:MI:SS'), '111', '1,2');

-- ----------------------------
-- Table structure for REP_DEMO_ORDER_PRODUCT
-- ----------------------------
DROP TABLE "JEECGBOOTOS"."REP_DEMO_ORDER_PRODUCT";
CREATE TABLE "JEECGBOOTOS"."REP_DEMO_ORDER_PRODUCT" (
  "ID" NVARCHAR2(36) NOT NULL,
  "CREATE_BY" NVARCHAR2(50),
  "CREATE_TIME" DATE,
  "UPDATE_BY" NVARCHAR2(50),
  "UPDATE_TIME" DATE,
  "PRODUCT_NAME" NVARCHAR2(32),
  "PRICE" NUMBER(32,0),
  "NUM" NUMBER(11,0),
  "DESCC" NVARCHAR2(32),
  "ORDER_FK_ID" NVARCHAR2(32) NOT NULL,
  "PRO_TYPE" NVARCHAR2(32)
)
LOGGING
NOCOMPRESS
PCTFREE 10
INITRANS 1
STORAGE (
  INITIAL 65536 
  NEXT 1048576 
  MINEXTENTS 1
  MAXEXTENTS 2147483645
  BUFFER_POOL DEFAULT
)
PARALLEL 1
NOCACHE
DISABLE ROW MOVEMENT
;
COMMENT ON COLUMN "JEECGBOOTOS"."REP_DEMO_ORDER_PRODUCT"."ID" IS '主键';
COMMENT ON COLUMN "JEECGBOOTOS"."REP_DEMO_ORDER_PRODUCT"."CREATE_BY" IS '创建人';
COMMENT ON COLUMN "JEECGBOOTOS"."REP_DEMO_ORDER_PRODUCT"."CREATE_TIME" IS '创建日期';
COMMENT ON COLUMN "JEECGBOOTOS"."REP_DEMO_ORDER_PRODUCT"."UPDATE_BY" IS '更新人';
COMMENT ON COLUMN "JEECGBOOTOS"."REP_DEMO_ORDER_PRODUCT"."UPDATE_TIME" IS '更新日期';
COMMENT ON COLUMN "JEECGBOOTOS"."REP_DEMO_ORDER_PRODUCT"."PRODUCT_NAME" IS '产品名字';
COMMENT ON COLUMN "JEECGBOOTOS"."REP_DEMO_ORDER_PRODUCT"."PRICE" IS '价格';
COMMENT ON COLUMN "JEECGBOOTOS"."REP_DEMO_ORDER_PRODUCT"."NUM" IS '数量';
COMMENT ON COLUMN "JEECGBOOTOS"."REP_DEMO_ORDER_PRODUCT"."DESCC" IS '描述';
COMMENT ON COLUMN "JEECGBOOTOS"."REP_DEMO_ORDER_PRODUCT"."ORDER_FK_ID" IS '订单外键ID';
COMMENT ON COLUMN "JEECGBOOTOS"."REP_DEMO_ORDER_PRODUCT"."PRO_TYPE" IS '产品类型';

-- ----------------------------
-- Records of REP_DEMO_ORDER_PRODUCT
-- ----------------------------
INSERT INTO "JEECGBOOTOS"."REP_DEMO_ORDER_PRODUCT" VALUES ('1331860890813284353', 'admin', TO_DATE('2020-11-26 15:22:35', 'SYYYY-MM-DD HH24:MI:SS'), NULL, NULL, '水果手机', '44', '44', NULL, '1256629667445714946', '1');
INSERT INTO "JEECGBOOTOS"."REP_DEMO_ORDER_PRODUCT" VALUES ('1551943088930004994', 'admin', TO_DATE('2022-10-29 17:16:26', 'SYYYY-MM-DD HH24:MI:SS'), NULL, NULL, '水果手机1', '11', '11', '11', '1551943088862896130', '1');
INSERT INTO "JEECGBOOTOS"."REP_DEMO_ORDER_PRODUCT" VALUES ('1551943088930004995', 'admin', TO_DATE('2022-07-26 22:50:40', 'SYYYY-MM-DD HH24:MI:SS'), NULL, NULL, '水果手机2', '2', '2', '2', '1551943088862896130', '2');
INSERT INTO "JEECGBOOTOS"."REP_DEMO_ORDER_PRODUCT" VALUES ('15665749948861', 'admin', TO_DATE('2020-02-24 02:05:38', 'SYYYY-MM-DD HH24:MI:SS'), NULL, NULL, '水果手机3', '33', NULL, NULL, '402831816a38e7fd016a38e825c90003', NULL);
INSERT INTO "JEECGBOOTOS"."REP_DEMO_ORDER_PRODUCT" VALUES ('1586557969318506498', 'admin', TO_DATE('2022-10-30 11:20:31', 'SYYYY-MM-DD HH24:MI:SS'), NULL, NULL, '小米手机3', '20003', '33', '3', '1586557968995545089', '2');
INSERT INTO "JEECGBOOTOS"."REP_DEMO_ORDER_PRODUCT" VALUES ('1586557969381421058', 'admin', TO_DATE('2022-10-30 11:17:51', 'SYYYY-MM-DD HH24:MI:SS'), NULL, NULL, '华为手机1', '80001', '31', '11', '1586557968995545089', '2');
INSERT INTO "JEECGBOOTOS"."REP_DEMO_ORDER_PRODUCT" VALUES ('15884388229280883233', 'admin', TO_DATE('2020-11-26 15:22:35', 'SYYYY-MM-DD HH24:MI:SS'), NULL, NULL, '华为手机', '25', '35', '345', '1256629667445714946', '1');
INSERT INTO "JEECGBOOTOS"."REP_DEMO_ORDER_PRODUCT" VALUES ('15884388229280883234', 'admin', TO_DATE('2020-11-26 15:22:35', 'SYYYY-MM-DD HH24:MI:SS'), NULL, NULL, '华为手机2', '25', '35', '345', '1256629667445714946', '1');
INSERT INTO "JEECGBOOTOS"."REP_DEMO_ORDER_PRODUCT" VALUES ('15884388229280883235', 'admin', TO_DATE('2020-11-26 15:22:35', 'SYYYY-MM-DD HH24:MI:SS'), NULL, NULL, '华为手机3', '25', '35', '345', '1256629667445714946', '1');
INSERT INTO "JEECGBOOTOS"."REP_DEMO_ORDER_PRODUCT" VALUES ('15884388229280883236', 'admin', TO_DATE('2020-11-26 15:22:35', 'SYYYY-MM-DD HH24:MI:SS'), NULL, NULL, '华为手机4', '25', '35', '345', '1256629667445714946', '1');
INSERT INTO "JEECGBOOTOS"."REP_DEMO_ORDER_PRODUCT" VALUES ('15884388229280883237', 'admin', TO_DATE('2020-11-26 15:22:35', 'SYYYY-MM-DD HH24:MI:SS'), NULL, NULL, '华为手机5', '25', '35', '345', '1256629667445714946', '1');
INSERT INTO "JEECGBOOTOS"."REP_DEMO_ORDER_PRODUCT" VALUES ('15884388229280883238', 'admin', TO_DATE('2020-11-26 15:22:35', 'SYYYY-MM-DD HH24:MI:SS'), NULL, NULL, '华为手机6', '25', '35', '345', '1256629667445714946', '1');
INSERT INTO "JEECGBOOTOS"."REP_DEMO_ORDER_PRODUCT" VALUES ('15884388229280883239', 'admin', TO_DATE('2020-11-26 15:22:35', 'SYYYY-MM-DD HH24:MI:SS'), NULL, NULL, '华为手机7', '25', '35', '345', '1256629667445714946', '1');
INSERT INTO "JEECGBOOTOS"."REP_DEMO_ORDER_PRODUCT" VALUES ('15884388229280883240', 'admin', TO_DATE('2020-11-26 15:22:35', 'SYYYY-MM-DD HH24:MI:SS'), NULL, NULL, '华为手机8', '25', '35', '345', '1256629667445714946', '1');
INSERT INTO "JEECGBOOTOS"."REP_DEMO_ORDER_PRODUCT" VALUES ('15884388229280883241', 'admin', TO_DATE('2020-11-26 15:22:35', 'SYYYY-MM-DD HH24:MI:SS'), NULL, NULL, '华为手机9', '25', '35', '345', '1256629667445714946', '1');
INSERT INTO "JEECGBOOTOS"."REP_DEMO_ORDER_PRODUCT" VALUES ('15884388229280883242', 'admin', TO_DATE('2020-11-26 15:22:35', 'SYYYY-MM-DD HH24:MI:SS'), NULL, NULL, '华为手机10', '25', '35', '345', '1256629667445714946', '1');
INSERT INTO "JEECGBOOTOS"."REP_DEMO_ORDER_PRODUCT" VALUES ('15884388229280883243', 'admin', TO_DATE('2020-11-26 15:22:35', 'SYYYY-MM-DD HH24:MI:SS'), NULL, NULL, '华为手机11', '25', '35', '345', '1256629667445714946', '1');
INSERT INTO "JEECGBOOTOS"."REP_DEMO_ORDER_PRODUCT" VALUES ('15884388229280883244', 'admin', TO_DATE('2020-11-26 15:22:35', 'SYYYY-MM-DD HH24:MI:SS'), NULL, NULL, '华为手机12', '25', '35', '345', '1256629667445714946', '1');
INSERT INTO "JEECGBOOTOS"."REP_DEMO_ORDER_PRODUCT" VALUES ('15884388229280883245', 'admin', TO_DATE('2020-11-26 15:22:35', 'SYYYY-MM-DD HH24:MI:SS'), NULL, NULL, '华为手机13', '25', '35', '345', '1256629667445714946', '1');
INSERT INTO "JEECGBOOTOS"."REP_DEMO_ORDER_PRODUCT" VALUES ('15884388229280883246', 'admin', TO_DATE('2020-11-26 15:22:35', 'SYYYY-MM-DD HH24:MI:SS'), NULL, NULL, '华为手机14', '25', '35', '345', '1256629667445714946', '1');
INSERT INTO "JEECGBOOTOS"."REP_DEMO_ORDER_PRODUCT" VALUES ('15884388229280883247', 'admin', TO_DATE('2020-11-26 15:22:35', 'SYYYY-MM-DD HH24:MI:SS'), NULL, NULL, '华为手机15', '25', '35', '345', '1256629667445714946', '1');
INSERT INTO "JEECGBOOTOS"."REP_DEMO_ORDER_PRODUCT" VALUES ('15884388229280883248', 'admin', TO_DATE('2020-11-26 15:22:35', 'SYYYY-MM-DD HH24:MI:SS'), NULL, NULL, '华为手机1', '25', '35', '345', '1256629667445714946', '1');
INSERT INTO "JEECGBOOTOS"."REP_DEMO_ORDER_PRODUCT" VALUES ('15884388231401967996', 'admin', TO_DATE('2020-07-11 11:36:36', 'SYYYY-MM-DD HH24:MI:SS'), NULL, NULL, '小米手机', '25', '35', '445', '1256629667445714946', '1');
INSERT INTO "JEECGBOOTOS"."REP_DEMO_ORDER_PRODUCT" VALUES ('15884388463052345317', 'admin', TO_DATE('2020-07-11 11:36:36', 'SYYYY-MM-DD HH24:MI:SS'), NULL, NULL, '小米手机1', '55', '55', '55', '1256629667445714946', '2');
INSERT INTO "JEECGBOOTOS"."REP_DEMO_ORDER_PRODUCT" VALUES ('1589514837779251202', 'admin', TO_DATE('2022-11-07 15:07:24', 'SYYYY-MM-DD HH24:MI:SS'), NULL, NULL, '小米手机2', '2323', '2323', NULL, '1586557968995545089', '1');
INSERT INTO "JEECGBOOTOS"."REP_DEMO_ORDER_PRODUCT" VALUES ('1589514956499025921', 'admin', TO_DATE('2022-11-07 15:07:52', 'SYYYY-MM-DD HH24:MI:SS'), NULL, NULL, '小米手机3', '222', '222', '222', '1589514956490637313', '1');
INSERT INTO "JEECGBOOTOS"."REP_DEMO_ORDER_PRODUCT" VALUES ('1589514956515803137', 'admin', TO_DATE('2022-11-07 15:07:52', 'SYYYY-MM-DD HH24:MI:SS'), NULL, NULL, '小米手机4', NULL, NULL, NULL, '1589514956490637313', NULL);
INSERT INTO "JEECGBOOTOS"."REP_DEMO_ORDER_PRODUCT" VALUES ('1589516804542922753', 'admin', TO_DATE('2022-11-23 17:20:56', 'SYYYY-MM-DD HH24:MI:SS'), NULL, NULL, '小米手机5', NULL, NULL, NULL, '1589516804530339842', NULL);
INSERT INTO "JEECGBOOTOS"."REP_DEMO_ORDER_PRODUCT" VALUES ('1589516804551311361', 'admin', TO_DATE('2022-11-07 15:15:13', 'SYYYY-MM-DD HH24:MI:SS'), NULL, NULL, '小米手机6', NULL, NULL, NULL, '1589516804530339842', NULL);
INSERT INTO "JEECGBOOTOS"."REP_DEMO_ORDER_PRODUCT" VALUES ('1597149156278525953', 'admin', TO_DATE('2022-11-28 16:43:27', 'SYYYY-MM-DD HH24:MI:SS'), NULL, NULL, '水果手机4', '2', '2', '22', '1597149156089782273', '1');
INSERT INTO "JEECGBOOTOS"."REP_DEMO_ORDER_PRODUCT" VALUES ('1683074969716346881', 'admin', TO_DATE('2023-12-06 15:26:44', 'SYYYY-MM-DD HH24:MI:SS'), NULL, NULL, '水果手机5', '5000', '21', '121', '1683074969561157634', '1');
INSERT INTO "JEECGBOOTOS"."REP_DEMO_ORDER_PRODUCT" VALUES ('1714472725034704898', 'admin', TO_DATE('2023-12-06 15:26:44', 'SYYYY-MM-DD HH24:MI:SS'), NULL, NULL, '办公椅子', '50', '100', NULL, '1683074969561157634', '1');
INSERT INTO "JEECGBOOTOS"."REP_DEMO_ORDER_PRODUCT" VALUES ('1732300515406647298', 'admin', TO_DATE('2023-12-06 15:26:44', 'SYYYY-MM-DD HH24:MI:SS'), NULL, NULL, '笔记本电脑', '3', '3', NULL, '1683074969561157634', NULL);
INSERT INTO "JEECGBOOTOS"."REP_DEMO_ORDER_PRODUCT" VALUES ('1732300515406647299', 'admin', TO_DATE('2023-12-06 15:26:44', 'SYYYY-MM-DD HH24:MI:SS'), NULL, NULL, '鼠标', '3', '3', NULL, '1683074969561157634', NULL);
INSERT INTO "JEECGBOOTOS"."REP_DEMO_ORDER_PRODUCT" VALUES ('402831816a38e7fd016a38e7fdeb0001', 'admin', TO_DATE('2019-04-20 12:01:29', 'SYYYY-MM-DD HH24:MI:SS'), NULL, NULL, '笔记本', '100', '10', NULL, '402831816a38e7fd016a38e7fddf0000', NULL);
INSERT INTO "JEECGBOOTOS"."REP_DEMO_ORDER_PRODUCT" VALUES ('402831816a38e7fd016a38e7fdf10002', 'admin', TO_DATE('2019-04-20 12:01:29', 'SYYYY-MM-DD HH24:MI:SS'), NULL, NULL, '显示器', '300', '1', NULL, '402831816a38e7fd016a38e7fddf0000', NULL);
INSERT INTO "JEECGBOOTOS"."REP_DEMO_ORDER_PRODUCT" VALUES ('4028810c6b40244b016b406884080005', 'admin', TO_DATE('2020-02-24 02:05:38', 'SYYYY-MM-DD HH24:MI:SS'), NULL, NULL, '键盘', NULL, '33', NULL, '402831816a38e7fd016a38e825c90003', NULL);

-- ----------------------------
-- Table structure for SYS_ANNOUNCEMENT
-- ----------------------------
DROP TABLE "JEECGBOOTOS"."SYS_ANNOUNCEMENT";
CREATE TABLE "JEECGBOOTOS"."SYS_ANNOUNCEMENT" (
  "ID" NVARCHAR2(32) NOT NULL,
  "TITILE" NVARCHAR2(100),
  "MSG_CONTENT" NCLOB,
  "START_TIME" DATE,
  "END_TIME" DATE,
  "SENDER" NVARCHAR2(100),
  "PRIORITY" NVARCHAR2(255),
  "MSG_CATEGORY" NVARCHAR2(10) NOT NULL,
  "MSG_TYPE" NVARCHAR2(10),
  "SEND_STATUS" NVARCHAR2(10),
  "SEND_TIME" DATE,
  "CANCEL_TIME" DATE,
  "DEL_FLAG" NVARCHAR2(1),
  "BUS_TYPE" NVARCHAR2(20),
  "BUS_ID" NVARCHAR2(50),
  "OPEN_TYPE" NVARCHAR2(20),
  "OPEN_PAGE" NVARCHAR2(255),
  "CREATE_BY" NVARCHAR2(32),
  "CREATE_TIME" DATE,
  "UPDATE_BY" NVARCHAR2(32),
  "UPDATE_TIME" DATE,
  "USER_IDS" NCLOB,
  "MSG_ABSTRACT" NCLOB,
  "DT_TASK_ID" NVARCHAR2(100),
  "TENANT_ID" NUMBER(11,0),
  "FILES" NCLOB,
  "VISITS_NUM" NUMBER(11,0),
  "IZ_TOP" NUMBER(11,0),
  "IZ_APPROVAL" NVARCHAR2(10),
  "BPM_STATUS" NVARCHAR2(10),
  "MSG_CLASSIFY" NVARCHAR2(255),
  "NOTICE_TYPE" NVARCHAR2(10)
)
LOGGING
NOCOMPRESS
PCTFREE 10
INITRANS 1
STORAGE (
  INITIAL 65536 
  NEXT 1048576 
  MINEXTENTS 1
  MAXEXTENTS 2147483645
  BUFFER_POOL DEFAULT
)
PARALLEL 1
NOCACHE
DISABLE ROW MOVEMENT
;
COMMENT ON COLUMN "JEECGBOOTOS"."SYS_ANNOUNCEMENT"."TITILE" IS '标题';
COMMENT ON COLUMN "JEECGBOOTOS"."SYS_ANNOUNCEMENT"."MSG_CONTENT" IS '内容';
COMMENT ON COLUMN "JEECGBOOTOS"."SYS_ANNOUNCEMENT"."START_TIME" IS '开始时间';
COMMENT ON COLUMN "JEECGBOOTOS"."SYS_ANNOUNCEMENT"."END_TIME" IS '结束时间';
COMMENT ON COLUMN "JEECGBOOTOS"."SYS_ANNOUNCEMENT"."SENDER" IS '发布人';
COMMENT ON COLUMN "JEECGBOOTOS"."SYS_ANNOUNCEMENT"."PRIORITY" IS '优先级（L低，M中，H高）';
COMMENT ON COLUMN "JEECGBOOTOS"."SYS_ANNOUNCEMENT"."MSG_CATEGORY" IS '消息类型1:通知公告2:系统消息';
COMMENT ON COLUMN "JEECGBOOTOS"."SYS_ANNOUNCEMENT"."MSG_TYPE" IS '通告对象类型（USER:指定用户，ALL:全体用户）';
COMMENT ON COLUMN "JEECGBOOTOS"."SYS_ANNOUNCEMENT"."SEND_STATUS" IS '发布状态（0未发布，1已发布，2已撤销）';
COMMENT ON COLUMN "JEECGBOOTOS"."SYS_ANNOUNCEMENT"."SEND_TIME" IS '发布时间';
COMMENT ON COLUMN "JEECGBOOTOS"."SYS_ANNOUNCEMENT"."CANCEL_TIME" IS '撤销时间';
COMMENT ON COLUMN "JEECGBOOTOS"."SYS_ANNOUNCEMENT"."DEL_FLAG" IS '删除状态（0，正常，1已删除）';
COMMENT ON COLUMN "JEECGBOOTOS"."SYS_ANNOUNCEMENT"."BUS_TYPE" IS '业务类型(email:邮件 bpm:流程 tenant_invite:租户邀请)';
COMMENT ON COLUMN "JEECGBOOTOS"."SYS_ANNOUNCEMENT"."BUS_ID" IS '业务id';
COMMENT ON COLUMN "JEECGBOOTOS"."SYS_ANNOUNCEMENT"."OPEN_TYPE" IS '打开方式(组件：component 路由：url)';
COMMENT ON COLUMN "JEECGBOOTOS"."SYS_ANNOUNCEMENT"."OPEN_PAGE" IS '组件/路由 地址';
COMMENT ON COLUMN "JEECGBOOTOS"."SYS_ANNOUNCEMENT"."CREATE_BY" IS '创建人';
COMMENT ON COLUMN "JEECGBOOTOS"."SYS_ANNOUNCEMENT"."CREATE_TIME" IS '创建时间';
COMMENT ON COLUMN "JEECGBOOTOS"."SYS_ANNOUNCEMENT"."UPDATE_BY" IS '更新人';
COMMENT ON COLUMN "JEECGBOOTOS"."SYS_ANNOUNCEMENT"."UPDATE_TIME" IS '更新时间';
COMMENT ON COLUMN "JEECGBOOTOS"."SYS_ANNOUNCEMENT"."USER_IDS" IS '指定用户';
COMMENT ON COLUMN "JEECGBOOTOS"."SYS_ANNOUNCEMENT"."MSG_ABSTRACT" IS '摘要/扩展业务参数';
COMMENT ON COLUMN "JEECGBOOTOS"."SYS_ANNOUNCEMENT"."DT_TASK_ID" IS '钉钉task_id，用于撤回消息';
COMMENT ON COLUMN "JEECGBOOTOS"."SYS_ANNOUNCEMENT"."TENANT_ID" IS '租户ID';
COMMENT ON COLUMN "JEECGBOOTOS"."SYS_ANNOUNCEMENT"."FILES" IS '附件';
COMMENT ON COLUMN "JEECGBOOTOS"."SYS_ANNOUNCEMENT"."VISITS_NUM" IS '访问次数';
COMMENT ON COLUMN "JEECGBOOTOS"."SYS_ANNOUNCEMENT"."IZ_TOP" IS '是否置顶（0:否;  1:是）';
COMMENT ON COLUMN "JEECGBOOTOS"."SYS_ANNOUNCEMENT"."IZ_APPROVAL" IS '是否审批（0否 1是）';
COMMENT ON COLUMN "JEECGBOOTOS"."SYS_ANNOUNCEMENT"."BPM_STATUS" IS '流程状态';
COMMENT ON COLUMN "JEECGBOOTOS"."SYS_ANNOUNCEMENT"."MSG_CLASSIFY" IS '消息归类';
COMMENT ON COLUMN "JEECGBOOTOS"."SYS_ANNOUNCEMENT"."NOTICE_TYPE" IS '通知类型(system:系统消息、file:知识库、flow:流程、plan:日程计划、meeting:会议)';
COMMENT ON TABLE "JEECGBOOTOS"."SYS_ANNOUNCEMENT" IS '系统通告表';

-- ----------------------------
-- Records of SYS_ANNOUNCEMENT
-- ----------------------------
INSERT INTO "JEECGBOOTOS"."SYS_ANNOUNCEMENT" VALUES ('1950442031319511042', '要放假了', '<p>我们都知道, 只要有意义, 那么就必须慎重考虑.既然如何, 带着这些问题, 我们来审视一下随机一段废话. 从这个角度来看, 在这种不可避免的冲突下，我们必须解决这个问题. 本人也是经过了深思熟虑,在每个日日夜夜思考这个问题. 随机一段废话因何而发生?<br>我们都知道, 只要有意义, 那么就必须慎重考虑.从这个角度来看, 从这个角度来看,&nbsp;<br>现在, 解决随机一段废话的问题, 是非常非常重要的. 所以</p>', NULL, NULL, 'admin', 'H', '1', 'ALL', '1', TO_DATE('2025-07-30 14:23:14', 'SYYYY-MM-DD HH24:MI:SS'), NULL, '0', NULL, NULL, NULL, NULL, 'admin', TO_DATE('2025-07-30 14:23:12', 'SYYYY-MM-DD HH24:MI:SS'), 'admin', TO_DATE('2025-07-30 14:23:14', 'SYYYY-MM-DD HH24:MI:SS'), NULL, '我们都知道, 只要有意义, 那么就必须慎重考虑', NULL, '0', NULL, NULL, '0', '0', '1', NULL, 'system');
INSERT INTO "JEECGBOOTOS"."SYS_ANNOUNCEMENT" VALUES ('1950447687359426562', '又又更新！JeecgBootv3.8.2Online专项升级来袭，引领AI低代码平台新时代～', '<h2 style="box-sizing: inherit; font-family: ''PingFang SC'', ''Helvetica Neue'', ''Microsoft YaHei UI'', ''Microsoft YaHei'', ''Noto Sans CJK SC'', Sathu, EucrosiaUPC, Arial, Helvetica, sans-serif; line-height: 1.8; margin: 0px 0px 16px; font-weight: 600; padding: 0px; font-size: 24px; border: none; color: rgb(51, 51, 51); font-style: normal; font-variant-ligatures: normal; font-variant-caps: normal; letter-spacing: normal; orphans: 2; text-align: left; text-indent: 0px; text-transform: none; widows: 2; word-spacing: 0px; -webkit-text-stroke-width: 0px; white-space: normal; background-color: rgb(255, 255, 255); text-decoration-thickness: initial; text-decoration-style: initial; text-decoration-color: initial;">项目介绍</h2>
<blockquote style="box-sizing: inherit; position: relative; margin: 0px 0px 20px; padding: 20px; background-color: rgb(246, 246, 246); border-left: 6px solid rgb(230, 230, 230); font-style: normal; font-weight: 400; word-break: break-word; color: rgb(51, 51, 51); font-family: -apple-system, BlinkMacSystemFont, ''Apple Color Emoji'', ''Segoe UI Emoji'', ''Segoe UI Symbol'', ''Segoe UI'', ''PingFang SC'', ''Hiragino Sans GB'', ''Microsoft YaHei'', ''Helvetica Neue'', Helvetica, Arial, sans-serif; font-size: 16px; font-variant-ligatures: normal; font-variant-caps: normal; letter-spacing: normal; orphans: 2; text-align: left; text-indent: 0px; text-transform: none; widows: 2; word-spacing: 0px; -webkit-text-stroke-width: 0px; white-space: normal; text-decoration-thickness: initial; text-decoration-style: initial; text-decoration-color: initial;">
<p style="box-sizing: inherit; margin: 0px; line-height: inherit;">JeecgBoot 是一款集成 AI 应用的，基于 BPM 流程的低代码平台，旨在帮助开发者快速实现低代码开发和构建、部署个性化的 AI 应用。 前后端分离架构 Ant Design&amp;Vue3，SpringBoot，SpringCloud，Mybatis，Shiro，强大的代码生成器让前后端代码一键生成，无需写任何代码！ 成套 AI 大模型功能: AI 模型、AI 应用、知识库、AI 流程编排、AI 对话等； 引领 AI 低代码开发模式， 帮助 Java 项目解决 80% 的重复工作，让开发更多关注业务，提高效率，同时又不失灵活性！</p>
</blockquote>
<p style="box-sizing: inherit; margin: 0px 0px 20px; line-height: inherit; color: rgb(51, 51, 51); font-family: -apple-system, BlinkMacSystemFont, ''Apple Color Emoji'', ''Segoe UI Emoji'', ''Segoe UI Symbol'', ''Segoe UI'', ''PingFang SC'', ''Hiragino Sans GB'', ''Microsoft YaHei'', ''Helvetica Neue'', Helvetica, Arial, sans-serif; font-size: 16px; font-style: normal; font-variant-ligatures: normal; font-variant-caps: normal; font-weight: 400; letter-spacing: normal; orphans: 2; text-align: left; text-indent: 0px; text-transform: none; widows: 2; word-spacing: 0px; -webkit-text-stroke-width: 0px; white-space: normal; background-color: rgb(255, 255, 255); text-decoration-thickness: initial; text-decoration-style: initial; text-decoration-color: initial;"><strong style="box-sizing: inherit; font-weight: bold;">发版时间</strong>：v3.8.2 | 2025-08-04</p>
<h4 style="box-sizing: inherit; font-family: ''PingFang SC'', ''Helvetica Neue'', ''Microsoft YaHei UI'', ''Microsoft YaHei'', ''Noto Sans CJK SC'', Sathu, EucrosiaUPC, Arial, Helvetica, sans-serif; line-height: 1.8; margin: 22px 0px 16px; font-weight: 600; padding: 0px; font-size: 20px; border: none; color: rgb(51, 51, 51); font-style: normal; font-variant-ligatures: normal; font-variant-caps: normal; letter-spacing: normal; orphans: 2; text-align: left; text-indent: 0px; text-transform: none; widows: 2; word-spacing: 0px; -webkit-text-stroke-width: 0px; white-space: normal; background-color: rgb(255, 255, 255); text-decoration-thickness: initial; text-decoration-style: initial; text-decoration-color: initial;">源码下载</h4>
<ul style="box-sizing: inherit; padding-inline-start: 40px !important; margin: 0px 0px 20px; padding: 0px 0px 0px 20px; list-style-type: disc; color: rgb(51, 51, 51); font-family: -apple-system, BlinkMacSystemFont, ''Apple Color Emoji'', ''Segoe UI Emoji'', ''Segoe UI Symbol'', ''Segoe UI'', ''PingFang SC'', ''Hiragino Sans GB'', ''Microsoft YaHei'', ''Helvetica Neue'', Helvetica, Arial, sans-serif; font-size: 16px; font-style: normal; font-variant-ligatures: normal; font-variant-caps: normal; font-weight: 400; letter-spacing: normal; orphans: 2; text-align: left; text-indent: 0px; text-transform: none; widows: 2; word-spacing: 0px; -webkit-text-stroke-width: 0px; white-space: normal; background-color: rgb(255, 255, 255); text-decoration-thickness: initial; text-decoration-style: initial; text-decoration-color: initial;">
<li style="box-sizing: inherit; line-height: 1.875em; margin-top: 0px;">Github 地址：<span>&nbsp;</span><a href="https://www.oschina.net/action/GoToLink?url=https%3A%2F%2Fgithub.com%2Fjeecgboot%2FJeecgBoot" target="_blank" style="box-sizing: inherit; background-color: transparent; color: rgb(52, 111, 182); text-decoration: none;" rel="noopener">https://github.com/jeecgboot/JeecgBoot</a></li>
<li style="box-sizing: inherit; line-height: 1.875em; margin-bottom: 0px;">Gitee 地址：<span>&nbsp;</span><a href="https://gitee.com/jeecg/JeecgBoot" style="box-sizing: inherit; background-color: transparent; color: rgb(52, 111, 182); text-decoration: none;">https://gitee.com/jeecg/JeecgBoot</a></li>
</ul>
<h4 style="box-sizing: inherit; font-family: ''PingFang SC'', ''Helvetica Neue'', ''Microsoft YaHei UI'', ''Microsoft YaHei'', ''Noto Sans CJK SC'', Sathu, EucrosiaUPC, Arial, Helvetica, sans-serif; line-height: 1.8; margin: 22px 0px 16px; font-weight: 600; padding: 0px; font-size: 20px; border: none; color: rgb(51, 51, 51); font-style: normal; font-variant-ligatures: normal; font-variant-caps: normal; letter-spacing: normal; orphans: 2; text-align: left; text-indent: 0px; text-transform: none; widows: 2; word-spacing: 0px; -webkit-text-stroke-width: 0px; white-space: normal; background-color: rgb(255, 255, 255); text-decoration-thickness: initial; text-decoration-style: initial; text-decoration-color: initial;">升级日志</h4>
<blockquote style="box-sizing: inherit; position: relative; margin: 0px 0px 20px; padding: 20px; background-color: rgb(246, 246, 246); border-left: 6px solid rgb(230, 230, 230); font-style: normal; font-weight: 400; word-break: break-word; color: rgb(51, 51, 51); font-family: -apple-system, BlinkMacSystemFont, ''Apple Color Emoji'', ''Segoe UI Emoji'', ''Segoe UI Symbol'', ''Segoe UI'', ''PingFang SC'', ''Hiragino Sans GB'', ''Microsoft YaHei'', ''Helvetica Neue'', Helvetica, Arial, sans-serif; font-size: 16px; font-variant-ligatures: normal; font-variant-caps: normal; letter-spacing: normal; orphans: 2; text-align: left; text-indent: 0px; text-transform: none; widows: 2; word-spacing: 0px; -webkit-text-stroke-width: 0px; white-space: normal; text-decoration-thickness: initial; text-decoration-style: initial; text-decoration-color: initial;">
<p style="box-sizing: inherit; margin: 0px; line-height: inherit;">重点升级 Online 在线开发功能，支持 AI 建表、AI 生成报表；代码生成支持自定义按钮和 js 增强的结构方法生成，便于用户填充逻辑；</p>
</blockquote>
<h5 style="box-sizing: inherit; font-family: ''PingFang SC'', ''Helvetica Neue'', ''Microsoft YaHei UI'', ''Microsoft YaHei'', ''Noto Sans CJK SC'', Sathu, EucrosiaUPC, Arial, Helvetica, sans-serif; line-height: 1.8; margin: 22px 0px 16px; font-weight: 600; padding: 0px; font-size: 18px; border: none; color: rgb(51, 51, 51); font-style: normal; font-variant-ligatures: normal; font-variant-caps: normal; letter-spacing: normal; orphans: 2; text-align: left; text-indent: 0px; text-transform: none; widows: 2; word-spacing: 0px; -webkit-text-stroke-width: 0px; white-space: normal; background-color: rgb(255, 255, 255); text-decoration-thickness: initial; text-decoration-style: initial; text-decoration-color: initial;">修复 issue</h5>
<ul style="box-sizing: inherit; padding-inline-start: 40px !important; margin: 0px 0px 20px; padding: 0px 0px 0px 20px; list-style-type: disc; color: rgb(51, 51, 51); font-family: -apple-system, BlinkMacSystemFont, ''Apple Color Emoji'', ''Segoe UI Emoji'', ''Segoe UI Symbol'', ''Segoe UI'', ''PingFang SC'', ''Hiragino Sans GB'', ''Microsoft YaHei'', ''Helvetica Neue'', Helvetica, Arial, sans-serif; font-size: 16px; font-style: normal; font-variant-ligatures: normal; font-variant-caps: normal; font-weight: 400; letter-spacing: normal; orphans: 2; text-align: left; text-indent: 0px; text-transform: none; widows: 2; word-spacing: 0px; -webkit-text-stroke-width: 0px; white-space: normal; background-color: rgb(255, 255, 255); text-decoration-thickness: initial; text-decoration-style: initial; text-decoration-color: initial;">
<li style="box-sizing: inherit; line-height: 1.875em; margin-top: 0px;">【架构升级】升级 mybatis-plus 到 3.5.12、升级 jsqlparser 到 4.9</li>
<li style="box-sizing: inherit; line-height: 1.875em;">【架构升级】升级 jimureport 到 v2.1.1</li>
<li style="box-sizing: inherit; line-height: 1.875em;">【架构升级】升级 jimubi 到 v2.1.0</li>
<li style="box-sizing: inherit; line-height: 1.875em;">【架构升级】升级 online 到 3.8.2-beta</li>
<li style="box-sizing: inherit; line-height: 1.875em;">【新功能】APP 版本管理功能，支持 app 自动补丁升级</li>
<li style="box-sizing: inherit; line-height: 1.875em;">【新功能】独立门户设置菜单，支持角色和用户两个维度自定义首页</li>
<li style="box-sizing: inherit; line-height: 1.875em;">【新功能】online 报表支持 AI 生成报表</li>
<li style="box-sizing: inherit; line-height: 1.875em;">【新功能】online 功能测试支持 Mock 数据</li>
<li style="box-sizing: inherit; line-height: 1.875em;">【新功能】online 表单支持 AI 建表</li>
<li style="box-sizing: inherit; line-height: 1.875em;">【新功能】online 表单视图支持删除</li>
<li style="box-sizing: inherit; line-height: 1.875em;">【新功能】online 生成的菜单 sql 自动带上组件名称</li>
<li style="box-sizing: inherit; line-height: 1.875em;">【online 增强】支持页面 loading 调用</li>
<li style="box-sizing: inherit; line-height: 1.875em;">【issues/8548】代码生成的高级查询里日期 - 月控件不能正常展示</li>
<li style="box-sizing: inherit; line-height: 1.875em;">【issues/8163】关联记录新增丢失</li>
<li style="box-sizing: inherit; line-height: 1.875em;">【issues/8575】erp 默认选中第一个及没选中主表时子表不查询</li>
<li style="box-sizing: inherit; line-height: 1.875em;">【issues/8168】id 重复排序数据重了</li>
<li style="box-sizing: inherit; line-height: 1.875em;">【issues/888】online 树表子节点搜索不生效且有警告</li>
<li style="box-sizing: inherit; line-height: 1.875em;">【严重 bug】xxljob 和 jeecg-boot-starter 的 xxl-job 版本不一致，定时任务执行后任务不会结束</li>
<li style="box-sizing: inherit; line-height: 1.875em;">redis 缓存扩展用户可以自定义缓存</li>
<li style="box-sizing: inherit; line-height: 1.875em;">Customize redis listener handle 提醒日志，改成只提示一次</li>
<li style="box-sizing: inherit; line-height: 1.875em;">【issues/8265】默认模型支持超时时间设置</li>
<li style="box-sizing: inherit; line-height: 1.875em;">jeecg-boot-vue3 前端构建报错解决方案・<a href="https://www.oschina.net/action/GoToLink?url=https%3A%2F%2Fgithub.com%2Fjeecgboot%2FJeecgBoot%2Fissues%2F8497" target="_blank" style="box-sizing: inherit; background-color: transparent; color: rgb(52, 111, 182); text-decoration: none;" rel="noopener">Issue #8497</a></li>
<li style="box-sizing: inherit; line-height: 1.875em;">Form 表单，点击 label 会 focus 到表格查询条件的 input 框上・<a href="https://www.oschina.net/action/GoToLink?url=https%3A%2F%2Fgithub.com%2Fjeecgboot%2FJeecgBoot%2Fissues%2F8484" target="_blank" style="box-sizing: inherit; background-color: transparent; color: rgb(52, 111, 182); text-decoration: none;" rel="noopener">Issue #8484</a></li>
<li style="box-sizing: inherit; line-height: 1.875em;">Online 表单开发・<a href="https://www.oschina.net/action/GoToLink?url=https%3A%2F%2Fgithub.com%2Fjeecgboot%2FJeecgBoot%2Fissues%2F8286" target="_blank" style="box-sizing: inherit; background-color: transparent; color: rgb(52, 111, 182); text-decoration: none;" rel="noopener">Issue #8286</a></li>
<li style="box-sizing: inherit; line-height: 1.875em;">online 表单生成问题・<a href="https://www.oschina.net/action/GoToLink?url=https%3A%2F%2Fgithub.com%2Fjeecgboot%2FJeecgBoot%2Fissues%2F8441" target="_blank" style="box-sizing: inherit; background-color: transparent; color: rgb(52, 111, 182); text-decoration: none;" rel="noopener">Issue #8441</a></li>
<li style="box-sizing: inherit; line-height: 1.875em;">能不能继承 app 端版本管理・<a href="https://www.oschina.net/action/GoToLink?url=https%3A%2F%2Fgithub.com%2Fjeecgboot%2FJeecgBoot%2Fissues%2F8362" target="_blank" style="box-sizing: inherit; background-color: transparent; color: rgb(52, 111, 182); text-decoration: none;" rel="noopener">Issue #8362</a></li>
<li style="box-sizing: inherit; line-height: 1.875em;">关于 AI 应用回复模型无法访问导致潜在问题・<a href="https://www.oschina.net/action/GoToLink?url=https%3A%2F%2Fgithub.com%2Fjeecgboot%2FJeecgBoot%2Fissues%2F8440" target="_blank" style="box-sizing: inherit; background-color: transparent; color: rgb(52, 111, 182); text-decoration: none;" rel="noopener">Issue #8440</a></li>
<li style="box-sizing: inherit; line-height: 1.875em;">低代码开发 Online 表单开发主子表 ERP 显示问题・<a href="https://www.oschina.net/action/GoToLink?url=https%3A%2F%2Fgithub.com%2Fjeecgboot%2FJeecgBoot%2Fissues%2F8532" target="_blank" style="box-sizing: inherit; background-color: transparent; color: rgb(52, 111, 182); text-decoration: none;" rel="noopener">Issue #8532</a></li>
<li style="box-sizing: inherit; line-height: 1.875em;">ApiSelect 分页加载重复请求问题・<a href="https://www.oschina.net/action/GoToLink?url=https%3A%2F%2Fgithub.com%2Fjeecgboot%2FJeecgBoot%2Fissues%2F8527" target="_blank" style="box-sizing: inherit; background-color: transparent; color: rgb(52, 111, 182); text-decoration: none;" rel="noopener">Issue #8527</a></li>
<li style="box-sizing: inherit; line-height: 1.875em;">启动 democloud 服务时出现循环依赖报错・<a href="https://www.oschina.net/action/GoToLink?url=https%3A%2F%2Fgithub.com%2Fjeecgboot%2FJeecgBoot%2Fissues%2F8573" target="_blank" style="box-sizing: inherit; background-color: transparent; color: rgb(52, 111, 182); text-decoration: none;" rel="noopener">Issue #8573</a></li>
<li style="box-sizing: inherit; line-height: 1.875em;">useScript.ts 的 isLoading 默认值应该是 true・<a href="https://www.oschina.net/action/GoToLink?url=https%3A%2F%2Fgithub.com%2Fjeecgboot%2FJeecgBoot%2Fissues%2F8552" target="_blank" style="box-sizing: inherit; background-color: transparent; color: rgb(52, 111, 182); text-decoration: none;" rel="noopener">Issue #8552</a></li>
<li style="box-sizing: inherit; line-height: 1.875em;">BasicTable 不支持 TableLayout 设置 (默认写死 fixed)・<a href="https://www.oschina.net/action/GoToLink?url=https%3A%2F%2Fgithub.com%2Fjeecgboot%2FJeecgBoot%2Fissues%2F8564" target="_blank" style="box-sizing: inherit; background-color: transparent; color: rgb(52, 111, 182); text-decoration: none;" rel="noopener">Issue #8564</a></li>
<li style="box-sizing: inherit; line-height: 1.875em;">严重：修改密码存在水平越权问题。・<a href="https://www.oschina.net/action/GoToLink?url=https%3A%2F%2Fgithub.com%2Fjeecgboot%2FJeecgBoot%2Fissues%2F8567" target="_blank" style="box-sizing: inherit; background-color: transparent; color: rgb(52, 111, 182); text-decoration: none;" rel="noopener">Issue #8567</a></li>
<li style="box-sizing: inherit; line-height: 1.875em;">大模型设置 timeout，没有生效，并且总在报错超时之后，才返回相应结果・<a href="https://www.oschina.net/action/GoToLink?url=https%3A%2F%2Fgithub.com%2Fjeecgboot%2FJeecgBoot%2Fissues%2F8557" target="_blank" style="box-sizing: inherit; background-color: transparent; color: rgb(52, 111, 182); text-decoration: none;" rel="noopener">Issue #8557</a></li>
<li style="box-sizing: inherit; line-height: 1.875em;">批量删除优化反馈・<a href="https://www.oschina.net/action/GoToLink?url=https%3A%2F%2Fgithub.com%2Fjeecgboot%2FJeecgBoot%2Fissues%2F8558" target="_blank" style="box-sizing: inherit; background-color: transparent; color: rgb(52, 111, 182); text-decoration: none;" rel="noopener">Issue #8558</a></li>
<li style="box-sizing: inherit; line-height: 1.875em;">yml 文件中的 quart 配置 initialize-schema 属性层级错误・<a href="https://www.oschina.net/action/GoToLink?url=https%3A%2F%2Fgithub.com%2Fjeecgboot%2FJeecgBoot%2Fissues%2F8540" target="_blank" style="box-sizing: inherit; background-color: transparent; color: rgb(52, 111, 182); text-decoration: none;" rel="noopener">Issue #8540</a></li>
<li style="box-sizing: inherit; line-height: 1.875em;">xxljob 和 jeecg-boot-starter 的 xxl-job 版本不一致，定时任务执行后任务不会结束・<a href="https://www.oschina.net/action/GoToLink?url=https%3A%2F%2Fgithub.com%2Fjeecgboot%2FJeecgBoot%2Fissues%2F8621" target="_blank" style="box-sizing: inherit; background-color: transparent; color: rgb(52, 111, 182); text-decoration: none;" rel="noopener">Issue #8621</a></li>
<li style="box-sizing: inherit; line-height: 1.875em;">online 表单 一对多 erp 模式下子表刷新问题・<a href="https://www.oschina.net/action/GoToLink?url=https%3A%2F%2Fgithub.com%2Fjeecgboot%2FJeecgBoot%2Fissues%2F8575" target="_blank" style="box-sizing: inherit; background-color: transparent; color: rgb(52, 111, 182); text-decoration: none;" rel="noopener">Issue #8575</a></li>
<li style="box-sizing: inherit; line-height: 1.875em;">springboot3 分支，knife4j 不能正确显示文档，但是 swagger-ui 和 v3/api-docs 正常・<a href="https://www.oschina.net/action/GoToLink?url=https%3A%2F%2Fgithub.com%2Fjeecgboot%2FJeecgBoot%2Fissues%2F8638" target="_blank" style="box-sizing: inherit; background-color: transparent; color: rgb(52, 111, 182); text-decoration: none;" rel="noopener">Issue #8638</a></li>
<li style="box-sizing: inherit; line-height: 1.875em;">Swagger3 接口文档异常・<a href="https://www.oschina.net/action/GoToLink?url=https%3A%2F%2Fgithub.com%2Fjeecgboot%2FJeecgBoot%2Fissues%2F8631" target="_blank" style="box-sizing: inherit; background-color: transparent; color: rgb(52, 111, 182); text-decoration: none;" rel="noopener">Issue #8631</a></li>
<li style="box-sizing: inherit; line-height: 1.875em;">springboot3 版本 3.8.1， knife4j-production 不生效・<a href="https://www.oschina.net/action/GoToLink?url=https%3A%2F%2Fgithub.com%2Fjeecgboot%2FJeecgBoot%2Fissues%2F8624" target="_blank" style="box-sizing: inherit; background-color: transparent; color: rgb(52, 111, 182); text-decoration: none;" rel="noopener">Issue #8624</a></li>
<li style="box-sizing: inherit; line-height: 1.875em;">列权限控制问题・<a href="https://www.oschina.net/action/GoToLink?url=https%3A%2F%2Fgithub.com%2Fjeecgboot%2FJeecgBoot%2Fissues%2F8518" target="_blank" style="box-sizing: inherit; background-color: transparent; color: rgb(52, 111, 182); text-decoration: none;" rel="noopener">Issue #8518</a></li>
<li style="box-sizing: inherit; line-height: 1.875em; margin-bottom: 0px;">行尾合计汇总问题・<a href="https://www.oschina.net/action/GoToLink?url=https%3A%2F%2Fgithub.com%2Fjeecgboot%2FJeecgBoot%2Fissues%2F8502" target="_blank" style="box-sizing: inherit; background-color: transparent; color: rgb(52, 111, 182); text-decoration: none;" rel="noopener">Issue #8502</a></li>
</ul>
<h4 style="box-sizing: inherit; font-family: ''PingFang SC'', ''Helvetica Neue'', ''Microsoft YaHei UI'', ''Microsoft YaHei'', ''Noto Sans CJK SC'', Sathu, EucrosiaUPC, Arial, Helvetica, sans-serif; line-height: 1.8; margin: 22px 0px 16px; font-weight: 600; padding: 0px; font-size: 20px; border: none; color: rgb(51, 51, 51); font-style: normal; font-variant-ligatures: normal; font-variant-caps: normal; letter-spacing: normal; orphans: 2; text-align: left; text-indent: 0px; text-transform: none; widows: 2; word-spacing: 0px; -webkit-text-stroke-width: 0px; white-space: normal; background-color: rgb(255, 255, 255); text-decoration-thickness: initial; text-decoration-style: initial; text-decoration-color: initial;">技术交流</h4>
<ul style="box-sizing: inherit; padding-inline-start: 40px !important; margin: 0px 0px 20px; padding: 0px 0px 0px 20px; list-style-type: disc; color: rgb(51, 51, 51); font-family: -apple-system, BlinkMacSystemFont, ''Apple Color Emoji'', ''Segoe UI Emoji'', ''Segoe UI Symbol'', ''Segoe UI'', ''PingFang SC'', ''Hiragino Sans GB'', ''Microsoft YaHei'', ''Helvetica Neue'', Helvetica, Arial, sans-serif; font-size: 16px; font-style: normal; font-variant-ligatures: normal; font-variant-caps: normal; font-weight: 400; letter-spacing: normal; orphans: 2; text-align: left; text-indent: 0px; text-transform: none; widows: 2; word-spacing: 0px; -webkit-text-stroke-width: 0px; white-space: normal; background-color: rgb(255, 255, 255); text-decoration-thickness: initial; text-decoration-style: initial; text-decoration-color: initial;">
<li style="box-sizing: inherit; line-height: 1.875em; margin-top: 0px;">官方网站：<span>&nbsp;</span><a href="https://www.oschina.net/action/GoToLink?url=http%3A%2F%2Fwww.jeecg.com" target="_blank" style="box-sizing: inherit; background-color: transparent; color: rgb(52, 111, 182); text-decoration: none;" rel="noopener">http://www.jeecg.com</a></li>
<li style="box-sizing: inherit; line-height: 1.875em;">在线演示：<a href="https://www.oschina.net/action/GoToLink?url=http%3A%2F%2Fboot3.jeecg.com" target="_blank" style="box-sizing: inherit; background-color: transparent; color: rgb(52, 111, 182); text-decoration: none;" rel="noopener">http://boot3.jeecg.com</a></li>
<li style="box-sizing: inherit; line-height: 1.875em;">入门指南：<span>&nbsp;</span><a href="https://www.oschina.net/action/GoToLink?url=http%3A%2F%2Fwww.jeecg.com%2Fdoc%2Fquickstart" target="_blank" style="box-sizing: inherit; background-color: transparent; color: rgb(52, 111, 182); text-decoration: none;" rel="noopener">快速入门</a><span>&nbsp;</span>|<span>&nbsp;</span><a href="https://www.oschina.net/action/GoToLink?url=https%3A%2F%2Fhelp.jeecg.com" target="_blank" style="box-sizing: inherit; background-color: transparent; color: rgb(52, 111, 182); text-decoration: none;" rel="noopener">开发文档</a><span>&nbsp;</span>|<span>&nbsp;</span><a href="https://www.oschina.net/action/GoToLink?url=https%3A%2F%2Fhelp.jeecg.com%2Faigc" target="_blank" style="box-sizing: inherit; background-color: transparent; color: rgb(52, 111, 182); text-decoration: none;" rel="noopener">AI 应用使用手册</a></li>
<li style="box-sizing: inherit; line-height: 1.875em; margin-bottom: 0px;">技术支持：<span>&nbsp;</span><a href="https://www.oschina.net/action/GoToLink?url=https%3A%2F%2Fgithub.com%2Fjeecgboot%2FJeecgBoot%2Fissues%2Fnew%3Ftemplate%3Dbug_report.md" target="_blank" style="box-sizing: inherit; background-color: transparent; color: rgb(52, 111, 182); text-decoration: none;" rel="noopener">反馈问题</a><span>&nbsp;</span>|<span>&nbsp;</span><a href="https://www.oschina.net/action/GoToLink?url=http%3A%2F%2Fjeecg.com%2Fdoc%2Fvideo" target="_blank" style="box-sizing: inherit; background-color: transparent; color: rgb(52, 111, 182); text-decoration: none;" rel="noopener">视频教程</a><span>&nbsp;</span>|<span>&nbsp;</span><a href="https://www.oschina.net/action/GoToLink?url=https%3A%2F%2Fjeecg.blog.csdn.net%2Farticle%2Fdetails%2F106079007" target="_blank" style="box-sizing: inherit; background-color: transparent; color: rgb(52, 111, 182); text-decoration: none;" rel="noopener">低代码体验一分钟</a></li>
</ul>
<h4 style="box-sizing: inherit; font-family: ''PingFang SC'', ''Helvetica Neue'', ''Microsoft YaHei UI'', ''Microsoft YaHei'', ''Noto Sans CJK SC'', Sathu, EucrosiaUPC, Arial, Helvetica, sans-serif; line-height: 1.8; margin: 22px 0px 16px; font-weight: 600; padding: 0px; font-size: 20px; border: none; color: rgb(51, 51, 51); font-style: normal; font-variant-ligatures: normal; font-variant-caps: normal; letter-spacing: normal; orphans: 2; text-align: left; text-indent: 0px; text-transform: none; widows: 2; word-spacing: 0px; -webkit-text-stroke-width: 0px; white-space: normal; background-color: rgb(255, 255, 255); text-decoration-thickness: initial; text-decoration-style: initial; text-decoration-color: initial;">快速启动项目</h4>
<ul style="box-sizing: inherit; padding-inline-start: 40px !important; margin: 0px 0px 20px; padding: 0px 0px 0px 20px; list-style-type: disc; color: rgb(51, 51, 51); font-family: -apple-system, BlinkMacSystemFont, ''Apple Color Emoji'', ''Segoe UI Emoji'', ''Segoe UI Symbol'', ''Segoe UI'', ''PingFang SC'', ''Hiragino Sans GB'', ''Microsoft YaHei'', ''Helvetica Neue'', Helvetica, Arial, sans-serif; font-size: 16px; font-style: normal; font-variant-ligatures: normal; font-variant-caps: normal; font-weight: 400; letter-spacing: normal; orphans: 2; text-align: left; text-indent: 0px; text-transform: none; widows: 2; word-spacing: 0px; -webkit-text-stroke-width: 0px; white-space: normal; background-color: rgb(255, 255, 255); text-decoration-thickness: initial; text-decoration-style: initial; text-decoration-color: initial;">
<li style="box-sizing: inherit; line-height: 1.875em; margin-top: 0px;"><a href="https://www.oschina.net/action/GoToLink?url=https%3A%2F%2Fhelp.jeecg.com%2Fjava%2Fsetup%2Fidea%2Fstartup" target="_blank" style="box-sizing: inherit; background-color: transparent; color: rgb(52, 111, 182); text-decoration: none;" rel="noopener">IDEA 启动前后端项目</a></li>
<li style="box-sizing: inherit; line-height: 1.875em; margin-bottom: 0px;"><a href="https://www.oschina.net/action/GoToLink?url=https%3A%2F%2Fhelp.jeecg.com%2Fjava%2Fdocker%2Fquick" target="_blank" style="box-sizing: inherit; background-color: transparent; color: rgb(52, 111, 182); text-decoration: none;" rel="noopener">Docker 一键启动前后端</a></li>
</ul>
<h4 style="box-sizing: inherit; font-family: ''PingFang SC'', ''Helvetica Neue'', ''Microsoft YaHei UI'', ''Microsoft YaHei'', ''Noto Sans CJK SC'', Sathu, EucrosiaUPC, Arial, Helvetica, sans-serif; line-height: 1.8; margin: 22px 0px 16px; font-weight: 600; padding: 0px; font-size: 20px; border: none; color: rgb(51, 51, 51); font-style: normal; font-variant-ligatures: normal; font-variant-caps: normal; letter-spacing: normal; orphans: 2; text-align: left; text-indent: 0px; text-transform: none; widows: 2; word-spacing: 0px; -webkit-text-stroke-width: 0px; white-space: normal; background-color: rgb(255, 255, 255); text-decoration-thickness: initial; text-decoration-style: initial; text-decoration-color: initial;">AI 应用平台介绍</h4>
<p style="box-sizing: inherit; margin: 0px 0px 20px; line-height: inherit; color: rgb(51, 51, 51); font-family: -apple-system, BlinkMacSystemFont, ''Apple Color Emoji'', ''Segoe UI Emoji'', ''Segoe UI Symbol'', ''Segoe UI'', ''PingFang SC'', ''Hiragino Sans GB'', ''Microsoft YaHei'', ''Helvetica Neue'', Helvetica, Arial, sans-serif; font-size: 16px; font-style: normal; font-variant-ligatures: normal; font-variant-caps: normal; font-weight: 400; letter-spacing: normal; orphans: 2; text-align: left; text-indent: 0px; text-transform: none; widows: 2; word-spacing: 0px; -webkit-text-stroke-width: 0px; white-space: normal; background-color: rgb(255, 255, 255); text-decoration-thickness: initial; text-decoration-style: initial; text-decoration-color: initial;">JeecgBoot 平台提供了一套完善的 AI 应用管理系统模块，是一套类似<span>&nbsp;</span><code style="box-sizing: inherit; font-family: Consolas, Monaco, ''Andale Mono'', ''Ubuntu Mono'', monospace; font-size: 13px; margin: 0px 3px; padding: 3px 4px; border: none; border-radius: 4px; background: rgb(246, 246, 246); color: rgb(51, 51, 51);">Dify</code><span>&nbsp;</span>的<span>&nbsp;</span><code style="box-sizing: inherit; font-family: Consolas, Monaco, ''Andale Mono'', ''Ubuntu Mono'', monospace; font-size: 13px; margin: 0px 3px; padding: 3px 4px; border: none; border-radius: 4px; background: rgb(246, 246, 246); color: rgb(51, 51, 51);">AIGC应用开发平台</code><span>&nbsp;</span>+<span>&nbsp;</span><code style="box-sizing: inherit; font-family: Consolas, Monaco, ''Andale Mono'', ''Ubuntu Mono'', monospace; font-size: 13px; margin: 0px 3px; padding: 3px 4px; border: none; border-radius: 4px; background: rgb(246, 246, 246); color: rgb(51, 51, 51);">知识库问答</code>，是一款基于 LLM 大语言模型 AI 应用平台和 RAG 的知识库问答系统。 其直观的界面结合了 AI 流程编排、RAG 管道、知识库管理、模型管理、对接向量库、实时运行可观察等，让您可以快速从原型到生产，拥有 AI 服务能力。<span>&nbsp;</span><a href="https://www.oschina.net/action/GoToLink?url=https%3A%2F%2Fhelp.jeecg.com%2Faigc" target="_blank" style="box-sizing: inherit; background-color: transparent; color: rgb(52, 111, 182); text-decoration: none;" rel="noopener">详细专题介绍，请点击查看</a></p>
<h4 style="box-sizing: inherit; font-family: ''PingFang SC'', ''Helvetica Neue'', ''Microsoft YaHei UI'', ''Microsoft YaHei'', ''Noto Sans CJK SC'', Sathu, EucrosiaUPC, Arial, Helvetica, sans-serif; line-height: 1.8; margin: 22px 0px 16px; font-weight: 600; padding: 0px; font-size: 20px; border: none; color: rgb(51, 51, 51); font-style: normal; font-variant-ligatures: normal; font-variant-caps: normal; letter-spacing: normal; orphans: 2; text-align: left; text-indent: 0px; text-transform: none; widows: 2; word-spacing: 0px; -webkit-text-stroke-width: 0px; white-space: normal; background-color: rgb(255, 255, 255); text-decoration-thickness: initial; text-decoration-style: initial; text-decoration-color: initial;">适用项目</h4>
<p style="box-sizing: inherit; margin: 0px 0px 20px; line-height: inherit; color: rgb(51, 51, 51); font-family: -apple-system, BlinkMacSystemFont, ''Apple Color Emoji'', ''Segoe UI Emoji'', ''Segoe UI Symbol'', ''Segoe UI'', ''PingFang SC'', ''Hiragino Sans GB'', ''Microsoft YaHei'', ''Helvetica Neue'', Helvetica, Arial, sans-serif; font-size: 16px; font-style: normal; font-variant-ligatures: normal; font-variant-caps: normal; font-weight: 400; letter-spacing: normal; orphans: 2; text-align: left; text-indent: 0px; text-transform: none; widows: 2; word-spacing: 0px; -webkit-text-stroke-width: 0px; white-space: normal; background-color: rgb(255, 255, 255); text-decoration-thickness: initial; text-decoration-style: initial; text-decoration-color: initial;">JeecgBoot 低代码平台，可以应用在任何 J2EE 项目的开发中，支持信创国产化。尤其适合 SAAS 项目、企业信息管理系统（MIS）、内部办公系统（OA）、企业资源计划系统（ERP）、客户关系管理系统（CRM）、AI 知识库等，其半智能手工 Merge 的开发方式，可以显著提高开发效率 70% 以上，极大降低开发成本。 又是一个全栈式 AI 开发平台，快速帮助企业构建和部署个性化的 AI 应用。</p>
<p style="box-sizing: inherit; margin: 0px 0px 20px; line-height: inherit; color: rgb(51, 51, 51); font-family: -apple-system, BlinkMacSystemFont, ''Apple Color Emoji'', ''Segoe UI Emoji'', ''Segoe UI Symbol'', ''Segoe UI'', ''PingFang SC'', ''Hiragino Sans GB'', ''Microsoft YaHei'', ''Helvetica Neue'', Helvetica, Arial, sans-serif; font-size: 16px; font-style: normal; font-variant-ligatures: normal; font-variant-caps: normal; font-weight: 400; letter-spacing: normal; orphans: 2; text-align: left; text-indent: 0px; text-transform: none; widows: 2; word-spacing: 0px; -webkit-text-stroke-width: 0px; white-space: normal; background-color: rgb(255, 255, 255); text-decoration-thickness: initial; text-decoration-style: initial; text-decoration-color: initial;"><strong style="box-sizing: inherit; font-weight: bold;">信创兼容说明</strong></p>
<ul style="box-sizing: inherit; padding-inline-start: 40px !important; margin: 0px 0px 20px; padding: 0px 0px 0px 20px; list-style-type: disc; color: rgb(51, 51, 51); font-family: -apple-system, BlinkMacSystemFont, ''Apple Color Emoji'', ''Segoe UI Emoji'', ''Segoe UI Symbol'', ''Segoe UI'', ''PingFang SC'', ''Hiragino Sans GB'', ''Microsoft YaHei'', ''Helvetica Neue'', Helvetica, Arial, sans-serif; font-size: 16px; font-style: normal; font-variant-ligatures: normal; font-variant-caps: normal; font-weight: 400; letter-spacing: normal; orphans: 2; text-align: left; text-indent: 0px; text-transform: none; widows: 2; word-spacing: 0px; -webkit-text-stroke-width: 0px; white-space: normal; background-color: rgb(255, 255, 255); text-decoration-thickness: initial; text-decoration-style: initial; text-decoration-color: initial;">
<li style="box-sizing: inherit; line-height: 1.875em; margin-top: 0px;">操作系统：国产麒麟、银河麒麟等国产系统几乎都是基于 Linux 内核，因此它们具有良好的兼容性。</li>
<li style="box-sizing: inherit; line-height: 1.875em;">数据库：达梦、人大金仓、TiDB</li>
<li style="box-sizing: inherit; line-height: 1.875em; margin-bottom: 0px;">中间件：东方通 TongWeb、TongRDS，宝兰德 AppServer、CacheDB,<span>&nbsp;</span><a href="https://www.oschina.net/action/GoToLink?url=https%3A%2F%2Fhelp.jeecg.com%2Fjava%2Ftongweb-deploy%2F" target="_blank" style="box-sizing: inherit; background-color: transparent; color: rgb(52, 111, 182); text-decoration: none;" rel="noopener">信创配置文档</a></li>
</ul>
<h4 style="box-sizing: inherit; font-family: ''PingFang SC'', ''Helvetica Neue'', ''Microsoft YaHei UI'', ''Microsoft YaHei'', ''Noto Sans CJK SC'', Sathu, EucrosiaUPC, Arial, Helvetica, sans-serif; line-height: 1.8; margin: 22px 0px 16px; font-weight: 600; padding: 0px; font-size: 20px; border: none; color: rgb(51, 51, 51); font-style: normal; font-variant-ligatures: normal; font-variant-caps: normal; letter-spacing: normal; orphans: 2; text-align: left; text-indent: 0px; text-transform: none; widows: 2; word-spacing: 0px; -webkit-text-stroke-width: 0px; white-space: normal; background-color: rgb(255, 255, 255); text-decoration-thickness: initial; text-decoration-style: initial; text-decoration-color: initial;">为什么选择 JeecgBoot?</h4>
<blockquote style="box-sizing: inherit; position: relative; margin: 0px 0px 20px; padding: 20px; background-color: rgb(246, 246, 246); border-left: 6px solid rgb(230, 230, 230); font-style: normal; font-weight: 400; word-break: break-word; color: rgb(51, 51, 51); font-family: -apple-system, BlinkMacSystemFont, ''Apple Color Emoji'', ''Segoe UI Emoji'', ''Segoe UI Symbol'', ''Segoe UI'', ''PingFang SC'', ''Hiragino Sans GB'', ''Microsoft YaHei'', ''Helvetica Neue'', Helvetica, Arial, sans-serif; font-size: 16px; font-variant-ligatures: normal; font-variant-caps: normal; letter-spacing: normal; orphans: 2; text-align: left; text-indent: 0px; text-transform: none; widows: 2; word-spacing: 0px; -webkit-text-stroke-width: 0px; white-space: normal; text-decoration-thickness: initial; text-decoration-style: initial; text-decoration-color: initial;">
<p style="box-sizing: inherit; margin: 0px; line-height: inherit;">开源界 "小普元" 超越传统商业平台。引领低代码开发模式 (OnlineCoding-&gt; 代码生成器 -&gt; 手工 MERGE)，低代码开发同时又支持灵活编码， 可以帮助解决 Java 项目 70% 的重复工作，让开发更多关注业务。既能快速提高开发效率，节省成本，同时又不失灵活性。</p>
</blockquote>
<ul style="box-sizing: inherit; padding-inline-start: 40px !important; margin: 0px 0px 20px; padding: 0px 0px 0px 20px; list-style-type: disc; color: rgb(51, 51, 51); font-family: -apple-system, BlinkMacSystemFont, ''Apple Color Emoji'', ''Segoe UI Emoji'', ''Segoe UI Symbol'', ''Segoe UI'', ''PingFang SC'', ''Hiragino Sans GB'', ''Microsoft YaHei'', ''Helvetica Neue'', Helvetica, Arial, sans-serif; font-size: 16px; font-style: normal; font-variant-ligatures: normal; font-variant-caps: normal; font-weight: 400; letter-spacing: normal; orphans: 2; text-align: left; text-indent: 0px; text-transform: none; widows: 2; word-spacing: 0px; -webkit-text-stroke-width: 0px; white-space: normal; background-color: rgb(255, 255, 255); text-decoration-thickness: initial; text-decoration-style: initial; text-decoration-color: initial;">
<li style="box-sizing: inherit; line-height: 1.875em; margin-top: 0px;">1. 采用最新主流前后分离框架（Spring Boot + MyBatis + Ant Design4 + Vue3），容易上手；代码生成器依赖性低，灵活的扩展能力，可快速实现二次开发。</li>
<li style="box-sizing: inherit; line-height: 1.875em;">2. 前端大版本换代，最新版采用 Vue3.0 + TypeScript + Vite6 + Ant Design Vue4 等新技术方案。</li>
<li style="box-sizing: inherit; line-height: 1.875em;">3. 支持微服务 Spring Cloud Alibaba（Nacos、Gateway、Sentinel、Skywalking），提供简易机制，支持单体和微服务自由切换（这样可以满足各类项目需求）。</li>
<li style="box-sizing: inherit; line-height: 1.875em;">4. 开发效率高，支持在线建表和 AI 建表，提供强大代码生成器，单表、树列表、一对多、一对一等数据模型，增删改查功能一键生成，菜单配置直接使用。</li>
<li style="box-sizing: inherit; line-height: 1.875em;">5. 代码生成器提供强大模板机制，支持自定义模板，目前提供四套风格模板（单表两套、树模型一套、一对多三套）。</li>
<li style="box-sizing: inherit; line-height: 1.875em;">6. 提供强大的报表和大屏可视化工具，支持丰富的数据源连接，能够通过拖拉拽方式快速制作报表、大屏和门户设计；支持多种图表类型：柱形图、折线图、散点图、饼图、环形图、面积图、漏斗图、进度图、仪表盘、雷达图、地图等。</li>
<li style="box-sizing: inherit; line-height: 1.875em;">7. 低代码能力：在线表单（无需编码，通过在线配置表单，实现表单的增删改查，支持单表、树、一对多、一对一等模型，实现人人皆可编码），在线配置零代码开发、所见即所得支持 23 种类控件。</li>
<li style="box-sizing: inherit; line-height: 1.875em;">8. 低代码能力：在线报表、在线图表（无需编码，通过在线配置方式，实现数据报表和图形报表，可以快速抽取数据，减轻开发压力，实现人人皆可编码）。</li>
<li style="box-sizing: inherit; line-height: 1.875em;">9.Online 支持在线增强开发，提供在线代码编辑器，支持代码高亮、代码提示等功能，支持多种语言（Java、SQL、JavaScript 等）。</li>
<li style="box-sizing: inherit; line-height: 1.875em;">10. 封装完善的用户、角色、菜单、组织机构、数据字典、在线定时任务等基础功能，支持访问授权、按钮权限、数据权限等功能。</li>
<li style="box-sizing: inherit; line-height: 1.875em;">11. 前端 UI 提供丰富的组件库，支持各种常用组件，如表格、树形控件、下拉框、日期选择器等，满足各种复杂的业务需求<span>&nbsp;</span><a href="https://www.oschina.net/action/GoToLink?url=https%3A%2F%2Fhelp.jeecg.com%2Fcategory%2Fui%25E7%25BB%2584%25E4%25BB%25B6%25E5%25BA%2593" target="_blank" style="box-sizing: inherit; background-color: transparent; color: rgb(52, 111, 182); text-decoration: none;" rel="noopener">UI 组件库文档</a>。</li>
<li style="box-sizing: inherit; line-height: 1.875em;">12. 提供 APP 配套框架，一份多代码多终端适配，一份代码多终端适配，小程序、H5、安卓、iOS、鸿蒙 Next。</li>
<li style="box-sizing: inherit; line-height: 1.875em;">13. 新版 APP 框架采用 Uniapp、Vue3.0、Vite、Wot-design-uni、TypeScript 等最新技术栈，包括二次封装组件、路由拦截、请求拦截等功能。实现了与 JeecgBoot 完美对接：目前已经实现登录、用户信息、通讯录、公告、移动首页、九宫格、聊天、Online 表单、仪表盘等功能，提供了丰富的组件。</li>
<li style="box-sizing: inherit; line-height: 1.875em;">14. 提供了一套成熟的 AI 应用平台功能，从 AI 模型、知识库到 AI 应用搭建，助力企业快速落地 AI 服务，加速智能化升级。</li>
<li style="box-sizing: inherit; line-height: 1.875em;">15.AI 能力：目前 JeecgBoot 支持 AI 大模型 chatgpt 和 deepseek，现在最新版默认使用 deepseek，速度更快质量更高。目前提供了 AI 对话助手、AI 知识库、AI 应用、AI 建表、AI 报表等功能。</li>
<li style="box-sizing: inherit; line-height: 1.875em;">16. 提供新行编辑表格 JVXETable，轻松满足各种复杂 ERP 布局，拥有更高的性能、更灵活的扩展、更强大的功能。</li>
<li style="box-sizing: inherit; line-height: 1.875em;">17. 平台首页风格，提供多种组合模式，支持自定义风格；支持门户设计，支持自定义首页。</li>
<li style="box-sizing: inherit; line-height: 1.875em;">18. 常用共通封装，各种工具类（定时任务、短信接口、邮件发送、Excel 导入导出等），基本满足 80% 项目需求。</li>
<li style="box-sizing: inherit; line-height: 1.875em;">19. 简易 Excel 导入导出，支持单表导出和一对多表模式导出，生成的代码自带导入导出功能。</li>
<li style="box-sizing: inherit; line-height: 1.875em;">20. 集成智能报表工具，报表打印、图像报表和数据导出非常方便，可极其方便地生成 PDF、Excel、Word 等报表。</li>
<li style="box-sizing: inherit; line-height: 1.875em;">21. 采用前后分离技术，页面 UI 风格精美，针对常用组件做了封装：时间、行表格控件、截取显示控件、报表组件、编辑器等。</li>
<li style="box-sizing: inherit; line-height: 1.875em;">22. 查询过滤器：查询功能自动生成，后台动态拼 SQL 追加查询条件；支持多种匹配方式（全匹配 / 模糊查询 / 包含查询 / 不匹配查询）。</li>
<li style="box-sizing: inherit; line-height: 1.875em;">23. 数据权限（精细化数据权限控制，控制到行级、列表级、表单字段级，实现不同人看不同数据，不同人对同一个页面操作不同字段）。</li>
<li style="box-sizing: inherit; line-height: 1.875em;">24. 接口安全机制，可细化控制接口授权，非常简便实现不同客户端只看自己数据等控制；也提供了基于 AK 和 SK 认证鉴权的 OpenAPI 功能。</li>
<li style="box-sizing: inherit; line-height: 1.875em;">25. 活跃的社区支持；近年来，随着网络威胁的日益增加，团队在安全和漏洞管理方面积累了丰富的经验，能够为企业提供全面的安全解决方案。</li>
<li style="box-sizing: inherit; line-height: 1.875em;">26. 权限控制采用 RBAC（Role-Based Access Control，基于角色的访问控制）。</li>
<li style="box-sizing: inherit; line-height: 1.875em;">27. 页面校验自动生成（必须输入、数字校验、金额校验、时间空间等）。</li>
<li style="box-sizing: inherit; line-height: 1.875em;">28. 支持 SaaS 服务模式，提供 SaaS 多租户架构方案。</li>
<li style="box-sizing: inherit; line-height: 1.875em;">29. 分布式文件服务，集成 MinIO、阿里 OSS 等优秀的第三方，提供便捷的文件上传与管理，同时也支持本地存储。</li>
<li style="box-sizing: inherit; line-height: 1.875em;">30. 主流数据库兼容，一套代码完全兼容 MySQL、PostgreSQL、Oracle、SQL Server、MariaDB、达梦、人大金仓等主流数据库。</li>
<li style="box-sizing: inherit; line-height: 1.875em;">31. 集成工作流 Flowable，并实现了只需在页面配置流程转向，可极大简化 BPM 工作流的开发；用 BPM 的流程设计器画出了流程走向，一个工作流基本就完成了，只需写很少量的 Java 代码。</li>
<li style="box-sizing: inherit; line-height: 1.875em;">32. 低代码能力：在线流程设计，采用开源 Flowable 流程引擎，实现在线画流程、自定义表单、表单挂靠、业务流转。</li>
<li style="box-sizing: inherit; line-height: 1.875em;">33. 多数据源：极其简易的使用方式，在线配置数据源配置，便捷地从其他数据抓取数据。</li>
<li style="box-sizing: inherit; line-height: 1.875em;">34. 提供单点登录 CAS 集成方案，项目中已经提供完善的对接代码。</li>
<li style="box-sizing: inherit; line-height: 1.875em;">35. 低代码能力：表单设计器，支持用户自定义表单布局，支持单表、一对多表单，支持 select、radio、checkbox、textarea、date、popup、列表、宏等控件。</li>
<li style="box-sizing: inherit; line-height: 1.875em;">36. 专业接口对接机制，统一采用 RESTful 接口方式，集成 Swagger-UI 在线接口文档，JWT token 安全验证，方便客户端对接。</li>
<li style="box-sizing: inherit; line-height: 1.875em;">37. 高级组合查询功能，在线配置支持主子表关联查询，可保存查询历史。</li>
<li style="box-sizing: inherit; line-height: 1.875em;">38. 提供各种系统监控，实时跟踪系统运行情况（监控 Redis、Tomcat、JVM、服务器信息、请求追踪、SQL 监控）。</li>
<li style="box-sizing: inherit; line-height: 1.875em;">39. 消息中心（支持短信、邮件、微信推送等）；集成 WebSocket 消息通知机制。</li>
<li style="box-sizing: inherit; line-height: 1.875em;">40. 支持多语言，提供国际化方案。</li>
<li style="box-sizing: inherit; line-height: 1.875em;">41. 数据变更记录日志，可记录数据每次变更内容，通过版本对比功能查看历史变化。</li>
<li style="box-sizing: inherit; line-height: 1.875em;">42. 提供简单易用的打印插件，支持谷歌、火狐、IE11 + 等各种浏览器。</li>
<li style="box-sizing: inherit; line-height: 1.875em;">43. 后端采用 Maven 分模块开发方式；前端支持菜单动态路由。</li>
<li style="box-sizing: inherit; line-height: 1.875em; margin-bottom: 0px;">44. 提供丰富的示例代码，涵盖了常用的业务场景，便于学习和参考。</li>
</ul>
<h4 style="box-sizing: inherit; font-family: ''PingFang SC'', ''Helvetica Neue'', ''Microsoft YaHei UI'', ''Microsoft YaHei'', ''Noto Sans CJK SC'', Sathu, EucrosiaUPC, Arial, Helvetica, sans-serif; line-height: 1.8; margin: 22px 0px 16px; font-weight: 600; padding: 0px; font-size: 20px; border: none; color: rgb(51, 51, 51); font-style: normal; font-variant-ligatures: normal; font-variant-caps: normal; letter-spacing: normal; orphans: 2; text-align: left; text-indent: 0px; text-transform: none; widows: 2; word-spacing: 0px; -webkit-text-stroke-width: 0px; white-space: normal; background-color: rgb(255, 255, 255); text-decoration-thickness: initial; text-decoration-style: initial; text-decoration-color: initial;">技术架构：</h4>
<h6 style="box-sizing: inherit; font-weight: 600; line-height: 1.8; margin: 22px 0px 16px; padding: 0px; border: none; font-size: 16px; color: rgb(51, 51, 51); font-family: -apple-system, BlinkMacSystemFont, ''Apple Color Emoji'', ''Segoe UI Emoji'', ''Segoe UI Symbol'', ''Segoe UI'', ''PingFang SC'', ''Hiragino Sans GB'', ''Microsoft YaHei'', ''Helvetica Neue'', Helvetica, Arial, sans-serif; font-style: normal; font-variant-ligatures: normal; font-variant-caps: normal; letter-spacing: normal; orphans: 2; text-align: left; text-indent: 0px; text-transform: none; widows: 2; word-spacing: 0px; -webkit-text-stroke-width: 0px; white-space: normal; background-color: rgb(255, 255, 255); text-decoration-thickness: initial; text-decoration-style: initial; text-decoration-color: initial;">前端</h6>
<ul style="box-sizing: inherit; padding-inline-start: 40px !important; margin: 0px 0px 20px; padding: 0px 0px 0px 20px; list-style-type: disc; color: rgb(51, 51, 51); font-family: -apple-system, BlinkMacSystemFont, ''Apple Color Emoji'', ''Segoe UI Emoji'', ''Segoe UI Symbol'', ''Segoe UI'', ''PingFang SC'', ''Hiragino Sans GB'', ''Microsoft YaHei'', ''Helvetica Neue'', Helvetica, Arial, sans-serif; font-size: 16px; font-style: normal; font-variant-ligatures: normal; font-variant-caps: normal; font-weight: 400; letter-spacing: normal; orphans: 2; text-align: left; text-indent: 0px; text-transform: none; widows: 2; word-spacing: 0px; -webkit-text-stroke-width: 0px; white-space: normal; background-color: rgb(255, 255, 255); text-decoration-thickness: initial; text-decoration-style: initial; text-decoration-color: initial;">
<li style="box-sizing: inherit; line-height: 1.875em; margin-top: 0px;">前端环境要求：Node.js 要求<span>&nbsp;</span><code style="box-sizing: inherit; font-family: Consolas, Monaco, ''Andale Mono'', ''Ubuntu Mono'', monospace; font-size: 13px; margin: 0px 3px; padding: 3px 4px; border: none; border-radius: 4px; background: rgb(246, 246, 246); color: rgb(51, 51, 51);">Node 20+</code><span>&nbsp;</span>版本以上、pnpm 要求<span>&nbsp;</span><code style="box-sizing: inherit; font-family: Consolas, Monaco, ''Andale Mono'', ''Ubuntu Mono'', monospace; font-size: 13px; margin: 0px 3px; padding: 3px 4px; border: none; border-radius: 4px; background: rgb(246, 246, 246); color: rgb(51, 51, 51);">9+</code><span>&nbsp;</span>版本以上</li>
<li style="box-sizing: inherit; line-height: 1.875em;">依赖管理：node、npm、pnpm</li>
<li style="box-sizing: inherit; line-height: 1.875em;">前端 IDE 建议：IDEA、WebStorm、Vscode</li>
<li style="box-sizing: inherit; line-height: 1.875em;">采用 Vue3.0+TypeScript+Vite6+Ant-Design-Vue4 等新技术方案，包括二次封装组件、utils、hooks、动态菜单、权限校验、按钮级别权限控制等功能</li>
<li style="box-sizing: inherit; line-height: 1.875em; margin-bottom: 0px;">最新技术栈：Vue3.0 + TypeScript + Vite6 + ant-design-vue4 + pinia + echarts + unocss + vxe-table + qiankun + es6</li>
</ul>
<h6 style="box-sizing: inherit; font-weight: 600; line-height: 1.8; margin: 22px 0px 16px; padding: 0px; border: none; font-size: 16px; color: rgb(51, 51, 51); font-family: -apple-system, BlinkMacSystemFont, ''Apple Color Emoji'', ''Segoe UI Emoji'', ''Segoe UI Symbol'', ''Segoe UI'', ''PingFang SC'', ''Hiragino Sans GB'', ''Microsoft YaHei'', ''Helvetica Neue'', Helvetica, Arial, sans-serif; font-style: normal; font-variant-ligatures: normal; font-variant-caps: normal; letter-spacing: normal; orphans: 2; text-align: left; text-indent: 0px; text-transform: none; widows: 2; word-spacing: 0px; -webkit-text-stroke-width: 0px; white-space: normal; background-color: rgb(255, 255, 255); text-decoration-thickness: initial; text-decoration-style: initial; text-decoration-color: initial;">后端</h6>
<ul style="box-sizing: inherit; padding-inline-start: 40px !important; margin: 0px 0px 20px; padding: 0px 0px 0px 20px; list-style-type: disc; color: rgb(51, 51, 51); font-family: -apple-system, BlinkMacSystemFont, ''Apple Color Emoji'', ''Segoe UI Emoji'', ''Segoe UI Symbol'', ''Segoe UI'', ''PingFang SC'', ''Hiragino Sans GB'', ''Microsoft YaHei'', ''Helvetica Neue'', Helvetica, Arial, sans-serif; font-size: 16px; font-style: normal; font-variant-ligatures: normal; font-variant-caps: normal; font-weight: 400; letter-spacing: normal; orphans: 2; text-align: left; text-indent: 0px; text-transform: none; widows: 2; word-spacing: 0px; -webkit-text-stroke-width: 0px; white-space: normal; background-color: rgb(255, 255, 255); text-decoration-thickness: initial; text-decoration-style: initial; text-decoration-color: initial;">
<li style="box-sizing: inherit; line-height: 1.875em; margin-top: 0px;">IDE 建议： IDEA (必须安装 lombok 插件)</li>
<li style="box-sizing: inherit; line-height: 1.875em;">语言：Java 默认 jdk17 (支持 jdk8、jdk21)</li>
<li style="box-sizing: inherit; line-height: 1.875em;">依赖管理：Maven</li>
<li style="box-sizing: inherit; line-height: 1.875em;">基础框架：Spring Boot 2.7.18</li>
<li style="box-sizing: inherit; line-height: 1.875em;">微服务框架： Spring Cloud Alibaba 2021.0.6.2</li>
<li style="box-sizing: inherit; line-height: 1.875em;">持久层框架：MybatisPlus 3.5.3.2</li>
<li style="box-sizing: inherit; line-height: 1.875em;">报表工具： JimuReport 1.9.5</li>
<li style="box-sizing: inherit; line-height: 1.875em;">安全框架：Apache Shiro 1.13.0，Jwt 4.5.0</li>
<li style="box-sizing: inherit; line-height: 1.875em;">微服务技术栈：Spring Cloud Alibaba、Nacos、Gateway、Sentinel、Skywalking</li>
<li style="box-sizing: inherit; line-height: 1.875em;">数据库连接池：阿里巴巴 Druid 1.1.24</li>
<li style="box-sizing: inherit; line-height: 1.875em;">AI 大模型：支持<span>&nbsp;</span><code style="box-sizing: inherit; font-family: Consolas, Monaco, ''Andale Mono'', ''Ubuntu Mono'', monospace; font-size: 13px; margin: 0px 3px; padding: 3px 4px; border: none; border-radius: 4px; background: rgb(246, 246, 246); color: rgb(51, 51, 51);">ChatGPT</code><span>&nbsp;</span><code style="box-sizing: inherit; font-family: Consolas, Monaco, ''Andale Mono'', ''Ubuntu Mono'', monospace; font-size: 13px; margin: 0px 3px; padding: 3px 4px; border: none; border-radius: 4px; background: rgb(246, 246, 246); color: rgb(51, 51, 51);">DeepSeek</code><span>&nbsp;</span>切换</li>
<li style="box-sizing: inherit; line-height: 1.875em;">日志打印：logback</li>
<li style="box-sizing: inherit; line-height: 1.875em;">缓存：Redis</li>
<li style="box-sizing: inherit; line-height: 1.875em;">其他：autopoi, fastjson，poi，Swagger-ui，quartz, lombok（简化代码）等。</li>
<li style="box-sizing: inherit; line-height: 1.875em; margin-bottom: 0px;">默认提供 MySQL5.7 + 数据库脚本</li>
</ul>
<h4 style="box-sizing: inherit; font-family: ''PingFang SC'', ''Helvetica Neue'', ''Microsoft YaHei UI'', ''Microsoft YaHei'', ''Noto Sans CJK SC'', Sathu, EucrosiaUPC, Arial, Helvetica, sans-serif; line-height: 1.8; margin: 22px 0px 16px; font-weight: 600; padding: 0px; font-size: 20px; border: none; color: rgb(51, 51, 51); font-style: normal; font-variant-ligatures: normal; font-variant-caps: normal; letter-spacing: normal; orphans: 2; text-align: left; text-indent: 0px; text-transform: none; widows: 2; word-spacing: 0px; -webkit-text-stroke-width: 0px; white-space: normal; background-color: rgb(255, 255, 255); text-decoration-thickness: initial; text-decoration-style: initial; text-decoration-color: initial;">微服务架构图</h4>
<p style="box-sizing: inherit; margin: 0px 0px 20px; line-height: inherit; color: rgb(51, 51, 51); font-family: -apple-system, BlinkMacSystemFont, ''Apple Color Emoji'', ''Segoe UI Emoji'', ''Segoe UI Symbol'', ''Segoe UI'', ''PingFang SC'', ''Hiragino Sans GB'', ''Microsoft YaHei'', ''Helvetica Neue'', Helvetica, Arial, sans-serif; font-size: 16px; font-style: normal; font-variant-ligatures: normal; font-variant-caps: normal; font-weight: 400; letter-spacing: normal; orphans: 2; text-align: left; text-indent: 0px; text-transform: none; widows: 2; word-spacing: 0px; -webkit-text-stroke-width: 0px; white-space: normal; background-color: rgb(255, 255, 255); text-decoration-thickness: initial; text-decoration-style: initial; text-decoration-color: initial;"><img src="https://oscimg.oschina.net/oscnet/up-32fae06d9114ee4fcbf3d2931be2ff02b28.png" alt="" class="zoom-in-cursor" style="box-sizing: border-box; border: 0px; margin: 0px auto; max-width: 80%; height: auto; vertical-align: middle; cursor: zoom-in;"></p>', NULL, NULL, 'admin', 'H', '1', 'ALL', '1', TO_DATE('2025-07-30 14:45:43', 'SYYYY-MM-DD HH24:MI:SS'), NULL, '0', NULL, NULL, NULL, NULL, 'admin', TO_DATE('2025-07-30 14:45:41', 'SYYYY-MM-DD HH24:MI:SS'), 'admin', TO_DATE('2025-07-30 14:45:43', 'SYYYY-MM-DD HH24:MI:SS'), NULL, '重点升级 Online 在线开发功能，支持 AI 建表、AI 生成报表；代码生成支持自定义按钮和 js 增强的结构方法生成，便于用户填充逻辑；', NULL, '0', NULL, NULL, '0', '0', '1', NULL, 'system');

-- ----------------------------
-- Table structure for SYS_ANNOUNCEMENT_SEND
-- ----------------------------
DROP TABLE "JEECGBOOTOS"."SYS_ANNOUNCEMENT_SEND";
CREATE TABLE "JEECGBOOTOS"."SYS_ANNOUNCEMENT_SEND" (
  "ID" NVARCHAR2(32) NOT NULL,
  "ANNT_ID" NVARCHAR2(32),
  "USER_ID" NVARCHAR2(32),
  "READ_FLAG" NUMBER(11,0),
  "READ_TIME" DATE,
  "CREATE_BY" NVARCHAR2(32),
  "CREATE_TIME" DATE,
  "UPDATE_BY" NVARCHAR2(32),
  "UPDATE_TIME" DATE,
  "STAR_FLAG" NVARCHAR2(10)
)
LOGGING
NOCOMPRESS
PCTFREE 10
INITRANS 1
STORAGE (
  INITIAL 65536 
  NEXT 1048576 
  MINEXTENTS 1
  MAXEXTENTS 2147483645
  BUFFER_POOL DEFAULT
)
PARALLEL 1
NOCACHE
DISABLE ROW MOVEMENT
;
COMMENT ON COLUMN "JEECGBOOTOS"."SYS_ANNOUNCEMENT_SEND"."ANNT_ID" IS '通告ID';
COMMENT ON COLUMN "JEECGBOOTOS"."SYS_ANNOUNCEMENT_SEND"."USER_ID" IS '用户id';
COMMENT ON COLUMN "JEECGBOOTOS"."SYS_ANNOUNCEMENT_SEND"."READ_FLAG" IS '阅读状态（0未读，1已读）';
COMMENT ON COLUMN "JEECGBOOTOS"."SYS_ANNOUNCEMENT_SEND"."READ_TIME" IS '阅读时间';
COMMENT ON COLUMN "JEECGBOOTOS"."SYS_ANNOUNCEMENT_SEND"."CREATE_BY" IS '创建人';
COMMENT ON COLUMN "JEECGBOOTOS"."SYS_ANNOUNCEMENT_SEND"."CREATE_TIME" IS '创建时间';
COMMENT ON COLUMN "JEECGBOOTOS"."SYS_ANNOUNCEMENT_SEND"."UPDATE_BY" IS '更新人';
COMMENT ON COLUMN "JEECGBOOTOS"."SYS_ANNOUNCEMENT_SEND"."UPDATE_TIME" IS '更新时间';
COMMENT ON COLUMN "JEECGBOOTOS"."SYS_ANNOUNCEMENT_SEND"."STAR_FLAG" IS '标星状态( 1为标星 空/0没有标星)';
COMMENT ON TABLE "JEECGBOOTOS"."SYS_ANNOUNCEMENT_SEND" IS '用户通告阅读标记表';

-- ----------------------------
-- Records of SYS_ANNOUNCEMENT_SEND
-- ----------------------------
INSERT INTO "JEECGBOOTOS"."SYS_ANNOUNCEMENT_SEND" VALUES ('1950442039812976642', '1950442031319511042', '1714471285016895490', '0', NULL, 'admin', TO_DATE('2025-07-30 14:23:14', 'SYYYY-MM-DD HH24:MI:SS'), NULL, NULL, NULL);
INSERT INTO "JEECGBOOTOS"."SYS_ANNOUNCEMENT_SEND" VALUES ('1950442039812976643', '1950442031319511042', '3d464b4ea0d2491aab8a7bde74c57e95', '0', NULL, 'admin', TO_DATE('2025-07-30 14:23:14', 'SYYYY-MM-DD HH24:MI:SS'), NULL, NULL, NULL);
INSERT INTO "JEECGBOOTOS"."SYS_ANNOUNCEMENT_SEND" VALUES ('1950442039812976644', '1950442031319511042', 'a75d45a015c44384a04449ee80dc3503', '0', NULL, 'admin', TO_DATE('2025-07-30 14:23:14', 'SYYYY-MM-DD HH24:MI:SS'), NULL, NULL, NULL);
INSERT INTO "JEECGBOOTOS"."SYS_ANNOUNCEMENT_SEND" VALUES ('1950442039812976645', '1950442031319511042', 'e9ca23d68d884d4ebb19d07889727dae', '1', TO_DATE('2025-07-30 14:23:25', 'SYYYY-MM-DD HH24:MI:SS'), 'admin', TO_DATE('2025-07-30 14:23:14', 'SYYYY-MM-DD HH24:MI:SS'), 'admin', TO_DATE('2025-07-30 14:23:25', 'SYYYY-MM-DD HH24:MI:SS'), NULL);
INSERT INTO "JEECGBOOTOS"."SYS_ANNOUNCEMENT_SEND" VALUES ('1950447696951799810', '1950447687359426562', '1714471285016895490', '0', NULL, 'admin', TO_DATE('2025-07-30 14:45:43', 'SYYYY-MM-DD HH24:MI:SS'), NULL, NULL, NULL);
INSERT INTO "JEECGBOOTOS"."SYS_ANNOUNCEMENT_SEND" VALUES ('1950447696968577026', '1950447687359426562', '3d464b4ea0d2491aab8a7bde74c57e95', '0', NULL, 'admin', TO_DATE('2025-07-30 14:45:43', 'SYYYY-MM-DD HH24:MI:SS'), NULL, NULL, NULL);
INSERT INTO "JEECGBOOTOS"."SYS_ANNOUNCEMENT_SEND" VALUES ('1950447696968577027', '1950447687359426562', 'a75d45a015c44384a04449ee80dc3503', '0', NULL, 'admin', TO_DATE('2025-07-30 14:45:43', 'SYYYY-MM-DD HH24:MI:SS'), NULL, NULL, NULL);
INSERT INTO "JEECGBOOTOS"."SYS_ANNOUNCEMENT_SEND" VALUES ('1950447696968577028', '1950447687359426562', 'e9ca23d68d884d4ebb19d07889727dae', '1', TO_DATE('2025-07-30 15:03:40', 'SYYYY-MM-DD HH24:MI:SS'), 'admin', TO_DATE('2025-07-30 14:45:43', 'SYYYY-MM-DD HH24:MI:SS'), 'admin', TO_DATE('2025-07-30 15:03:40', 'SYYYY-MM-DD HH24:MI:SS'), NULL);

-- ----------------------------
-- Table structure for SYS_CATEGORY
-- ----------------------------
DROP TABLE "JEECGBOOTOS"."SYS_CATEGORY";
CREATE TABLE "JEECGBOOTOS"."SYS_CATEGORY" (
  "ID" NVARCHAR2(36) NOT NULL,
  "PID" NVARCHAR2(36),
  "NAME" NVARCHAR2(100),
  "CODE" NVARCHAR2(100),
  "CREATE_BY" NVARCHAR2(50),
  "CREATE_TIME" DATE,
  "UPDATE_BY" NVARCHAR2(50),
  "UPDATE_TIME" DATE,
  "SYS_ORG_CODE" NVARCHAR2(64),
  "HAS_CHILD" NVARCHAR2(3),
  "TENANT_ID" NUMBER(11,0)
)
LOGGING
NOCOMPRESS
PCTFREE 10
INITRANS 1
STORAGE (
  INITIAL 65536 
  NEXT 1048576 
  MINEXTENTS 1
  MAXEXTENTS 2147483645
  BUFFER_POOL DEFAULT
)
PARALLEL 1
NOCACHE
DISABLE ROW MOVEMENT
;
COMMENT ON COLUMN "JEECGBOOTOS"."SYS_CATEGORY"."PID" IS '父级节点';
COMMENT ON COLUMN "JEECGBOOTOS"."SYS_CATEGORY"."NAME" IS '类型名称';
COMMENT ON COLUMN "JEECGBOOTOS"."SYS_CATEGORY"."CODE" IS '类型编码';
COMMENT ON COLUMN "JEECGBOOTOS"."SYS_CATEGORY"."CREATE_BY" IS '创建人';
COMMENT ON COLUMN "JEECGBOOTOS"."SYS_CATEGORY"."CREATE_TIME" IS '创建日期';
COMMENT ON COLUMN "JEECGBOOTOS"."SYS_CATEGORY"."UPDATE_BY" IS '更新人';
COMMENT ON COLUMN "JEECGBOOTOS"."SYS_CATEGORY"."UPDATE_TIME" IS '更新日期';
COMMENT ON COLUMN "JEECGBOOTOS"."SYS_CATEGORY"."SYS_ORG_CODE" IS '所属部门';
COMMENT ON COLUMN "JEECGBOOTOS"."SYS_CATEGORY"."HAS_CHILD" IS '是否有子节点';
COMMENT ON COLUMN "JEECGBOOTOS"."SYS_CATEGORY"."TENANT_ID" IS '租户ID';

-- ----------------------------
-- Records of SYS_CATEGORY
-- ----------------------------
INSERT INTO "JEECGBOOTOS"."SYS_CATEGORY" VALUES ('1183693424827564034', '0', '物料树', 'B02', 'admin', TO_DATE('2019-10-14 18:37:59', 'SYYYY-MM-DD HH24:MI:SS'), 'admin', TO_DATE('2019-10-14 18:38:15', 'SYYYY-MM-DD HH24:MI:SS'), 'A01', '1', '0');
INSERT INTO "JEECGBOOTOS"."SYS_CATEGORY" VALUES ('1183693491043041282', '1183693424827564034', '上衣', 'B02A01', 'admin', TO_DATE('2019-10-14 18:38:15', 'SYYYY-MM-DD HH24:MI:SS'), 'admin', TO_DATE('2019-10-14 18:38:43', 'SYYYY-MM-DD HH24:MI:SS'), 'A01', '1', '0');
INSERT INTO "JEECGBOOTOS"."SYS_CATEGORY" VALUES ('1183693534173069314', '1183693424827564034', '裤子', 'B02A02', 'admin', TO_DATE('2019-10-14 18:38:25', 'SYYYY-MM-DD HH24:MI:SS'), NULL, NULL, 'A01', NULL, '0');
INSERT INTO "JEECGBOOTOS"."SYS_CATEGORY" VALUES ('1183693610534567937', '1183693491043041282', '秋衣', 'B02A01A01', 'admin', TO_DATE('2019-10-14 18:38:43', 'SYYYY-MM-DD HH24:MI:SS'), NULL, NULL, 'A01', NULL, '0');
INSERT INTO "JEECGBOOTOS"."SYS_CATEGORY" VALUES ('1183693700254924802', '1183693491043041282', '兵装', 'B02A01A02', 'admin', TO_DATE('2019-10-14 18:39:05', 'SYYYY-MM-DD HH24:MI:SS'), NULL, NULL, 'A01', NULL, '0');
INSERT INTO "JEECGBOOTOS"."SYS_CATEGORY" VALUES ('1183693773974011906', '1183693491043041282', '女装', 'B02A01A03', 'admin', TO_DATE('2019-10-14 18:39:22', 'SYYYY-MM-DD HH24:MI:SS'), NULL, NULL, 'A01', NULL, '0');
INSERT INTO "JEECGBOOTOS"."SYS_CATEGORY" VALUES ('1185039122143719425', '0', '电脑产品', 'A01', 'admin', TO_DATE('2019-10-18 11:45:18', 'SYYYY-MM-DD HH24:MI:SS'), 'admin', TO_DATE('2023-10-18 13:54:46', 'SYYYY-MM-DD HH24:MI:SS'), 'A01', '1', '0');
INSERT INTO "JEECGBOOTOS"."SYS_CATEGORY" VALUES ('1185039176799694850', '1185039122143719425', 'thinkpad', 'A01A01', 'admin', TO_DATE('2019-10-18 11:45:31', 'SYYYY-MM-DD HH24:MI:SS'), NULL, NULL, 'A01', NULL, '0');
INSERT INTO "JEECGBOOTOS"."SYS_CATEGORY" VALUES ('1185039255115739138', '1185039122143719425', 'mackbook', 'A01A02', 'admin', TO_DATE('2019-10-18 11:45:50', 'SYYYY-MM-DD HH24:MI:SS'), NULL, NULL, 'A01', NULL, '0');
INSERT INTO "JEECGBOOTOS"."SYS_CATEGORY" VALUES ('1185039299051073537', '1185039122143719425', '华为电脑', 'A01A03', 'admin', TO_DATE('2019-10-18 11:46:01', 'SYYYY-MM-DD HH24:MI:SS'), NULL, NULL, 'A01', NULL, '0');
INSERT INTO "JEECGBOOTOS"."SYS_CATEGORY" VALUES ('1230769196661510146', '0', '省', NULL, 'admin', TO_DATE('2020-02-21 16:20:16', 'SYYYY-MM-DD HH24:MI:SS'), 'admin', TO_DATE('2020-02-21 16:20:31', 'SYYYY-MM-DD HH24:MI:SS'), 'A01A03', '1', '0');
INSERT INTO "JEECGBOOTOS"."SYS_CATEGORY" VALUES ('1230769253267836929', '1230769196661510146', '安徽省', NULL, 'admin', TO_DATE('2020-02-21 16:20:31', 'SYYYY-MM-DD HH24:MI:SS'), 'admin', TO_DATE('2020-02-21 16:20:53', 'SYYYY-MM-DD HH24:MI:SS'), 'A01A03', '1', '0');
INSERT INTO "JEECGBOOTOS"."SYS_CATEGORY" VALUES ('1230769290609725441', '1230769196661510146', '山东省', NULL, 'admin', TO_DATE('2020-02-21 16:20:40', 'SYYYY-MM-DD HH24:MI:SS'), 'admin', TO_DATE('2020-02-21 16:21:23', 'SYYYY-MM-DD HH24:MI:SS'), 'A01A03', '1', '0');
INSERT INTO "JEECGBOOTOS"."SYS_CATEGORY" VALUES ('1230769347157331969', '1230769253267836929', '合肥市', NULL, 'admin', TO_DATE('2020-02-21 16:20:53', 'SYYYY-MM-DD HH24:MI:SS'), 'admin', TO_DATE('2020-02-21 16:21:08', 'SYYYY-MM-DD HH24:MI:SS'), 'A01A03', '1', '0');
INSERT INTO "JEECGBOOTOS"."SYS_CATEGORY" VALUES ('1230769407907631106', '1230769347157331969', '包河区', NULL, 'admin', TO_DATE('2020-02-21 16:21:08', 'SYYYY-MM-DD HH24:MI:SS'), NULL, NULL, 'A01A03', NULL, '0');
INSERT INTO "JEECGBOOTOS"."SYS_CATEGORY" VALUES ('1230769470889299970', '1230769290609725441', '济南市', NULL, 'admin', TO_DATE('2020-02-21 16:21:23', 'SYYYY-MM-DD HH24:MI:SS'), 'admin', TO_DATE('2020-02-21 16:21:41', 'SYYYY-MM-DD HH24:MI:SS'), 'A01A03', '1', '0');
INSERT INTO "JEECGBOOTOS"."SYS_CATEGORY" VALUES ('1230769547519234050', '1230769470889299970', 'A区', NULL, 'admin', TO_DATE('2020-02-21 16:21:41', 'SYYYY-MM-DD HH24:MI:SS'), NULL, NULL, 'A01A03', NULL, '0');
INSERT INTO "JEECGBOOTOS"."SYS_CATEGORY" VALUES ('1230769620021972993', '1230769470889299970', 'B区', NULL, 'admin', TO_DATE('2020-02-21 16:21:58', 'SYYYY-MM-DD HH24:MI:SS'), NULL, NULL, 'A01A03', NULL, '0');
INSERT INTO "JEECGBOOTOS"."SYS_CATEGORY" VALUES ('1230769769930592257', '1230769253267836929', '淮南市', NULL, 'admin', TO_DATE('2020-02-21 16:22:34', 'SYYYY-MM-DD HH24:MI:SS'), 'admin', TO_DATE('2020-02-21 16:22:54', 'SYYYY-MM-DD HH24:MI:SS'), 'A01A03', '1', '0');
INSERT INTO "JEECGBOOTOS"."SYS_CATEGORY" VALUES ('1230769855347593217', '1230769769930592257', 'C区', NULL, 'admin', TO_DATE('2020-02-21 16:22:54', 'SYYYY-MM-DD HH24:MI:SS'), NULL, NULL, 'A01A03', NULL, '0');
INSERT INTO "JEECGBOOTOS"."SYS_CATEGORY" VALUES ('1590548229606047745', '0', '物料树C', 'C02', 'admin', TO_DATE('2022-11-10 11:33:44', 'SYYYY-MM-DD HH24:MI:SS'), NULL, NULL, 'A01', '1', '0');
INSERT INTO "JEECGBOOTOS"."SYS_CATEGORY" VALUES ('1590548229652185090', '1590548229606047745', '上衣C', 'C02A01', 'admin', TO_DATE('2022-11-10 11:33:44', 'SYYYY-MM-DD HH24:MI:SS'), NULL, NULL, 'A01', '1', '0');
INSERT INTO "JEECGBOOTOS"."SYS_CATEGORY" VALUES ('1590548229668962305', '1590548229606047745', '裤子C', 'C02A02', 'admin', TO_DATE('2022-11-10 11:33:44', 'SYYYY-MM-DD HH24:MI:SS'), NULL, NULL, 'A01', NULL, '0');
INSERT INTO "JEECGBOOTOS"."SYS_CATEGORY" VALUES ('1590548229685739522', '1590548229652185090', '秋衣C', 'C02A01A01', 'admin', TO_DATE('2022-11-10 11:33:44', 'SYYYY-MM-DD HH24:MI:SS'), NULL, NULL, 'A01', NULL, '0');
INSERT INTO "JEECGBOOTOS"."SYS_CATEGORY" VALUES ('22a50b413c5e1ef661fb8aea9469cf52', 'e9ded10fd33e5753face506f4f1564b5', 'MacBook', 'B01-2-1', 'admin', TO_DATE('2019-06-10 15:43:13', 'SYYYY-MM-DD HH24:MI:SS'), NULL, NULL, 'A01', NULL, '0');
INSERT INTO "JEECGBOOTOS"."SYS_CATEGORY" VALUES ('5c8f68845e57f68ab93a2c8d82d26ae1', '0', '笔记本', 'B01', 'admin', TO_DATE('2019-06-10 15:34:11', 'SYYYY-MM-DD HH24:MI:SS'), 'admin', TO_DATE('2019-06-10 15:34:24', 'SYYYY-MM-DD HH24:MI:SS'), 'A01', '1', '0');
INSERT INTO "JEECGBOOTOS"."SYS_CATEGORY" VALUES ('937fd2e9aa13b8bab1da1ca36d3fd344', 'e9ded10fd33e5753face506f4f1564b5', '台式机', 'B01-2-2', 'admin', TO_DATE('2019-06-10 15:43:32', 'SYYYY-MM-DD HH24:MI:SS'), 'admin', TO_DATE('2019-08-21 12:01:59', 'SYYYY-MM-DD HH24:MI:SS'), 'A01', NULL, '0');
INSERT INTO "JEECGBOOTOS"."SYS_CATEGORY" VALUES ('e9ded10fd33e5753face506f4f1564b5', '5c8f68845e57f68ab93a2c8d82d26ae1', '苹果电脑', 'B01-2', 'admin', TO_DATE('2019-06-10 15:41:14', 'SYYYY-MM-DD HH24:MI:SS'), 'admin', TO_DATE('2019-06-10 15:43:13', 'SYYYY-MM-DD HH24:MI:SS'), 'A01', '1', '0');
INSERT INTO "JEECGBOOTOS"."SYS_CATEGORY" VALUES ('f39a06bf9f390ba4a53d11bc4e0018d7', '5c8f68845e57f68ab93a2c8d82d26ae1', '华为', 'B01-1', 'admin', TO_DATE('2019-06-10 15:34:24', 'SYYYY-MM-DD HH24:MI:SS'), 'admin', TO_DATE('2019-08-21 12:01:56', 'SYYYY-MM-DD HH24:MI:SS'), 'A01', NULL, '0');

-- ----------------------------
-- Table structure for SYS_CHECK_RULE
-- ----------------------------
DROP TABLE "JEECGBOOTOS"."SYS_CHECK_RULE";
CREATE TABLE "JEECGBOOTOS"."SYS_CHECK_RULE" (
  "ID" NVARCHAR2(32) NOT NULL,
  "RULE_NAME" NVARCHAR2(100),
  "RULE_CODE" NVARCHAR2(100),
  "RULE_JSON" NCLOB,
  "RULE_DESCRIPTION" NVARCHAR2(200),
  "UPDATE_BY" NVARCHAR2(32),
  "UPDATE_TIME" DATE,
  "CREATE_BY" NVARCHAR2(32),
  "CREATE_TIME" DATE
)
LOGGING
NOCOMPRESS
PCTFREE 10
INITRANS 1
STORAGE (
  INITIAL 65536 
  NEXT 1048576 
  MINEXTENTS 1
  MAXEXTENTS 2147483645
  BUFFER_POOL DEFAULT
)
PARALLEL 1
NOCACHE
DISABLE ROW MOVEMENT
;
COMMENT ON COLUMN "JEECGBOOTOS"."SYS_CHECK_RULE"."ID" IS '主键id';
COMMENT ON COLUMN "JEECGBOOTOS"."SYS_CHECK_RULE"."RULE_NAME" IS '规则名称';
COMMENT ON COLUMN "JEECGBOOTOS"."SYS_CHECK_RULE"."RULE_CODE" IS '规则Code';
COMMENT ON COLUMN "JEECGBOOTOS"."SYS_CHECK_RULE"."RULE_JSON" IS '规则JSON';
COMMENT ON COLUMN "JEECGBOOTOS"."SYS_CHECK_RULE"."RULE_DESCRIPTION" IS '规则描述';
COMMENT ON COLUMN "JEECGBOOTOS"."SYS_CHECK_RULE"."UPDATE_BY" IS '更新人';
COMMENT ON COLUMN "JEECGBOOTOS"."SYS_CHECK_RULE"."UPDATE_TIME" IS '更新时间';
COMMENT ON COLUMN "JEECGBOOTOS"."SYS_CHECK_RULE"."CREATE_BY" IS '创建人';
COMMENT ON COLUMN "JEECGBOOTOS"."SYS_CHECK_RULE"."CREATE_TIME" IS '创建时间';

-- ----------------------------
-- Records of SYS_CHECK_RULE
-- ----------------------------
INSERT INTO "JEECGBOOTOS"."SYS_CHECK_RULE" VALUES ('1224980593992388610', '通用编码规则', 'common', '[{"digits":"1","pattern":"^[a-z|A-Z]$","message":"第一位只能是字母"},{"digits":"*","pattern":"^[0-9|a-z|A-Z|_]{0,}$","message":"只能填写数字、大小写字母、下划线"},{"digits":"*","pattern":"^.{3,}$","message":"最少输入3位数"},{"digits":"*","pattern":"^.{3,12}$","message":"最多输入12位数"}]', '规则：1、首位只能是字母；2、只能填写数字、大小写字母、下划线；3、最少3位数，最多12位数。', 'admin', TO_DATE('2020-02-07 11:25:48', 'SYYYY-MM-DD HH24:MI:SS'), 'admin', TO_DATE('2020-02-05 16:58:27', 'SYYYY-MM-DD HH24:MI:SS'));
INSERT INTO "JEECGBOOTOS"."SYS_CHECK_RULE" VALUES ('1225001845524004866', '负责的功能测试', 'test', '[{"digits":"*","pattern":"^.{3,12}$","message":"只能输入3-12位字符"},{"digits":"3","pattern":"^\\d{3}$","message":"前3位必须是数字"},{"digits":"*","pattern":"^[^pP]*$","message":"不能输入P"},{"digits":"4","pattern":"^@{4}$","message":"第4-7位必须都为 @"},{"digits":"2","pattern":"^#=$","message":"第8-9位必须是 #="},{"digits":"1","pattern":"^O$","message":"第10位必须为大写的O"},{"digits":"*","pattern":"^.*。$","message":"必须以。结尾"}]', '包含长度校验、特殊字符校验等', 'admin', TO_DATE('2020-02-07 11:57:31', 'SYYYY-MM-DD HH24:MI:SS'), 'admin', TO_DATE('2020-02-05 18:22:54', 'SYYYY-MM-DD HH24:MI:SS'));

-- ----------------------------
-- Table structure for SYS_COMMENT
-- ----------------------------
DROP TABLE "JEECGBOOTOS"."SYS_COMMENT";
CREATE TABLE "JEECGBOOTOS"."SYS_COMMENT" (
  "ID" NVARCHAR2(32) NOT NULL,
  "TABLE_NAME" NVARCHAR2(50) NOT NULL,
  "TABLE_DATA_ID" NVARCHAR2(32) NOT NULL,
  "FROM_USER_ID" NVARCHAR2(32) NOT NULL,
  "TO_USER_ID" NVARCHAR2(32),
  "COMMENT_ID" NVARCHAR2(32),
  "COMMENT_CONTENT" NVARCHAR2(255),
  "CREATE_BY" NVARCHAR2(50),
  "CREATE_TIME" DATE,
  "UPDATE_BY" NVARCHAR2(50),
  "UPDATE_TIME" DATE
)
LOGGING
NOCOMPRESS
PCTFREE 10
INITRANS 1
STORAGE (
  INITIAL 65536 
  NEXT 1048576 
  MINEXTENTS 1
  MAXEXTENTS 2147483645
  BUFFER_POOL DEFAULT
)
PARALLEL 1
NOCACHE
DISABLE ROW MOVEMENT
;
COMMENT ON COLUMN "JEECGBOOTOS"."SYS_COMMENT"."TABLE_NAME" IS '表名';
COMMENT ON COLUMN "JEECGBOOTOS"."SYS_COMMENT"."TABLE_DATA_ID" IS '数据id';
COMMENT ON COLUMN "JEECGBOOTOS"."SYS_COMMENT"."FROM_USER_ID" IS '来源用户id';
COMMENT ON COLUMN "JEECGBOOTOS"."SYS_COMMENT"."TO_USER_ID" IS '发送给用户id(允许为空)';
COMMENT ON COLUMN "JEECGBOOTOS"."SYS_COMMENT"."COMMENT_ID" IS '评论id(允许为空，不为空时，则为回复)';
COMMENT ON COLUMN "JEECGBOOTOS"."SYS_COMMENT"."COMMENT_CONTENT" IS '回复内容';
COMMENT ON COLUMN "JEECGBOOTOS"."SYS_COMMENT"."CREATE_BY" IS '创建人';
COMMENT ON COLUMN "JEECGBOOTOS"."SYS_COMMENT"."CREATE_TIME" IS '创建日期';
COMMENT ON COLUMN "JEECGBOOTOS"."SYS_COMMENT"."UPDATE_BY" IS '更新人';
COMMENT ON COLUMN "JEECGBOOTOS"."SYS_COMMENT"."UPDATE_TIME" IS '更新日期';
COMMENT ON TABLE "JEECGBOOTOS"."SYS_COMMENT" IS '系统评论回复表';

-- ----------------------------
-- Records of SYS_COMMENT
-- ----------------------------
INSERT INTO "JEECGBOOTOS"."SYS_COMMENT" VALUES ('1580814554312093698', 'v3_hello', '1580529718871674882', 'e9ca23d68d884d4ebb19d07889727dae', NULL, NULL, '1212
:open_mouth:', 'admin', TO_DATE('2022-10-14 14:55:35', 'SYYYY-MM-DD HH24:MI:SS'), NULL, NULL);
INSERT INTO "JEECGBOOTOS"."SYS_COMMENT" VALUES ('1580814573433925634', 'v3_hello', '1580529718871674882', 'e9ca23d68d884d4ebb19d07889727dae', NULL, NULL, '上传了附件', 'admin', TO_DATE('2022-10-14 14:55:39', 'SYYYY-MM-DD HH24:MI:SS'), NULL, NULL);
INSERT INTO "JEECGBOOTOS"."SYS_COMMENT" VALUES ('1580814621358043137', 'v3_hello', '1580529718871674882', 'e9ca23d68d884d4ebb19d07889727dae', NULL, NULL, '干啥啊', 'admin', TO_DATE('2022-10-14 14:55:51', 'SYYYY-MM-DD HH24:MI:SS'), NULL, NULL);
INSERT INTO "JEECGBOOTOS"."SYS_COMMENT" VALUES ('1584490724803174402', 'v3_hello', '1580529718871674882', 'e9ca23d68d884d4ebb19d07889727dae', NULL, NULL, '1212:nerd_face:', 'admin', TO_DATE('2022-10-24 18:23:22', 'SYYYY-MM-DD HH24:MI:SS'), NULL, NULL);
INSERT INTO "JEECGBOOTOS"."SYS_COMMENT" VALUES ('1584490998162743298', 'v3_hello', '1580510370266238978', 'e9ca23d68d884d4ebb19d07889727dae', NULL, NULL, '123123', 'admin', TO_DATE('2022-10-24 18:24:27', 'SYYYY-MM-DD HH24:MI:SS'), NULL, NULL);
INSERT INTO "JEECGBOOTOS"."SYS_COMMENT" VALUES ('1584491122888761345', 'v3_hello', '1580510370266238978', 'e9ca23d68d884d4ebb19d07889727dae', NULL, NULL, '333', 'admin', TO_DATE('2022-10-24 18:24:57', 'SYYYY-MM-DD HH24:MI:SS'), NULL, NULL);
INSERT INTO "JEECGBOOTOS"."SYS_COMMENT" VALUES ('1584493914588143617', 'v3_hello', '1580529718871674882', 'e9ca23d68d884d4ebb19d07889727dae', NULL, NULL, '2222', 'admin', TO_DATE('2022-10-24 18:36:02', 'SYYYY-MM-DD HH24:MI:SS'), NULL, NULL);
INSERT INTO "JEECGBOOTOS"."SYS_COMMENT" VALUES ('1584493923496845313', 'v3_hello', '1580529718871674882', 'e9ca23d68d884d4ebb19d07889727dae', NULL, NULL, '333', 'admin', TO_DATE('2022-10-24 18:36:04', 'SYYYY-MM-DD HH24:MI:SS'), NULL, NULL);
INSERT INTO "JEECGBOOTOS"."SYS_COMMENT" VALUES ('1584493984364584961', 'v3_hello', '1580510370266238978', 'e9ca23d68d884d4ebb19d07889727dae', NULL, NULL, '上传了附件', 'admin', TO_DATE('2022-10-24 18:36:19', 'SYYYY-MM-DD HH24:MI:SS'), NULL, NULL);
INSERT INTO "JEECGBOOTOS"."SYS_COMMENT" VALUES ('1714455459606024193', 'ceshi_note', '1586278360710615042', 'e9ca23d68d884d4ebb19d07889727dae', NULL, NULL, '上传了附件', 'admin', TO_DATE('2023-10-18 09:36:49', 'SYYYY-MM-DD HH24:MI:SS'), NULL, NULL);
INSERT INTO "JEECGBOOTOS"."SYS_COMMENT" VALUES ('1714455471815643138', 'ceshi_note', '1586278360710615042', 'e9ca23d68d884d4ebb19d07889727dae', NULL, NULL, '121', 'admin', TO_DATE('2023-10-18 09:36:52', 'SYYYY-MM-DD HH24:MI:SS'), NULL, NULL);
INSERT INTO "JEECGBOOTOS"."SYS_COMMENT" VALUES ('1765261100976934914', 'ceshi_note', '1737728721647525890', 'e9ca23d68d884d4ebb19d07889727dae', NULL, NULL, '挺好的', 'admin', TO_DATE('2024-03-06 14:20:18', 'SYYYY-MM-DD HH24:MI:SS'), NULL, NULL);
INSERT INTO "JEECGBOOTOS"."SYS_COMMENT" VALUES ('1765261127610765313', 'ceshi_note', '1737728721647525890', 'e9ca23d68d884d4ebb19d07889727dae', NULL, NULL, ':woozy_face:', 'admin', TO_DATE('2024-03-06 14:20:24', 'SYYYY-MM-DD HH24:MI:SS'), NULL, NULL);
INSERT INTO "JEECGBOOTOS"."SYS_COMMENT" VALUES ('1800557341876895745', 'ceshi_aaa', '1782647168684478466', 'e9ca23d68d884d4ebb19d07889727dae', NULL, NULL, ':face_with_head_bandage::nauseated_face:', 'admin', TO_DATE('2024-06-11 23:54:58', 'SYYYY-MM-DD HH24:MI:SS'), NULL, NULL);
INSERT INTO "JEECGBOOTOS"."SYS_COMMENT" VALUES ('1800557929826041858', 'ceshi_aaa', '1782647168684478466', 'e9ca23d68d884d4ebb19d07889727dae', NULL, NULL, ':cold_face:', 'admin', TO_DATE('2024-06-11 23:57:18', 'SYYYY-MM-DD HH24:MI:SS'), NULL, NULL);
INSERT INTO "JEECGBOOTOS"."SYS_COMMENT" VALUES ('1800557935693873154', 'ceshi_aaa', '1782647168684478466', 'e9ca23d68d884d4ebb19d07889727dae', NULL, NULL, '1212', 'admin', TO_DATE('2024-06-11 23:57:19', 'SYYYY-MM-DD HH24:MI:SS'), NULL, NULL);
INSERT INTO "JEECGBOOTOS"."SYS_COMMENT" VALUES ('1800557955415490562', 'ceshi_aaa', '1782647168684478466', 'e9ca23d68d884d4ebb19d07889727dae', NULL, NULL, '上传了附件', 'admin', TO_DATE('2024-06-11 23:57:24', 'SYYYY-MM-DD HH24:MI:SS'), NULL, NULL);
INSERT INTO "JEECGBOOTOS"."SYS_COMMENT" VALUES ('1800558013942808578', 'ceshi_aaa', '1782647168684478466', 'e9ca23d68d884d4ebb19d07889727dae', NULL, NULL, '上传了附件', 'admin', TO_DATE('2024-06-11 23:57:38', 'SYYYY-MM-DD HH24:MI:SS'), NULL, NULL);
INSERT INTO "JEECGBOOTOS"."SYS_COMMENT" VALUES ('1805421586141544450', 'aa_order', '1805421421888405506', 'e9ca23d68d884d4ebb19d07889727dae', NULL, NULL, '写的不错', 'admin', TO_DATE('2024-06-25 10:03:44', 'SYYYY-MM-DD HH24:MI:SS'), NULL, NULL);
INSERT INTO "JEECGBOOTOS"."SYS_COMMENT" VALUES ('1805421721126830082', 'aa_order', '1805421421888405506', 'e9ca23d68d884d4ebb19d07889727dae', NULL, NULL, '上传了附件', 'admin', TO_DATE('2024-06-25 10:04:16', 'SYYYY-MM-DD HH24:MI:SS'), NULL, NULL);

-- ----------------------------
-- Table structure for SYS_DATA_LOG
-- ----------------------------
DROP TABLE "JEECGBOOTOS"."SYS_DATA_LOG";
CREATE TABLE "JEECGBOOTOS"."SYS_DATA_LOG" (
  "ID" NVARCHAR2(32) NOT NULL,
  "CREATE_BY" NVARCHAR2(32),
  "CREATE_NAME" NVARCHAR2(100),
  "CREATE_TIME" DATE,
  "UPDATE_BY" NVARCHAR2(32),
  "UPDATE_TIME" DATE,
  "DATA_TABLE" NVARCHAR2(200),
  "DATA_ID" NVARCHAR2(32),
  "DATA_CONTENT" NCLOB,
  "DATA_VERSION" NUMBER(11,0),
  "TYPE" NVARCHAR2(20)
)
LOGGING
NOCOMPRESS
PCTFREE 10
INITRANS 1
STORAGE (
  INITIAL 65536 
  NEXT 1048576 
  MINEXTENTS 1
  MAXEXTENTS 2147483645
  BUFFER_POOL DEFAULT
)
PARALLEL 1
NOCACHE
DISABLE ROW MOVEMENT
;
COMMENT ON COLUMN "JEECGBOOTOS"."SYS_DATA_LOG"."ID" IS 'id';
COMMENT ON COLUMN "JEECGBOOTOS"."SYS_DATA_LOG"."CREATE_BY" IS '创建人登录名称';
COMMENT ON COLUMN "JEECGBOOTOS"."SYS_DATA_LOG"."CREATE_NAME" IS '创建人真实名称';
COMMENT ON COLUMN "JEECGBOOTOS"."SYS_DATA_LOG"."CREATE_TIME" IS '创建日期';
COMMENT ON COLUMN "JEECGBOOTOS"."SYS_DATA_LOG"."UPDATE_BY" IS '更新人登录名称';
COMMENT ON COLUMN "JEECGBOOTOS"."SYS_DATA_LOG"."UPDATE_TIME" IS '更新日期';
COMMENT ON COLUMN "JEECGBOOTOS"."SYS_DATA_LOG"."DATA_TABLE" IS '表名';
COMMENT ON COLUMN "JEECGBOOTOS"."SYS_DATA_LOG"."DATA_ID" IS '数据ID';
COMMENT ON COLUMN "JEECGBOOTOS"."SYS_DATA_LOG"."DATA_CONTENT" IS '数据内容';
COMMENT ON COLUMN "JEECGBOOTOS"."SYS_DATA_LOG"."DATA_VERSION" IS '版本号';
COMMENT ON COLUMN "JEECGBOOTOS"."SYS_DATA_LOG"."TYPE" IS '类型';

-- ----------------------------
-- Records of SYS_DATA_LOG
-- ----------------------------
INSERT INTO "JEECGBOOTOS"."SYS_DATA_LOG" VALUES ('1951821523077701634', 'admin', '管理员', TO_DATE('2025-08-03 09:44:48', 'SYYYY-MM-DD HH24:MI:SS'), NULL, NULL, 'aaaa', '1951821522876375042', ' 创建了记录', '1', 'comment');
INSERT INTO "JEECGBOOTOS"."SYS_DATA_LOG" VALUES ('1942113821121011714', 'admin', '管理员', TO_DATE('2025-07-07 14:49:52', 'SYYYY-MM-DD HH24:MI:SS'), NULL, NULL, 'test_order_main', '1833472350097121281', '子表[订单产品明细]：修改了1条数据', '1', 'comment');
INSERT INTO "JEECGBOOTOS"."SYS_DATA_LOG" VALUES ('1943500714282205185', NULL, NULL, TO_DATE('2025-07-11 10:40:53', 'SYYYY-MM-DD HH24:MI:SS'), NULL, NULL, 'test_note', '1943500714139598850', ' 创建了记录', '1', 'comment');
INSERT INTO "JEECGBOOTOS"."SYS_DATA_LOG" VALUES ('1950132464605356035', 'admin', '管理员', TO_DATE('2025-07-29 17:53:06', 'SYYYY-MM-DD HH24:MI:SS'), NULL, NULL, 'test_note', '1943500714139598850', '  将名称为【地区】的字段内容 空 修改为 140311；    将名称为【用户名】的字段内容 ceshi 修改为 zhangsan；    将名称为【请假原因】的字段内容 空 修改为 <p>经过上述讨论, 我们不得不面对一个非常尴尬的事实, 那就是, 这样看来, 一般来讲, 我们都必须务必慎重的考虑考虑. 就我个人来说, 随机一段废话对我的意义, 不能不说非常重大.&nbsp;<br>每个人都不得不面对这些问题. 在面对这种问题时, 随机一段废话, 发生了会如何, 不发生又会如何. 总结的来说,&nbsp;<br>这种事实对本人来说意义重大, 相信对这个世界也是有一定意义的.所谓随机一段废话, 关键是x需要</p>；    将名称为【生日】的字段内容 空 修改为 2025-07-29；    将名称为【性别】的字段内容 空 修改为 空；    将名称为【年龄】的字段内容 11 修改为 0', '1', 'comment');
INSERT INTO "JEECGBOOTOS"."SYS_DATA_LOG" VALUES ('1950132495949389825', 'admin', '管理员', TO_DATE('2025-07-29 17:53:13', 'SYYYY-MM-DD HH24:MI:SS'), NULL, NULL, 'test_note', '1943500714139598850', '  将名称为【用户名】的字段内容 zhangsan 修改为 admin', '1', 'comment');
INSERT INTO "JEECGBOOTOS"."SYS_DATA_LOG" VALUES ('1950375804898873345', 'admin', '管理员', TO_DATE('2025-07-30 10:00:03', 'SYYYY-MM-DD HH24:MI:SS'), NULL, NULL, 'test_order_product', '1732300515406647298', '  将名称为【价格】的字段内容 3.0 修改为 3000.；    将名称为【产品类型】的字段内容 空 修改为 空；    将名称为【数量】的字段内容 3 修改为 10；    将名称为【产品名字】的字段内容 3 修改为 苹果手机', '1', 'comment');
INSERT INTO "JEECGBOOTOS"."SYS_DATA_LOG" VALUES ('1950801683948924929', NULL, NULL, TO_DATE('2025-07-31 14:12:20', 'SYYYY-MM-DD HH24:MI:SS'), NULL, NULL, 'test_note', '1943500714139598850', '  将名称为【年龄】的字段内容 0 修改为 1212', '1', 'comment');
INSERT INTO "JEECGBOOTOS"."SYS_DATA_LOG" VALUES ('1950801716647718913', NULL, NULL, TO_DATE('2025-07-31 14:12:28', 'SYYYY-MM-DD HH24:MI:SS'), NULL, NULL, 'test_note', '1923203898831777793', '  将名称为【用户名】的字段内容 admin 修改为 jeecg', '1', 'comment');

-- ----------------------------
-- Table structure for SYS_DATA_SOURCE
-- ----------------------------
DROP TABLE "JEECGBOOTOS"."SYS_DATA_SOURCE";

COMMENT ON COLUMN "JEECGBOOTOS"."SYS_DATA_SOURCE"."CODE" IS '数据源编码';
COMMENT ON COLUMN "JEECGBOOTOS"."SYS_DATA_SOURCE"."NAME" IS '数据源名称';
COMMENT ON COLUMN "JEECGBOOTOS"."SYS_DATA_SOURCE"."REMARK" IS '备注';
COMMENT ON COLUMN "JEECGBOOTOS"."SYS_DATA_SOURCE"."DB_TYPE" IS '数据库类型';
COMMENT ON COLUMN "JEECGBOOTOS"."SYS_DATA_SOURCE"."DB_DRIVER" IS '驱动类';
COMMENT ON COLUMN "JEECGBOOTOS"."SYS_DATA_SOURCE"."DB_URL" IS '数据源地址';
COMMENT ON COLUMN "JEECGBOOTOS"."SYS_DATA_SOURCE"."DB_NAME" IS '数据库名称';
COMMENT ON COLUMN "JEECGBOOTOS"."SYS_DATA_SOURCE"."DB_USERNAME" IS '用户名';

COMMENT ON COLUMN "JEECGBOOTOS"."SYS_DATA_SOURCE"."CREATE_BY" IS '创建人';
COMMENT ON COLUMN "JEECGBOOTOS"."SYS_DATA_SOURCE"."CREATE_TIME" IS '创建日期';
COMMENT ON COLUMN "JEECGBOOTOS"."SYS_DATA_SOURCE"."UPDATE_BY" IS '更新人';
COMMENT ON COLUMN "JEECGBOOTOS"."SYS_DATA_SOURCE"."UPDATE_TIME" IS '更新日期';
COMMENT ON COLUMN "JEECGBOOTOS"."SYS_DATA_SOURCE"."SYS_ORG_CODE" IS '所属部门';
COMMENT ON COLUMN "JEECGBOOTOS"."SYS_DATA_SOURCE"."TENANT_ID" IS '租户ID';

-- ----------------------------
-- Records of SYS_DATA_SOURCE
-- ----------------------------
INSERT INTO "JEECGBOOTOS"."SYS_DATA_SOURCE" VALUES ('1209779538310004737', 'local_mysql', '本地测试库', '本地数据库MySQL5.7', '1', 'com.mysql.jdbc.Driver', 'jdbc:mysql://127.0.0.1:3306/jeecg-boot?characterEncoding=UTF-8&useUnicode=true&useSSL=false', 'jeecg-boot', 'root', 'f5b6775e8d1749483f2320627de0e706', 'admin', TO_DATE('2019-12-25 18:14:53', 'SYYYY-MM-DD HH24:MI:SS'), 'admin', TO_DATE('2024-03-18 14:46:03', 'SYYYY-MM-DD HH24:MI:SS'), 'A01', '0');

-- ----------------------------
-- Table structure for SYS_DEPART
-- ----------------------------
DROP TABLE "JEECGBOOTOS"."SYS_DEPART";
CREATE TABLE "JEECGBOOTOS"."SYS_DEPART" (
  "ID" NVARCHAR2(32) NOT NULL,
  "PARENT_ID" NVARCHAR2(32),
  "DEPART_NAME" NVARCHAR2(100) NOT NULL,
  "DEPART_NAME_EN" NVARCHAR2(500),
  "DEPART_NAME_ABBR" NVARCHAR2(500),
  "DEPART_ORDER" NUMBER(11,0),
  "DESCRIPTION" NVARCHAR2(500),
  "ORG_CATEGORY" NVARCHAR2(10) NOT NULL,
  "ORG_TYPE" NVARCHAR2(10),
  "ORG_CODE" NVARCHAR2(64) NOT NULL,
  "MOBILE" NVARCHAR2(32),
  "FAX" NVARCHAR2(32),
  "ADDRESS" NVARCHAR2(100),
  "MEMO" NVARCHAR2(500),
  "STATUS" NVARCHAR2(1),
  "DEL_FLAG" NVARCHAR2(1),
  "QYWX_IDENTIFIER" NVARCHAR2(100),
  "DING_IDENTIFIER" NVARCHAR2(100),
  "CREATE_BY" NVARCHAR2(32),
  "CREATE_TIME" DATE,
  "UPDATE_BY" NVARCHAR2(32),
  "UPDATE_TIME" DATE,
  "TENANT_ID" NUMBER(11,0),
  "IZ_LEAF" NUMBER(4,0)
)
LOGGING
NOCOMPRESS
PCTFREE 10
INITRANS 1
STORAGE (
  INITIAL 65536 
  NEXT 1048576 
  MINEXTENTS 1
  MAXEXTENTS 2147483645
  BUFFER_POOL DEFAULT
)
PARALLEL 1
NOCACHE
DISABLE ROW MOVEMENT
;
COMMENT ON COLUMN "JEECGBOOTOS"."SYS_DEPART"."ID" IS 'ID';
COMMENT ON COLUMN "JEECGBOOTOS"."SYS_DEPART"."PARENT_ID" IS '父机构ID';
COMMENT ON COLUMN "JEECGBOOTOS"."SYS_DEPART"."DEPART_NAME" IS '机构/部门名称';
COMMENT ON COLUMN "JEECGBOOTOS"."SYS_DEPART"."DEPART_NAME_EN" IS '英文名';
COMMENT ON COLUMN "JEECGBOOTOS"."SYS_DEPART"."DEPART_NAME_ABBR" IS '缩写';
COMMENT ON COLUMN "JEECGBOOTOS"."SYS_DEPART"."DEPART_ORDER" IS '排序';
COMMENT ON COLUMN "JEECGBOOTOS"."SYS_DEPART"."DESCRIPTION" IS '描述';
COMMENT ON COLUMN "JEECGBOOTOS"."SYS_DEPART"."ORG_CATEGORY" IS '机构类别 1公司，2组织机构，3岗位';
COMMENT ON COLUMN "JEECGBOOTOS"."SYS_DEPART"."ORG_TYPE" IS '机构类型 1一级部门 2子部门';
COMMENT ON COLUMN "JEECGBOOTOS"."SYS_DEPART"."ORG_CODE" IS '机构编码';
COMMENT ON COLUMN "JEECGBOOTOS"."SYS_DEPART"."MOBILE" IS '手机号';
COMMENT ON COLUMN "JEECGBOOTOS"."SYS_DEPART"."FAX" IS '传真';
COMMENT ON COLUMN "JEECGBOOTOS"."SYS_DEPART"."ADDRESS" IS '地址';
COMMENT ON COLUMN "JEECGBOOTOS"."SYS_DEPART"."MEMO" IS '备注';
COMMENT ON COLUMN "JEECGBOOTOS"."SYS_DEPART"."STATUS" IS '状态（1启用，0不启用）';
COMMENT ON COLUMN "JEECGBOOTOS"."SYS_DEPART"."DEL_FLAG" IS '删除状态（0，正常，1已删除）';
COMMENT ON COLUMN "JEECGBOOTOS"."SYS_DEPART"."QYWX_IDENTIFIER" IS '对接企业微信的ID';
COMMENT ON COLUMN "JEECGBOOTOS"."SYS_DEPART"."DING_IDENTIFIER" IS '对接钉钉部门的ID';
COMMENT ON COLUMN "JEECGBOOTOS"."SYS_DEPART"."CREATE_BY" IS '创建人';
COMMENT ON COLUMN "JEECGBOOTOS"."SYS_DEPART"."CREATE_TIME" IS '创建日期';
COMMENT ON COLUMN "JEECGBOOTOS"."SYS_DEPART"."UPDATE_BY" IS '更新人';
COMMENT ON COLUMN "JEECGBOOTOS"."SYS_DEPART"."UPDATE_TIME" IS '更新日期';
COMMENT ON COLUMN "JEECGBOOTOS"."SYS_DEPART"."TENANT_ID" IS '租户ID';
COMMENT ON COLUMN "JEECGBOOTOS"."SYS_DEPART"."IZ_LEAF" IS '是否有叶子节点: 1是0否';
COMMENT ON TABLE "JEECGBOOTOS"."SYS_DEPART" IS '组织机构表';

-- ----------------------------
-- Records of SYS_DEPART
-- ----------------------------
INSERT INTO "JEECGBOOTOS"."SYS_DEPART" VALUES ('1582683631414632450', 'c6d7cb4deeac411cb3384b1b31278596', '销售公关岗位', NULL, NULL, '0', NULL, '3', '2', 'A01A06', NULL, NULL, NULL, NULL, NULL, '0', NULL, NULL, 'admin', TO_DATE('2022-10-19 18:42:37', 'SYYYY-MM-DD HH24:MI:SS'), NULL, NULL, '0', '1');
INSERT INTO "JEECGBOOTOS"."SYS_DEPART" VALUES ('4f1765520d6346f9bd9c79e2479e5b12', 'c6d7cb4deeac411cb3384b1b31278596', '市场部', NULL, NULL, '0', NULL, '1', '2', 'A01A03', NULL, NULL, NULL, NULL, NULL, '0', NULL, NULL, 'admin', TO_DATE('2019-02-20 17:15:34', 'SYYYY-MM-DD HH24:MI:SS'), 'admin', TO_DATE('2019-02-26 16:36:18', 'SYYYY-MM-DD HH24:MI:SS'), '0', '1');
INSERT INTO "JEECGBOOTOS"."SYS_DEPART" VALUES ('5159cde220114246b045e574adceafe9', '6d35e179cd814e3299bd588ea7daed3f', '研发部', NULL, NULL, '0', NULL, '1', '2', 'A02A02', NULL, NULL, NULL, NULL, NULL, '0', NULL, NULL, 'admin', TO_DATE('2019-02-26 16:44:38', 'SYYYY-MM-DD HH24:MI:SS'), 'admin', TO_DATE('2019-03-07 09:36:53', 'SYYYY-MM-DD HH24:MI:SS'), '0', '1');
INSERT INTO "JEECGBOOTOS"."SYS_DEPART" VALUES ('57197590443c44f083d42ae24ef26a2c', 'c6d7cb4deeac411cb3384b1b31278596', '研发部', NULL, NULL, '0', NULL, '1', '2', 'A01A05', NULL, NULL, NULL, NULL, NULL, '0', NULL, NULL, 'admin', TO_DATE('2019-02-21 16:14:41', 'SYYYY-MM-DD HH24:MI:SS'), 'admin', TO_DATE('2019-03-27 19:05:49', 'SYYYY-MM-DD HH24:MI:SS'), '0', '0');
INSERT INTO "JEECGBOOTOS"."SYS_DEPART" VALUES ('63775228b7b041a99825f79760590b7d', '57197590443c44f083d42ae24ef26a2c', '研发经理', NULL, NULL, '0', NULL, '3', '3', 'A01A05A01', NULL, NULL, NULL, NULL, NULL, '0', NULL, NULL, 'admin', TO_DATE('2020-05-02 15:29:09', 'SYYYY-MM-DD HH24:MI:SS'), NULL, NULL, '0', '1');
INSERT INTO "JEECGBOOTOS"."SYS_DEPART" VALUES ('67fc001af12a4f9b8458005d3f19934a', 'c6d7cb4deeac411cb3384b1b31278596', '财务部', NULL, NULL, '0', NULL, '1', '2', 'A01A04', NULL, NULL, NULL, NULL, NULL, '0', NULL, NULL, 'admin', TO_DATE('2019-02-21 16:14:35', 'SYYYY-MM-DD HH24:MI:SS'), 'admin', TO_DATE('2019-02-25 12:49:41', 'SYYYY-MM-DD HH24:MI:SS'), '0', '1');
INSERT INTO "JEECGBOOTOS"."SYS_DEPART" VALUES ('6d35e179cd814e3299bd588ea7daed3f', NULL, '北京卓尔互动', NULL, NULL, '0', NULL, '1', '1', 'A02', NULL, NULL, NULL, NULL, NULL, '0', NULL, NULL, 'admin', TO_DATE('2019-02-26 16:36:39', 'SYYYY-MM-DD HH24:MI:SS'), 'admin', TO_DATE('2020-05-02 18:21:22', 'SYYYY-MM-DD HH24:MI:SS'), '0', '0');
INSERT INTO "JEECGBOOTOS"."SYS_DEPART" VALUES ('a7d7e77e06c84325a40932163adcdaa6', '6d35e179cd814e3299bd588ea7daed3f', '财务部', NULL, NULL, '0', NULL, '1', '2', 'A02A01', NULL, NULL, NULL, NULL, NULL, '0', NULL, NULL, 'admin', TO_DATE('2019-02-26 16:36:47', 'SYYYY-MM-DD HH24:MI:SS'), 'admin', TO_DATE('2022-10-14 18:57:56', 'SYYYY-MM-DD HH24:MI:SS'), '0', '1');
INSERT INTO "JEECGBOOTOS"."SYS_DEPART" VALUES ('c6d7cb4deeac411cb3384b1b31278596', NULL, '北京国炬软件', NULL, NULL, '0', NULL, '1', '1', 'A01', NULL, NULL, NULL, NULL, NULL, '0', NULL, NULL, 'admin', TO_DATE('2019-02-11 14:21:51', 'SYYYY-MM-DD HH24:MI:SS'), 'admin', TO_DATE('2020-05-02 18:21:27', 'SYYYY-MM-DD HH24:MI:SS'), '0', '0');

-- ----------------------------
-- Table structure for SYS_DEPART_PERMISSION
-- ----------------------------
DROP TABLE "JEECGBOOTOS"."SYS_DEPART_PERMISSION";
CREATE TABLE "JEECGBOOTOS"."SYS_DEPART_PERMISSION" (
  "ID" NVARCHAR2(32) NOT NULL,
  "DEPART_ID" NVARCHAR2(32),
  "PERMISSION_ID" NVARCHAR2(32),
  "DATA_RULE_IDS" NVARCHAR2(1000)
)
LOGGING
NOCOMPRESS
PCTFREE 10
INITRANS 1
STORAGE (
  INITIAL 65536 
  NEXT 1048576 
  MINEXTENTS 1
  MAXEXTENTS 2147483645
  BUFFER_POOL DEFAULT
)
PARALLEL 1
NOCACHE
DISABLE ROW MOVEMENT
;
COMMENT ON COLUMN "JEECGBOOTOS"."SYS_DEPART_PERMISSION"."DEPART_ID" IS '部门id';
COMMENT ON COLUMN "JEECGBOOTOS"."SYS_DEPART_PERMISSION"."PERMISSION_ID" IS '权限id';
COMMENT ON COLUMN "JEECGBOOTOS"."SYS_DEPART_PERMISSION"."DATA_RULE_IDS" IS '数据规则id';
COMMENT ON TABLE "JEECGBOOTOS"."SYS_DEPART_PERMISSION" IS '部门权限表';

-- ----------------------------
-- Records of SYS_DEPART_PERMISSION
-- ----------------------------
INSERT INTO "JEECGBOOTOS"."SYS_DEPART_PERMISSION" VALUES ('1260925131934519297', '6d35e179cd814e3299bd588ea7daed3f', 'f0675b52d89100ee88472b6800754a08', NULL);
INSERT INTO "JEECGBOOTOS"."SYS_DEPART_PERMISSION" VALUES ('1260925131947102209', '6d35e179cd814e3299bd588ea7daed3f', '2aeddae571695cd6380f6d6d334d6e7d', NULL);
INSERT INTO "JEECGBOOTOS"."SYS_DEPART_PERMISSION" VALUES ('1260925131955490818', '6d35e179cd814e3299bd588ea7daed3f', '020b06793e4de2eee0007f603000c769', NULL);
INSERT INTO "JEECGBOOTOS"."SYS_DEPART_PERMISSION" VALUES ('1260925131959685121', '6d35e179cd814e3299bd588ea7daed3f', '1232123780958064642', NULL);
INSERT INTO "JEECGBOOTOS"."SYS_DEPART_PERMISSION" VALUES ('1694946354772217858', '1582683631414632450', '1588513553652436993', NULL);
INSERT INTO "JEECGBOOTOS"."SYS_DEPART_PERMISSION" VALUES ('1694946354784800769', '1582683631414632450', '1592114574275211265', NULL);

-- ----------------------------
-- Table structure for SYS_DEPART_ROLE
-- ----------------------------
DROP TABLE "JEECGBOOTOS"."SYS_DEPART_ROLE";
CREATE TABLE "JEECGBOOTOS"."SYS_DEPART_ROLE" (
  "ID" NVARCHAR2(32) NOT NULL,
  "DEPART_ID" NVARCHAR2(32),
  "ROLE_NAME" NVARCHAR2(200),
  "ROLE_CODE" NVARCHAR2(100),
  "DESCRIPTION" NVARCHAR2(255),
  "CREATE_BY" NVARCHAR2(32),
  "CREATE_TIME" DATE,
  "UPDATE_BY" NVARCHAR2(32),
  "UPDATE_TIME" DATE
)
LOGGING
NOCOMPRESS
PCTFREE 10
INITRANS 1
STORAGE (
  INITIAL 65536 
  NEXT 1048576 
  MINEXTENTS 1
  MAXEXTENTS 2147483645
  BUFFER_POOL DEFAULT
)
PARALLEL 1
NOCACHE
DISABLE ROW MOVEMENT
;
COMMENT ON COLUMN "JEECGBOOTOS"."SYS_DEPART_ROLE"."DEPART_ID" IS '部门id';
COMMENT ON COLUMN "JEECGBOOTOS"."SYS_DEPART_ROLE"."ROLE_NAME" IS '部门角色名称';
COMMENT ON COLUMN "JEECGBOOTOS"."SYS_DEPART_ROLE"."ROLE_CODE" IS '部门角色编码';
COMMENT ON COLUMN "JEECGBOOTOS"."SYS_DEPART_ROLE"."DESCRIPTION" IS '描述';
COMMENT ON COLUMN "JEECGBOOTOS"."SYS_DEPART_ROLE"."CREATE_BY" IS '创建人';
COMMENT ON COLUMN "JEECGBOOTOS"."SYS_DEPART_ROLE"."CREATE_TIME" IS '创建时间';
COMMENT ON COLUMN "JEECGBOOTOS"."SYS_DEPART_ROLE"."UPDATE_BY" IS '更新人';
COMMENT ON COLUMN "JEECGBOOTOS"."SYS_DEPART_ROLE"."UPDATE_TIME" IS '更新时间';
COMMENT ON TABLE "JEECGBOOTOS"."SYS_DEPART_ROLE" IS '部门角色表';

-- ----------------------------
-- Records of SYS_DEPART_ROLE
-- ----------------------------
INSERT INTO "JEECGBOOTOS"."SYS_DEPART_ROLE" VALUES ('1260925293226479618', '6d35e179cd814e3299bd588ea7daed3f', 'roless', 'ssss', NULL, 'admin', TO_DATE('2020-05-14 21:29:51', 'SYYYY-MM-DD HH24:MI:SS'), NULL, NULL);

-- ----------------------------
-- Table structure for SYS_DEPART_ROLE_PERMISSION
-- ----------------------------
DROP TABLE "JEECGBOOTOS"."SYS_DEPART_ROLE_PERMISSION";
CREATE TABLE "JEECGBOOTOS"."SYS_DEPART_ROLE_PERMISSION" (
  "ID" NVARCHAR2(32) NOT NULL,
  "DEPART_ID" NVARCHAR2(32),
  "ROLE_ID" NVARCHAR2(32),
  "PERMISSION_ID" NVARCHAR2(32),
  "DATA_RULE_IDS" NVARCHAR2(1000),
  "OPERATE_DATE" DATE,
  "OPERATE_IP" NVARCHAR2(20)
)
LOGGING
NOCOMPRESS
PCTFREE 10
INITRANS 1
STORAGE (
  INITIAL 65536 
  NEXT 1048576 
  MINEXTENTS 1
  MAXEXTENTS 2147483645
  BUFFER_POOL DEFAULT
)
PARALLEL 1
NOCACHE
DISABLE ROW MOVEMENT
;
COMMENT ON COLUMN "JEECGBOOTOS"."SYS_DEPART_ROLE_PERMISSION"."DEPART_ID" IS '部门id';
COMMENT ON COLUMN "JEECGBOOTOS"."SYS_DEPART_ROLE_PERMISSION"."ROLE_ID" IS '角色id';
COMMENT ON COLUMN "JEECGBOOTOS"."SYS_DEPART_ROLE_PERMISSION"."PERMISSION_ID" IS '权限id';
COMMENT ON COLUMN "JEECGBOOTOS"."SYS_DEPART_ROLE_PERMISSION"."DATA_RULE_IDS" IS '数据权限ids';
COMMENT ON COLUMN "JEECGBOOTOS"."SYS_DEPART_ROLE_PERMISSION"."OPERATE_DATE" IS '操作时间';
COMMENT ON COLUMN "JEECGBOOTOS"."SYS_DEPART_ROLE_PERMISSION"."OPERATE_IP" IS '操作ip';
COMMENT ON TABLE "JEECGBOOTOS"."SYS_DEPART_ROLE_PERMISSION" IS '部门角色权限表';

-- ----------------------------
-- Records of SYS_DEPART_ROLE_PERMISSION
-- ----------------------------
INSERT INTO "JEECGBOOTOS"."SYS_DEPART_ROLE_PERMISSION" VALUES ('1260925328689319938', NULL, '1260925293226479618', '2aeddae571695cd6380f6d6d334d6e7d', NULL, NULL, NULL);
INSERT INTO "JEECGBOOTOS"."SYS_DEPART_ROLE_PERMISSION" VALUES ('1260925328706097153', NULL, '1260925293226479618', '020b06793e4de2eee0007f603000c769', NULL, NULL, NULL);

-- ----------------------------
-- Table structure for SYS_DEPART_ROLE_USER
-- ----------------------------
DROP TABLE "JEECGBOOTOS"."SYS_DEPART_ROLE_USER";
CREATE TABLE "JEECGBOOTOS"."SYS_DEPART_ROLE_USER" (
  "ID" NVARCHAR2(32) NOT NULL,
  "USER_ID" NVARCHAR2(32),
  "DROLE_ID" NVARCHAR2(32)
)
LOGGING
NOCOMPRESS
PCTFREE 10
INITRANS 1
STORAGE (
  BUFFER_POOL DEFAULT
)
PARALLEL 1
NOCACHE
DISABLE ROW MOVEMENT
;
COMMENT ON COLUMN "JEECGBOOTOS"."SYS_DEPART_ROLE_USER"."ID" IS '主键id';
COMMENT ON COLUMN "JEECGBOOTOS"."SYS_DEPART_ROLE_USER"."USER_ID" IS '用户id';
COMMENT ON COLUMN "JEECGBOOTOS"."SYS_DEPART_ROLE_USER"."DROLE_ID" IS '角色id';
COMMENT ON TABLE "JEECGBOOTOS"."SYS_DEPART_ROLE_USER" IS '部门角色用户表';

-- ----------------------------
-- Records of SYS_DEPART_ROLE_USER
-- ----------------------------

-- ----------------------------
-- Table structure for SYS_DICT
-- ----------------------------
DROP TABLE "JEECGBOOTOS"."SYS_DICT";
CREATE TABLE "JEECGBOOTOS"."SYS_DICT" (
  "ID" NVARCHAR2(32) NOT NULL,
  "DICT_NAME" NVARCHAR2(100) NOT NULL,
  "DICT_CODE" NVARCHAR2(100) NOT NULL,
  "DESCRIPTION" NVARCHAR2(255),
  "DEL_FLAG" NUMBER(11,0),
  "CREATE_BY" NVARCHAR2(32),
  "CREATE_TIME" DATE,
  "UPDATE_BY" NVARCHAR2(32),
  "UPDATE_TIME" DATE,
  "TYPE" NUMBER(11,0),
  "TENANT_ID" NUMBER(11,0),
  "LOW_APP_ID" NVARCHAR2(32)
)
LOGGING
NOCOMPRESS
PCTFREE 10
INITRANS 1
STORAGE (
  INITIAL 65536 
  NEXT 1048576 
  MINEXTENTS 1
  MAXEXTENTS 2147483645
  BUFFER_POOL DEFAULT
)
PARALLEL 1
NOCACHE
DISABLE ROW MOVEMENT
;
COMMENT ON COLUMN "JEECGBOOTOS"."SYS_DICT"."DICT_NAME" IS '字典名称';
COMMENT ON COLUMN "JEECGBOOTOS"."SYS_DICT"."DICT_CODE" IS '字典编码';
COMMENT ON COLUMN "JEECGBOOTOS"."SYS_DICT"."DESCRIPTION" IS '描述';
COMMENT ON COLUMN "JEECGBOOTOS"."SYS_DICT"."DEL_FLAG" IS '删除状态';
COMMENT ON COLUMN "JEECGBOOTOS"."SYS_DICT"."CREATE_BY" IS '创建人';
COMMENT ON COLUMN "JEECGBOOTOS"."SYS_DICT"."CREATE_TIME" IS '创建时间';
COMMENT ON COLUMN "JEECGBOOTOS"."SYS_DICT"."UPDATE_BY" IS '更新人';
COMMENT ON COLUMN "JEECGBOOTOS"."SYS_DICT"."UPDATE_TIME" IS '更新时间';
COMMENT ON COLUMN "JEECGBOOTOS"."SYS_DICT"."TYPE" IS '字典类型0为string,1为number';
COMMENT ON COLUMN "JEECGBOOTOS"."SYS_DICT"."TENANT_ID" IS '租户ID';
COMMENT ON COLUMN "JEECGBOOTOS"."SYS_DICT"."LOW_APP_ID" IS '低代码应用ID';

-- ----------------------------
-- Records of SYS_DICT
-- ----------------------------
INSERT INTO "JEECGBOOTOS"."SYS_DICT" VALUES ('0b5d19e1fce4b2e6647e6b4a17760c14', '通告类型', 'msg_category', '消息类型1:通知公告2:系统消息', '0', 'admin', TO_DATE('2019-04-22 18:01:35', 'SYYYY-MM-DD HH24:MI:SS'), NULL, NULL, '0', '0', NULL);
INSERT INTO "JEECGBOOTOS"."SYS_DICT" VALUES ('1174509082208395266', '职务职级', 'position_rank', '职务表职级字典', '0', 'admin', TO_DATE('2019-09-19 10:22:41', 'SYYYY-MM-DD HH24:MI:SS'), NULL, NULL, '0', '0', NULL);
INSERT INTO "JEECGBOOTOS"."SYS_DICT" VALUES ('1174511106530525185', '机构类型', 'org_category', '机构类型 1公司，2部门 3岗位', '0', 'admin', TO_DATE('2019-09-19 10:30:43', 'SYYYY-MM-DD HH24:MI:SS'), NULL, NULL, '0', '0', NULL);
INSERT INTO "JEECGBOOTOS"."SYS_DICT" VALUES ('1178295274528845826', '表单权限策略', 'form_perms_type', NULL, '0', 'admin', TO_DATE('2019-09-29 21:07:39', 'SYYYY-MM-DD HH24:MI:SS'), 'admin', TO_DATE('2019-09-29 21:08:26', 'SYYYY-MM-DD HH24:MI:SS'), NULL, '0', NULL);
INSERT INTO "JEECGBOOTOS"."SYS_DICT" VALUES ('1199517671259906049', '紧急程度', 'urgent_level', '日程计划紧急程度', '0', 'admin', TO_DATE('2019-11-27 10:37:53', 'SYYYY-MM-DD HH24:MI:SS'), NULL, NULL, '0', '0', NULL);
INSERT INTO "JEECGBOOTOS"."SYS_DICT" VALUES ('1199518099888414722', '日程计划类型', 'eoa_plan_type', NULL, '0', 'admin', TO_DATE('2019-11-27 10:39:36', 'SYYYY-MM-DD HH24:MI:SS'), NULL, NULL, '0', '0', NULL);
INSERT INTO "JEECGBOOTOS"."SYS_DICT" VALUES ('1199520177767587841', '分类栏目类型', 'eoa_cms_menu_type', NULL, '0', 'admin', TO_DATE('2019-11-27 10:47:51', 'SYYYY-MM-DD HH24:MI:SS'), 'admin', TO_DATE('2019-11-27 10:49:35', 'SYYYY-MM-DD HH24:MI:SS'), '0', '0', NULL);
INSERT INTO "JEECGBOOTOS"."SYS_DICT" VALUES ('1199525215290306561', '日程计划状态', 'eoa_plan_status', NULL, '0', 'admin', TO_DATE('2019-11-27 11:07:52', 'SYYYY-MM-DD HH24:MI:SS'), 'admin', TO_DATE('2019-11-27 11:10:11', 'SYYYY-MM-DD HH24:MI:SS'), '0', '0', NULL);
INSERT INTO "JEECGBOOTOS"."SYS_DICT" VALUES ('1209733563293962241', '数据库类型', 'database_type', NULL, '0', 'admin', TO_DATE('2019-12-25 15:12:12', 'SYYYY-MM-DD HH24:MI:SS'), NULL, NULL, '0', '0', NULL);
INSERT INTO "JEECGBOOTOS"."SYS_DICT" VALUES ('1232913193820581889', 'Online表单业务分类', 'ol_form_biz_type', NULL, '0', 'admin', TO_DATE('2020-02-27 14:19:46', 'SYYYY-MM-DD HH24:MI:SS'), 'admin', TO_DATE('2020-02-27 14:20:23', 'SYYYY-MM-DD HH24:MI:SS'), '0', '0', NULL);
INSERT INTO "JEECGBOOTOS"."SYS_DICT" VALUES ('1242298510024429569', '提醒方式', 'remindMode', NULL, '0', 'admin', TO_DATE('2020-03-24 11:53:40', 'SYYYY-MM-DD HH24:MI:SS'), 'admin', TO_DATE('2020-03-24 12:03:22', 'SYYYY-MM-DD HH24:MI:SS'), '0', '0', NULL);
INSERT INTO "JEECGBOOTOS"."SYS_DICT" VALUES ('1250687930947620866', '定时任务状态', 'quartz_status', NULL, '0', 'admin', TO_DATE('2020-04-16 15:30:14', 'SYYYY-MM-DD HH24:MI:SS'), NULL, NULL, NULL, '0', NULL);
INSERT INTO "JEECGBOOTOS"."SYS_DICT" VALUES ('1280401766745718786', '租户状态', 'tenant_status', '租户状态', '0', 'admin', TO_DATE('2020-07-07 15:22:25', 'SYYYY-MM-DD HH24:MI:SS'), NULL, NULL, '0', '0', NULL);
INSERT INTO "JEECGBOOTOS"."SYS_DICT" VALUES ('1356445645198135298', '开关', 'is_open', NULL, '0', 'admin', TO_DATE('2021-02-02 11:33:38', 'SYYYY-MM-DD HH24:MI:SS'), 'admin', TO_DATE('2021-02-02 15:28:12', 'SYYYY-MM-DD HH24:MI:SS'), '0', '0', NULL);
INSERT INTO "JEECGBOOTOS"."SYS_DICT" VALUES ('1600042215909134338', '所属行业', 'trade', '行业', '0', 'admin', TO_DATE('2022-12-06 16:19:26', 'SYYYY-MM-DD HH24:MI:SS'), 'admin', TO_DATE('2022-12-06 16:20:50', 'SYYYY-MM-DD HH24:MI:SS'), '0', '0', NULL);
INSERT INTO "JEECGBOOTOS"."SYS_DICT" VALUES ('1600044537800331266', '公司规模', 'company_size', '公司规模', '0', 'admin', TO_DATE('2022-12-06 16:28:40', 'SYYYY-MM-DD HH24:MI:SS'), 'admin', TO_DATE('2022-12-06 16:30:23', 'SYYYY-MM-DD HH24:MI:SS'), '0', '0', NULL);
INSERT INTO "JEECGBOOTOS"."SYS_DICT" VALUES ('1606645341269299201', '职级', 'company_rank', '公司职级', '0', 'admin', TO_DATE('2022-12-24 21:37:54', 'SYYYY-MM-DD HH24:MI:SS'), 'admin', TO_DATE('2022-12-24 21:38:25', 'SYYYY-MM-DD HH24:MI:SS'), '0', '0', NULL);
INSERT INTO "JEECGBOOTOS"."SYS_DICT" VALUES ('1606646440684457986', '公司部门', 'company_department', '公司部门', '0', 'admin', TO_DATE('2022-12-24 21:42:16', 'SYYYY-MM-DD HH24:MI:SS'), 'admin', TO_DATE('2024-03-18 14:21:56', 'SYYYY-MM-DD HH24:MI:SS'), '0', '0', NULL);
INSERT INTO "JEECGBOOTOS"."SYS_DICT" VALUES ('1693196536609755137', 'ddd', 'ddd', NULL, '1', 'admin', TO_DATE('2023-08-20 17:41:27', 'SYYYY-MM-DD HH24:MI:SS'), NULL, NULL, '0', '0', NULL);
INSERT INTO "JEECGBOOTOS"."SYS_DICT" VALUES ('1784843187992084482', '客户终端类型', 'client_type', NULL, '0', 'jeecg', TO_DATE('2024-04-29 15:12:31', 'SYYYY-MM-DD HH24:MI:SS'), NULL, NULL, '0', '0', NULL);
INSERT INTO "JEECGBOOTOS"."SYS_DICT" VALUES ('1890229208685322242', '模型提供者', 'model_provider', NULL, '0', 'jeecg', TO_DATE('2025-02-14 10:38:57', 'SYYYY-MM-DD HH24:MI:SS'), NULL, NULL, '0', '0', NULL);
INSERT INTO "JEECGBOOTOS"."SYS_DICT" VALUES ('1891456510739890177', '模型类型', 'model_type', NULL, '0', 'jeecg', TO_DATE('2025-02-17 19:55:48', 'SYYYY-MM-DD HH24:MI:SS'), NULL, NULL, '0', '0', NULL);
INSERT INTO "JEECGBOOTOS"."SYS_DICT" VALUES ('1891671216561975297', '知识库类型', 'airag_know_type', NULL, '1', 'jeecg', TO_DATE('2025-02-18 10:08:58', 'SYYYY-MM-DD HH24:MI:SS'), NULL, NULL, '0', '0', NULL);
INSERT INTO "JEECGBOOTOS"."SYS_DICT" VALUES ('1891672414555860993', '知识库文档类型', 'know_doc_type', NULL, '0', 'jeecg', TO_DATE('2025-02-18 10:13:44', 'SYYYY-MM-DD HH24:MI:SS'), NULL, NULL, '0', '0', NULL);
INSERT INTO "JEECGBOOTOS"."SYS_DICT" VALUES ('1894701158027554818', 'AI应用类型', 'ai_app_type', NULL, '0', 'jeecg', TO_DATE('2025-02-26 18:48:53', 'SYYYY-MM-DD HH24:MI:SS'), NULL, NULL, '0', '0', NULL);
INSERT INTO "JEECGBOOTOS"."SYS_DICT" VALUES ('1934846825077878786', '公告分类', 'notice_type', NULL, '0', 'admin', TO_DATE('2025-06-17 13:33:25', 'SYYYY-MM-DD HH24:MI:SS'), NULL, NULL, '0', '0', NULL);
INSERT INTO "JEECGBOOTOS"."SYS_DICT" VALUES ('1937393911539384322', '模版分类', 'msgCategory', NULL, '0', 'admin', TO_DATE('2025-06-24 14:14:38', 'SYYYY-MM-DD HH24:MI:SS'), NULL, NULL, '0', '0', NULL);
INSERT INTO "JEECGBOOTOS"."SYS_DICT" VALUES ('1939572486447292418', '首页关联', 'relation_type', NULL, '0', 'admin', TO_DATE('2025-06-30 14:31:31', 'SYYYY-MM-DD HH24:MI:SS'), NULL, NULL, '0', '0', NULL);
INSERT INTO "JEECGBOOTOS"."SYS_DICT" VALUES ('236e8a4baff0db8c62c00dd95632834f', '同步工作流引擎', 'activiti_sync', '同步工作流引擎', '0', 'admin', TO_DATE('2019-05-15 15:27:33', 'SYYYY-MM-DD HH24:MI:SS'), NULL, NULL, '0', '0', NULL);
INSERT INTO "JEECGBOOTOS"."SYS_DICT" VALUES ('2e02df51611a4b9632828ab7e5338f00', '权限策略', 'perms_type', '权限策略', '0', 'admin', TO_DATE('2019-04-26 18:26:55', 'SYYYY-MM-DD HH24:MI:SS'), NULL, NULL, '0', '0', NULL);
INSERT INTO "JEECGBOOTOS"."SYS_DICT" VALUES ('2f0320997ade5dd147c90130f7218c3e', '推送类别', 'msg_type', NULL, '0', 'admin', TO_DATE('2019-03-17 21:21:32', 'SYYYY-MM-DD HH24:MI:SS'), 'admin', TO_DATE('2019-03-26 19:57:45', 'SYYYY-MM-DD HH24:MI:SS'), '0', '0', NULL);
INSERT INTO "JEECGBOOTOS"."SYS_DICT" VALUES ('3486f32803bb953e7155dab3513dc68b', '删除状态', 'del_flag', NULL, '0', 'admin', TO_DATE('2019-01-18 21:46:26', 'SYYYY-MM-DD HH24:MI:SS'), 'admin', TO_DATE('2019-03-30 11:17:11', 'SYYYY-MM-DD HH24:MI:SS'), '0', '0', NULL);
INSERT INTO "JEECGBOOTOS"."SYS_DICT" VALUES ('3d9a351be3436fbefb1307d4cfb49bf2', '性别', 'sex', NULL, '0', NULL, TO_DATE('2019-01-04 14:56:32', 'SYYYY-MM-DD HH24:MI:SS'), 'admin', TO_DATE('2019-03-30 11:28:27', 'SYYYY-MM-DD HH24:MI:SS'), '1', '0', NULL);
INSERT INTO "JEECGBOOTOS"."SYS_DICT" VALUES ('4274efc2292239b6f000b153f50823ff', '全局权限策略', 'global_perms_type', '全局权限策略', '0', 'admin', TO_DATE('2019-05-10 17:54:05', 'SYYYY-MM-DD HH24:MI:SS'), NULL, NULL, '0', '0', NULL);
INSERT INTO "JEECGBOOTOS"."SYS_DICT" VALUES ('4c03fca6bf1f0299c381213961566349', 'Online图表展示模板', 'online_graph_display_template', 'Online图表展示模板', '0', 'admin', TO_DATE('2019-04-12 17:28:50', 'SYYYY-MM-DD HH24:MI:SS'), NULL, NULL, '0', '0', NULL);
INSERT INTO "JEECGBOOTOS"."SYS_DICT" VALUES ('4c753b5293304e7a445fd2741b46529d', '字典状态', 'dict_item_status', NULL, '0', 'admin', TO_DATE('2020-06-18 23:18:42', 'SYYYY-MM-DD HH24:MI:SS'), 'admin', TO_DATE('2019-03-30 19:33:52', 'SYYYY-MM-DD HH24:MI:SS'), '1', '0', NULL);
INSERT INTO "JEECGBOOTOS"."SYS_DICT" VALUES ('4d7fec1a7799a436d26d02325eff295e', '优先级', 'priority', '优先级', '0', 'admin', TO_DATE('2019-03-16 17:03:34', 'SYYYY-MM-DD HH24:MI:SS'), 'admin', TO_DATE('2019-04-16 17:39:23', 'SYYYY-MM-DD HH24:MI:SS'), '0', '0', NULL);
INSERT INTO "JEECGBOOTOS"."SYS_DICT" VALUES ('4e4602b3e3686f0911384e188dc7efb4', '条件规则', 'rule_conditions', NULL, '0', 'admin', TO_DATE('2019-04-01 10:15:03', 'SYYYY-MM-DD HH24:MI:SS'), 'admin', TO_DATE('2019-04-01 10:30:47', 'SYYYY-MM-DD HH24:MI:SS'), '0', '0', NULL);
INSERT INTO "JEECGBOOTOS"."SYS_DICT" VALUES ('4f69be5f507accea8d5df5f11346181a', '发送消息类型', 'msgType', NULL, '0', 'admin', TO_DATE('2019-04-11 14:27:09', 'SYYYY-MM-DD HH24:MI:SS'), NULL, NULL, '0', '0', NULL);
INSERT INTO "JEECGBOOTOS"."SYS_DICT" VALUES ('68168534ff5065a152bfab275c2136f8', '有效无效状态', 'valid_status', '有效无效状态', '0', 'admin', TO_DATE('2020-09-26 19:21:14', 'SYYYY-MM-DD HH24:MI:SS'), 'admin', TO_DATE('2019-04-26 19:21:23', 'SYYYY-MM-DD HH24:MI:SS'), '0', '0', NULL);
INSERT INTO "JEECGBOOTOS"."SYS_DICT" VALUES ('6b78e3f59faec1a4750acff08030a79b', '用户类型', 'user_type', NULL, '0', NULL, TO_DATE('2019-01-04 14:59:01', 'SYYYY-MM-DD HH24:MI:SS'), 'admin', TO_DATE('2019-03-18 23:28:18', 'SYYYY-MM-DD HH24:MI:SS'), '0', '0', NULL);
INSERT INTO "JEECGBOOTOS"."SYS_DICT" VALUES ('72cce0989df68887546746d8f09811aa', 'Online表单类型', 'cgform_table_type', NULL, '0', 'admin', TO_DATE('2019-01-27 10:13:02', 'SYYYY-MM-DD HH24:MI:SS'), 'admin', TO_DATE('2019-03-30 11:37:36', 'SYYYY-MM-DD HH24:MI:SS'), '0', '0', NULL);
INSERT INTO "JEECGBOOTOS"."SYS_DICT" VALUES ('78bda155fe380b1b3f175f1e88c284c6', '流程状态', 'bpm_status', '流程状态', '0', 'admin', TO_DATE('2019-05-09 16:31:52', 'SYYYY-MM-DD HH24:MI:SS'), NULL, NULL, '0', '0', NULL);
INSERT INTO "JEECGBOOTOS"."SYS_DICT" VALUES ('83bfb33147013cc81640d5fd9eda030c', '日志类型', 'log_type', NULL, '0', 'admin', TO_DATE('2019-03-18 23:22:19', 'SYYYY-MM-DD HH24:MI:SS'), NULL, NULL, '1', '0', NULL);
INSERT INTO "JEECGBOOTOS"."SYS_DICT" VALUES ('845da5006c97754728bf48b6a10f79cc', '状态', 'status', NULL, '0', 'admin', TO_DATE('2019-03-18 21:45:25', 'SYYYY-MM-DD HH24:MI:SS'), 'admin', TO_DATE('2019-03-18 21:58:25', 'SYYYY-MM-DD HH24:MI:SS'), '0', '0', NULL);
INSERT INTO "JEECGBOOTOS"."SYS_DICT" VALUES ('880a895c98afeca9d9ac39f29e67c13e', '操作类型', 'operate_type', '操作类型', '0', 'admin', TO_DATE('2019-07-22 10:54:29', 'SYYYY-MM-DD HH24:MI:SS'), NULL, NULL, '0', '0', NULL);
INSERT INTO "JEECGBOOTOS"."SYS_DICT" VALUES ('8dfe32e2d29ea9430a988b3b558bf233', '发布状态', 'send_status', '发布状态', '0', 'admin', TO_DATE('2019-04-16 17:40:42', 'SYYYY-MM-DD HH24:MI:SS'), NULL, NULL, '0', '0', NULL);
INSERT INTO "JEECGBOOTOS"."SYS_DICT" VALUES ('a7adbcd86c37f7dbc9b66945c82ef9e6', '1是0否', 'yn', NULL, '0', 'admin', TO_DATE('2019-05-22 19:29:29', 'SYYYY-MM-DD HH24:MI:SS'), NULL, NULL, '0', '0', NULL);
INSERT INTO "JEECGBOOTOS"."SYS_DICT" VALUES ('a9d9942bd0eccb6e89de92d130ec4c4a', '消息发送状态', 'msgSendStatus', NULL, '0', 'admin', TO_DATE('2019-04-12 18:18:17', 'SYYYY-MM-DD HH24:MI:SS'), NULL, NULL, '0', '0', NULL);
INSERT INTO "JEECGBOOTOS"."SYS_DICT" VALUES ('ac2f7c0c5c5775fcea7e2387bcb22f01', '菜单类型', 'menu_type', NULL, '0', 'admin', TO_DATE('2020-12-18 23:24:32', 'SYYYY-MM-DD HH24:MI:SS'), 'admin', TO_DATE('2019-04-01 15:27:06', 'SYYYY-MM-DD HH24:MI:SS'), '1', '0', NULL);
INSERT INTO "JEECGBOOTOS"."SYS_DICT" VALUES ('ad7c65ba97c20a6805d5dcdf13cdaf36', 'onlineT类型', 'ceshi_online', NULL, '0', 'admin', TO_DATE('2019-03-22 16:31:49', 'SYYYY-MM-DD HH24:MI:SS'), 'admin', TO_DATE('2019-03-22 16:34:16', 'SYYYY-MM-DD HH24:MI:SS'), '0', '0', NULL);
INSERT INTO "JEECGBOOTOS"."SYS_DICT" VALUES ('bd1b8bc28e65d6feefefb6f3c79f42fd', 'Online图表数据类型', 'online_graph_data_type', 'Online图表数据类型', '0', 'admin', TO_DATE('2019-04-12 17:24:24', 'SYYYY-MM-DD HH24:MI:SS'), 'admin', TO_DATE('2019-04-12 17:24:57', 'SYYYY-MM-DD HH24:MI:SS'), '0', '0', NULL);
INSERT INTO "JEECGBOOTOS"."SYS_DICT" VALUES ('c36169beb12de8a71c8683ee7c28a503', '部门状态', 'depart_status', NULL, '0', 'admin', TO_DATE('2019-03-18 21:59:51', 'SYYYY-MM-DD HH24:MI:SS'), NULL, NULL, '0', '0', NULL);
INSERT INTO "JEECGBOOTOS"."SYS_DICT" VALUES ('c5a14c75172783d72cbee6ee7f5df5d1', 'Online图表类型', 'online_graph_type', 'Online图表类型', '0', 'admin', TO_DATE('2019-04-12 17:04:06', 'SYYYY-MM-DD HH24:MI:SS'), NULL, NULL, '0', '0', NULL);
INSERT INTO "JEECGBOOTOS"."SYS_DICT" VALUES ('d6e1152968b02d69ff358c75b48a6ee1', '流程类型', 'bpm_process_type', NULL, '0', 'admin', TO_DATE('2021-02-22 19:26:54', 'SYYYY-MM-DD HH24:MI:SS'), 'admin', TO_DATE('2019-03-30 18:14:44', 'SYYYY-MM-DD HH24:MI:SS'), '0', '0', NULL);
INSERT INTO "JEECGBOOTOS"."SYS_DICT" VALUES ('fc6cd58fde2e8481db10d3a1e68ce70c', '用户状态', 'user_status', NULL, '0', 'admin', TO_DATE('2019-03-18 21:57:25', 'SYYYY-MM-DD HH24:MI:SS'), 'admin', TO_DATE('2019-03-18 23:11:58', 'SYYYY-MM-DD HH24:MI:SS'), '1', '0', NULL);

-- ----------------------------
-- Table structure for SYS_DICT_ITEM
-- ----------------------------
DROP TABLE "JEECGBOOTOS"."SYS_DICT_ITEM";
CREATE TABLE "JEECGBOOTOS"."SYS_DICT_ITEM" (
  "ID" NVARCHAR2(32) NOT NULL,
  "DICT_ID" NVARCHAR2(32),
  "ITEM_TEXT" NVARCHAR2(100) NOT NULL,
  "ITEM_VALUE" NVARCHAR2(100) NOT NULL,
  "ITEM_COLOR" NVARCHAR2(10),
  "DESCRIPTION" NVARCHAR2(255),
  "SORT_ORDER" NUMBER(11,0),
  "STATUS" NUMBER(11,0),
  "CREATE_BY" NVARCHAR2(32),
  "CREATE_TIME" DATE,
  "UPDATE_BY" NVARCHAR2(32),
  "UPDATE_TIME" DATE
)
LOGGING
NOCOMPRESS
PCTFREE 10
INITRANS 1
STORAGE (
  INITIAL 65536 
  NEXT 1048576 
  MINEXTENTS 1
  MAXEXTENTS 2147483645
  BUFFER_POOL DEFAULT
)
PARALLEL 1
NOCACHE
DISABLE ROW MOVEMENT
;
COMMENT ON COLUMN "JEECGBOOTOS"."SYS_DICT_ITEM"."DICT_ID" IS '字典id';
COMMENT ON COLUMN "JEECGBOOTOS"."SYS_DICT_ITEM"."ITEM_TEXT" IS '字典项文本';
COMMENT ON COLUMN "JEECGBOOTOS"."SYS_DICT_ITEM"."ITEM_VALUE" IS '字典项值';
COMMENT ON COLUMN "JEECGBOOTOS"."SYS_DICT_ITEM"."ITEM_COLOR" IS '字典项颜色';
COMMENT ON COLUMN "JEECGBOOTOS"."SYS_DICT_ITEM"."DESCRIPTION" IS '描述';
COMMENT ON COLUMN "JEECGBOOTOS"."SYS_DICT_ITEM"."SORT_ORDER" IS '排序';
COMMENT ON COLUMN "JEECGBOOTOS"."SYS_DICT_ITEM"."STATUS" IS '状态（1启用 0不启用）';

-- ----------------------------
-- Records of SYS_DICT_ITEM
-- ----------------------------
INSERT INTO "JEECGBOOTOS"."SYS_DICT_ITEM" VALUES ('5b65a88f076b32e8e69d19bbaadb52d5', '2f0320997ade5dd147c90130f7218c3e', '全体用户', 'ALL', NULL, NULL, NULL, '1', 'admin', TO_DATE('2020-10-17 21:22:43', 'SYYYY-MM-DD HH24:MI:SS'), 'admin', TO_DATE('2019-03-28 22:17:09', 'SYYYY-MM-DD HH24:MI:SS'));
INSERT INTO "JEECGBOOTOS"."SYS_DICT_ITEM" VALUES ('5d833f69296f691843ccdd0c91212b6b', '880a895c98afeca9d9ac39f29e67c13e', '修改', '3', NULL, NULL, '3', '1', 'admin', TO_DATE('2019-07-22 10:55:07', 'SYYYY-MM-DD HH24:MI:SS'), 'admin', TO_DATE('2019-07-22 10:55:41', 'SYYYY-MM-DD HH24:MI:SS'));
INSERT INTO "JEECGBOOTOS"."SYS_DICT_ITEM" VALUES ('5d84a8634c8fdfe96275385075b105c9', '3d9a351be3436fbefb1307d4cfb49bf2', '女', '2', NULL, NULL, '2', '1', NULL, TO_DATE('2019-01-04 14:56:56', 'SYYYY-MM-DD HH24:MI:SS'), NULL, TO_DATE('2019-01-04 17:38:12', 'SYYYY-MM-DD HH24:MI:SS'));
INSERT INTO "JEECGBOOTOS"."SYS_DICT_ITEM" VALUES ('66c952ae2c3701a993e7db58f3baf55e', '4e4602b3e3686f0911384e188dc7efb4', '大于', '>', NULL, '大于', '1', '1', 'admin', TO_DATE('2019-04-01 10:45:46', 'SYYYY-MM-DD HH24:MI:SS'), 'admin', TO_DATE('2019-04-01 17:48:29', 'SYYYY-MM-DD HH24:MI:SS'));
INSERT INTO "JEECGBOOTOS"."SYS_DICT_ITEM" VALUES ('6937c5dde8f92e9a00d4e2ded9198694', 'ad7c65ba97c20a6805d5dcdf13cdaf36', 'easyui', '3', NULL, NULL, '1', '1', 'admin', TO_DATE('2019-03-22 16:32:15', 'SYYYY-MM-DD HH24:MI:SS'), NULL, NULL);
INSERT INTO "JEECGBOOTOS"."SYS_DICT_ITEM" VALUES ('69cacf64e244100289ddd4aa9fa3b915', 'a9d9942bd0eccb6e89de92d130ec4c4a', '未发送', '0', NULL, NULL, '1', '1', 'admin', TO_DATE('2019-04-12 18:19:23', 'SYYYY-MM-DD HH24:MI:SS'), NULL, NULL);
INSERT INTO "JEECGBOOTOS"."SYS_DICT_ITEM" VALUES ('6a7a9e1403a7943aba69e54ebeff9762', '4f69be5f507accea8d5df5f11346181a', '富文本', '2', NULL, NULL, '2', '1', 'admin', TO_DATE('2031-02-28 10:50:44', 'SYYYY-MM-DD HH24:MI:SS'), 'admin', TO_DATE('2022-07-04 16:29:30', 'SYYYY-MM-DD HH24:MI:SS'));
INSERT INTO "JEECGBOOTOS"."SYS_DICT_ITEM" VALUES ('6c682d78ddf1715baf79a1d52d2aa8c2', '72cce0989df68887546746d8f09811aa', '单表', '1', NULL, NULL, '1', '1', 'admin', TO_DATE('2019-03-27 10:13:29', 'SYYYY-MM-DD HH24:MI:SS'), NULL, NULL);
INSERT INTO "JEECGBOOTOS"."SYS_DICT_ITEM" VALUES ('6d404fd2d82311fbc87722cd302a28bc', '4e4602b3e3686f0911384e188dc7efb4', '模糊', 'LIKE', NULL, '模糊', '7', '1', 'admin', TO_DATE('2019-04-01 16:46:02', 'SYYYY-MM-DD HH24:MI:SS'), 'admin', TO_DATE('2019-04-01 17:49:20', 'SYYYY-MM-DD HH24:MI:SS'));
INSERT INTO "JEECGBOOTOS"."SYS_DICT_ITEM" VALUES ('6d4e26e78e1a09699182e08516c49fc4', '4d7fec1a7799a436d26d02325eff295e', '高', 'H', NULL, '高', '1', '1', 'admin', TO_DATE('2019-04-16 17:04:24', 'SYYYY-MM-DD HH24:MI:SS'), NULL, NULL);
INSERT INTO "JEECGBOOTOS"."SYS_DICT_ITEM" VALUES ('700e9f030654f3f90e9ba76ab0713551', '6b78e3f59faec1a4750acff08030a79b', '333', '333', NULL, NULL, NULL, '1', 'admin', TO_DATE('2019-02-21 19:59:47', 'SYYYY-MM-DD HH24:MI:SS'), NULL, NULL);
INSERT INTO "JEECGBOOTOS"."SYS_DICT_ITEM" VALUES ('7050c1522702bac3be40e3b7d2e1dfd8', 'c5a14c75172783d72cbee6ee7f5df5d1', '柱状图', 'bar', NULL, NULL, '1', '1', 'admin', TO_DATE('2019-04-12 17:05:17', 'SYYYY-MM-DD HH24:MI:SS'), NULL, NULL);
INSERT INTO "JEECGBOOTOS"."SYS_DICT_ITEM" VALUES ('71b924faa93805c5c1579f12e001c809', 'd6e1152968b02d69ff358c75b48a6ee1', 'OA办公', 'oa', NULL, NULL, '2', '1', 'admin', TO_DATE('2021-03-22 19:27:17', 'SYYYY-MM-DD HH24:MI:SS'), 'admin', TO_DATE('2023-10-18 13:54:29', 'SYYYY-MM-DD HH24:MI:SS'));
INSERT INTO "JEECGBOOTOS"."SYS_DICT_ITEM" VALUES ('75b260d7db45a39fc7f21badeabdb0ed', 'c36169beb12de8a71c8683ee7c28a503', '不启用', '0', NULL, NULL, NULL, '1', 'admin', TO_DATE('2019-03-18 23:29:41', 'SYYYY-MM-DD HH24:MI:SS'), 'admin', TO_DATE('2019-03-18 23:29:54', 'SYYYY-MM-DD HH24:MI:SS'));
INSERT INTO "JEECGBOOTOS"."SYS_DICT_ITEM" VALUES ('7688469db4a3eba61e6e35578dc7c2e5', 'c36169beb12de8a71c8683ee7c28a503', '启用', '1', NULL, NULL, NULL, '1', 'admin', TO_DATE('2019-03-18 23:29:28', 'SYYYY-MM-DD HH24:MI:SS'), NULL, NULL);
INSERT INTO "JEECGBOOTOS"."SYS_DICT_ITEM" VALUES ('78ea6cadac457967a4b1c4eb7aaa418c', 'fc6cd58fde2e8481db10d3a1e68ce70c', '正常', '1', NULL, NULL, NULL, '1', 'admin', TO_DATE('2019-03-18 23:30:28', 'SYYYY-MM-DD HH24:MI:SS'), NULL, NULL);
INSERT INTO "JEECGBOOTOS"."SYS_DICT_ITEM" VALUES ('7ccf7b80c70ee002eceb3116854b75cb', 'ac2f7c0c5c5775fcea7e2387bcb22f01', '按钮权限', '2', NULL, NULL, NULL, '1', 'admin', TO_DATE('2019-03-18 23:25:40', 'SYYYY-MM-DD HH24:MI:SS'), NULL, NULL);
INSERT INTO "JEECGBOOTOS"."SYS_DICT_ITEM" VALUES ('81fb2bb0e838dc68b43f96cc309f8257', 'fc6cd58fde2e8481db10d3a1e68ce70c', '冻结', '2', NULL, NULL, NULL, '1', 'admin', TO_DATE('2019-03-18 23:30:37', 'SYYYY-MM-DD HH24:MI:SS'), NULL, NULL);
INSERT INTO "JEECGBOOTOS"."SYS_DICT_ITEM" VALUES ('83250269359855501ec4e9c0b7e21596', '4274efc2292239b6f000b153f50823ff', '可见/可访问(授权后可见/可访问)', '1', NULL, NULL, '1', '1', 'admin', TO_DATE('2019-05-10 17:54:51', 'SYYYY-MM-DD HH24:MI:SS'), NULL, NULL);
INSERT INTO "JEECGBOOTOS"."SYS_DICT_ITEM" VALUES ('84778d7e928bc843ad4756db1322301f', '4e4602b3e3686f0911384e188dc7efb4', '大于等于', '>=', NULL, '大于等于', '5', '1', 'admin', TO_DATE('2019-04-01 10:46:02', 'SYYYY-MM-DD HH24:MI:SS'), 'admin', TO_DATE('2019-04-01 17:49:05', 'SYYYY-MM-DD HH24:MI:SS'));
INSERT INTO "JEECGBOOTOS"."SYS_DICT_ITEM" VALUES ('848d4da35ebd93782029c57b103e5b36', 'c5a14c75172783d72cbee6ee7f5df5d1', '饼图', 'pie', NULL, NULL, '3', '1', 'admin', TO_DATE('2019-04-12 17:05:49', 'SYYYY-MM-DD HH24:MI:SS'), NULL, NULL);
INSERT INTO "JEECGBOOTOS"."SYS_DICT_ITEM" VALUES ('84dfc178dd61b95a72900fcdd624c471', '78bda155fe380b1b3f175f1e88c284c6', '处理中', '2', NULL, '处理中', '2', '1', 'admin', TO_DATE('2019-05-09 16:33:01', 'SYYYY-MM-DD HH24:MI:SS'), NULL, NULL);
INSERT INTO "JEECGBOOTOS"."SYS_DICT_ITEM" VALUES ('86f19c7e0a73a0bae451021ac05b99dd', 'ac2f7c0c5c5775fcea7e2387bcb22f01', '子菜单', '1', NULL, NULL, NULL, '1', 'admin', TO_DATE('2019-03-18 23:25:27', 'SYYYY-MM-DD HH24:MI:SS'), NULL, NULL);
INSERT INTO "JEECGBOOTOS"."SYS_DICT_ITEM" VALUES ('8c618902365ca681ebbbe1e28f11a548', '4c753b5293304e7a445fd2741b46529d', '启用', '1', NULL, NULL, '0', '1', 'admin', TO_DATE('2020-07-18 23:19:27', 'SYYYY-MM-DD HH24:MI:SS'), 'admin', TO_DATE('2019-05-17 14:51:18', 'SYYYY-MM-DD HH24:MI:SS'));
INSERT INTO "JEECGBOOTOS"."SYS_DICT_ITEM" VALUES ('8cdf08045056671efd10677b8456c999', '4274efc2292239b6f000b153f50823ff', '可编辑(未授权时禁用)', '2', NULL, NULL, '2', '1', 'admin', TO_DATE('2019-05-10 17:55:38', 'SYYYY-MM-DD HH24:MI:SS'), NULL, NULL);
INSERT INTO "JEECGBOOTOS"."SYS_DICT_ITEM" VALUES ('8ff48e657a7c5090d4f2a59b37d1b878', '4d7fec1a7799a436d26d02325eff295e', '中', 'M', NULL, '中', '2', '1', 'admin', TO_DATE('2019-04-16 17:04:40', 'SYYYY-MM-DD HH24:MI:SS'), NULL, NULL);
INSERT INTO "JEECGBOOTOS"."SYS_DICT_ITEM" VALUES ('948923658baa330319e59b2213cda97c', '880a895c98afeca9d9ac39f29e67c13e', '添加', '2', NULL, NULL, '2', '1', 'admin', TO_DATE('2019-07-22 10:54:59', 'SYYYY-MM-DD HH24:MI:SS'), 'admin', TO_DATE('2019-07-22 10:55:36', 'SYYYY-MM-DD HH24:MI:SS'));
INSERT INTO "JEECGBOOTOS"."SYS_DICT_ITEM" VALUES ('9a96c4a4e4c5c9b4e4d0cbf6eb3243cc', '4c753b5293304e7a445fd2741b46529d', '不启用', '0', NULL, NULL, '1', '1', 'admin', TO_DATE('2019-03-18 23:19:53', 'SYYYY-MM-DD HH24:MI:SS'), NULL, NULL);
INSERT INTO "JEECGBOOTOS"."SYS_DICT_ITEM" VALUES ('a1e7d1ca507cff4a480c8caba7c1339e', '880a895c98afeca9d9ac39f29e67c13e', '导出', '6', NULL, NULL, '6', '1', 'admin', TO_DATE('2019-07-22 12:06:50', 'SYYYY-MM-DD HH24:MI:SS'), NULL, NULL);
INSERT INTO "JEECGBOOTOS"."SYS_DICT_ITEM" VALUES ('a2be752dd4ec980afaec1efd1fb589af', '8dfe32e2d29ea9430a988b3b558bf233', '已撤销', '2', NULL, '已撤销', '3', '1', 'admin', TO_DATE('2019-04-16 17:41:39', 'SYYYY-MM-DD HH24:MI:SS'), NULL, NULL);
INSERT INTO "JEECGBOOTOS"."SYS_DICT_ITEM" VALUES ('aa0d8a8042a18715a17f0a888d360aa4', 'ac2f7c0c5c5775fcea7e2387bcb22f01', '一级菜单', '0', NULL, NULL, NULL, '1', 'admin', TO_DATE('2019-03-18 23:24:52', 'SYYYY-MM-DD HH24:MI:SS'), NULL, NULL);
INSERT INTO "JEECGBOOTOS"."SYS_DICT_ITEM" VALUES ('adcf2a1fe93bb99a84833043f475fe0b', '4e4602b3e3686f0911384e188dc7efb4', '包含', 'IN', NULL, '包含', '8', '1', 'admin', TO_DATE('2019-04-01 16:45:47', 'SYYYY-MM-DD HH24:MI:SS'), 'admin', TO_DATE('2019-04-01 17:49:24', 'SYYYY-MM-DD HH24:MI:SS'));
INSERT INTO "JEECGBOOTOS"."SYS_DICT_ITEM" VALUES ('b029a41a851465332ee4ee69dcf0a4c2', '0b5d19e1fce4b2e6647e6b4a17760c14', '系统消息', '2', NULL, NULL, '1', '1', 'admin', TO_DATE('2019-02-22 18:02:08', 'SYYYY-MM-DD HH24:MI:SS'), 'admin', TO_DATE('2019-04-22 18:02:13', 'SYYYY-MM-DD HH24:MI:SS'));
INSERT INTO "JEECGBOOTOS"."SYS_DICT_ITEM" VALUES ('b2a8b4bb2c8e66c2c4b1bb086337f393', '3486f32803bb953e7155dab3513dc68b', '正常', '0', NULL, NULL, NULL, '1', 'admin', TO_DATE('2022-10-18 21:46:48', 'SYYYY-MM-DD HH24:MI:SS'), 'admin', TO_DATE('2019-03-28 22:22:20', 'SYYYY-MM-DD HH24:MI:SS'));
INSERT INTO "JEECGBOOTOS"."SYS_DICT_ITEM" VALUES ('b57f98b88363188daf38d42f25991956', '6b78e3f59faec1a4750acff08030a79b', '22', '222', NULL, NULL, NULL, '0', 'admin', TO_DATE('2019-02-21 19:59:43', 'SYYYY-MM-DD HH24:MI:SS'), 'admin', TO_DATE('2019-03-11 21:23:27', 'SYYYY-MM-DD HH24:MI:SS'));
INSERT INTO "JEECGBOOTOS"."SYS_DICT_ITEM" VALUES ('b5f3bd5f66bb9a83fecd89228c0d93d1', '68168534ff5065a152bfab275c2136f8', '无效', '0', NULL, '无效', '1', '1', 'admin', TO_DATE('2019-04-26 19:21:49', 'SYYYY-MM-DD HH24:MI:SS'), NULL, NULL);
INSERT INTO "JEECGBOOTOS"."SYS_DICT_ITEM" VALUES ('b9fbe2a3602d4a27b45c100ac5328484', '78bda155fe380b1b3f175f1e88c284c6', '待提交', '1', NULL, '待提交', '1', '1', 'admin', TO_DATE('2019-05-09 16:32:35', 'SYYYY-MM-DD HH24:MI:SS'), NULL, NULL);
INSERT INTO "JEECGBOOTOS"."SYS_DICT_ITEM" VALUES ('ba27737829c6e0e582e334832703d75e', '236e8a4baff0db8c62c00dd95632834f', '同步', '1', NULL, '同步', '1', '1', 'admin', TO_DATE('2019-05-15 15:28:15', 'SYYYY-MM-DD HH24:MI:SS'), NULL, NULL);
INSERT INTO "JEECGBOOTOS"."SYS_DICT_ITEM" VALUES ('bcec04526b04307e24a005d6dcd27fd6', '880a895c98afeca9d9ac39f29e67c13e', '导入', '5', NULL, NULL, '5', '1', 'admin', TO_DATE('2019-07-22 12:06:41', 'SYYYY-MM-DD HH24:MI:SS'), NULL, NULL);
INSERT INTO "JEECGBOOTOS"."SYS_DICT_ITEM" VALUES ('c53da022b9912e0aed691bbec3c78473', '880a895c98afeca9d9ac39f29e67c13e', '查询', '1', NULL, NULL, '1', '1', 'admin', TO_DATE('2019-07-22 10:54:51', 'SYYYY-MM-DD HH24:MI:SS'), NULL, NULL);
INSERT INTO "JEECGBOOTOS"."SYS_DICT_ITEM" VALUES ('c5700a71ad08994d18ad1dacc37a71a9', 'a7adbcd86c37f7dbc9b66945c82ef9e6', '否', '0', NULL, NULL, '1', '1', 'admin', TO_DATE('2019-05-22 19:29:55', 'SYYYY-MM-DD HH24:MI:SS'), NULL, NULL);
INSERT INTO "JEECGBOOTOS"."SYS_DICT_ITEM" VALUES ('cbfcc5b88fc3a90975df23ffc8cbe29c', 'c5a14c75172783d72cbee6ee7f5df5d1', '曲线图', 'line', NULL, NULL, '2', '1', 'admin', TO_DATE('2019-05-12 17:05:30', 'SYYYY-MM-DD HH24:MI:SS'), 'admin', TO_DATE('2019-04-12 17:06:06', 'SYYYY-MM-DD HH24:MI:SS'));
INSERT INTO "JEECGBOOTOS"."SYS_DICT_ITEM" VALUES ('d217592908ea3e00ff986ce97f24fb98', 'c5a14c75172783d72cbee6ee7f5df5d1', '数据列表', 'table', NULL, NULL, '4', '1', 'admin', TO_DATE('2019-04-12 17:05:56', 'SYYYY-MM-DD HH24:MI:SS'), NULL, NULL);
INSERT INTO "JEECGBOOTOS"."SYS_DICT_ITEM" VALUES ('df168368dcef46cade2aadd80100d8aa', '3d9a351be3436fbefb1307d4cfb49bf2', '男', '1', NULL, NULL, '1', '1', NULL, TO_DATE('2027-08-04 14:56:49', 'SYYYY-MM-DD HH24:MI:SS'), 'admin', TO_DATE('2019-03-23 22:44:44', 'SYYYY-MM-DD HH24:MI:SS'));
INSERT INTO "JEECGBOOTOS"."SYS_DICT_ITEM" VALUES ('e6329e3a66a003819e2eb830b0ca2ea0', '4e4602b3e3686f0911384e188dc7efb4', '小于', '<', NULL, '小于', '2', '1', 'admin', TO_DATE('2019-04-01 16:44:15', 'SYYYY-MM-DD HH24:MI:SS'), 'admin', TO_DATE('2019-04-01 17:48:34', 'SYYYY-MM-DD HH24:MI:SS'));
INSERT INTO "JEECGBOOTOS"."SYS_DICT_ITEM" VALUES ('e94eb7af89f1dbfa0d823580a7a6e66a', '236e8a4baff0db8c62c00dd95632834f', '不同步', '0', NULL, '不同步', '2', '1', 'admin', TO_DATE('2019-05-15 15:28:28', 'SYYYY-MM-DD HH24:MI:SS'), NULL, NULL);
INSERT INTO "JEECGBOOTOS"."SYS_DICT_ITEM" VALUES ('f0162f4cc572c9273f3e26b2b4d8c082', 'ad7c65ba97c20a6805d5dcdf13cdaf36', 'booostrap', '1', NULL, NULL, '1', '1', 'admin', TO_DATE('2021-08-22 16:32:04', 'SYYYY-MM-DD HH24:MI:SS'), 'admin', TO_DATE('2019-03-22 16:33:57', 'SYYYY-MM-DD HH24:MI:SS'));
INSERT INTO "JEECGBOOTOS"."SYS_DICT_ITEM" VALUES ('f16c5706f3ae05c57a53850c64ce7c45', 'a9d9942bd0eccb6e89de92d130ec4c4a', '发送成功', '1', NULL, NULL, '2', '1', 'admin', TO_DATE('2019-04-12 18:19:43', 'SYYYY-MM-DD HH24:MI:SS'), NULL, NULL);
INSERT INTO "JEECGBOOTOS"."SYS_DICT_ITEM" VALUES ('f2a7920421f3335afdf6ad2b342f6b5d', '845da5006c97754728bf48b6a10f79cc', '冻结', '2', NULL, NULL, NULL, '1', 'admin', TO_DATE('2019-03-18 21:46:02', 'SYYYY-MM-DD HH24:MI:SS'), NULL, NULL);
INSERT INTO "JEECGBOOTOS"."SYS_DICT_ITEM" VALUES ('f37f90c496ec9841c4c326b065e00bb2', '83bfb33147013cc81640d5fd9eda030c', '登录日志', '1', NULL, NULL, NULL, '1', 'admin', TO_DATE('2019-03-18 23:22:37', 'SYYYY-MM-DD HH24:MI:SS'), NULL, NULL);
INSERT INTO "JEECGBOOTOS"."SYS_DICT_ITEM" VALUES ('f753aff60ff3931c0ecb4812d8b5e643', '4c03fca6bf1f0299c381213961566349', '双排布局', 'double', NULL, NULL, '3', '1', 'admin', TO_DATE('2019-04-12 17:43:51', 'SYYYY-MM-DD HH24:MI:SS'), NULL, NULL);
INSERT INTO "JEECGBOOTOS"."SYS_DICT_ITEM" VALUES ('f80a8f6838215753b05e1a5ba3346d22', '880a895c98afeca9d9ac39f29e67c13e', '删除', '4', NULL, NULL, '4', '1', 'admin', TO_DATE('2019-07-22 10:55:14', 'SYYYY-MM-DD HH24:MI:SS'), 'admin', TO_DATE('2019-07-22 10:55:30', 'SYYYY-MM-DD HH24:MI:SS'));
INSERT INTO "JEECGBOOTOS"."SYS_DICT_ITEM" VALUES ('fcec03570f68a175e1964808dc3f1c91', '4c03fca6bf1f0299c381213961566349', 'Tab风格', 'tab', NULL, NULL, '1', '1', 'admin', TO_DATE('2019-04-12 17:43:31', 'SYYYY-MM-DD HH24:MI:SS'), NULL, NULL);
INSERT INTO "JEECGBOOTOS"."SYS_DICT_ITEM" VALUES ('fe50b23ae5e68434def76f67cef35d2d', '78bda155fe380b1b3f175f1e88c284c6', '已作废', '4', NULL, '已作废', '4', '1', 'admin', TO_DATE('2021-09-09 16:33:43', 'SYYYY-MM-DD HH24:MI:SS'), 'admin', TO_DATE('2019-05-09 16:34:40', 'SYYYY-MM-DD HH24:MI:SS'));
INSERT INTO "JEECGBOOTOS"."SYS_DICT_ITEM" VALUES ('0072d115e07c875d76c9b022e2179128', '4d7fec1a7799a436d26d02325eff295e', '低', 'L', NULL, '低', '3', '1', 'admin', TO_DATE('2019-04-16 17:04:59', 'SYYYY-MM-DD HH24:MI:SS'), NULL, NULL);
INSERT INTO "JEECGBOOTOS"."SYS_DICT_ITEM" VALUES ('05a2e732ce7b00aa52141ecc3e330b4e', '3486f32803bb953e7155dab3513dc68b', '已删除', '1', NULL, NULL, NULL, '1', 'admin', TO_DATE('2025-10-18 21:46:56', 'SYYYY-MM-DD HH24:MI:SS'), 'admin', TO_DATE('2019-03-28 22:23:20', 'SYYYY-MM-DD HH24:MI:SS'));
INSERT INTO "JEECGBOOTOS"."SYS_DICT_ITEM" VALUES ('096c2e758d823def3855f6376bc736fb', 'bd1b8bc28e65d6feefefb6f3c79f42fd', 'SQL', 'sql', NULL, NULL, '1', '1', 'admin', TO_DATE('2019-04-12 17:26:26', 'SYYYY-MM-DD HH24:MI:SS'), NULL, NULL);
INSERT INTO "JEECGBOOTOS"."SYS_DICT_ITEM" VALUES ('0c9532916f5cd722017b46bc4d953e41', '2f0320997ade5dd147c90130f7218c3e', '指定用户', 'USER', NULL, NULL, NULL, '1', 'admin', TO_DATE('2019-03-17 21:22:19', 'SYYYY-MM-DD HH24:MI:SS'), 'admin', TO_DATE('2019-03-17 21:22:28', 'SYYYY-MM-DD HH24:MI:SS'));
INSERT INTO "JEECGBOOTOS"."SYS_DICT_ITEM" VALUES ('0ca4beba9efc4f9dd54af0911a946d5c', '72cce0989df68887546746d8f09811aa', '附表', '3', NULL, NULL, '3', '1', 'admin', TO_DATE('2019-03-27 10:13:43', 'SYYYY-MM-DD HH24:MI:SS'), NULL, NULL);
INSERT INTO "JEECGBOOTOS"."SYS_DICT_ITEM" VALUES ('1030a2652608f5eac3b49d70458b8532', '2e02df51611a4b9632828ab7e5338f00', '禁用', '2', NULL, '禁用', '2', '1', 'admin', TO_DATE('2021-03-26 18:27:28', 'SYYYY-MM-DD HH24:MI:SS'), 'admin', TO_DATE('2019-04-26 18:39:11', 'SYYYY-MM-DD HH24:MI:SS'));
INSERT INTO "JEECGBOOTOS"."SYS_DICT_ITEM" VALUES ('1174509082208395266', '1174511106530525185', '岗位', '3', NULL, '岗位', '1', '1', 'admin', TO_DATE('2019-09-19 10:31:16', 'SYYYY-MM-DD HH24:MI:SS'), NULL, NULL);
INSERT INTO "JEECGBOOTOS"."SYS_DICT_ITEM" VALUES ('1174509601047994369', '1174509082208395266', '员级', '1', NULL, NULL, '1', '1', 'admin', TO_DATE('2019-09-19 10:24:45', 'SYYYY-MM-DD HH24:MI:SS'), 'admin', TO_DATE('2019-09-23 11:46:39', 'SYYYY-MM-DD HH24:MI:SS'));
INSERT INTO "JEECGBOOTOS"."SYS_DICT_ITEM" VALUES ('1174509667297026049', '1174509082208395266', '助级', '2', NULL, NULL, '2', '1', 'admin', TO_DATE('2019-09-19 10:25:01', 'SYYYY-MM-DD HH24:MI:SS'), 'admin', TO_DATE('2019-09-23 11:46:47', 'SYYYY-MM-DD HH24:MI:SS'));
INSERT INTO "JEECGBOOTOS"."SYS_DICT_ITEM" VALUES ('1174509713568587777', '1174509082208395266', '中级', '3', NULL, NULL, '3', '1', 'admin', TO_DATE('2019-09-19 10:25:12', 'SYYYY-MM-DD HH24:MI:SS'), 'admin', TO_DATE('2019-09-23 11:46:56', 'SYYYY-MM-DD HH24:MI:SS'));
INSERT INTO "JEECGBOOTOS"."SYS_DICT_ITEM" VALUES ('1174509788361416705', '1174509082208395266', '副高级', '4', NULL, NULL, '4', '1', 'admin', TO_DATE('2019-09-19 10:25:30', 'SYYYY-MM-DD HH24:MI:SS'), 'admin', TO_DATE('2019-09-23 11:47:06', 'SYYYY-MM-DD HH24:MI:SS'));
INSERT INTO "JEECGBOOTOS"."SYS_DICT_ITEM" VALUES ('1174509835803189250', '1174509082208395266', '正高级', '5', NULL, NULL, '5', '1', 'admin', TO_DATE('2019-09-19 10:25:41', 'SYYYY-MM-DD HH24:MI:SS'), 'admin', TO_DATE('2019-09-23 11:47:12', 'SYYYY-MM-DD HH24:MI:SS'));
INSERT INTO "JEECGBOOTOS"."SYS_DICT_ITEM" VALUES ('1174511197735665665', '1174511106530525185', '公司', '1', NULL, '公司', '1', '1', 'admin', TO_DATE('2019-09-19 10:31:05', 'SYYYY-MM-DD HH24:MI:SS'), NULL, NULL);
INSERT INTO "JEECGBOOTOS"."SYS_DICT_ITEM" VALUES ('1174511244036587521', '1174511106530525185', '部门', '2', NULL, '部门', '1', '1', 'admin', TO_DATE('2019-09-19 10:31:16', 'SYYYY-MM-DD HH24:MI:SS'), NULL, NULL);
INSERT INTO "JEECGBOOTOS"."SYS_DICT_ITEM" VALUES ('1178295553450061826', '1178295274528845826', '可编辑(未授权禁用)', '2', NULL, NULL, '2', '1', 'admin', TO_DATE('2019-09-29 21:08:46', 'SYYYY-MM-DD HH24:MI:SS'), 'admin', TO_DATE('2019-09-29 21:09:18', 'SYYYY-MM-DD HH24:MI:SS'));
INSERT INTO "JEECGBOOTOS"."SYS_DICT_ITEM" VALUES ('1178295639554928641', '1178295274528845826', '可见(未授权不可见)', '1', NULL, NULL, '1', '1', 'admin', TO_DATE('2019-09-29 21:09:06', 'SYYYY-MM-DD HH24:MI:SS'), 'admin', TO_DATE('2019-09-29 21:09:24', 'SYYYY-MM-DD HH24:MI:SS'));
INSERT INTO "JEECGBOOTOS"."SYS_DICT_ITEM" VALUES ('1199517884758368257', '1199517671259906049', '一般', '1', NULL, NULL, '1', '1', 'admin', TO_DATE('2019-11-27 10:38:44', 'SYYYY-MM-DD HH24:MI:SS'), NULL, NULL);
INSERT INTO "JEECGBOOTOS"."SYS_DICT_ITEM" VALUES ('1199517914017832962', '1199517671259906049', '重要', '2', NULL, NULL, '1', '1', 'admin', TO_DATE('2019-11-27 10:38:51', 'SYYYY-MM-DD HH24:MI:SS'), NULL, NULL);
INSERT INTO "JEECGBOOTOS"."SYS_DICT_ITEM" VALUES ('1199517941339529217', '1199517671259906049', '紧急', '3', NULL, NULL, '1', '1', 'admin', TO_DATE('2019-11-27 10:38:58', 'SYYYY-MM-DD HH24:MI:SS'), NULL, NULL);
INSERT INTO "JEECGBOOTOS"."SYS_DICT_ITEM" VALUES ('1199518186144276482', '1199518099888414722', '日常记录', '1', NULL, NULL, '1', '1', 'admin', TO_DATE('2019-11-27 10:39:56', 'SYYYY-MM-DD HH24:MI:SS'), NULL, NULL);
INSERT INTO "JEECGBOOTOS"."SYS_DICT_ITEM" VALUES ('1199518214858481666', '1199518099888414722', '本周工作', '2', NULL, NULL, '1', '1', 'admin', TO_DATE('2019-11-27 10:40:03', 'SYYYY-MM-DD HH24:MI:SS'), NULL, NULL);
INSERT INTO "JEECGBOOTOS"."SYS_DICT_ITEM" VALUES ('1199518235943247874', '1199518099888414722', '下周计划', '3', NULL, NULL, '1', '1', 'admin', TO_DATE('2019-11-27 10:40:08', 'SYYYY-MM-DD HH24:MI:SS'), NULL, NULL);
INSERT INTO "JEECGBOOTOS"."SYS_DICT_ITEM" VALUES ('1199520817285701634', '1199520177767587841', '列表', '1', NULL, NULL, '1', '1', 'admin', TO_DATE('2019-11-27 10:50:24', 'SYYYY-MM-DD HH24:MI:SS'), NULL, NULL);
INSERT INTO "JEECGBOOTOS"."SYS_DICT_ITEM" VALUES ('1199520835035996161', '1199520177767587841', '链接', '2', NULL, NULL, '1', '1', 'admin', TO_DATE('2019-11-27 10:50:28', 'SYYYY-MM-DD HH24:MI:SS'), NULL, NULL);
INSERT INTO "JEECGBOOTOS"."SYS_DICT_ITEM" VALUES ('1199525468672405505', '1199525215290306561', '未开始', '0', NULL, NULL, '1', '1', 'admin', TO_DATE('2019-11-27 11:08:52', 'SYYYY-MM-DD HH24:MI:SS'), NULL, NULL);
INSERT INTO "JEECGBOOTOS"."SYS_DICT_ITEM" VALUES ('1199525490575060993', '1199525215290306561', '进行中', '1', NULL, NULL, '1', '1', 'admin', TO_DATE('2019-11-27 11:08:58', 'SYYYY-MM-DD HH24:MI:SS'), NULL, NULL);
INSERT INTO "JEECGBOOTOS"."SYS_DICT_ITEM" VALUES ('1199525506429530114', '1199525215290306561', '已完成', '2', NULL, NULL, '1', '1', 'admin', TO_DATE('2019-11-27 11:09:02', 'SYYYY-MM-DD HH24:MI:SS'), 'admin', TO_DATE('2019-11-27 11:10:02', 'SYYYY-MM-DD HH24:MI:SS'));
INSERT INTO "JEECGBOOTOS"."SYS_DICT_ITEM" VALUES ('1209733775114702850', '1209733563293962241', 'MySQL5.5', '1', NULL, NULL, '1', '1', 'admin', TO_DATE('2019-12-25 15:13:02', 'SYYYY-MM-DD HH24:MI:SS'), NULL, NULL);
INSERT INTO "JEECGBOOTOS"."SYS_DICT_ITEM" VALUES ('1209733839933476865', '1209733563293962241', 'Oracle', '2', NULL, NULL, '3', '1', 'admin', TO_DATE('2019-12-25 15:13:18', 'SYYYY-MM-DD HH24:MI:SS'), 'admin', TO_DATE('2021-07-15 13:44:08', 'SYYYY-MM-DD HH24:MI:SS'));
INSERT INTO "JEECGBOOTOS"."SYS_DICT_ITEM" VALUES ('1209733903020003330', '1209733563293962241', 'SQLServer', '3', NULL, NULL, '4', '1', 'admin', TO_DATE('2019-12-25 15:13:33', 'SYYYY-MM-DD HH24:MI:SS'), 'admin', TO_DATE('2021-07-15 13:44:11', 'SYYYY-MM-DD HH24:MI:SS'));
INSERT INTO "JEECGBOOTOS"."SYS_DICT_ITEM" VALUES ('1232913424813486081', '1232913193820581889', '官方示例', 'demo', NULL, NULL, '1', '1', 'admin', TO_DATE('2020-02-27 14:20:42', 'SYYYY-MM-DD HH24:MI:SS'), 'admin', TO_DATE('2020-02-27 14:21:37', 'SYYYY-MM-DD HH24:MI:SS'));
INSERT INTO "JEECGBOOTOS"."SYS_DICT_ITEM" VALUES ('1232913493717512194', '1232913193820581889', '流程表单', 'bpm', NULL, NULL, '2', '1', 'admin', TO_DATE('2020-02-27 14:20:58', 'SYYYY-MM-DD HH24:MI:SS'), 'admin', TO_DATE('2020-02-27 14:22:20', 'SYYYY-MM-DD HH24:MI:SS'));
INSERT INTO "JEECGBOOTOS"."SYS_DICT_ITEM" VALUES ('1232913605382467585', '1232913193820581889', '测试表单', 'temp', NULL, NULL, '4', '1', 'admin', TO_DATE('2020-02-27 14:21:25', 'SYYYY-MM-DD HH24:MI:SS'), 'admin', TO_DATE('2020-02-27 14:22:16', 'SYYYY-MM-DD HH24:MI:SS'));
INSERT INTO "JEECGBOOTOS"."SYS_DICT_ITEM" VALUES ('1232914232372195330', '1232913193820581889', '导入表单', 'bdfl_include', NULL, NULL, '5', '1', 'admin', TO_DATE('2020-02-27 14:23:54', 'SYYYY-MM-DD HH24:MI:SS'), NULL, NULL);
INSERT INTO "JEECGBOOTOS"."SYS_DICT_ITEM" VALUES ('1234371726545010689', '4e4602b3e3686f0911384e188dc7efb4', '左模糊', 'LEFT_LIKE', NULL, '左模糊', '7', '1', 'admin', TO_DATE('2020-03-02 14:55:27', 'SYYYY-MM-DD HH24:MI:SS'), NULL, NULL);
INSERT INTO "JEECGBOOTOS"."SYS_DICT_ITEM" VALUES ('1234371809495760898', '4e4602b3e3686f0911384e188dc7efb4', '右模糊', 'RIGHT_LIKE', NULL, '右模糊', '7', '1', 'admin', TO_DATE('2020-03-02 14:55:47', 'SYYYY-MM-DD HH24:MI:SS'), NULL, NULL);
INSERT INTO "JEECGBOOTOS"."SYS_DICT_ITEM" VALUES ('1242300779390357505', '1242298510024429569', '短信提醒', '2', NULL, NULL, '2', '1', 'admin', TO_DATE('2020-03-24 12:02:41', 'SYYYY-MM-DD HH24:MI:SS'), 'admin', TO_DATE('2020-03-30 18:21:33', 'SYYYY-MM-DD HH24:MI:SS'));
INSERT INTO "JEECGBOOTOS"."SYS_DICT_ITEM" VALUES ('1242300814383435777', '1242298510024429569', '邮件提醒', '1', NULL, NULL, '1', '1', 'admin', TO_DATE('2020-03-24 12:02:49', 'SYYYY-MM-DD HH24:MI:SS'), 'admin', TO_DATE('2020-03-30 18:21:26', 'SYYYY-MM-DD HH24:MI:SS'));
INSERT INTO "JEECGBOOTOS"."SYS_DICT_ITEM" VALUES ('1242300887343353857', '1242298510024429569', '系统消息', '4', NULL, NULL, '4', '1', 'admin', TO_DATE('2020-03-24 12:03:07', 'SYYYY-MM-DD HH24:MI:SS'), 'admin', TO_DATE('2020-03-30 18:21:43', 'SYYYY-MM-DD HH24:MI:SS'));
INSERT INTO "JEECGBOOTOS"."SYS_DICT_ITEM" VALUES ('1250688147579228161', '1250687930947620866', '正常', '0', NULL, NULL, '1', '1', 'admin', TO_DATE('2020-04-16 15:31:05', 'SYYYY-MM-DD HH24:MI:SS'), NULL, NULL);
INSERT INTO "JEECGBOOTOS"."SYS_DICT_ITEM" VALUES ('1250688201064992770', '1250687930947620866', '停止', '-1', NULL, NULL, '1', '1', 'admin', TO_DATE('2020-04-16 15:31:18', 'SYYYY-MM-DD HH24:MI:SS'), NULL, NULL);
INSERT INTO "JEECGBOOTOS"."SYS_DICT_ITEM" VALUES ('1280401815068295170', '1280401766745718786', '正常', '1', NULL, NULL, '1', '1', 'admin', TO_DATE('2020-07-07 15:22:36', 'SYYYY-MM-DD HH24:MI:SS'), NULL, NULL);
INSERT INTO "JEECGBOOTOS"."SYS_DICT_ITEM" VALUES ('1280401847607705602', '1280401766745718786', '冻结', '0', NULL, NULL, '1', '1', 'admin', TO_DATE('2020-07-07 15:22:44', 'SYYYY-MM-DD HH24:MI:SS'), NULL, NULL);
INSERT INTO "JEECGBOOTOS"."SYS_DICT_ITEM" VALUES ('1305827309355302914', 'bd1b8bc28e65d6feefefb6f3c79f42fd', 'API', 'api', NULL, NULL, '3', '1', 'admin', TO_DATE('2020-09-15 19:14:26', 'SYYYY-MM-DD HH24:MI:SS'), 'admin', TO_DATE('2020-09-15 19:14:41', 'SYYYY-MM-DD HH24:MI:SS'));
INSERT INTO "JEECGBOOTOS"."SYS_DICT_ITEM" VALUES ('1334440962954936321', '1209733563293962241', 'MYSQL5.7+', '4', NULL, NULL, '2', '1', 'admin', TO_DATE('2020-12-03 18:16:02', 'SYYYY-MM-DD HH24:MI:SS'), 'admin', TO_DATE('2021-07-15 13:44:29', 'SYYYY-MM-DD HH24:MI:SS'));
INSERT INTO "JEECGBOOTOS"."SYS_DICT_ITEM" VALUES ('1356445705549975553', '1356445645198135298', '是', 'Y', NULL, NULL, '1', '1', 'admin', TO_DATE('2021-02-02 11:33:52', 'SYYYY-MM-DD HH24:MI:SS'), NULL, NULL);
INSERT INTO "JEECGBOOTOS"."SYS_DICT_ITEM" VALUES ('1356445754212290561', '1356445645198135298', '否', 'N', NULL, NULL, '1', '1', 'admin', TO_DATE('2021-02-02 11:34:04', 'SYYYY-MM-DD HH24:MI:SS'), NULL, NULL);
INSERT INTO "JEECGBOOTOS"."SYS_DICT_ITEM" VALUES ('1414837074500976641', '1209733563293962241', 'postgresql', '6', NULL, NULL, '5', '1', 'admin', TO_DATE('2021-07-13 14:40:20', 'SYYYY-MM-DD HH24:MI:SS'), 'admin', TO_DATE('2021-07-15 13:44:15', 'SYYYY-MM-DD HH24:MI:SS'));
INSERT INTO "JEECGBOOTOS"."SYS_DICT_ITEM" VALUES ('1415547541091504129', '1209733563293962241', 'marialDB', '5', NULL, NULL, '6', '1', 'admin', TO_DATE('2021-07-15 13:43:28', 'SYYYY-MM-DD HH24:MI:SS'), 'admin', TO_DATE('2021-07-15 13:44:23', 'SYYYY-MM-DD HH24:MI:SS'));
INSERT INTO "JEECGBOOTOS"."SYS_DICT_ITEM" VALUES ('1418049969003089922', '1209733563293962241', '达梦', '7', NULL, NULL, '7', '1', 'admin', TO_DATE('2021-07-22 11:27:13', 'SYYYY-MM-DD HH24:MI:SS'), 'admin', TO_DATE('2021-07-22 11:27:30', 'SYYYY-MM-DD HH24:MI:SS'));
INSERT INTO "JEECGBOOTOS"."SYS_DICT_ITEM" VALUES ('1418050017053036545', '1209733563293962241', '人大金仓', '8', NULL, NULL, '8', '1', 'admin', TO_DATE('2021-07-22 11:27:25', 'SYYYY-MM-DD HH24:MI:SS'), NULL, NULL);
INSERT INTO "JEECGBOOTOS"."SYS_DICT_ITEM" VALUES ('1418050075555188737', '1209733563293962241', '神通', '9', NULL, NULL, '9', '1', 'admin', TO_DATE('2021-07-22 11:27:39', 'SYYYY-MM-DD HH24:MI:SS'), NULL, NULL);
INSERT INTO "JEECGBOOTOS"."SYS_DICT_ITEM" VALUES ('1418050110669901826', '1209733563293962241', 'SQLite', '10', NULL, NULL, '10', '1', 'admin', TO_DATE('2021-07-22 11:27:47', 'SYYYY-MM-DD HH24:MI:SS'), NULL, NULL);
INSERT INTO "JEECGBOOTOS"."SYS_DICT_ITEM" VALUES ('1418050149475602434', '1209733563293962241', 'DB2', '11', NULL, NULL, '11', '1', 'admin', TO_DATE('2021-07-22 11:27:56', 'SYYYY-MM-DD HH24:MI:SS'), NULL, NULL);
INSERT INTO "JEECGBOOTOS"."SYS_DICT_ITEM" VALUES ('1418050209823248385', '1209733563293962241', 'Hsqldb', '12', NULL, NULL, '12', '1', 'admin', TO_DATE('2021-07-22 11:28:11', 'SYYYY-MM-DD HH24:MI:SS'), 'admin', TO_DATE('2021-07-22 11:28:27', 'SYYYY-MM-DD HH24:MI:SS'));
INSERT INTO "JEECGBOOTOS"."SYS_DICT_ITEM" VALUES ('1418050323111399425', '1209733563293962241', 'Derby', '13', NULL, NULL, '13', '1', 'admin', TO_DATE('2021-07-22 11:28:38', 'SYYYY-MM-DD HH24:MI:SS'), NULL, NULL);
INSERT INTO "JEECGBOOTOS"."SYS_DICT_ITEM" VALUES ('1418117316707590146', '1209733563293962241', 'H2', '14', NULL, NULL, '14', '1', 'admin', TO_DATE('2021-07-22 15:54:50', 'SYYYY-MM-DD HH24:MI:SS'), NULL, NULL);
INSERT INTO "JEECGBOOTOS"."SYS_DICT_ITEM" VALUES ('1418491604048449537', '1209733563293962241', '其他数据库', '15', NULL, NULL, '15', '1', 'admin', TO_DATE('2021-07-23 16:42:07', 'SYYYY-MM-DD HH24:MI:SS'), NULL, NULL);
INSERT INTO "JEECGBOOTOS"."SYS_DICT_ITEM" VALUES ('147c48ff4b51545032a9119d13f3222a', 'd6e1152968b02d69ff358c75b48a6ee1', '测试流程', 'test', NULL, NULL, '1', '1', 'admin', TO_DATE('2019-03-22 19:27:05', 'SYYYY-MM-DD HH24:MI:SS'), NULL, NULL);
INSERT INTO "JEECGBOOTOS"."SYS_DICT_ITEM" VALUES ('1543fe7e5e26fb97cdafe4981bedc0c8', '4c03fca6bf1f0299c381213961566349', '单排布局', 'single', NULL, NULL, '2', '1', 'admin', TO_DATE('2022-07-12 17:43:39', 'SYYYY-MM-DD HH24:MI:SS'), 'admin', TO_DATE('2019-04-12 17:43:57', 'SYYYY-MM-DD HH24:MI:SS'));
INSERT INTO "JEECGBOOTOS"."SYS_DICT_ITEM" VALUES ('1600042651777011713', '1600042215909134338', '信息传输、软件和信息技术服务业', '1', NULL, NULL, '1', '1', 'admin', TO_DATE('2022-12-06 16:21:10', 'SYYYY-MM-DD HH24:MI:SS'), 'admin', TO_DATE('2022-12-06 16:21:27', 'SYYYY-MM-DD HH24:MI:SS'));
INSERT INTO "JEECGBOOTOS"."SYS_DICT_ITEM" VALUES ('1600042736254488578', '1600042215909134338', '制造业', '2', NULL, NULL, '1', '1', 'admin', TO_DATE('2022-12-06 16:21:30', 'SYYYY-MM-DD HH24:MI:SS'), NULL, NULL);
INSERT INTO "JEECGBOOTOS"."SYS_DICT_ITEM" VALUES ('1600042785646612481', '1600042215909134338', '租赁和商务服务业', '3', NULL, NULL, '1', '1', 'admin', TO_DATE('2022-12-06 16:21:42', 'SYYYY-MM-DD HH24:MI:SS'), NULL, NULL);
INSERT INTO "JEECGBOOTOS"."SYS_DICT_ITEM" VALUES ('1600042835433000961', '1600042215909134338', '教育', '4', NULL, NULL, '1', '1', 'admin', TO_DATE('2022-12-06 16:21:54', 'SYYYY-MM-DD HH24:MI:SS'), NULL, NULL);
INSERT INTO "JEECGBOOTOS"."SYS_DICT_ITEM" VALUES ('1600042892072882177', '1600042215909134338', '金融业', '5', NULL, NULL, '1', '1', 'admin', TO_DATE('2022-12-06 16:22:07', 'SYYYY-MM-DD HH24:MI:SS'), NULL, NULL);
INSERT INTO "JEECGBOOTOS"."SYS_DICT_ITEM" VALUES ('1600042975539531778', '1600042215909134338', '建筑业', '6', NULL, NULL, '1', '1', 'admin', TO_DATE('2022-12-06 16:22:27', 'SYYYY-MM-DD HH24:MI:SS'), 'admin', TO_DATE('2022-12-06 16:22:32', 'SYYYY-MM-DD HH24:MI:SS'));
INSERT INTO "JEECGBOOTOS"."SYS_DICT_ITEM" VALUES ('1600043052177854466', '1600042215909134338', '科学研究和技术服务业', '7', NULL, NULL, '1', '1', 'admin', TO_DATE('2022-12-06 16:22:46', 'SYYYY-MM-DD HH24:MI:SS'), NULL, NULL);
INSERT INTO "JEECGBOOTOS"."SYS_DICT_ITEM" VALUES ('1600043101976825857', '1600042215909134338', '批发和零售业', '8', NULL, NULL, '1', '1', 'admin', TO_DATE('2022-12-06 16:22:58', 'SYYYY-MM-DD HH24:MI:SS'), NULL, NULL);
INSERT INTO "JEECGBOOTOS"."SYS_DICT_ITEM" VALUES ('1600043157069008898', '1600042215909134338', '住宿和餐饮业', '9', NULL, NULL, '1', '1', 'admin', TO_DATE('2022-12-06 16:23:11', 'SYYYY-MM-DD HH24:MI:SS'), NULL, NULL);
INSERT INTO "JEECGBOOTOS"."SYS_DICT_ITEM" VALUES ('1600043203105689601', '1600042215909134338', '电子商务', '10', NULL, NULL, '1', '1', 'admin', TO_DATE('2022-12-06 16:23:22', 'SYYYY-MM-DD HH24:MI:SS'), NULL, NULL);
INSERT INTO "JEECGBOOTOS"."SYS_DICT_ITEM" VALUES ('1600043277504253953', '1600042215909134338', '线下零售与服务业', '11', NULL, NULL, '1', '1', 'admin', TO_DATE('2022-12-06 16:23:39', 'SYYYY-MM-DD HH24:MI:SS'), NULL, NULL);
INSERT INTO "JEECGBOOTOS"."SYS_DICT_ITEM" VALUES ('1600043334618091521', '1600042215909134338', '文化、体育和娱乐业', '12', NULL, NULL, '1', '1', 'admin', TO_DATE('2022-12-06 16:23:53', 'SYYYY-MM-DD HH24:MI:SS'), NULL, NULL);
INSERT INTO "JEECGBOOTOS"."SYS_DICT_ITEM" VALUES ('1600043401030701058', '1600042215909134338', '房地产业', '13', NULL, NULL, '1', '1', 'admin', TO_DATE('2022-12-06 16:24:09', 'SYYYY-MM-DD HH24:MI:SS'), NULL, NULL);
INSERT INTO "JEECGBOOTOS"."SYS_DICT_ITEM" VALUES ('1600043476440092673', '1600042215909134338', '交通运输、仓储和邮政业', '14', NULL, NULL, '1', '1', 'admin', TO_DATE('2022-12-06 16:24:27', 'SYYYY-MM-DD HH24:MI:SS'), NULL, NULL);
INSERT INTO "JEECGBOOTOS"."SYS_DICT_ITEM" VALUES ('1600043553837584386', '1600042215909134338', '卫生和社会工作', '15', NULL, NULL, '1', '1', 'admin', TO_DATE('2022-12-06 16:24:45', 'SYYYY-MM-DD HH24:MI:SS'), NULL, NULL);
INSERT INTO "JEECGBOOTOS"."SYS_DICT_ITEM" VALUES ('1600043628793991170', '1600042215909134338', '公共管理、社会保障和社会组织', '16', NULL, NULL, '1', '1', 'admin', TO_DATE('2022-12-06 16:25:03', 'SYYYY-MM-DD HH24:MI:SS'), NULL, NULL);
INSERT INTO "JEECGBOOTOS"."SYS_DICT_ITEM" VALUES ('1600043675329794050', '1600042215909134338', '电力、热力、燃气及水生产和供应业', '18', NULL, NULL, '1', '1', 'admin', TO_DATE('2022-12-06 16:25:14', 'SYYYY-MM-DD HH24:MI:SS'), NULL, NULL);
INSERT INTO "JEECGBOOTOS"."SYS_DICT_ITEM" VALUES ('1600043734607892482', '1600042215909134338', '水利、环境和公共设施管理业', '19', NULL, NULL, '1', '1', 'admin', TO_DATE('2022-12-06 16:25:28', 'SYYYY-MM-DD HH24:MI:SS'), NULL, NULL);
INSERT INTO "JEECGBOOTOS"."SYS_DICT_ITEM" VALUES ('1600043783068880897', '1600042215909134338', '居民服务、修理和其他服务业', '20', NULL, NULL, '1', '1', 'admin', TO_DATE('2022-12-06 16:25:40', 'SYYYY-MM-DD HH24:MI:SS'), NULL, NULL);
INSERT INTO "JEECGBOOTOS"."SYS_DICT_ITEM" VALUES ('1600043822679887874', '1600042215909134338', '政府机构', '21', NULL, NULL, '1', '1', 'admin', TO_DATE('2022-12-06 16:25:49', 'SYYYY-MM-DD HH24:MI:SS'), NULL, NULL);
INSERT INTO "JEECGBOOTOS"."SYS_DICT_ITEM" VALUES ('1600043859539431426', '1600042215909134338', '农、林、牧、渔业', '22', NULL, NULL, '1', '1', 'admin', TO_DATE('2022-12-06 16:25:58', 'SYYYY-MM-DD HH24:MI:SS'), NULL, NULL);
INSERT INTO "JEECGBOOTOS"."SYS_DICT_ITEM" VALUES ('1600043907551629313', '1600042215909134338', '采矿业', '23', NULL, NULL, '1', '1', 'admin', TO_DATE('2022-12-06 16:26:10', 'SYYYY-MM-DD HH24:MI:SS'), NULL, NULL);
INSERT INTO "JEECGBOOTOS"."SYS_DICT_ITEM" VALUES ('1600043955731599362', '1600042215909134338', '国际组织', '24', NULL, NULL, '1', '1', 'admin', TO_DATE('2022-12-06 16:26:21', 'SYYYY-MM-DD HH24:MI:SS'), NULL, NULL);
INSERT INTO "JEECGBOOTOS"."SYS_DICT_ITEM" VALUES ('1600043991685173249', '1600042215909134338', '其他', '25', NULL, NULL, '1', '1', 'admin', TO_DATE('2022-12-06 16:26:30', 'SYYYY-MM-DD HH24:MI:SS'), NULL, NULL);
INSERT INTO "JEECGBOOTOS"."SYS_DICT_ITEM" VALUES ('1600044644096577538', '1600044537800331266', '20人以下', '1', NULL, NULL, '1', '1', 'admin', TO_DATE('2022-12-06 16:29:05', 'SYYYY-MM-DD HH24:MI:SS'), NULL, NULL);
INSERT INTO "JEECGBOOTOS"."SYS_DICT_ITEM" VALUES ('1600044698618335233', '1600044537800331266', '21-99人', '2', NULL, NULL, '1', '1', 'admin', TO_DATE('2022-12-06 16:29:18', 'SYYYY-MM-DD HH24:MI:SS'), NULL, NULL);
INSERT INTO "JEECGBOOTOS"."SYS_DICT_ITEM" VALUES ('1600044744172670978', '1600044537800331266', '100-499人', '3', NULL, NULL, '1', '1', 'admin', TO_DATE('2022-12-06 16:29:29', 'SYYYY-MM-DD HH24:MI:SS'), NULL, NULL);
INSERT INTO "JEECGBOOTOS"."SYS_DICT_ITEM" VALUES ('1600044792306503681', '1600044537800331266', '500-999人', '4', NULL, NULL, '1', '1', 'admin', TO_DATE('2022-12-06 16:29:41', 'SYYYY-MM-DD HH24:MI:SS'), NULL, NULL);
INSERT INTO "JEECGBOOTOS"."SYS_DICT_ITEM" VALUES ('1600044861302804481', '1600044537800331266', '1000-9999人', '5', NULL, NULL, '1', '1', 'admin', TO_DATE('2022-12-06 16:29:57', 'SYYYY-MM-DD HH24:MI:SS'), NULL, NULL);
INSERT INTO "JEECGBOOTOS"."SYS_DICT_ITEM" VALUES ('1600044924313833473', '1600044537800331266', '10000人以上', '6', NULL, NULL, '1', '1', 'admin', TO_DATE('2022-12-06 16:30:12', 'SYYYY-MM-DD HH24:MI:SS'), NULL, NULL);
INSERT INTO "JEECGBOOTOS"."SYS_DICT_ITEM" VALUES ('1606645562573361153', '1606645341269299201', '总裁/总经理/CEO', '1', NULL, NULL, '1', '1', 'admin', TO_DATE('2022-12-24 21:38:47', 'SYYYY-MM-DD HH24:MI:SS'), NULL, NULL);
INSERT INTO "JEECGBOOTOS"."SYS_DICT_ITEM" VALUES ('1606645619930468354', '1606645341269299201', '副总裁/副总经理/VP', '2', NULL, NULL, '2', '1', 'admin', TO_DATE('2022-12-24 21:39:00', 'SYYYY-MM-DD HH24:MI:SS'), 'admin', TO_DATE('2022-12-24 21:40:00', 'SYYYY-MM-DD HH24:MI:SS'));
INSERT INTO "JEECGBOOTOS"."SYS_DICT_ITEM" VALUES ('1606645660241924097', '1606645341269299201', '总监/主管/经理', '3', NULL, NULL, '3', '1', 'admin', TO_DATE('2022-12-24 21:39:10', 'SYYYY-MM-DD HH24:MI:SS'), 'admin', TO_DATE('2022-12-24 21:39:41', 'SYYYY-MM-DD HH24:MI:SS'));
INSERT INTO "JEECGBOOTOS"."SYS_DICT_ITEM" VALUES ('1606645696715591682', '1606645341269299201', '员工/专员/执行', '4', NULL, NULL, '4', '1', 'admin', TO_DATE('2022-12-24 21:39:19', 'SYYYY-MM-DD HH24:MI:SS'), 'admin', TO_DATE('2022-12-24 21:39:37', 'SYYYY-MM-DD HH24:MI:SS'));
INSERT INTO "JEECGBOOTOS"."SYS_DICT_ITEM" VALUES ('1606645744023146497', '1606645341269299201', '其他', '5', NULL, NULL, '5', '1', 'admin', TO_DATE('2022-12-24 21:39:30', 'SYYYY-MM-DD HH24:MI:SS'), NULL, NULL);
INSERT INTO "JEECGBOOTOS"."SYS_DICT_ITEM" VALUES ('1606647668965412866', '1606646440684457986', '总经办', '1', NULL, NULL, '1', '1', 'admin', TO_DATE('2022-12-24 21:47:09', 'SYYYY-MM-DD HH24:MI:SS'), 'admin', TO_DATE('2023-10-18 13:54:03', 'SYYYY-MM-DD HH24:MI:SS'));
INSERT INTO "JEECGBOOTOS"."SYS_DICT_ITEM" VALUES ('1606647703098658817', '1606646440684457986', '技术/IT/研发', '2', NULL, NULL, '2', '1', 'admin', TO_DATE('2022-12-24 21:47:17', 'SYYYY-MM-DD HH24:MI:SS'), NULL, NULL);
INSERT INTO "JEECGBOOTOS"."SYS_DICT_ITEM" VALUES ('1606647737919770625', '1606646440684457986', '产品/设计', '3', NULL, NULL, '3', '1', 'admin', TO_DATE('2022-12-24 21:47:25', 'SYYYY-MM-DD HH24:MI:SS'), NULL, NULL);
INSERT INTO "JEECGBOOTOS"."SYS_DICT_ITEM" VALUES ('1606647789614567425', '1606646440684457986', '销售/市场/运营', '4', NULL, NULL, '4', '1', 'admin', TO_DATE('2022-12-24 21:47:38', 'SYYYY-MM-DD HH24:MI:SS'), NULL, NULL);
INSERT INTO "JEECGBOOTOS"."SYS_DICT_ITEM" VALUES ('1606647827921145857', '1606646440684457986', '人事/财务/行政', '5', NULL, NULL, '5', '1', 'admin', TO_DATE('2022-12-24 21:47:47', 'SYYYY-MM-DD HH24:MI:SS'), NULL, NULL);
INSERT INTO "JEECGBOOTOS"."SYS_DICT_ITEM" VALUES ('1606647860955484162', '1606646440684457986', '资源/仓储/采购', '6', NULL, NULL, '6', '1', 'admin', TO_DATE('2022-12-24 21:47:55', 'SYYYY-MM-DD HH24:MI:SS'), NULL, NULL);
INSERT INTO "JEECGBOOTOS"."SYS_DICT_ITEM" VALUES ('1606647915473047553', '1606646440684457986', '其他', '7', NULL, NULL, '7', '1', 'admin', TO_DATE('2022-12-24 21:48:08', 'SYYYY-MM-DD HH24:MI:SS'), NULL, NULL);
INSERT INTO "JEECGBOOTOS"."SYS_DICT_ITEM" VALUES ('1782325511230337025', '83bfb33147013cc81640d5fd9eda030c', '租户操作日志', '3', NULL, NULL, '1', '1', 'admin', TO_DATE('2024-04-22 16:28:11', 'SYYYY-MM-DD HH24:MI:SS'), NULL, NULL);
INSERT INTO "JEECGBOOTOS"."SYS_DICT_ITEM" VALUES ('1783383857978970114', '83bfb33147013cc81640d5fd9eda030c', '异常日志', '4', NULL, NULL, '3', '1', 'jeecg', TO_DATE('2024-04-25 14:33:40', 'SYYYY-MM-DD HH24:MI:SS'), NULL, NULL);
INSERT INTO "JEECGBOOTOS"."SYS_DICT_ITEM" VALUES ('1784843259509161986', '1784843187992084482', '电脑终端', 'pc', NULL, NULL, '1', '1', 'jeecg', TO_DATE('2024-04-29 15:12:49', 'SYYYY-MM-DD HH24:MI:SS'), NULL, NULL);
INSERT INTO "JEECGBOOTOS"."SYS_DICT_ITEM" VALUES ('1784843314429378562', '1784843187992084482', '手机APP端', 'app', NULL, NULL, '1', '1', 'jeecg', TO_DATE('2024-04-29 15:13:02', 'SYYYY-MM-DD HH24:MI:SS'), NULL, NULL);
INSERT INTO "JEECGBOOTOS"."SYS_DICT_ITEM" VALUES ('1784843380502249474', '1784843187992084482', '移动网页端', 'h5', NULL, NULL, '1', '1', 'jeecg', TO_DATE('2024-04-29 15:13:17', 'SYYYY-MM-DD HH24:MI:SS'), NULL, NULL);
INSERT INTO "JEECGBOOTOS"."SYS_DICT_ITEM" VALUES ('1890229967585910786', '1890229208685322242', 'OpenAI', 'OPENAI', NULL, NULL, '1', '1', 'jeecg', TO_DATE('2025-02-14 10:41:58', 'SYYYY-MM-DD HH24:MI:SS'), 'jeecg', TO_DATE('2025-02-14 10:42:48', 'SYYYY-MM-DD HH24:MI:SS'));
INSERT INTO "JEECGBOOTOS"."SYS_DICT_ITEM" VALUES ('1890230018852888577', '1890229208685322242', '智谱AI', 'ZHIPU', NULL, NULL, '1', '1', 'jeecg', TO_DATE('2025-02-14 10:42:10', 'SYYYY-MM-DD HH24:MI:SS'), 'jeecg', TO_DATE('2025-02-14 10:42:42', 'SYYYY-MM-DD HH24:MI:SS'));
INSERT INTO "JEECGBOOTOS"."SYS_DICT_ITEM" VALUES ('1890230107835047937', '1890229208685322242', '千帆大模型', 'QIANFAN', NULL, NULL, '1', '1', 'jeecg', TO_DATE('2025-02-14 10:42:31', 'SYYYY-MM-DD HH24:MI:SS'), NULL, NULL);
INSERT INTO "JEECGBOOTOS"."SYS_DICT_ITEM" VALUES ('1890230305948803073', '1890229208685322242', '通义千问', 'QWEN', NULL, NULL, '1', '1', 'jeecg', TO_DATE('2025-02-14 10:43:18', 'SYYYY-MM-DD HH24:MI:SS'), NULL, NULL);
INSERT INTO "JEECGBOOTOS"."SYS_DICT_ITEM" VALUES ('1890230384159989762', '1890229208685322242', 'DeepSeek', 'DEEPSEEK', NULL, NULL, '1', '1', 'jeecg', TO_DATE('2025-02-14 10:43:37', 'SYYYY-MM-DD HH24:MI:SS'), NULL, NULL);
INSERT INTO "JEECGBOOTOS"."SYS_DICT_ITEM" VALUES ('1890230437670920194', '1890229208685322242', 'Ollama', 'OLLAMA', NULL, NULL, '1', '1', 'jeecg', TO_DATE('2025-02-14 10:43:50', 'SYYYY-MM-DD HH24:MI:SS'), NULL, NULL);
INSERT INTO "JEECGBOOTOS"."SYS_DICT_ITEM" VALUES ('1891456733029613569', '1891456510739890177', '语言模型', 'LLM', NULL, NULL, '1', '1', 'jeecg', TO_DATE('2025-02-17 19:56:41', 'SYYYY-MM-DD HH24:MI:SS'), 'jeecg', TO_DATE('2025-02-17 20:02:15', 'SYYYY-MM-DD HH24:MI:SS'));
INSERT INTO "JEECGBOOTOS"."SYS_DICT_ITEM" VALUES ('1891458099609354241', '1891456510739890177', '向量模型', 'EMBED', NULL, NULL, '1', '1', 'jeecg', TO_DATE('2025-02-17 20:02:07', 'SYYYY-MM-DD HH24:MI:SS'), 'jeecg', TO_DATE('2025-02-17 20:39:01', 'SYYYY-MM-DD HH24:MI:SS'));
INSERT INTO "JEECGBOOTOS"."SYS_DICT_ITEM" VALUES ('1891672501432479746', '1891672414555860993', '文本', 'text', NULL, NULL, '1', '1', 'jeecg', TO_DATE('2025-02-18 10:14:05', 'SYYYY-MM-DD HH24:MI:SS'), NULL, NULL);
INSERT INTO "JEECGBOOTOS"."SYS_DICT_ITEM" VALUES ('1891672540963794946', '1891672414555860993', '文件', 'file', NULL, NULL, '1', '1', 'jeecg', TO_DATE('2025-02-18 10:14:14', 'SYYYY-MM-DD HH24:MI:SS'), NULL, NULL);
INSERT INTO "JEECGBOOTOS"."SYS_DICT_ITEM" VALUES ('1891672567924781058', '1891672414555860993', '网页', 'web', NULL, NULL, '1', '1', 'jeecg', TO_DATE('2025-02-18 10:14:20', 'SYYYY-MM-DD HH24:MI:SS'), NULL, NULL);
INSERT INTO "JEECGBOOTOS"."SYS_DICT_ITEM" VALUES ('1894701277019959298', '1894701158027554818', '简单配置', 'chatSimple', NULL, NULL, '1', '1', 'jeecg', TO_DATE('2025-02-26 18:49:21', 'SYYYY-MM-DD HH24:MI:SS'), NULL, NULL);
INSERT INTO "JEECGBOOTOS"."SYS_DICT_ITEM" VALUES ('1894701332930031618', '1894701158027554818', '高级编排', 'chatFLow', NULL, NULL, '2', '1', 'jeecg', TO_DATE('2025-02-26 18:49:34', 'SYYYY-MM-DD HH24:MI:SS'), NULL, NULL);
INSERT INTO "JEECGBOOTOS"."SYS_DICT_ITEM" VALUES ('1934846897383485441', '1934846825077878786', '发布性通知', '1', NULL, NULL, '1', '1', 'admin', TO_DATE('2025-06-17 13:33:43', 'SYYYY-MM-DD HH24:MI:SS'), NULL, NULL);
INSERT INTO "JEECGBOOTOS"."SYS_DICT_ITEM" VALUES ('1934846933030875138', '1934846825077878786', '转发性通知', '2', NULL, NULL, '1', '1', 'admin', TO_DATE('2025-06-17 13:33:51', 'SYYYY-MM-DD HH24:MI:SS'), NULL, NULL);
INSERT INTO "JEECGBOOTOS"."SYS_DICT_ITEM" VALUES ('1934846963749957633', '1934846825077878786', '指示性通知', '3', NULL, NULL, '1', '1', 'admin', TO_DATE('2025-06-17 13:33:59', 'SYYYY-MM-DD HH24:MI:SS'), NULL, NULL);
INSERT INTO "JEECGBOOTOS"."SYS_DICT_ITEM" VALUES ('1934846993449824257', '1934846825077878786', '任免性通知', '4', NULL, NULL, '1', '1', 'admin', TO_DATE('2025-06-17 13:34:06', 'SYYYY-MM-DD HH24:MI:SS'), NULL, NULL);
INSERT INTO "JEECGBOOTOS"."SYS_DICT_ITEM" VALUES ('1934847047262744577', '1934846825077878786', '事务性（周知）通知', '5', NULL, NULL, '1', '1', 'admin', TO_DATE('2025-06-17 13:34:18', 'SYYYY-MM-DD HH24:MI:SS'), NULL, NULL);
INSERT INTO "JEECGBOOTOS"."SYS_DICT_ITEM" VALUES ('1934847082905939969', '1934846825077878786', '会议通知', '6', NULL, NULL, '1', '1', 'admin', TO_DATE('2025-06-17 13:34:27', 'SYYYY-MM-DD HH24:MI:SS'), NULL, NULL);
INSERT INTO "JEECGBOOTOS"."SYS_DICT_ITEM" VALUES ('1934847117039185921', '1934846825077878786', '其他通知', '7', NULL, NULL, '1', '1', 'admin', TO_DATE('2025-06-17 13:34:35', 'SYYYY-MM-DD HH24:MI:SS'), NULL, NULL);
INSERT INTO "JEECGBOOTOS"."SYS_DICT_ITEM" VALUES ('1937394006326460418', '1937393911539384322', '通知公告', 'notice', NULL, NULL, '1', '1', 'admin', TO_DATE('2025-06-24 14:15:01', 'SYYYY-MM-DD HH24:MI:SS'), NULL, NULL);
INSERT INTO "JEECGBOOTOS"."SYS_DICT_ITEM" VALUES ('1937394038412886018', '1937393911539384322', '其他', 'other', NULL, NULL, '1', '1', 'admin', TO_DATE('2025-06-24 14:15:08', 'SYYYY-MM-DD HH24:MI:SS'), NULL, NULL);
INSERT INTO "JEECGBOOTOS"."SYS_DICT_ITEM" VALUES ('1939572554533429250', '1939572486447292418', '角色', 'ROLE', NULL, NULL, '1', '1', 'admin', TO_DATE('2025-06-30 14:31:47', 'SYYYY-MM-DD HH24:MI:SS'), 'admin', TO_DATE('2025-06-30 15:04:18', 'SYYYY-MM-DD HH24:MI:SS'));
INSERT INTO "JEECGBOOTOS"."SYS_DICT_ITEM" VALUES ('1939572602289774594', '1939572486447292418', '用户', 'USER', NULL, NULL, '2', '1', 'admin', TO_DATE('2025-06-30 14:31:59', 'SYYYY-MM-DD HH24:MI:SS'), 'admin', TO_DATE('2025-06-30 15:04:21', 'SYYYY-MM-DD HH24:MI:SS'));
INSERT INTO "JEECGBOOTOS"."SYS_DICT_ITEM" VALUES ('1ce390c52453891f93514c1bd2795d44', 'ad7c65ba97c20a6805d5dcdf13cdaf36', '000', '00', NULL, NULL, '1', '1', 'admin', TO_DATE('2019-03-22 16:34:34', 'SYYYY-MM-DD HH24:MI:SS'), NULL, NULL);
INSERT INTO "JEECGBOOTOS"."SYS_DICT_ITEM" VALUES ('1db531bcff19649fa82a644c8a939dc4', '4c03fca6bf1f0299c381213961566349', '组合布局', 'combination', NULL, NULL, '4', '1', 'admin', TO_DATE('2019-05-11 16:07:08', 'SYYYY-MM-DD HH24:MI:SS'), NULL, NULL);
INSERT INTO "JEECGBOOTOS"."SYS_DICT_ITEM" VALUES ('222705e11ef0264d4214affff1fb4ff9', '4f69be5f507accea8d5df5f11346181a', '文本', '1', NULL, NULL, '1', '1', 'admin', TO_DATE('2023-02-28 10:50:36', 'SYYYY-MM-DD HH24:MI:SS'), 'admin', TO_DATE('2022-07-04 16:29:21', 'SYYYY-MM-DD HH24:MI:SS'));
INSERT INTO "JEECGBOOTOS"."SYS_DICT_ITEM" VALUES ('23a5bb76004ed0e39414e928c4cde155', '4e4602b3e3686f0911384e188dc7efb4', '不等于', '!=', NULL, '不等于', '3', '1', 'admin', TO_DATE('2019-04-01 16:46:15', 'SYYYY-MM-DD HH24:MI:SS'), 'admin', TO_DATE('2019-04-01 17:48:40', 'SYYYY-MM-DD HH24:MI:SS'));
INSERT INTO "JEECGBOOTOS"."SYS_DICT_ITEM" VALUES ('25847e9cb661a7c711f9998452dc09e6', '4e4602b3e3686f0911384e188dc7efb4', '小于等于', '<=', NULL, '小于等于', '6', '1', 'admin', TO_DATE('2019-04-01 16:44:34', 'SYYYY-MM-DD HH24:MI:SS'), 'admin', TO_DATE('2019-04-01 17:49:10', 'SYYYY-MM-DD HH24:MI:SS'));
INSERT INTO "JEECGBOOTOS"."SYS_DICT_ITEM" VALUES ('2d51376643f220afdeb6d216a8ac2c01', '68168534ff5065a152bfab275c2136f8', '有效', '1', NULL, '有效', '2', '1', 'admin', TO_DATE('2019-04-26 19:22:01', 'SYYYY-MM-DD HH24:MI:SS'), NULL, NULL);
INSERT INTO "JEECGBOOTOS"."SYS_DICT_ITEM" VALUES ('308c8aadf0c37ecdde188b97ca9833f5', '8dfe32e2d29ea9430a988b3b558bf233', '已发布', '1', NULL, '已发布', '2', '1', 'admin', TO_DATE('2019-04-16 17:41:24', 'SYYYY-MM-DD HH24:MI:SS'), NULL, NULL);
INSERT INTO "JEECGBOOTOS"."SYS_DICT_ITEM" VALUES ('333e6b2196e01ef9a5f76d74e86a6e33', '8dfe32e2d29ea9430a988b3b558bf233', '未发布', '0', NULL, '未发布', '1', '1', 'admin', TO_DATE('2019-04-16 17:41:12', 'SYYYY-MM-DD HH24:MI:SS'), NULL, NULL);
INSERT INTO "JEECGBOOTOS"."SYS_DICT_ITEM" VALUES ('337ea1e401bda7233f6258c284ce4f50', 'bd1b8bc28e65d6feefefb6f3c79f42fd', 'JSON', 'json', NULL, NULL, '1', '1', 'admin', TO_DATE('2019-04-12 17:26:33', 'SYYYY-MM-DD HH24:MI:SS'), NULL, NULL);
INSERT INTO "JEECGBOOTOS"."SYS_DICT_ITEM" VALUES ('33bc9d9f753cf7dc40e70461e50fdc54', 'a9d9942bd0eccb6e89de92d130ec4c4a', '发送失败', '2', NULL, NULL, '3', '1', 'admin', TO_DATE('2019-04-12 18:20:02', 'SYYYY-MM-DD HH24:MI:SS'), NULL, NULL);
INSERT INTO "JEECGBOOTOS"."SYS_DICT_ITEM" VALUES ('3fbc03d6c994ae06d083751248037c0e', '78bda155fe380b1b3f175f1e88c284c6', '已完成', '3', NULL, '已完成', '3', '1', 'admin', TO_DATE('2019-05-09 16:33:25', 'SYYYY-MM-DD HH24:MI:SS'), NULL, NULL);
INSERT INTO "JEECGBOOTOS"."SYS_DICT_ITEM" VALUES ('41d7aaa40c9b61756ffb1f28da5ead8e', '0b5d19e1fce4b2e6647e6b4a17760c14', '通知公告', '1', NULL, NULL, '1', '1', 'admin', TO_DATE('2019-04-22 18:01:57', 'SYYYY-MM-DD HH24:MI:SS'), NULL, NULL);
INSERT INTO "JEECGBOOTOS"."SYS_DICT_ITEM" VALUES ('41fa1e9571505d643aea87aeb83d4d76', '4e4602b3e3686f0911384e188dc7efb4', '等于', '=', NULL, '等于', '4', '1', 'admin', TO_DATE('2019-04-01 16:45:24', 'SYYYY-MM-DD HH24:MI:SS'), 'admin', TO_DATE('2019-04-01 17:49:00', 'SYYYY-MM-DD HH24:MI:SS'));
INSERT INTO "JEECGBOOTOS"."SYS_DICT_ITEM" VALUES ('43d2295b8610adce9510ff196a49c6e9', '845da5006c97754728bf48b6a10f79cc', '正常', '1', NULL, NULL, NULL, '1', 'admin', TO_DATE('2019-03-18 21:45:51', 'SYYYY-MM-DD HH24:MI:SS'), NULL, NULL);
INSERT INTO "JEECGBOOTOS"."SYS_DICT_ITEM" VALUES ('4f05fb5376f4c61502c5105f52e4dd2b', '83bfb33147013cc81640d5fd9eda030c', '操作日志', '2', NULL, NULL, NULL, '1', 'admin', TO_DATE('2019-03-18 23:22:49', 'SYYYY-MM-DD HH24:MI:SS'), NULL, NULL);
INSERT INTO "JEECGBOOTOS"."SYS_DICT_ITEM" VALUES ('50223341bfb5ba30bf6319789d8d17fe', 'd6e1152968b02d69ff358c75b48a6ee1', '业务办理', 'business', NULL, NULL, '3', '1', 'admin', TO_DATE('2023-04-22 19:28:05', 'SYYYY-MM-DD HH24:MI:SS'), 'admin', TO_DATE('2019-03-22 23:24:39', 'SYYYY-MM-DD HH24:MI:SS'));
INSERT INTO "JEECGBOOTOS"."SYS_DICT_ITEM" VALUES ('51222413e5906cdaf160bb5c86fb827c', 'a7adbcd86c37f7dbc9b66945c82ef9e6', '是', '1', NULL, NULL, '1', '1', 'admin', TO_DATE('2019-05-22 19:29:45', 'SYYYY-MM-DD HH24:MI:SS'), NULL, NULL);
INSERT INTO "JEECGBOOTOS"."SYS_DICT_ITEM" VALUES ('538fca35afe004972c5f3947c039e766', '2e02df51611a4b9632828ab7e5338f00', '显示', '1', NULL, '显示', '1', '1', 'admin', TO_DATE('2025-03-26 18:27:13', 'SYYYY-MM-DD HH24:MI:SS'), 'admin', TO_DATE('2019-04-26 18:39:07', 'SYYYY-MM-DD HH24:MI:SS'));
INSERT INTO "JEECGBOOTOS"."SYS_DICT_ITEM" VALUES ('5584c21993bde231bbde2b966f2633ac', '4e4602b3e3686f0911384e188dc7efb4', '自定义SQL表达式', 'USE_SQL_RULES', NULL, '自定义SQL表达式', '9', '1', 'admin', TO_DATE('2019-04-01 10:45:24', 'SYYYY-MM-DD HH24:MI:SS'), 'admin', TO_DATE('2019-04-01 17:49:27', 'SYYYY-MM-DD HH24:MI:SS'));
INSERT INTO "JEECGBOOTOS"."SYS_DICT_ITEM" VALUES ('58b73b344305c99b9d8db0fc056bbc0a', '72cce0989df68887546746d8f09811aa', '主表', '2', NULL, NULL, '2', '1', 'admin', TO_DATE('2019-03-27 10:13:36', 'SYYYY-MM-DD HH24:MI:SS'), NULL, NULL);

-- ----------------------------
-- Table structure for SYS_FILES
-- ----------------------------
DROP TABLE "JEECGBOOTOS"."SYS_FILES";
CREATE TABLE "JEECGBOOTOS"."SYS_FILES" (
  "ID" NVARCHAR2(32) NOT NULL,
  "FILE_NAME" NVARCHAR2(255),
  "URL" NVARCHAR2(1000),
  "FILE_TYPE" NVARCHAR2(20),
  "STORE_TYPE" NVARCHAR2(20),
  "PARENT_ID" NVARCHAR2(32),
  "TENANT_ID" NVARCHAR2(100),
  "FILE_SIZE" NUMBER(13,2),
  "IZ_FOLDER" NVARCHAR2(2),
  "IZ_ROOT_FOLDER" NVARCHAR2(2),
  "IZ_STAR" NVARCHAR2(2),
  "DOWN_COUNT" NUMBER(11,0),
  "READ_COUNT" NUMBER(11,0),
  "SHARE_URL" NVARCHAR2(255),
  "SHARE_PERMS" NVARCHAR2(2),
  "ENABLE_DOWN" NVARCHAR2(2),
  "ENABLE_UPDAT" NVARCHAR2(2),
  "DEL_FLAG" NVARCHAR2(2),
  "CREATE_BY" NVARCHAR2(32),
  "CREATE_TIME" DATE,
  "UPDATE_BY" NVARCHAR2(32),
  "UPDATE_TIME" DATE
)
LOGGING
NOCOMPRESS
PCTFREE 10
INITRANS 1
STORAGE (
  INITIAL 65536 
  NEXT 1048576 
  MINEXTENTS 1
  MAXEXTENTS 2147483645
  BUFFER_POOL DEFAULT
)
PARALLEL 1
NOCACHE
DISABLE ROW MOVEMENT
;
COMMENT ON COLUMN "JEECGBOOTOS"."SYS_FILES"."ID" IS '主键id';
COMMENT ON COLUMN "JEECGBOOTOS"."SYS_FILES"."FILE_NAME" IS '文件名称';
COMMENT ON COLUMN "JEECGBOOTOS"."SYS_FILES"."URL" IS '文件地址';
COMMENT ON COLUMN "JEECGBOOTOS"."SYS_FILES"."FILE_TYPE" IS '文档类型（folder:文件夹 excel:excel doc:word ppt:ppt image:图片  archive:其他文档 video:视频 pdf:pdf）';
COMMENT ON COLUMN "JEECGBOOTOS"."SYS_FILES"."STORE_TYPE" IS '文件上传类型(temp/本地上传(临时文件) manage/知识库)';
COMMENT ON COLUMN "JEECGBOOTOS"."SYS_FILES"."PARENT_ID" IS '父级id';
COMMENT ON COLUMN "JEECGBOOTOS"."SYS_FILES"."TENANT_ID" IS '租户id';
COMMENT ON COLUMN "JEECGBOOTOS"."SYS_FILES"."FILE_SIZE" IS '文件大小（kb）';
COMMENT ON COLUMN "JEECGBOOTOS"."SYS_FILES"."IZ_FOLDER" IS '是否文件夹(1：是  0：否)';
COMMENT ON COLUMN "JEECGBOOTOS"."SYS_FILES"."IZ_ROOT_FOLDER" IS '是否为1级文件夹，允许为空 (1：是 )';
COMMENT ON COLUMN "JEECGBOOTOS"."SYS_FILES"."IZ_STAR" IS '是否标星(1：是  0：否)';
COMMENT ON COLUMN "JEECGBOOTOS"."SYS_FILES"."DOWN_COUNT" IS '下载次数';
COMMENT ON COLUMN "JEECGBOOTOS"."SYS_FILES"."READ_COUNT" IS '阅读次数';
COMMENT ON COLUMN "JEECGBOOTOS"."SYS_FILES"."SHARE_URL" IS '分享链接';
COMMENT ON COLUMN "JEECGBOOTOS"."SYS_FILES"."SHARE_PERMS" IS '分享权限(1.关闭分享 2.允许所有联系人查看 3.允许任何人查看)';
COMMENT ON COLUMN "JEECGBOOTOS"."SYS_FILES"."ENABLE_DOWN" IS '是否允许下载(1：是  0：否)';
COMMENT ON COLUMN "JEECGBOOTOS"."SYS_FILES"."ENABLE_UPDAT" IS '是否允许修改(1：是  0：否)';
COMMENT ON COLUMN "JEECGBOOTOS"."SYS_FILES"."DEL_FLAG" IS '删除状态(0-正常,1-删除至回收站)';
COMMENT ON COLUMN "JEECGBOOTOS"."SYS_FILES"."CREATE_BY" IS '创建人登录名称';
COMMENT ON COLUMN "JEECGBOOTOS"."SYS_FILES"."CREATE_TIME" IS '创建日期';
COMMENT ON COLUMN "JEECGBOOTOS"."SYS_FILES"."UPDATE_BY" IS '更新人登录名称';
COMMENT ON COLUMN "JEECGBOOTOS"."SYS_FILES"."UPDATE_TIME" IS '更新日期';
COMMENT ON TABLE "JEECGBOOTOS"."SYS_FILES" IS '知识库-文档管理';

-- ----------------------------
-- Records of SYS_FILES
-- ----------------------------
INSERT INTO "JEECGBOOTOS"."SYS_FILES" VALUES ('1580814573568143361', '11.jpg', 'comment/11_1665730539114.jpg', 'image', 'temp', NULL, NULL, '10956', '0', '0', '0', NULL, NULL, NULL, NULL, NULL, NULL, '0', 'admin', TO_DATE('2022-10-14 14:55:39', 'SYYYY-MM-DD HH24:MI:SS'), NULL, NULL);
INSERT INTO "JEECGBOOTOS"."SYS_FILES" VALUES ('1584493984691740674', 'jeecg-boot漏洞.pdf', 'comment/jeecg-boot漏洞_1666607779077.pdf', 'pdf', 'temp', NULL, NULL, '842789', '0', '0', '0', NULL, NULL, NULL, NULL, NULL, NULL, '0', 'admin', TO_DATE('2022-10-24 18:36:19', 'SYYYY-MM-DD HH24:MI:SS'), NULL, NULL);
INSERT INTO "JEECGBOOTOS"."SYS_FILES" VALUES ('1714455459928985601', '低代码平台.png', 'comment/低代码平台_1697593009343.png', 'image', 'temp', NULL, '1000', '1249631', '0', '0', '0', NULL, NULL, NULL, NULL, NULL, NULL, '0', 'admin', TO_DATE('2023-10-18 09:36:49', 'SYYYY-MM-DD HH24:MI:SS'), NULL, NULL);

-- ----------------------------
-- Table structure for SYS_FILL_RULE
-- ----------------------------
DROP TABLE "JEECGBOOTOS"."SYS_FILL_RULE";
CREATE TABLE "JEECGBOOTOS"."SYS_FILL_RULE" (
  "ID" NVARCHAR2(32) NOT NULL,
  "RULE_NAME" NVARCHAR2(100),
  "RULE_CODE" NVARCHAR2(100),
  "RULE_CLASS" NVARCHAR2(100),
  "RULE_PARAMS" NVARCHAR2(200),
  "UPDATE_BY" NVARCHAR2(32),
  "UPDATE_TIME" DATE,
  "CREATE_BY" NVARCHAR2(32),
  "CREATE_TIME" DATE
)
LOGGING
NOCOMPRESS
PCTFREE 10
INITRANS 1
STORAGE (
  INITIAL 65536 
  NEXT 1048576 
  MINEXTENTS 1
  MAXEXTENTS 2147483645
  BUFFER_POOL DEFAULT
)
PARALLEL 1
NOCACHE
DISABLE ROW MOVEMENT
;
COMMENT ON COLUMN "JEECGBOOTOS"."SYS_FILL_RULE"."ID" IS '主键ID';
COMMENT ON COLUMN "JEECGBOOTOS"."SYS_FILL_RULE"."RULE_NAME" IS '规则名称';
COMMENT ON COLUMN "JEECGBOOTOS"."SYS_FILL_RULE"."RULE_CODE" IS '规则Code';
COMMENT ON COLUMN "JEECGBOOTOS"."SYS_FILL_RULE"."RULE_CLASS" IS '规则实现类';
COMMENT ON COLUMN "JEECGBOOTOS"."SYS_FILL_RULE"."RULE_PARAMS" IS '规则参数';
COMMENT ON COLUMN "JEECGBOOTOS"."SYS_FILL_RULE"."UPDATE_BY" IS '修改人';
COMMENT ON COLUMN "JEECGBOOTOS"."SYS_FILL_RULE"."UPDATE_TIME" IS '修改时间';
COMMENT ON COLUMN "JEECGBOOTOS"."SYS_FILL_RULE"."CREATE_BY" IS '创建人';
COMMENT ON COLUMN "JEECGBOOTOS"."SYS_FILL_RULE"."CREATE_TIME" IS '创建时间';

-- ----------------------------
-- Records of SYS_FILL_RULE
-- ----------------------------
INSERT INTO "JEECGBOOTOS"."SYS_FILL_RULE" VALUES ('1202551334738382850', '机构编码生成', 'org_num_role', 'org.jeecg.modules.system.rule.OrgCodeRule', '{"parentId":"c6d7cb4deeac411cb3384b1b31278596"}', 'admin', TO_DATE('2019-12-09 10:37:06', 'SYYYY-MM-DD HH24:MI:SS'), 'admin', TO_DATE('2019-12-05 19:32:35', 'SYYYY-MM-DD HH24:MI:SS'));
INSERT INTO "JEECGBOOTOS"."SYS_FILL_RULE" VALUES ('1202787623203065858', '分类字典编码生成', 'category_code_rule', 'org.jeecg.modules.system.rule.CategoryCodeRule', '{"pid":""}', 'admin', TO_DATE('2022-10-13 16:47:52', 'SYYYY-MM-DD HH24:MI:SS'), 'admin', TO_DATE('2019-12-06 11:11:31', 'SYYYY-MM-DD HH24:MI:SS'));
INSERT INTO "JEECGBOOTOS"."SYS_FILL_RULE" VALUES ('1260134137920090113', '订单流水号', 'shop_order_num', 'org.jeecg.modules.online.cgform.rule.OrderNumberRule', '{}', 'admin', TO_DATE('2020-12-07 18:29:50', 'SYYYY-MM-DD HH24:MI:SS'), 'admin', TO_DATE('2020-05-12 17:06:05', 'SYYYY-MM-DD HH24:MI:SS'));

-- ----------------------------
-- Table structure for SYS_FORM_FILE
-- ----------------------------
DROP TABLE "JEECGBOOTOS"."SYS_FORM_FILE";
CREATE TABLE "JEECGBOOTOS"."SYS_FORM_FILE" (
  "ID" NVARCHAR2(32) NOT NULL,
  "TABLE_NAME" NVARCHAR2(50) NOT NULL,
  "TABLE_DATA_ID" NVARCHAR2(32) NOT NULL,
  "FILE_ID" NVARCHAR2(32),
  "FILE_TYPE" NVARCHAR2(20),
  "CREATE_BY" NVARCHAR2(32),
  "CREATE_TIME" DATE
)
LOGGING
NOCOMPRESS
PCTFREE 10
INITRANS 1
STORAGE (
  INITIAL 65536 
  NEXT 1048576 
  MINEXTENTS 1
  MAXEXTENTS 2147483645
  BUFFER_POOL DEFAULT
)
PARALLEL 1
NOCACHE
DISABLE ROW MOVEMENT
;
COMMENT ON COLUMN "JEECGBOOTOS"."SYS_FORM_FILE"."TABLE_NAME" IS '表名';
COMMENT ON COLUMN "JEECGBOOTOS"."SYS_FORM_FILE"."TABLE_DATA_ID" IS '数据id';
COMMENT ON COLUMN "JEECGBOOTOS"."SYS_FORM_FILE"."FILE_ID" IS '关联文件id';
COMMENT ON COLUMN "JEECGBOOTOS"."SYS_FORM_FILE"."FILE_TYPE" IS '文件类型(text:文本, excel:excel doc:word ppt:ppt image:图片  archive:其他文档 video:视频 pdf:pdf）)';
COMMENT ON COLUMN "JEECGBOOTOS"."SYS_FORM_FILE"."CREATE_BY" IS '创建人登录名称';
COMMENT ON COLUMN "JEECGBOOTOS"."SYS_FORM_FILE"."CREATE_TIME" IS '创建日期';

-- ----------------------------
-- Records of SYS_FORM_FILE
-- ----------------------------
INSERT INTO "JEECGBOOTOS"."SYS_FORM_FILE" VALUES ('1580814573635252225', 'sys_comment', '1580814573433925634', '1580814573568143361', 'image', 'admin', TO_DATE('2022-10-14 14:55:39', 'SYYYY-MM-DD HH24:MI:SS'));
INSERT INTO "JEECGBOOTOS"."SYS_FORM_FILE" VALUES ('1584493984716906497', 'sys_comment', '1584493984364584961', '1584493984691740674', 'pdf', 'admin', TO_DATE('2022-10-24 18:36:19', 'SYYYY-MM-DD HH24:MI:SS'));
INSERT INTO "JEECGBOOTOS"."SYS_FORM_FILE" VALUES ('1714455459928985602', 'sys_comment', '1714455459606024193', '1714455459928985601', 'image', 'admin', TO_DATE('2023-10-18 09:36:49', 'SYYYY-MM-DD HH24:MI:SS'));
INSERT INTO "JEECGBOOTOS"."SYS_FORM_FILE" VALUES ('1800557956199825409', 'sys_comment', '1800557955415490562', '1800557956132716545', 'image', 'admin', TO_DATE('2024-06-11 23:57:24', 'SYYYY-MM-DD HH24:MI:SS'));
INSERT INTO "JEECGBOOTOS"."SYS_FORM_FILE" VALUES ('1800558014597120003', 'sys_comment', '1800558013942808578', '1800558014597120002', 'image', 'admin', TO_DATE('2024-06-11 23:57:38', 'SYYYY-MM-DD HH24:MI:SS'));
INSERT INTO "JEECGBOOTOS"."SYS_FORM_FILE" VALUES ('1805421721449791490', 'sys_comment', '1805421721126830082', '1805421721449791489', 'image', 'admin', TO_DATE('2024-06-25 10:04:16', 'SYYYY-MM-DD HH24:MI:SS'));

-- ----------------------------
-- Table structure for SYS_GATEWAY_ROUTE
-- ----------------------------
DROP TABLE "JEECGBOOTOS"."SYS_GATEWAY_ROUTE";
CREATE TABLE "JEECGBOOTOS"."SYS_GATEWAY_ROUTE" (
  "ID" NVARCHAR2(36) NOT NULL,
  "ROUTER_ID" NVARCHAR2(50),
  "NAME" NVARCHAR2(64),
  "URI" NVARCHAR2(32),
  "PREDICATES" NCLOB,
  "FILTERS" NCLOB,
  "RETRYABLE" NUMBER(11,0),
  "STRIP_PREFIX" NUMBER(11,0),
  "PERSISTABLE" NUMBER(11,0),
  "SHOW_API" NUMBER(11,0),
  "STATUS" NUMBER(11,0),
  "CREATE_BY" NVARCHAR2(50),
  "CREATE_TIME" DATE,
  "UPDATE_BY" NVARCHAR2(50),
  "UPDATE_TIME" DATE,
  "SYS_ORG_CODE" NVARCHAR2(64),
  "DEL_FLAG" NUMBER(11,0)
)
LOGGING
NOCOMPRESS
PCTFREE 10
INITRANS 1
STORAGE (
  INITIAL 65536 
  NEXT 1048576 
  MINEXTENTS 1
  MAXEXTENTS 2147483645
  BUFFER_POOL DEFAULT
)
PARALLEL 1
NOCACHE
DISABLE ROW MOVEMENT
;
COMMENT ON COLUMN "JEECGBOOTOS"."SYS_GATEWAY_ROUTE"."ROUTER_ID" IS '路由ID';
COMMENT ON COLUMN "JEECGBOOTOS"."SYS_GATEWAY_ROUTE"."NAME" IS '服务名';
COMMENT ON COLUMN "JEECGBOOTOS"."SYS_GATEWAY_ROUTE"."URI" IS '服务地址';
COMMENT ON COLUMN "JEECGBOOTOS"."SYS_GATEWAY_ROUTE"."PREDICATES" IS '断言';
COMMENT ON COLUMN "JEECGBOOTOS"."SYS_GATEWAY_ROUTE"."FILTERS" IS '过滤器';
COMMENT ON COLUMN "JEECGBOOTOS"."SYS_GATEWAY_ROUTE"."RETRYABLE" IS '是否重试:0-否 1-是';
COMMENT ON COLUMN "JEECGBOOTOS"."SYS_GATEWAY_ROUTE"."STRIP_PREFIX" IS '是否忽略前缀0-否 1-是';
COMMENT ON COLUMN "JEECGBOOTOS"."SYS_GATEWAY_ROUTE"."PERSISTABLE" IS '是否为保留数据:0-否 1-是';
COMMENT ON COLUMN "JEECGBOOTOS"."SYS_GATEWAY_ROUTE"."SHOW_API" IS '是否在接口文档中展示:0-否 1-是';
COMMENT ON COLUMN "JEECGBOOTOS"."SYS_GATEWAY_ROUTE"."STATUS" IS '状态:0-无效 1-有效';
COMMENT ON COLUMN "JEECGBOOTOS"."SYS_GATEWAY_ROUTE"."CREATE_BY" IS '创建人';
COMMENT ON COLUMN "JEECGBOOTOS"."SYS_GATEWAY_ROUTE"."CREATE_TIME" IS '创建日期';
COMMENT ON COLUMN "JEECGBOOTOS"."SYS_GATEWAY_ROUTE"."UPDATE_BY" IS '更新人';
COMMENT ON COLUMN "JEECGBOOTOS"."SYS_GATEWAY_ROUTE"."UPDATE_TIME" IS '更新日期';
COMMENT ON COLUMN "JEECGBOOTOS"."SYS_GATEWAY_ROUTE"."SYS_ORG_CODE" IS '所属部门';
COMMENT ON COLUMN "JEECGBOOTOS"."SYS_GATEWAY_ROUTE"."DEL_FLAG" IS '删除状态';

-- ----------------------------
-- Records of SYS_GATEWAY_ROUTE
-- ----------------------------
INSERT INTO "JEECGBOOTOS"."SYS_GATEWAY_ROUTE" VALUES ('1331051599401857026', 'jeecg-demo-websocket', 'jeecg-demo-websocket', 'lb:ws://jeecg-demo', '[{"args":["/vxeSocket/**"],"name":"Path"}]', '[{"args":[{"value":"#{@ipKeyResolver}","key":"key-resolver"},{"value":20,"key":"redis-rate-limiter.replenishRate"},{"value":20,"key":"redis-rate-limiter.burstCapacity"}],"name":"RequestRateLimiter","title":"限流过滤器"}]', NULL, NULL, NULL, NULL, '1', 'admin', TO_DATE('2020-11-24 09:46:46', 'SYYYY-MM-DD HH24:MI:SS'), NULL, NULL, NULL, '0');
INSERT INTO "JEECGBOOTOS"."SYS_GATEWAY_ROUTE" VALUES ('1805444036892016641', 'jeecg-erp', 'jeecg-erp', 'lb://jeecg-erp', '[{"args":["/erp/**"],"name":"Path"}]', '[]', NULL, NULL, NULL, NULL, '1', 'admin', TO_DATE('2024-06-25 11:32:57', 'SYYYY-MM-DD HH24:MI:SS'), NULL, NULL, NULL, '0');
INSERT INTO "JEECGBOOTOS"."SYS_GATEWAY_ROUTE" VALUES ('jeecg-cloud-websocket', 'jeecg-system-websocket', 'jeecg-system-websocket', 'lb:ws://jeecg-system', '[{"args":["/websocket/**","/eoaSocket/**","/newsWebsocket/**","/dragChannelSocket/**"],"name":"Path"}]', '[]', NULL, NULL, NULL, NULL, '1', 'admin', TO_DATE('2020-11-16 19:41:51', 'SYYYY-MM-DD HH24:MI:SS'), NULL, NULL, NULL, '0');
INSERT INTO "JEECGBOOTOS"."SYS_GATEWAY_ROUTE" VALUES ('jeecg-demo', 'jeecg-demo', 'jeecg-demo', 'lb://jeecg-demo', '[{"args":["/mock/**","/bigscreen/template1/**","/bigscreen/template2/**","/test/**","/hello/**"],"name":"Path"}]', '[]', NULL, NULL, NULL, NULL, '1', 'admin', TO_DATE('2020-11-16 19:41:51', 'SYYYY-MM-DD HH24:MI:SS'), NULL, NULL, NULL, '0');
INSERT INTO "JEECGBOOTOS"."SYS_GATEWAY_ROUTE" VALUES ('jeecg-system', 'jeecg-system', 'jeecg-system', 'lb://jeecg-system', '[{"args":["/sys/**","/online/**","/bigscreen/**","/jmreport/**","/druid/**","/generic/**","/actuator/**","/drag/**","/oauth2/**","/defa/**","/demo/**","/jimubi/**","/airag/**","/openapi/**"],"name":"Path"}]', '[]', NULL, NULL, NULL, NULL, '1', 'admin', TO_DATE('2020-11-16 19:41:51', 'SYYYY-MM-DD HH24:MI:SS'), NULL, NULL, NULL, '0');

-- ----------------------------
-- Table structure for SYS_LOG
-- ----------------------------
DROP TABLE "JEECGBOOTOS"."SYS_LOG";
CREATE TABLE "JEECGBOOTOS"."SYS_LOG" (
  "ID" NVARCHAR2(32) NOT NULL,
  "LOG_TYPE" NUMBER(11,0),
  "LOG_CONTENT" NCLOB,
  "OPERATE_TYPE" NUMBER(11,0),
  "USERID" NVARCHAR2(32),
  "USERNAME" NVARCHAR2(100),
  "IP" NVARCHAR2(100),
  "METHOD" NVARCHAR2(1000),
  "REQUEST_URL" NVARCHAR2(255),
  "REQUEST_PARAM" NCLOB,
  "REQUEST_TYPE" NVARCHAR2(10),
  "COST_TIME" NUMBER(20,0),
  "CREATE_BY" NVARCHAR2(32),
  "CREATE_TIME" DATE,
  "UPDATE_BY" NVARCHAR2(32),
  "UPDATE_TIME" DATE,
  "TENANT_ID" NUMBER(11,0),
  "CLIENT_TYPE" NVARCHAR2(5)
)
LOGGING
NOCOMPRESS
PCTFREE 10
INITRANS 1
STORAGE (
  INITIAL 65536 
  NEXT 1048576 
  MINEXTENTS 1
  MAXEXTENTS 2147483645
  BUFFER_POOL DEFAULT
)
PARALLEL 1
NOCACHE
DISABLE ROW MOVEMENT
;
COMMENT ON COLUMN "JEECGBOOTOS"."SYS_LOG"."LOG_TYPE" IS '日志类型（1登录日志，2操作日志, 3.租户操作日志）';
COMMENT ON COLUMN "JEECGBOOTOS"."SYS_LOG"."LOG_CONTENT" IS '日志内容';
COMMENT ON COLUMN "JEECGBOOTOS"."SYS_LOG"."OPERATE_TYPE" IS '操作类型';
COMMENT ON COLUMN "JEECGBOOTOS"."SYS_LOG"."USERID" IS '操作用户账号';
COMMENT ON COLUMN "JEECGBOOTOS"."SYS_LOG"."USERNAME" IS '操作用户名称';
COMMENT ON COLUMN "JEECGBOOTOS"."SYS_LOG"."IP" IS 'IP';
COMMENT ON COLUMN "JEECGBOOTOS"."SYS_LOG"."METHOD" IS '请求java方法';
COMMENT ON COLUMN "JEECGBOOTOS"."SYS_LOG"."REQUEST_URL" IS '请求路径';
COMMENT ON COLUMN "JEECGBOOTOS"."SYS_LOG"."REQUEST_PARAM" IS '请求参数';
COMMENT ON COLUMN "JEECGBOOTOS"."SYS_LOG"."REQUEST_TYPE" IS '请求类型';
COMMENT ON COLUMN "JEECGBOOTOS"."SYS_LOG"."COST_TIME" IS '耗时';
COMMENT ON COLUMN "JEECGBOOTOS"."SYS_LOG"."CREATE_BY" IS '创建人';
COMMENT ON COLUMN "JEECGBOOTOS"."SYS_LOG"."CREATE_TIME" IS '创建时间';
COMMENT ON COLUMN "JEECGBOOTOS"."SYS_LOG"."UPDATE_BY" IS '更新人';
COMMENT ON COLUMN "JEECGBOOTOS"."SYS_LOG"."UPDATE_TIME" IS '更新时间';
COMMENT ON COLUMN "JEECGBOOTOS"."SYS_LOG"."TENANT_ID" IS '租户ID';
COMMENT ON COLUMN "JEECGBOOTOS"."SYS_LOG"."CLIENT_TYPE" IS '客户端类型 pc:电脑端 app:手机端 h5:移动网页端';
COMMENT ON TABLE "JEECGBOOTOS"."SYS_LOG" IS '系统日志表';

-- ----------------------------
-- Records of SYS_LOG
-- ----------------------------
INSERT INTO "JEECGBOOTOS"."SYS_LOG" VALUES ('1950072854829748225', '2', 'online表单加载,表名:test_note,操作成功', '1', 'admin', '管理员', '0:0:0:0:0:0:0:1', 'org.jeecg.modules.online.cgform.c.a.c()', NULL, NULL, NULL, '7', NULL, TO_DATE('2025-07-29 13:56:14', 'SYYYY-MM-DD HH24:MI:SS'), NULL, NULL, NULL, NULL);
INSERT INTO "JEECGBOOTOS"."SYS_LOG" VALUES ('1950072854972354562', '2', 'online列表加载,表名:test_note,操作成功', '1', 'admin', '管理员', '0:0:0:0:0:0:0:1', 'org.jeecg.modules.online.cgform.c.a.a()', NULL, NULL, NULL, '40', NULL, TO_DATE('2025-07-29 13:56:14', 'SYYYY-MM-DD HH24:MI:SS'), NULL, NULL, NULL, NULL);
INSERT INTO "JEECGBOOTOS"."SYS_LOG" VALUES ('1950072861175730178', '2', 'online表单数据查询', '1', 'admin', '管理员', '0:0:0:0:0:0:0:1', 'org.jeecg.modules.online.cgform.c.a.c()', NULL, NULL, NULL, '20', NULL, TO_DATE('2025-07-29 13:56:15', 'SYYYY-MM-DD HH24:MI:SS'), NULL, NULL, NULL, NULL);
INSERT INTO "JEECGBOOTOS"."SYS_LOG" VALUES ('1950072866317946882', '2', 'online修改数据,表名:test_note,修改成功！', '3', 'admin', '管理员', '0:0:0:0:0:0:0:1', 'org.jeecg.modules.online.cgform.c.a.a()', NULL, '["05a3a30dada7411c9109306aa4117068",{"birthday":"","year":"","sex":"","begin_time":"","sheng":"","update_time":"2025-07-29 13:56:16","jeecg_row_key":"1943500714139598850","month":"","contents":"","name":"ceshi","id":"1943500714139598850","update_by":"admin","age":11}]', NULL, '44', NULL, TO_DATE('2025-07-29 13:56:17', 'SYYYY-MM-DD HH24:MI:SS'), NULL, NULL, NULL, NULL);
INSERT INTO "JEECGBOOTOS"."SYS_LOG" VALUES ('1950072888837165058', '4', 'org.springframework.web.util.NestedServletException:Handler dispatch failed; nested exception is java.lang.NoSuchMethodError: ''net.sf.jsqlparser.statement.select.SelectBody net.sf.jsqlparser.statement.select.Select.getSelectBody()''', NULL, 'admin', '管理员', '0:0:0:0:0:0:0:1', '_t=1753768581809&pageNo=1&pageSize=10&onlRepUrlParamStr=', '/jeecg-boot/online/cgreport/api/getColumnsAndData/1260179852088135681', 'org.springframework.web.util.NestedServletException: Handler dispatch failed; nested exception is java.lang.NoSuchMethodError: ''net.sf.jsqlparser.statement.select.SelectBody net.sf.jsqlparser.statement.select.Select.getSelectBody()''
	at org.springframework.web.servlet.DispatcherServlet.doDispatch(DispatcherServlet.java:1087)
	at org.springframework.web.servlet.DispatcherServlet.doService(DispatcherServlet.java:965)
	at org.springframework.web.servlet.FrameworkServlet.processRequest(FrameworkServlet.java:1006)
	at org.springframework.web.servlet.FrameworkServlet.doGet(FrameworkServlet.java:898)
	at javax.servlet.http.HttpServlet.service(HttpServlet.java:497)
	at org.springframework.web.servlet.FrameworkServlet.service(FrameworkServlet.java:883)
	at javax.servlet.http.HttpServlet.service(HttpServlet.java:584)
	at io.undertow.servlet.handlers.ServletHandler.handleRequest(ServletHandler.java:74)
	at io.undertow.servlet.handlers.FilterHandler$FilterChainImpl.doFilter(FilterHandler.java:129)
	at io.undertow.websockets.jsr.JsrWebSocketFilter.doFilter(JsrWebSocketFilter.java:173)
	at io.undertow.servlet.core.ManagedFilter.doFilter(ManagedFilter.java:67)
	at io.undertow.servlet.handlers.FilterHandler$FilterChainImpl.doFilter(FilterHandler.java:131)
	at org.springframework.web.filter.CorsFilter.doFilterInternal(CorsFilter.java:91)
	at org.springframework.web.filter.OncePerRequestFilter.doFilter(OncePerRequestFilter.java:117)
	at io.undertow.servlet.core.ManagedFilter.doFilter(ManagedFilter.java:67)
	at io.undertow.servlet.handlers.FilterHandler$FilterChainImpl.doFilter(FilterHandler.java:131)
	at com.alibaba.druid.support.http.WebStatFilter.doFilter(WebStatFilter.java:114)
	at io.undertow.servlet.core.ManagedFilter.doFilter(ManagedFilter.java:67)
	at io.undertow.servlet.handlers.FilterHandler$FilterChainImpl.doFilter(FilterHandler.java:131)
	at org.springframework.boot.actuate.web.trace.servlet.HttpTraceFilter.doFilterInternal(HttpTraceFilter.java:88)
	at org.springframework.web.filter.OncePerRequestFilter.doFilter(OncePerRequestFilter.java:117)
	at io.undertow.servlet.core.ManagedFilter.doFilter(ManagedFilter.java:67)
	at io.undertow.servlet.handlers.FilterHandler$FilterChainImpl.doFilter(FilterHandler.java:131)
	at org.apache.shiro.web.servlet.ProxiedFilterChain.doFilter(ProxiedFilterChain.java:61)
	at org.apache.shiro.web.servlet.AdviceFilter.executeChain(AdviceFilter.java:108)
	at org.apache.shiro.web.servlet.AdviceFilter.doFilterInternal(AdviceFilter.java:137)
	at org.apache.shiro.web.servlet.OncePerRequestFilter.doFilter(OncePerRequestFilter.java:154)
	at org.apache.shiro.web.servlet.ProxiedFilterChain.doFilter(ProxiedFilterChain.java:66)
	at org.apache.shiro.web.servlet.AdviceFilter.executeChain(AdviceFilter.java:108)
	at org.apache.shiro.web.servlet.AdviceFilter.doFilterInternal(AdviceFilter.java:137)
	at org.apache.shiro.web.servlet.OncePerRequestFilter.doFilter(OncePerRequestFilter.java:154)
	at org.apache.shiro.web.servlet.ProxiedFilterChain.doFilter(ProxiedFilterChain.java:66)
	at org.apache.shiro.web.servlet.AbstractShiroFilter.executeChain(AbstractShiroFilter.java:458)
	at org.apache.shiro.web.servlet.AbstractShiroFilter$1.call(AbstractShiroFilter.java:373)
	at org.apache.shiro.subject.support.SubjectCallable.doCall(SubjectCallable.java:90)
	at org.apache.shiro.subject.support.SubjectCallable.call(SubjectCallable.java:83)
	at org.apache.shiro.subject.support.DelegatingSubject.execute(DelegatingSubject.java:387)
	at org.apache.shiro.web.servlet.AbstractShiroFilter.doFilterInternal(AbstractShiroFilter.java:370)
	at org.apache.shiro.web.servlet.OncePerRequestFilter.doFilter(OncePerRequestFilter.java:154)
	at io.undertow.servlet.core.ManagedFilter.doFilter(ManagedFilter.java:67)
	at io.undertow.servlet.handlers.FilterHandler$FilterChainImpl.doFilter(FilterHandler.java:131)
	at org.springframework.web.filter.RequestContextFilter.doFilterInternal(RequestContextFilter.java:100)
	at org.springframework.web.filter.OncePerRequestFilter.doFilter(OncePerRequestFilter.java:117)
	at io.undertow.servlet.core.ManagedFilter.doFilter(ManagedFilter.java:67)
	at io.undertow.servlet.handlers.FilterHandler$FilterChainImpl.doFilter(FilterHandler.java:131)
	at org.springframework.web.filter.FormContentFilter.doFilterInternal(FormContentFilter.java:93)
	at org.springframework.web.filter.OncePerRequestFilter.doFilter(OncePerRequestFilter.java:117)
	at io.undertow.servlet.core.ManagedFilter.doFilter(ManagedFilter.java:67)
	at io.undertow.servlet.handlers.FilterHandler$FilterChainImpl.doFilter(FilterHandler.java:131)
	at org.springframework.boot.actuate.metrics.web.servlet.WebMvcMetricsFilter.doFilterInternal(WebMvcMetricsFilter.java:96)
	at org.springframework.web.filter.OncePerRequestFilter.doFilter(OncePerRequestFilter.java:117)
	at io.undertow.servlet.core.ManagedFilter.doFilter(ManagedFilter.java:67)
	at io.undertow.servlet.handlers.FilterHandler$FilterChainImpl.doFilter(FilterHandler.java:131)
	at org.springframework.web.filter.CharacterEncodingFilter.doFilterInternal(CharacterEncodingFilter.java:201)
	at org.springframework.web.filter.OncePerRequestFilter.doFilter(OncePerRequestFilter.java:117)
	at io.undertow.servlet.core.ManagedFilter.doFilter(ManagedFilter.java:67)
	at io.undertow.servlet.handlers.FilterHandler$FilterChainImpl.doFilter(FilterHandler.java:131)
	at io.undertow.servlet.handlers.FilterHandler.handleRequest(FilterHandler.java:84)
	at io.undertow.servlet.handlers.security.ServletSecurityRoleHandler.handleRequest(ServletSecurityRoleHandler.java:62)
	at io.undertow.servlet.handlers.ServletChain$1.handleRequest(ServletChain.java:68)
	at io.undertow.servlet.handlers.ServletDispatchingHandler.handleRequest(ServletDispatchingHandler.java:36)
	at io.undertow.servlet.handlers.RedirectDirHandler.handleRequest(RedirectDirHandler.java:68)
	at io.undertow.servlet.handlers.security.SSLInformationAssociationHandler.handleRequest(SSLInformationAssociationHandler.java:117)
	at io.undertow.servlet.handlers.security.ServletAuthenticationCallHandler.handleRequest(ServletAuthenticationCallHandler.java:57)
	at io.undertow.server.handlers.PredicateHandler.handleRequest(PredicateHandler.java:43)
	at io.undertow.security.handlers.AbstractConfidentialityHandler.handleRequest(AbstractConfidentialityHandler.java:46)
	at io.undertow.servlet.handlers.security.ServletConfidentialityConstraintHandler.handleRequest(ServletConfidentialityConstraintHandler.java:64)
	at io.undertow.security.handlers.AuthenticationMechanismsHandler.handleRequest(AuthenticationMechanismsHandler.java:60)
	at io.undertow.servlet.handlers.security.CachedAuthenticatedSessionHandler.handleRequest(CachedAuthenticatedSessionHandler.java:77)
	at io.undertow.security.handlers.AbstractSecurityContextAssociationHandler.handleRequest(AbstractSecurityContextAssociationHandler.java:43)
	at io.undertow.server.handlers.PredicateHandler.handleRequest(PredicateHandler.java:43)
	at io.undertow.servlet.handlers.SendErrorPageHandler.handleRequest(SendErrorPageHandler.java:52)
	at io.undertow.server.handlers.PredicateHandler.handleRequest(PredicateHandler.java:43)
	at io.undertow.servlet.handlers.ServletInitialHandler.handleFirstRequest(ServletInitialHandler.java:275)
	at io.undertow.servlet.handlers.ServletInitialHandler.access$100(ServletInitialHandler.java:79)
	at io.undertow.servlet.handlers.ServletInitialHandler$2.call(ServletInitialHandler.java:134)
	at io.undertow.servlet.handlers.ServletInitialHandler$2.call(ServletInitialHandler.java:131)
	at io.undertow.servlet.core.ServletRequestContextThreadSetupAction$1.call(ServletRequestContextThreadSetupAction.java:48)
	at io.undertow.servlet.core.ContextClassLoaderSetupAction$1.call(ContextClassLoaderSetupAction.java:43)
	at io.undertow.servlet.handlers.ServletInitialHandler.dispatchRequest(ServletInitialHandler.java:255)
	at io.undertow.servlet.handlers.ServletInitialHandler.handleRequest(ServletInitialHandler.java:175)
	at org.jeecg.modules.monitor.actuator.undertow.CustomUndertowMetricsHandler.lambda$wrap$0(CustomUndertowMetricsHandler.java:87)
	at io.undertow.server.Connectors.executeRootHandler(Connectors.java:393)
	at io.undertow.server.HttpServerExchange$1.run(HttpServerExchange.java:852)
	at org.jboss.threads.ContextClassLoaderSavingRunnable.run(ContextClassLoaderSavingRunnable.java:35)
	at org.jboss.threads.EnhancedQueueExecutor.safeRun(EnhancedQueueExecutor.java:2019)
	at org.jboss.threads.EnhancedQueueExecutor$ThreadBody.doRunTask(EnhancedQueueExecutor.java:1558)
	at org.jboss.threads.EnhancedQueueExecutor$ThreadBody.run(EnhancedQueueExecutor.java:1449)
	at org.xnio.XnioWorker$WorkerThreadFactory$1$1.run(XnioWorker.java:1282)
	at java.base/java.lang.Thread.run(Thread.java:842)
Caused by: java.lang.NoSuchMethodError: ''net.sf.jsqlparser.statement.select.SelectBody net.sf.jsqlparser.statement.select.Select.getSelectBody()''
	at org.jeecg.modules.online.config.b.a.getQueryTableInfo(OnlReportQueryBlackListHandler.java:84)
	at org.jeecg.common.util.security.AbstractQueryBlackListHandler.isPass(AbstractQueryBlackListHandler.java:58)
	at org.jeecg.modules.online.cgreport.service.a.b.executeSelectSqlRoute(OnlCgreportAPIService.java:90)
	at org.jeecg.modules.online.cgreport.service.a.b.getData(OnlCgreportAPIService.java:80)
	at org.jeecg.modules.online.cgreport.service.a.b.getDataById(OnlCgreportAPIService.java:54)
	at org.jeecg.modules.online.cgreport.a.a.b(OnlCgreportAPI.java:214)
	at org.jeecg.modules.online.cgreport.a.a.a(OnlCgreportAPI.java:95)
	at org.jeecg.modules.online.cgreport.a.a$$FastClassBySpringCGLIB$$a976ee88.invoke(<generated>)
	at org.springframework.cglib.proxy.MethodProxy.invoke(MethodProxy.java:218)
	at org.springframework.aop.framework.CglibAopProxy$CglibMethodInvocation.invokeJoinpoint(CglibAopProxy.java:792)
	at org.springframework.aop.framework.ReflectiveMethodInvocation.proceed(ReflectiveMethodInvocation.java:163)
	at org.springframework.aop.framework.CglibAopProxy$CglibMethodInvocation.proceed(CglibAopProxy.java:762)
	at org.springframework.aop.aspectj.MethodInvocationProceedingJoinPoint.proceed(MethodInvocationProceedingJoinPoint.java:89)
	at org.jeecg.common.aspect.PermissionDataAspect.arround(PermissionDataAspect.java:82)
	at java.base/jdk.internal.reflect.NativeMethodAccessorImpl.invoke0(Native Method)
	at java.base/jdk.internal.reflect.NativeMethodAccessorImpl.invoke(NativeMethodAccessorImpl.java:77)
	at java.base/jdk.internal.reflect.DelegatingMethodAccessorImpl.invoke(DelegatingMethodAccessorImpl.java:43)
	at java.base/java.lang.reflect.Method.invoke(Method.java:568)
	at org.springframework.aop.aspectj.AbstractAspectJAdvice.invokeAdviceMethodWithGivenArgs(AbstractAspectJAdvice.java:634)
	at org.springframework.aop.aspectj.AbstractAspectJAdvice.invokeAdviceMethod(AbstractAspectJAdvice.java:624)
	at org.springframework.aop.aspectj.AspectJAroundAdvice.invoke(AspectJAroundAdvice.java:72)
	at org.springframework.aop.framework.ReflectiveMethodInvocation.proceed(ReflectiveMethodInvocation.java:175)
	at org.springframework.aop.framework.CglibAopProxy$CglibMethodInvocation.proceed(CglibAopProxy.java:762)
	at org.springframework.aop.aspectj.MethodInvocationProceedingJoinPoint.proceed(MethodInvocationProceedingJoinPoint.java:89)
	at org.jeecg.common.aspect.DictAspect.doAround(DictAspect.java:64)
	at jdk.internal.reflect.GeneratedMethodAccessor261.invoke(Unknown Source)
	at java.base/jdk.internal.reflect.DelegatingMethodAccessorImpl.invoke(DelegatingMethodAccessorImpl.java:43)
	at java.base/java.lang.reflect.Method.invoke(Method.java:568)
	at org.springframework.aop.aspectj.AbstractAspectJAdvice.invokeAdviceMethodWithGivenArgs(AbstractAspectJAdvice.java:634)
	at org.springframework.aop.aspectj.AbstractAspectJAdvice.invokeAdviceMethod(AbstractAspectJAdvice.java:624)
	at org.springframework.aop.aspectj.AspectJAroundAdvice.invoke(AspectJAroundAdvice.java:72)
	at org.springframework.aop.framework.ReflectiveMethodInvocation.proceed(ReflectiveMethodInvocation.java:175)
	at org.springframework.aop.framework.CglibAopProxy$CglibMethodInvocation.proceed(CglibAopProxy.java:762)
	at org.springframework.aop.interceptor.ExposeInvocationInterceptor.invoke(ExposeInvocationInterceptor.java:97)
	at org.springframework.aop.framework.ReflectiveMethodInvocation.proceed(ReflectiveMethodInvocation.java:186)
	at org.springframework.aop.framework.CglibAopProxy$CglibMethodInvocation.proceed(CglibAopProxy.java:762)
	at org.springframework.aop.framework.CglibAopProxy$DynamicAdvisedInterceptor.intercept(CglibAopProxy.java:707)
	at org.jeecg.modules.online.cgreport.a.a$$EnhancerBySpringCGLIB$$68d8975c.a(<generated>)
	at java.base/jdk.internal.reflect.NativeMethodAccessorImpl.invoke0(Native Method)
	at java.base/jdk.internal.reflect.NativeMethodAccessorImpl.invoke(NativeMethodAccessorImpl.java:77)
	at java.base/jdk.internal.reflect.DelegatingMethodAccessorImpl.invoke(DelegatingMethodAccessorImpl.java:43)
	at java.base/java.lang.reflect.Method.invoke(Method.java:568)
	at org.springframework.web.method.support.InvocableHandlerMethod.doInvoke(InvocableHandlerMethod.java:205)
	at org.springframework.web.method.support.InvocableHandlerMethod.invokeForRequest(InvocableHandlerMethod.java:150)
	at org.springframework.web.servlet.mvc.method.annotation.ServletInvocableHandlerMethod.invokeAndHandle(ServletInvocableHandlerMethod.java:117)
	at org.springframework.web.servlet.mvc.method.annotation.RequestMappingHandlerAdapter.invokeHandlerMethod(RequestMappingHandlerAdapter.java:895)
	at org.springframework.web.servlet.mvc.method.annotation.RequestMappingHandlerAdapter.handleInternal(RequestMappingHandlerAdapter.java:808)
	at org.springframework.web.servlet.mvc.method.AbstractHandlerMethodAdapter.handle(AbstractHandlerMethodAdapter.java:87)
	at org.springframework.web.servlet.DispatcherServlet.doDispatch(DispatcherServlet.java:1072)
	... 89 more
', NULL, NULL, NULL, TO_DATE('2025-07-29 13:56:22', 'SYYYY-MM-DD HH24:MI:SS'), NULL, NULL, NULL, 'pc');
INSERT INTO "JEECGBOOTOS"."SYS_LOG" VALUES ('1950073235081146370', '4', 'org.springframework.web.util.NestedServletException:Handler dispatch failed; nested exception is java.lang.NoSuchMethodError: ''net.sf.jsqlparser.statement.select.SelectBody net.sf.jsqlparser.statement.select.Select.getSelectBody()''', NULL, 'admin', '管理员', '0:0:0:0:0:0:0:1', '_t=1753768664439&pageNo=1&pageSize=10&onlRepUrlParamStr=', '/jeecg-boot/online/cgreport/api/getColumnsAndData/1260179852088135681', 'org.springframework.web.util.NestedServletException: Handler dispatch failed; nested exception is java.lang.NoSuchMethodError: ''net.sf.jsqlparser.statement.select.SelectBody net.sf.jsqlparser.statement.select.Select.getSelectBody()''
	at org.springframework.web.servlet.DispatcherServlet.doDispatch(DispatcherServlet.java:1087)
	at org.springframework.web.servlet.DispatcherServlet.doService(DispatcherServlet.java:965)
	at org.springframework.web.servlet.FrameworkServlet.processRequest(FrameworkServlet.java:1006)
	at org.springframework.web.servlet.FrameworkServlet.doGet(FrameworkServlet.java:898)
	at javax.servlet.http.HttpServlet.service(HttpServlet.java:497)
	at org.springframework.web.servlet.FrameworkServlet.service(FrameworkServlet.java:883)
	at javax.servlet.http.HttpServlet.service(HttpServlet.java:584)
	at io.undertow.servlet.handlers.ServletHandler.handleRequest(ServletHandler.java:74)
	at io.undertow.servlet.handlers.FilterHandler$FilterChainImpl.doFilter(FilterHandler.java:129)
	at io.undertow.websockets.jsr.JsrWebSocketFilter.doFilter(JsrWebSocketFilter.java:173)
	at io.undertow.servlet.core.ManagedFilter.doFilter(ManagedFilter.java:67)
	at io.undertow.servlet.handlers.FilterHandler$FilterChainImpl.doFilter(FilterHandler.java:131)
	at org.springframework.web.filter.CorsFilter.doFilterInternal(CorsFilter.java:91)
	at org.springframework.web.filter.OncePerRequestFilter.doFilter(OncePerRequestFilter.java:117)
	at io.undertow.servlet.core.ManagedFilter.doFilter(ManagedFilter.java:67)
	at io.undertow.servlet.handlers.FilterHandler$FilterChainImpl.doFilter(FilterHandler.java:131)
	at com.alibaba.druid.support.http.WebStatFilter.doFilter(WebStatFilter.java:114)
	at io.undertow.servlet.core.ManagedFilter.doFilter(ManagedFilter.java:67)
	at io.undertow.servlet.handlers.FilterHandler$FilterChainImpl.doFilter(FilterHandler.java:131)
	at org.springframework.boot.actuate.web.trace.servlet.HttpTraceFilter.doFilterInternal(HttpTraceFilter.java:88)
	at org.springframework.web.filter.OncePerRequestFilter.doFilter(OncePerRequestFilter.java:117)
	at io.undertow.servlet.core.ManagedFilter.doFilter(ManagedFilter.java:67)
	at io.undertow.servlet.handlers.FilterHandler$FilterChainImpl.doFilter(FilterHandler.java:131)
	at org.apache.shiro.web.servlet.ProxiedFilterChain.doFilter(ProxiedFilterChain.java:61)
	at org.apache.shiro.web.servlet.AdviceFilter.executeChain(AdviceFilter.java:108)
	at org.apache.shiro.web.servlet.AdviceFilter.doFilterInternal(AdviceFilter.java:137)
	at org.apache.shiro.web.servlet.OncePerRequestFilter.doFilter(OncePerRequestFilter.java:154)
	at org.apache.shiro.web.servlet.ProxiedFilterChain.doFilter(ProxiedFilterChain.java:66)
	at org.apache.shiro.web.servlet.AdviceFilter.executeChain(AdviceFilter.java:108)
	at org.apache.shiro.web.servlet.AdviceFilter.doFilterInternal(AdviceFilter.java:137)
	at org.apache.shiro.web.servlet.OncePerRequestFilter.doFilter(OncePerRequestFilter.java:154)
	at org.apache.shiro.web.servlet.ProxiedFilterChain.doFilter(ProxiedFilterChain.java:66)
	at org.apache.shiro.web.servlet.AbstractShiroFilter.executeChain(AbstractShiroFilter.java:458)
	at org.apache.shiro.web.servlet.AbstractShiroFilter$1.call(AbstractShiroFilter.java:373)
	at org.apache.shiro.subject.support.SubjectCallable.doCall(SubjectCallable.java:90)
	at org.apache.shiro.subject.support.SubjectCallable.call(SubjectCallable.java:83)
	at org.apache.shiro.subject.support.DelegatingSubject.execute(DelegatingSubject.java:387)
	at org.apache.shiro.web.servlet.AbstractShiroFilter.doFilterInternal(AbstractShiroFilter.java:370)
	at org.apache.shiro.web.servlet.OncePerRequestFilter.doFilter(OncePerRequestFilter.java:154)
	at io.undertow.servlet.core.ManagedFilter.doFilter(ManagedFilter.java:67)
	at io.undertow.servlet.handlers.FilterHandler$FilterChainImpl.doFilter(FilterHandler.java:131)
	at org.springframework.web.filter.RequestContextFilter.doFilterInternal(RequestContextFilter.java:100)
	at org.springframework.web.filter.OncePerRequestFilter.doFilter(OncePerRequestFilter.java:117)
	at io.undertow.servlet.core.ManagedFilter.doFilter(ManagedFilter.java:67)
	at io.undertow.servlet.handlers.FilterHandler$FilterChainImpl.doFilter(FilterHandler.java:131)
	at org.springframework.web.filter.FormContentFilter.doFilterInternal(FormContentFilter.java:93)
	at org.springframework.web.filter.OncePerRequestFilter.doFilter(OncePerRequestFilter.java:117)
	at io.undertow.servlet.core.ManagedFilter.doFilter(ManagedFilter.java:67)
	at io.undertow.servlet.handlers.FilterHandler$FilterChainImpl.doFilter(FilterHandler.java:131)
	at org.springframework.boot.actuate.metrics.web.servlet.WebMvcMetricsFilter.doFilterInternal(WebMvcMetricsFilter.java:96)
	at org.springframework.web.filter.OncePerRequestFilter.doFilter(OncePerRequestFilter.java:117)
	at io.undertow.servlet.core.ManagedFilter.doFilter(ManagedFilter.java:67)
	at io.undertow.servlet.handlers.FilterHandler$FilterChainImpl.doFilter(FilterHandler.java:131)
	at org.springframework.web.filter.CharacterEncodingFilter.doFilterInternal(CharacterEncodingFilter.java:201)
	at org.springframework.web.filter.OncePerRequestFilter.doFilter(OncePerRequestFilter.java:117)
	at io.undertow.servlet.core.ManagedFilter.doFilter(ManagedFilter.java:67)
	at io.undertow.servlet.handlers.FilterHandler$FilterChainImpl.doFilter(FilterHandler.java:131)
	at io.undertow.servlet.handlers.FilterHandler.handleRequest(FilterHandler.java:84)
	at io.undertow.servlet.handlers.security.ServletSecurityRoleHandler.handleRequest(ServletSecurityRoleHandler.java:62)
	at io.undertow.servlet.handlers.ServletChain$1.handleRequest(ServletChain.java:68)
	at io.undertow.servlet.handlers.ServletDispatchingHandler.handleRequest(ServletDispatchingHandler.java:36)
	at io.undertow.servlet.handlers.RedirectDirHandler.handleRequest(RedirectDirHandler.java:68)
	at io.undertow.servlet.handlers.security.SSLInformationAssociationHandler.handleRequest(SSLInformationAssociationHandler.java:117)
	at io.undertow.servlet.handlers.security.ServletAuthenticationCallHandler.handleRequest(ServletAuthenticationCallHandler.java:57)
	at io.undertow.server.handlers.PredicateHandler.handleRequest(PredicateHandler.java:43)
	at io.undertow.security.handlers.AbstractConfidentialityHandler.handleRequest(AbstractConfidentialityHandler.java:46)
	at io.undertow.servlet.handlers.security.ServletConfidentialityConstraintHandler.handleRequest(ServletConfidentialityConstraintHandler.java:64)
	at io.undertow.security.handlers.AuthenticationMechanismsHandler.handleRequest(AuthenticationMechanismsHandler.java:60)
	at io.undertow.servlet.handlers.security.CachedAuthenticatedSessionHandler.handleRequest(CachedAuthenticatedSessionHandler.java:77)
	at io.undertow.security.handlers.AbstractSecurityContextAssociationHandler.handleRequest(AbstractSecurityContextAssociationHandler.java:43)
	at io.undertow.server.handlers.PredicateHandler.handleRequest(PredicateHandler.java:43)
	at io.undertow.servlet.handlers.SendErrorPageHandler.handleRequest(SendErrorPageHandler.java:52)
	at io.undertow.server.handlers.PredicateHandler.handleRequest(PredicateHandler.java:43)
	at io.undertow.servlet.handlers.ServletInitialHandler.handleFirstRequest(ServletInitialHandler.java:275)
	at io.undertow.servlet.handlers.ServletInitialHandler.access$100(ServletInitialHandler.java:79)
	at io.undertow.servlet.handlers.ServletInitialHandler$2.call(ServletInitialHandler.java:134)
	at io.undertow.servlet.handlers.ServletInitialHandler$2.call(ServletInitialHandler.java:131)
	at io.undertow.servlet.core.ServletRequestContextThreadSetupAction$1.call(ServletRequestContextThreadSetupAction.java:48)
	at io.undertow.servlet.core.ContextClassLoaderSetupAction$1.call(ContextClassLoaderSetupAction.java:43)
	at io.undertow.servlet.handlers.ServletInitialHandler.dispatchRequest(ServletInitialHandler.java:255)
	at io.undertow.servlet.handlers.ServletInitialHandler.handleRequest(ServletInitialHandler.java:175)
	at org.jeecg.modules.monitor.actuator.undertow.CustomUndertowMetricsHandler.lambda$wrap$0(CustomUndertowMetricsHandler.java:87)
	at io.undertow.server.Connectors.executeRootHandler(Connectors.java:393)
	at io.undertow.server.HttpServerExchange$1.run(HttpServerExchange.java:852)
	at org.jboss.threads.ContextClassLoaderSavingRunnable.run(ContextClassLoaderSavingRunnable.java:35)
	at org.jboss.threads.EnhancedQueueExecutor.safeRun(EnhancedQueueExecutor.java:2019)
	at org.jboss.threads.EnhancedQueueExecutor$ThreadBody.doRunTask(EnhancedQueueExecutor.java:1558)
	at org.jboss.threads.EnhancedQueueExecutor$ThreadBody.run(EnhancedQueueExecutor.java:1449)
	at org.xnio.XnioWorker$WorkerThreadFactory$1$1.run(XnioWorker.java:1282)
	at java.base/java.lang.Thread.run(Thread.java:842)
Caused by: java.lang.NoSuchMethodError: ''net.sf.jsqlparser.statement.select.SelectBody net.sf.jsqlparser.statement.select.Select.getSelectBody()''
	at org.jeecg.modules.online.config.b.a.getQueryTableInfo(OnlReportQueryBlackListHandler.java:84)
	at org.jeecg.common.util.security.AbstractQueryBlackListHandler.isPass(AbstractQueryBlackListHandler.java:58)
	at org.jeecg.modules.online.cgreport.service.a.b.executeSelectSqlRoute(OnlCgreportAPIService.java:90)
	at org.jeecg.modules.online.cgreport.service.a.b.getData(OnlCgreportAPIService.java:80)
	at org.jeecg.modules.online.cgreport.service.a.b.getDataById(OnlCgreportAPIService.java:54)
	at org.jeecg.modules.online.cgreport.a.a.b(OnlCgreportAPI.java:214)
	at org.jeecg.modules.online.cgreport.a.a.a(OnlCgreportAPI.java:95)
	at org.jeecg.modules.online.cgreport.a.a$$FastClassBySpringCGLIB$$a976ee88.invoke(<generated>)
	at org.springframework.cglib.proxy.MethodProxy.invoke(MethodProxy.java:218)
	at org.springframework.aop.framework.CglibAopProxy$CglibMethodInvocation.invokeJoinpoint(CglibAopProxy.java:792)
	at org.springframework.aop.framework.ReflectiveMethodInvocation.proceed(ReflectiveMethodInvocation.java:163)
	at org.springframework.aop.framework.CglibAopProxy$CglibMethodInvocation.proceed(CglibAopProxy.java:762)
	at org.springframework.aop.aspectj.MethodInvocationProceedingJoinPoint.proceed(MethodInvocationProceedingJoinPoint.java:89)
	at org.jeecg.common.aspect.PermissionDataAspect.arround(PermissionDataAspect.java:82)
	at java.base/jdk.internal.reflect.NativeMethodAccessorImpl.invoke0(Native Method)
	at java.base/jdk.internal.reflect.NativeMethodAccessorImpl.invoke(NativeMethodAccessorImpl.java:77)
	at java.base/jdk.internal.reflect.DelegatingMethodAccessorImpl.invoke(DelegatingMethodAccessorImpl.java:43)
	at java.base/java.lang.reflect.Method.invoke(Method.java:568)
	at org.springframework.aop.aspectj.AbstractAspectJAdvice.invokeAdviceMethodWithGivenArgs(AbstractAspectJAdvice.java:634)
	at org.springframework.aop.aspectj.AbstractAspectJAdvice.invokeAdviceMethod(AbstractAspectJAdvice.java:624)
	at org.springframework.aop.aspectj.AspectJAroundAdvice.invoke(AspectJAroundAdvice.java:72)
	at org.springframework.aop.framework.ReflectiveMethodInvocation.proceed(ReflectiveMethodInvocation.java:175)
	at org.springframework.aop.framework.CglibAopProxy$CglibMethodInvocation.proceed(CglibAopProxy.java:762)
	at org.springframework.aop.aspectj.MethodInvocationProceedingJoinPoint.proceed(MethodInvocationProceedingJoinPoint.java:89)
	at org.jeecg.common.aspect.DictAspect.doAround(DictAspect.java:64)
	at java.base/jdk.internal.reflect.NativeMethodAccessorImpl.invoke0(Native Method)
	at java.base/jdk.internal.reflect.NativeMethodAccessorImpl.invoke(NativeMethodAccessorImpl.java:77)
	at java.base/jdk.internal.reflect.DelegatingMethodAccessorImpl.invoke(DelegatingMethodAccessorImpl.java:43)
	at java.base/java.lang.reflect.Method.invoke(Method.java:568)
	at org.springframework.aop.aspectj.AbstractAspectJAdvice.invokeAdviceMethodWithGivenArgs(AbstractAspectJAdvice.java:634)
	at org.springframework.aop.aspectj.AbstractAspectJAdvice.invokeAdviceMethod(AbstractAspectJAdvice.java:624)
	at org.springframework.aop.aspectj.AspectJAroundAdvice.invoke(AspectJAroundAdvice.java:72)
	at org.springframework.aop.framework.ReflectiveMethodInvocation.proceed(ReflectiveMethodInvocation.java:175)
	at org.springframework.aop.framework.CglibAopProxy$CglibMethodInvocation.proceed(CglibAopProxy.java:762)
	at org.springframework.aop.interceptor.ExposeInvocationInterceptor.invoke(ExposeInvocationInterceptor.java:97)
	at org.springframework.aop.framework.ReflectiveMethodInvocation.proceed(ReflectiveMethodInvocation.java:186)
	at org.springframework.aop.framework.CglibAopProxy$CglibMethodInvocation.proceed(CglibAopProxy.java:762)
	at org.springframework.aop.framework.CglibAopProxy$DynamicAdvisedInterceptor.intercept(CglibAopProxy.java:707)
	at org.jeecg.modules.online.cgreport.a.a$$EnhancerBySpringCGLIB$$6229c29e.a(<generated>)
	at java.base/jdk.internal.reflect.NativeMethodAccessorImpl.invoke0(Native Method)
	at java.base/jdk.internal.reflect.NativeMethodAccessorImpl.invoke(NativeMethodAccessorImpl.java:77)
	at java.base/jdk.internal.reflect.DelegatingMethodAccessorImpl.invoke(DelegatingMethodAccessorImpl.java:43)
	at java.base/java.lang.reflect.Method.invoke(Method.java:568)
	at org.springframework.web.method.support.InvocableHandlerMethod.doInvoke(InvocableHandlerMethod.java:205)
	at org.springframework.web.method.support.InvocableHandlerMethod.invokeForRequest(InvocableHandlerMethod.java:150)
	at org.springframework.web.servlet.mvc.method.annotation.ServletInvocableHandlerMethod.invokeAndHandle(ServletInvocableHandlerMethod.java:117)
	at org.springframework.web.servlet.mvc.method.annotation.RequestMappingHandlerAdapter.invokeHandlerMethod(RequestMappingHandlerAdapter.java:895)
	at org.springframework.web.servlet.mvc.method.annotation.RequestMappingHandlerAdapter.handleInternal(RequestMappingHandlerAdapter.java:808)
	at org.springframework.web.servlet.mvc.method.AbstractHandlerMethodAdapter.handle(AbstractHandlerMethodAdapter.java:87)
	at org.springframework.web.servlet.DispatcherServlet.doDispatch(DispatcherServlet.java:1072)
	... 89 more
', NULL, NULL, NULL, TO_DATE('2025-07-29 13:57:45', 'SYYYY-MM-DD HH24:MI:SS'), NULL, NULL, NULL, 'pc');
INSERT INTO "JEECGBOOTOS"."SYS_LOG" VALUES ('1950132299840512001', '1', '用户名: admin,登录成功！', NULL, 'admin', '管理员', '0:0:0:0:0:0:0:1', NULL, NULL, NULL, NULL, NULL, NULL, TO_DATE('2025-07-29 17:52:27', 'SYYYY-MM-DD HH24:MI:SS'), NULL, NULL, NULL, 'pc');
INSERT INTO "JEECGBOOTOS"."SYS_LOG" VALUES ('1950132388835254275', '2', 'online表单加载,表名:test_note,操作成功', '1', 'admin', '管理员', '0:0:0:0:0:0:0:1', 'org.jeecg.modules.online.cgform.c.a.c()', NULL, NULL, NULL, '23', NULL, TO_DATE('2025-07-29 17:52:48', 'SYYYY-MM-DD HH24:MI:SS'), NULL, NULL, NULL, NULL);
INSERT INTO "JEECGBOOTOS"."SYS_LOG" VALUES ('1950132388835254274', '2', 'online表单加载,表名:test_note,操作成功', '1', 'admin', '管理员', '0:0:0:0:0:0:0:1', 'org.jeecg.modules.online.cgform.c.a.c()', NULL, NULL, NULL, '23', NULL, TO_DATE('2025-07-29 17:52:48', 'SYYYY-MM-DD HH24:MI:SS'), NULL, NULL, NULL, NULL);
INSERT INTO "JEECGBOOTOS"."SYS_LOG" VALUES ('1950132389162409986', '2', 'online列表加载,表名:test_note,操作成功', '1', 'admin', '管理员', '0:0:0:0:0:0:0:1', 'org.jeecg.modules.online.cgform.c.a.a()', NULL, NULL, NULL, '94', NULL, TO_DATE('2025-07-29 17:52:48', 'SYYYY-MM-DD HH24:MI:SS'), NULL, NULL, NULL, NULL);
INSERT INTO "JEECGBOOTOS"."SYS_LOG" VALUES ('1950132395164459009', '2', 'online表单数据查询', '1', 'admin', '管理员', '0:0:0:0:0:0:0:1', 'org.jeecg.modules.online.cgform.c.a.c()', NULL, NULL, NULL, '22', NULL, TO_DATE('2025-07-29 17:52:49', 'SYYYY-MM-DD HH24:MI:SS'), NULL, NULL, NULL, NULL);
INSERT INTO "JEECGBOOTOS"."SYS_LOG" VALUES ('1950132399341985794', '2', 'online修改数据,表名:test_note,修改成功！', '3', 'admin', '管理员', '0:0:0:0:0:0:0:1', 'org.jeecg.modules.online.cgform.c.a.a()', NULL, '["05a3a30dada7411c9109306aa4117068",{"birthday":"","year":"","sex":"","begin_time":"","sheng":"","update_time":"2025-07-29 17:52:50","jeecg_row_key":"1943500714139598850","month":"","contents":"","name":"ceshi","id":"1943500714139598850","update_by":"admin","age":11}]', NULL, '52', NULL, TO_DATE('2025-07-29 17:52:50', 'SYYYY-MM-DD HH24:MI:SS'), NULL, NULL, NULL, NULL);
INSERT INTO "JEECGBOOTOS"."SYS_LOG" VALUES ('1950132405218205698', '2', 'online表单数据查询', '1', 'admin', '管理员', '0:0:0:0:0:0:0:1', 'org.jeecg.modules.online.cgform.c.a.c()', NULL, NULL, NULL, '8', NULL, TO_DATE('2025-07-29 17:52:52', 'SYYYY-MM-DD HH24:MI:SS'), NULL, NULL, NULL, NULL);
INSERT INTO "JEECGBOOTOS"."SYS_LOG" VALUES ('1950132464605356034', '2', 'online修改数据,表名:test_note,修改成功！', '3', 'admin', '管理员', '0:0:0:0:0:0:0:1', 'org.jeecg.modules.online.cgform.c.a.a()', NULL, '["05a3a30dada7411c9109306aa4117068",{"birthday":"2025-07-29","year":"","sex":"1","begin_time":"","sheng":"140311","update_time":"2025-07-29 17:53:05","jeecg_row_key":"1943500714139598850","month":"","contents":"<p>经过上述讨论, 我们不得不面对一个非常尴尬的事实, 那就是, 这样看来, 一般来讲, 我们都必须务必慎重的考虑考虑. 就我个人来说, 随机一段废话对我的意义, 不能不说非常重大.&nbsp;<br>每个人都不得不面对这些问题. 在面对这种问题时, 随机一段废话, 发生了会如何, 不发生又会如何. 总结的来说,&nbsp;<br>这种事实对本人来说意义重大, 相信对这个世界也是有一定意义的.所谓随机一段废话, 关键是x需要</p>","name":"zhangsan","id":"1943500714139598850","update_by":"admin","age":0}]', NULL, '28', NULL, TO_DATE('2025-07-29 17:53:06', 'SYYYY-MM-DD HH24:MI:SS'), NULL, NULL, NULL, NULL);
INSERT INTO "JEECGBOOTOS"."SYS_LOG" VALUES ('1950132474734600194', '2', 'online表单数据查询', '1', 'admin', '管理员', '0:0:0:0:0:0:0:1', 'org.jeecg.modules.online.cgform.c.a.c()', NULL, NULL, NULL, '8', NULL, TO_DATE('2025-07-29 17:53:08', 'SYYYY-MM-DD HH24:MI:SS'), NULL, NULL, NULL, NULL);
INSERT INTO "JEECGBOOTOS"."SYS_LOG" VALUES ('1950132496012304386', '2', 'online修改数据,表名:test_note,修改成功！', '3', 'admin', '管理员', '0:0:0:0:0:0:0:1', 'org.jeecg.modules.online.cgform.c.a.a()', NULL, '["05a3a30dada7411c9109306aa4117068",{"birthday":"2025-07-29 00:00:00","year":"","sex":"1","begin_time":"","sheng":"140311","update_time":"2025-07-29 17:53:13","jeecg_row_key":"1943500714139598850","month":"","contents":"<p>经过上述讨论, 我们不得不面对一个非常尴尬的事实, 那就是, 这样看来, 一般来讲, 我们都必须务必慎重的考虑考虑. 就我个人来说, 随机一段废话对我的意义, 不能不说非常重大.&nbsp;<br>每个人都不得不面对这些问题. 在面对这种问题时, 随机一段废话, 发生了会如何, 不发生又会如何. 总结的来说,&nbsp;<br>这种事实对本人来说意义重大, 相信对这个世界也是有一定意义的.所谓随机一段废话, 关键是x需要</p>","name":"admin","id":"1943500714139598850","update_by":"admin","age":0}]', NULL, '42', NULL, TO_DATE('2025-07-29 17:53:13', 'SYYYY-MM-DD HH24:MI:SS'), NULL, NULL, NULL, NULL);
INSERT INTO "JEECGBOOTOS"."SYS_LOG" VALUES ('1950132812996829186', '2', 'online表单数据查询', '1', 'admin', '管理员', '0:0:0:0:0:0:0:1', 'org.jeecg.modules.online.cgform.c.a.d()', NULL, NULL, NULL, '21', NULL, TO_DATE('2025-07-29 17:54:29', 'SYYYY-MM-DD HH24:MI:SS'), NULL, NULL, NULL, NULL);
INSERT INTO "JEECGBOOTOS"."SYS_LOG" VALUES ('1950141356026519553', '2', 'online列表加载,表名:test_note,操作成功', '1', 'admin', '管理员', '0:0:0:0:0:0:0:1', 'org.jeecg.modules.online.cgform.c.a.a()', NULL, NULL, NULL, '38', NULL, TO_DATE('2025-07-29 18:28:26', 'SYYYY-MM-DD HH24:MI:SS'), NULL, NULL, NULL, NULL);
INSERT INTO "JEECGBOOTOS"."SYS_LOG" VALUES ('1950141356026519554', '2', 'online表单加载,表名:test_note,操作成功', '1', 'admin', '管理员', '0:0:0:0:0:0:0:1', 'org.jeecg.modules.online.cgform.c.a.c()', NULL, NULL, NULL, '47', NULL, TO_DATE('2025-07-29 18:28:26', 'SYYYY-MM-DD HH24:MI:SS'), NULL, NULL, NULL, NULL);
INSERT INTO "JEECGBOOTOS"."SYS_LOG" VALUES ('1950141356026519555', '2', 'online表单加载,表名:test_note,操作成功', '1', 'admin', '管理员', '0:0:0:0:0:0:0:1', 'org.jeecg.modules.online.cgform.c.a.c()', NULL, NULL, NULL, '47', NULL, TO_DATE('2025-07-29 18:28:26', 'SYYYY-MM-DD HH24:MI:SS'), NULL, NULL, NULL, NULL);
INSERT INTO "JEECGBOOTOS"."SYS_LOG" VALUES ('1950141450008289282', '2', 'online表单加载,表名:test_note,操作成功', '1', 'admin', '管理员', '0:0:0:0:0:0:0:1', 'org.jeecg.modules.online.cgform.c.a.c()', NULL, NULL, NULL, '5', NULL, TO_DATE('2025-07-29 18:28:48', 'SYYYY-MM-DD HH24:MI:SS'), NULL, NULL, NULL, NULL);
INSERT INTO "JEECGBOOTOS"."SYS_LOG" VALUES ('1950141450008289283', '2', 'online表单加载,表名:test_note,操作成功', '1', 'admin', '管理员', '0:0:0:0:0:0:0:1', 'org.jeecg.modules.online.cgform.c.a.c()', NULL, NULL, NULL, '4', NULL, TO_DATE('2025-07-29 18:28:48', 'SYYYY-MM-DD HH24:MI:SS'), NULL, NULL, NULL, NULL);
INSERT INTO "JEECGBOOTOS"."SYS_LOG" VALUES ('1950141450071203842', '2', 'online列表加载,表名:test_note,操作成功', '1', 'admin', '管理员', '0:0:0:0:0:0:0:1', 'org.jeecg.modules.online.cgform.c.a.a()', NULL, NULL, NULL, '20', NULL, TO_DATE('2025-07-29 18:28:48', 'SYYYY-MM-DD HH24:MI:SS'), NULL, NULL, NULL, NULL);
INSERT INTO "JEECGBOOTOS"."SYS_LOG" VALUES ('1950141535152660481', '2', 'online表单加载,表名:test_note,操作成功', '1', 'admin', '管理员', '0:0:0:0:0:0:0:1', 'org.jeecg.modules.online.cgform.c.a.c()', NULL, NULL, NULL, '4', NULL, TO_DATE('2025-07-29 18:29:09', 'SYYYY-MM-DD HH24:MI:SS'), NULL, NULL, NULL, NULL);
INSERT INTO "JEECGBOOTOS"."SYS_LOG" VALUES ('1950141535152660482', '2', 'online表单加载,表名:test_note,操作成功', '1', 'admin', '管理员', '0:0:0:0:0:0:0:1', 'org.jeecg.modules.online.cgform.c.a.c()', NULL, NULL, NULL, '4', NULL, TO_DATE('2025-07-29 18:29:09', 'SYYYY-MM-DD HH24:MI:SS'), NULL, NULL, NULL, NULL);
INSERT INTO "JEECGBOOTOS"."SYS_LOG" VALUES ('1950141535219769346', '2', 'online列表加载,表名:test_note,操作成功', '1', 'admin', '管理员', '0:0:0:0:0:0:0:1', 'org.jeecg.modules.online.cgform.c.a.a()', NULL, NULL, NULL, '16', NULL, TO_DATE('2025-07-29 18:29:09', 'SYYYY-MM-DD HH24:MI:SS'), NULL, NULL, NULL, NULL);
INSERT INTO "JEECGBOOTOS"."SYS_LOG" VALUES ('1950369627464929281', '1', '用户名: admin,登录成功！', NULL, 'admin', '管理员', '0:0:0:0:0:0:0:1', NULL, NULL, NULL, NULL, NULL, NULL, TO_DATE('2025-07-30 09:35:30', 'SYYYY-MM-DD HH24:MI:SS'), NULL, NULL, NULL, 'pc');
INSERT INTO "JEECGBOOTOS"."SYS_LOG" VALUES ('1950375700016107521', '2', 'online表单加载,表名:test_note,操作成功', '1', 'admin', '管理员', '0:0:0:0:0:0:0:1', 'org.jeecg.modules.online.cgform.c.a.c()', NULL, NULL, NULL, '84', NULL, TO_DATE('2025-07-30 09:59:38', 'SYYYY-MM-DD HH24:MI:SS'), NULL, NULL, NULL, NULL);
INSERT INTO "JEECGBOOTOS"."SYS_LOG" VALUES ('1950375700016107522', '2', 'online表单加载,表名:test_note,操作成功', '1', 'admin', '管理员', '0:0:0:0:0:0:0:1', 'org.jeecg.modules.online.cgform.c.a.c()', NULL, NULL, NULL, '99', NULL, TO_DATE('2025-07-30 09:59:38', 'SYYYY-MM-DD HH24:MI:SS'), NULL, NULL, NULL, NULL);
INSERT INTO "JEECGBOOTOS"."SYS_LOG" VALUES ('1950375700016107523', '2', 'online列表加载,表名:test_note,操作成功', '1', 'admin', '管理员', '0:0:0:0:0:0:0:1', 'org.jeecg.modules.online.cgform.c.a.a()', NULL, NULL, NULL, '102', NULL, TO_DATE('2025-07-30 09:59:38', 'SYYYY-MM-DD HH24:MI:SS'), NULL, NULL, NULL, NULL);
INSERT INTO "JEECGBOOTOS"."SYS_LOG" VALUES ('1950375707335168001', '2', 'online表单数据查询', '1', 'admin', '管理员', '0:0:0:0:0:0:0:1', 'org.jeecg.modules.online.cgform.c.a.c()', NULL, NULL, NULL, '16', NULL, TO_DATE('2025-07-30 09:59:40', 'SYYYY-MM-DD HH24:MI:SS'), NULL, NULL, NULL, NULL);
INSERT INTO "JEECGBOOTOS"."SYS_LOG" VALUES ('1939497644808986625', '1', '用户名: admin,登录成功！', NULL, 'admin', '管理员', '0:0:0:0:0:0:0:1', NULL, NULL, NULL, NULL, NULL, NULL, TO_DATE('2025-06-30 09:34:07', 'SYYYY-MM-DD HH24:MI:SS'), NULL, NULL, NULL, 'pc');
INSERT INTO "JEECGBOOTOS"."SYS_LOG" VALUES ('1939497738702675969', '2', 'online表单加载,表名:test_demo,操作成功', '1', 'admin', '管理员', '0:0:0:0:0:0:0:1', 'org.jeecg.modules.online.cgform.c.a.c()', NULL, NULL, NULL, '76', NULL, TO_DATE('2025-06-30 09:34:30', 'SYYYY-MM-DD HH24:MI:SS'), NULL, NULL, NULL, NULL);
INSERT INTO "JEECGBOOTOS"."SYS_LOG" VALUES ('1939497738702675970', '2', 'online表单加载,表名:test_demo,操作成功', '1', 'admin', '管理员', '0:0:0:0:0:0:0:1', 'org.jeecg.modules.online.cgform.c.a.c()', NULL, NULL, NULL, '79', NULL, TO_DATE('2025-06-30 09:34:30', 'SYYYY-MM-DD HH24:MI:SS'), NULL, NULL, NULL, NULL);
INSERT INTO "JEECGBOOTOS"."SYS_LOG" VALUES ('1939497738971111425', '2', 'online列表加载,表名:test_demo,操作成功', '1', 'admin', '管理员', '0:0:0:0:0:0:0:1', 'org.jeecg.modules.online.cgform.c.a.a()', NULL, NULL, NULL, '172', NULL, TO_DATE('2025-06-30 09:34:30', 'SYYYY-MM-DD HH24:MI:SS'), NULL, NULL, NULL, NULL);
INSERT INTO "JEECGBOOTOS"."SYS_LOG" VALUES ('1939497753202384899', '2', 'online表单加载,表名:test_demo,操作成功', '1', 'admin', '管理员', '0:0:0:0:0:0:0:1', 'org.jeecg.modules.online.cgform.c.a.c()', NULL, NULL, NULL, '9', NULL, TO_DATE('2025-06-30 09:34:33', 'SYYYY-MM-DD HH24:MI:SS'), NULL, NULL, NULL, NULL);
INSERT INTO "JEECGBOOTOS"."SYS_LOG" VALUES ('1939497753202384898', '2', 'online表单加载,表名:test_demo,操作成功', '1', 'admin', '管理员', '0:0:0:0:0:0:0:1', 'org.jeecg.modules.online.cgform.c.a.c()', NULL, NULL, NULL, '13', NULL, TO_DATE('2025-06-30 09:34:33', 'SYYYY-MM-DD HH24:MI:SS'), NULL, NULL, NULL, NULL);
INSERT INTO "JEECGBOOTOS"."SYS_LOG" VALUES ('1939497753332408322', '2', 'online列表加载,表名:test_demo,操作成功', '1', 'admin', '管理员', '0:0:0:0:0:0:0:1', 'org.jeecg.modules.online.cgform.c.a.a()', NULL, NULL, NULL, '46', NULL, TO_DATE('2025-06-30 09:34:33', 'SYYYY-MM-DD HH24:MI:SS'), NULL, NULL, NULL, NULL);
INSERT INTO "JEECGBOOTOS"."SYS_LOG" VALUES ('1939860490830999553', '2', '编码校验规则-分页列表查询', '1', 'admin', '管理员', '0:0:0:0:0:0:0:1', 'org.jeecg.modules.system.controller.SysCheckRuleController.queryPageList()', NULL, '  sysCheckRule: SysCheckRule(id=null, ruleName=null, ruleCode=null, ruleJson=null, ruleDescription=null, updateBy=null, updateTime=null, createBy=null, createTime=null)  pageNo: 1  pageSize: 10  request: org.apache.shiro.web.servlet.ShiroHttpServletRequest@7e6d0283', NULL, '109', NULL, TO_DATE('2025-07-01 09:35:57', 'SYYYY-MM-DD HH24:MI:SS'), NULL, NULL, NULL, NULL);
INSERT INTO "JEECGBOOTOS"."SYS_LOG" VALUES ('1942113614006280194', '1', '用户名: admin,登录成功！', NULL, 'admin', '管理员', '0:0:0:0:0:0:0:1', NULL, NULL, NULL, NULL, NULL, NULL, TO_DATE('2025-07-07 14:49:03', 'SYYYY-MM-DD HH24:MI:SS'), NULL, NULL, NULL, 'pc');
INSERT INTO "JEECGBOOTOS"."SYS_LOG" VALUES ('1942113794776588290', '2', 'online列表加载,表名:test_order_main,操作成功', '1', 'admin', '管理员', '0:0:0:0:0:0:0:1', 'org.jeecg.modules.online.cgform.c.a.d()', NULL, NULL, NULL, '155', NULL, TO_DATE('2025-07-07 14:49:46', 'SYYYY-MM-DD HH24:MI:SS'), NULL, NULL, NULL, NULL);
INSERT INTO "JEECGBOOTOS"."SYS_LOG" VALUES ('1942113794776588291', '2', 'online表单加载,表名:test_order_main,操作成功', '1', 'admin', '管理员', '0:0:0:0:0:0:0:1', 'org.jeecg.modules.online.cgform.c.a.c()', NULL, NULL, NULL, '145', NULL, TO_DATE('2025-07-07 14:49:46', 'SYYYY-MM-DD HH24:MI:SS'), NULL, NULL, NULL, NULL);
INSERT INTO "JEECGBOOTOS"."SYS_LOG" VALUES ('1942113794776588292', '2', 'online表单加载,表名:test_order_main,操作成功', '1', 'admin', '管理员', '0:0:0:0:0:0:0:1', 'org.jeecg.modules.online.cgform.c.a.c()', NULL, NULL, NULL, '123', NULL, TO_DATE('2025-07-07 14:49:46', 'SYYYY-MM-DD HH24:MI:SS'), NULL, NULL, NULL, NULL);
INSERT INTO "JEECGBOOTOS"."SYS_LOG" VALUES ('1942113795296681986', '2', 'online表单加载,表名:test_order_customer,操作成功', '1', 'admin', '管理员', '0:0:0:0:0:0:0:1', 'org.jeecg.modules.online.cgform.c.a.c()', NULL, NULL, NULL, '32', NULL, TO_DATE('2025-07-07 14:49:46', 'SYYYY-MM-DD HH24:MI:SS'), NULL, NULL, NULL, NULL);
INSERT INTO "JEECGBOOTOS"."SYS_LOG" VALUES ('1942113795296681985', '2', 'online表单加载,表名:test_order_product,操作成功', '1', 'admin', '管理员', '0:0:0:0:0:0:0:1', 'org.jeecg.modules.online.cgform.c.a.c()', NULL, NULL, NULL, '32', NULL, TO_DATE('2025-07-07 14:49:46', 'SYYYY-MM-DD HH24:MI:SS'), NULL, NULL, NULL, NULL);
INSERT INTO "JEECGBOOTOS"."SYS_LOG" VALUES ('1942113795296681987', '2', 'online表单加载,表名:test_order_customer,操作成功', '1', 'admin', '管理员', '0:0:0:0:0:0:0:1', 'org.jeecg.modules.online.cgform.c.a.c()', NULL, NULL, NULL, '13', NULL, TO_DATE('2025-07-07 14:49:46', 'SYYYY-MM-DD HH24:MI:SS'), NULL, NULL, NULL, NULL);
INSERT INTO "JEECGBOOTOS"."SYS_LOG" VALUES ('1942113795363790849', '2', 'online表单加载,表名:test_order_product,操作成功', '1', 'admin', '管理员', '0:0:0:0:0:0:0:1', 'org.jeecg.modules.online.cgform.c.a.c()', NULL, NULL, NULL, '49', NULL, TO_DATE('2025-07-07 14:49:46', 'SYYYY-MM-DD HH24:MI:SS'), NULL, NULL, NULL, NULL);
INSERT INTO "JEECGBOOTOS"."SYS_LOG" VALUES ('1942113817589407746', '2', 'online表单数据查询', '1', 'admin', '管理员', '0:0:0:0:0:0:0:1', 'org.jeecg.modules.online.cgform.c.a.c()', NULL, NULL, NULL, '53', NULL, TO_DATE('2025-07-07 14:49:52', 'SYYYY-MM-DD HH24:MI:SS'), NULL, NULL, NULL, NULL);
INSERT INTO "JEECGBOOTOS"."SYS_LOG" VALUES ('1942113821175537665', '2', 'online修改数据,表名:test_order_main,修改成功！', '3', 'admin', '管理员', '0:0:0:0:0:0:0:1', 'org.jeecg.modules.online.cgform.c.a.a()', NULL, '["56870166aba54ebfacb20ba6c770bd73",{"order_code":"CN2024091019472568","test_order_product":[{"descc":"","jeecg_row_key":"1907442008848031746","price":1,"order_fk_id":"1833472350097121281","num":22,"pro_type":"1","id":"1907442008848031746","product_name":"1"}],"order_date":"","descc":"","update_time":"2025-07-07 14:49:52","xiala":"","id":"1833472350097121281","update_by":"admin","test_order_customer":""}]', NULL, '103', NULL, TO_DATE('2025-07-07 14:49:52', 'SYYYY-MM-DD HH24:MI:SS'), NULL, NULL, NULL, NULL);
INSERT INTO "JEECGBOOTOS"."SYS_LOG" VALUES ('1942113847054393346', '2', '编码校验规则-分页列表查询', '1', 'admin', '管理员', '0:0:0:0:0:0:0:1', 'org.jeecg.modules.system.controller.SysCheckRuleController.queryPageList()', NULL, '  sysCheckRule: SysCheckRule(id=null, ruleName=null, ruleCode=null, ruleJson=null, ruleDescription=null, updateBy=null, updateTime=null, createBy=null, createTime=null)  pageNo: 1  pageSize: 10  request: org.apache.shiro.web.servlet.ShiroHttpServletRequest@3f839c28', NULL, '36', NULL, TO_DATE('2025-07-07 14:49:59', 'SYYYY-MM-DD HH24:MI:SS'), NULL, NULL, NULL, NULL);
INSERT INTO "JEECGBOOTOS"."SYS_LOG" VALUES ('1942114018223939585', '2', '编码校验规则-分页列表查询', '1', 'admin', '管理员', '0:0:0:0:0:0:0:1', 'org.jeecg.modules.system.controller.SysCheckRuleController.queryPageList()', NULL, '  sysCheckRule: SysCheckRule(id=null, ruleName=null, ruleCode=null, ruleJson=null, ruleDescription=null, updateBy=null, updateTime=null, createBy=null, createTime=null)  pageNo: 1  pageSize: 10  request: org.apache.shiro.web.servlet.ShiroHttpServletRequest@1a21184f', NULL, '4', NULL, TO_DATE('2025-07-07 14:50:39', 'SYYYY-MM-DD HH24:MI:SS'), NULL, NULL, NULL, NULL);
INSERT INTO "JEECGBOOTOS"."SYS_LOG" VALUES ('1942501194501095426', '1', '用户名: admin,登录成功！', NULL, 'admin', '管理员', '0:0:0:0:0:0:0:1', NULL, NULL, NULL, NULL, NULL, NULL, TO_DATE('2025-07-08 16:29:09', 'SYYYY-MM-DD HH24:MI:SS'), NULL, NULL, NULL, 'pc');
INSERT INTO "JEECGBOOTOS"."SYS_LOG" VALUES ('1942501288818409473', '2', '编码校验规则-分页列表查询', '1', 'admin', '管理员', '0:0:0:0:0:0:0:1', 'org.jeecg.modules.system.controller.SysCheckRuleController.queryPageList()', NULL, '  sysCheckRule: SysCheckRule(id=null, ruleName=null, ruleCode=null, ruleJson=null, ruleDescription=null, updateBy=null, updateTime=null, createBy=null, createTime=null)  pageNo: 1  pageSize: 10  request: org.springframework.web.servlet.resource.ResourceUrlEncodingFilter$ResourceUrlEncodingRequestWrapper@1f99f8d4', NULL, '26', NULL, TO_DATE('2025-07-08 16:29:32', 'SYYYY-MM-DD HH24:MI:SS'), NULL, NULL, NULL, NULL);
INSERT INTO "JEECGBOOTOS"."SYS_LOG" VALUES ('1942501301120303105', '2', '填值规则-分页列表查询', '1', 'admin', '管理员', '0:0:0:0:0:0:0:1', 'org.jeecg.modules.system.controller.SysFillRuleController.queryPageList()', NULL, '  sysFillRule: SysFillRule(id=null, ruleName=null, ruleCode=null, ruleClass=null, ruleParams=null, updateBy=null, updateTime=null, createBy=null, createTime=null)  pageNo: 1  pageSize: 10  req: org.springframework.web.servlet.resource.ResourceUrlEncodingFilter$ResourceUrlEncodingRequestWrapper@5cd81cd1', NULL, '31', NULL, TO_DATE('2025-07-08 16:29:35', 'SYYYY-MM-DD HH24:MI:SS'), NULL, NULL, NULL, NULL);
INSERT INTO "JEECGBOOTOS"."SYS_LOG" VALUES ('1943500597856714754', '1', '用户名: admin,登录成功！', NULL, 'admin', '管理员', '0:0:0:0:0:0:0:1', NULL, NULL, NULL, NULL, NULL, NULL, TO_DATE('2025-07-11 10:40:26', 'SYYYY-MM-DD HH24:MI:SS'), NULL, NULL, NULL, 'pc');
INSERT INTO "JEECGBOOTOS"."SYS_LOG" VALUES ('1943500676093067265', '2', 'online列表加载,表名:test_note,操作成功', '1', 'admin', '管理员', '0:0:0:0:0:0:0:1', 'org.jeecg.modules.online.cgform.c.a.a()', NULL, NULL, NULL, '134', NULL, TO_DATE('2025-07-11 10:40:44', 'SYYYY-MM-DD HH24:MI:SS'), NULL, NULL, NULL, NULL);
INSERT INTO "JEECGBOOTOS"."SYS_LOG" VALUES ('1943500676231479298', '2', 'online表单加载,表名:test_note,操作成功', '1', 'admin', '管理员', '0:0:0:0:0:0:0:1', 'org.jeecg.modules.online.cgform.c.a.c()', NULL, NULL, NULL, '160', NULL, TO_DATE('2025-07-11 10:40:44', 'SYYYY-MM-DD HH24:MI:SS'), NULL, NULL, NULL, NULL);
INSERT INTO "JEECGBOOTOS"."SYS_LOG" VALUES ('1943500676294393858', '2', 'online表单加载,表名:test_note,操作成功', '1', 'admin', '管理员', '0:0:0:0:0:0:0:1', 'org.jeecg.modules.online.cgform.c.a.c()', NULL, NULL, NULL, '184', NULL, TO_DATE('2025-07-11 10:40:44', 'SYYYY-MM-DD HH24:MI:SS'), NULL, NULL, NULL, NULL);
INSERT INTO "JEECGBOOTOS"."SYS_LOG" VALUES ('1943500683525373954', '2', 'online表单数据查询', '1', 'admin', '管理员', '0:0:0:0:0:0:0:1', 'org.jeecg.modules.online.cgform.c.a.c()', NULL, NULL, NULL, '39', NULL, TO_DATE('2025-07-11 10:40:46', 'SYYYY-MM-DD HH24:MI:SS'), NULL, NULL, NULL, NULL);
INSERT INTO "JEECGBOOTOS"."SYS_LOG" VALUES ('1943500687656763394', '2', 'online修改数据,表名:test_note,修改成功！', '3', 'admin', '管理员', '0:0:0:0:0:0:0:1', 'org.jeecg.modules.online.cgform.c.a.a()', NULL, '["05a3a30dada7411c9109306aa4117068",{"birthday":"","year":"","sex":"2","begin_time":"","sheng":"","update_time":"2025-07-11 10:40:47","jeecg_row_key":"1923203898831777793","month":"","contents":"","name":"admin","id":"1923203898831777793","update_by":"admin","age":10}]', NULL, '95', NULL, TO_DATE('2025-07-11 10:40:47', 'SYYYY-MM-DD HH24:MI:SS'), NULL, NULL, NULL, NULL);
INSERT INTO "JEECGBOOTOS"."SYS_LOG" VALUES ('1943500714349314050', '2', 'online新增数据,表名:test_note,添加成功!', '2', 'admin', '管理员', '0:0:0:0:0:0:0:1', 'org.jeecg.modules.online.cgform.c.a.a()', NULL, '["05a3a30dada7411c9109306aa4117068",{"create_by":"admin","sys_org_code":"A01","create_time":"2025-07-11 10:40:53","name":"ceshi","id":"1943500714139598850","age":11},null]', NULL, '50', NULL, TO_DATE('2025-07-11 10:40:53', 'SYYYY-MM-DD HH24:MI:SS'), NULL, NULL, NULL, NULL);
INSERT INTO "JEECGBOOTOS"."SYS_LOG" VALUES ('1943500842774802434', '2', 'online表单数据查询', '1', 'admin', '管理员', '0:0:0:0:0:0:0:1', 'org.jeecg.modules.online.cgform.c.a.c()', NULL, NULL, NULL, '265', NULL, TO_DATE('2025-07-11 10:41:24', 'SYYYY-MM-DD HH24:MI:SS'), NULL, NULL, NULL, NULL);
INSERT INTO "JEECGBOOTOS"."SYS_LOG" VALUES ('1943500846713253889', '2', 'online修改数据,表名:test_note,修改成功！', '3', 'admin', '管理员', '0:0:0:0:0:0:0:1', 'org.jeecg.modules.online.cgform.c.a.a()', NULL, '["05a3a30dada7411c9109306aa4117068",{"birthday":"","year":"","sex":"","begin_time":"","sheng":"","update_time":"2025-07-11 10:41:24","jeecg_row_key":"1943500714139598850","month":"","contents":"","name":"ceshi","id":"1943500714139598850","update_by":"admin","age":11}]', NULL, '129', NULL, TO_DATE('2025-07-11 10:41:25', 'SYYYY-MM-DD HH24:MI:SS'), NULL, NULL, NULL, NULL);
INSERT INTO "JEECGBOOTOS"."SYS_LOG" VALUES ('1948587896043438082', '4', 'org.springframework.web.HttpMediaTypeNotSupportedException:Content type ''application/x-www-form-urlencoded;charset=UTF-8'' not supported', NULL, NULL, NULL, '0:0:0:0:0:0:0:1', NULL, '/jeecg-boot/sys/login', 'org.springframework.web.HttpMediaTypeNotSupportedException: Content type ''application/x-www-form-urlencoded;charset=UTF-8'' not supported
	at org.springframework.web.servlet.mvc.method.annotation.AbstractMessageConverterMethodArgumentResolver.readWithMessageConverters(AbstractMessageConverterMethodArgumentResolver.java:211)
	at org.springframework.web.servlet.mvc.method.annotation.RequestResponseBodyMethodProcessor.readWithMessageConverters(RequestResponseBodyMethodProcessor.java:160)
	at org.springframework.web.servlet.mvc.method.annotation.RequestResponseBodyMethodProcessor.resolveArgument(RequestResponseBodyMethodProcessor.java:133)
	at org.springframework.web.method.support.HandlerMethodArgumentResolverComposite.resolveArgument(HandlerMethodArgumentResolverComposite.java:122)
	at org.springframework.web.method.support.InvocableHandlerMethod.getMethodArgumentValues(InvocableHandlerMethod.java:179)
	at org.springframework.web.method.support.InvocableHandlerMethod.invokeForRequest(InvocableHandlerMethod.java:146)
	at org.springframework.web.servlet.mvc.method.annotation.ServletInvocableHandlerMethod.invokeAndHandle(ServletInvocableHandlerMethod.java:117)
	at org.springframework.web.servlet.mvc.method.annotation.RequestMappingHandlerAdapter.invokeHandlerMethod(RequestMappingHandlerAdapter.java:895)
	at org.springframework.web.servlet.mvc.method.annotation.RequestMappingHandlerAdapter.handleInternal(RequestMappingHandlerAdapter.java:808)
	at org.springframework.web.servlet.mvc.method.AbstractHandlerMethodAdapter.handle(AbstractHandlerMethodAdapter.java:87)
	at org.springframework.web.servlet.DispatcherServlet.doDispatch(DispatcherServlet.java:1072)
	at org.springframework.web.servlet.DispatcherServlet.doService(DispatcherServlet.java:965)
	at org.springframework.web.servlet.FrameworkServlet.processRequest(FrameworkServlet.java:1006)
	at org.springframework.web.servlet.FrameworkServlet.doPost(FrameworkServlet.java:909)
	at javax.servlet.http.HttpServlet.service(HttpServlet.java:517)
	at org.springframework.web.servlet.FrameworkServlet.service(FrameworkServlet.java:883)
	at javax.servlet.http.HttpServlet.service(HttpServlet.java:584)
	at io.undertow.servlet.handlers.ServletHandler.handleRequest(ServletHandler.java:74)
	at io.undertow.servlet.handlers.FilterHandler$FilterChainImpl.doFilter(FilterHandler.java:129)
	at io.undertow.websockets.jsr.JsrWebSocketFilter.doFilter(JsrWebSocketFilter.java:173)
	at io.undertow.servlet.core.ManagedFilter.doFilter(ManagedFilter.java:67)
	at io.undertow.servlet.handlers.FilterHandler$FilterChainImpl.doFilter(FilterHandler.java:131)
	at org.springframework.web.filter.CorsFilter.doFilterInternal(CorsFilter.java:91)
	at org.springframework.web.filter.OncePerRequestFilter.doFilter(OncePerRequestFilter.java:117)
	at io.undertow.servlet.core.ManagedFilter.doFilter(ManagedFilter.java:67)
	at io.undertow.servlet.handlers.FilterHandler$FilterChainImpl.doFilter(FilterHandler.java:131)
	at com.alibaba.druid.support.http.WebStatFilter.doFilter(WebStatFilter.java:114)
	at io.undertow.servlet.core.ManagedFilter.doFilter(ManagedFilter.java:67)
	at io.undertow.servlet.handlers.FilterHandler$FilterChainImpl.doFilter(FilterHandler.java:131)
	at org.springframework.boot.actuate.web.trace.servlet.HttpTraceFilter.doFilterInternal(HttpTraceFilter.java:88)
	at org.springframework.web.filter.OncePerRequestFilter.doFilter(OncePerRequestFilter.java:117)
	at io.undertow.servlet.core.ManagedFilter.doFilter(ManagedFilter.java:67)
	at io.undertow.servlet.handlers.FilterHandler$FilterChainImpl.doFilter(FilterHandler.java:131)
	at org.apache.shiro.web.servlet.ProxiedFilterChain.doFilter(ProxiedFilterChain.java:61)
	at org.apache.shiro.web.servlet.AdviceFilter.executeChain(AdviceFilter.java:108)
	at org.apache.shiro.web.servlet.AdviceFilter.doFilterInternal(AdviceFilter.java:137)
	at org.apache.shiro.web.servlet.OncePerRequestFilter.doFilter(OncePerRequestFilter.java:154)
	at org.apache.shiro.web.servlet.ProxiedFilterChain.doFilter(ProxiedFilterChain.java:66)
	at org.apache.shiro.web.servlet.AdviceFilter.executeChain(AdviceFilter.java:108)
	at org.apache.shiro.web.servlet.AdviceFilter.doFilterInternal(AdviceFilter.java:137)
	at org.apache.shiro.web.servlet.OncePerRequestFilter.doFilter(OncePerRequestFilter.java:154)
	at org.apache.shiro.web.servlet.ProxiedFilterChain.doFilter(ProxiedFilterChain.java:66)
	at org.apache.shiro.web.servlet.AbstractShiroFilter.executeChain(AbstractShiroFilter.java:458)
	at org.apache.shiro.web.servlet.AbstractShiroFilter$1.call(AbstractShiroFilter.java:373)
	at org.apache.shiro.subject.support.SubjectCallable.doCall(SubjectCallable.java:90)
	at org.apache.shiro.subject.support.SubjectCallable.call(SubjectCallable.java:83)
	at org.apache.shiro.subject.support.DelegatingSubject.execute(DelegatingSubject.java:387)
	at org.apache.shiro.web.servlet.AbstractShiroFilter.doFilterInternal(AbstractShiroFilter.java:370)
	at org.apache.shiro.web.servlet.OncePerRequestFilter.doFilter(OncePerRequestFilter.java:154)
	at io.undertow.servlet.core.ManagedFilter.doFilter(ManagedFilter.java:67)
	at io.undertow.servlet.handlers.FilterHandler$FilterChainImpl.doFilter(FilterHandler.java:131)
	at org.springframework.web.filter.RequestContextFilter.doFilterInternal(RequestContextFilter.java:100)
	at org.springframework.web.filter.OncePerRequestFilter.doFilter(OncePerRequestFilter.java:117)
	at io.undertow.servlet.core.ManagedFilter.doFilter(ManagedFilter.java:67)
	at io.undertow.servlet.handlers.FilterHandler$FilterChainImpl.doFilter(FilterHandler.java:131)
	at org.springframework.web.filter.FormContentFilter.doFilterInternal(FormContentFilter.java:93)
	at org.springframework.web.filter.OncePerRequestFilter.doFilter(OncePerRequestFilter.java:117)
	at io.undertow.servlet.core.ManagedFilter.doFilter(ManagedFilter.java:67)
	at io.undertow.servlet.handlers.FilterHandler$FilterChainImpl.doFilter(FilterHandler.java:131)
	at org.springframework.boot.actuate.metrics.web.servlet.WebMvcMetricsFilter.doFilterInternal(WebMvcMetricsFilter.java:96)
	at org.springframework.web.filter.OncePerRequestFilter.doFilter(OncePerRequestFilter.java:117)
	at io.undertow.servlet.core.ManagedFilter.doFilter(ManagedFilter.java:67)
	at io.undertow.servlet.handlers.FilterHandler$FilterChainImpl.doFilter(FilterHandler.java:131)
	at org.springframework.web.filter.CharacterEncodingFilter.doFilterInternal(CharacterEncodingFilter.java:201)
	at org.springframework.web.filter.OncePerRequestFilter.doFilter(OncePerRequestFilter.java:117)
	at io.undertow.servlet.core.ManagedFilter.doFilter(ManagedFilter.java:67)
	at io.undertow.servlet.handlers.FilterHandler$FilterChainImpl.doFilter(FilterHandler.java:131)
	at io.undertow.servlet.handlers.FilterHandler.handleRequest(FilterHandler.java:84)
	at io.undertow.servlet.handlers.security.ServletSecurityRoleHandler.handleRequest(ServletSecurityRoleHandler.java:62)
	at io.undertow.servlet.handlers.ServletChain$1.handleRequest(ServletChain.java:68)
	at io.undertow.servlet.handlers.ServletDispatchingHandler.handleRequest(ServletDispatchingHandler.java:36)
	at io.undertow.servlet.handlers.RedirectDirHandler.handleRequest(RedirectDirHandler.java:68)
	at io.undertow.servlet.handlers.security.SSLInformationAssociationHandler.handleRequest(SSLInformationAssociationHandler.java:117)
	at io.undertow.servlet.handlers.security.ServletAuthenticationCallHandler.handleRequest(ServletAuthenticationCallHandler.java:57)
	at io.undertow.server.handlers.PredicateHandler.handleRequest(PredicateHandler.java:43)
	at io.undertow.security.handlers.AbstractConfidentialityHandler.handleRequest(AbstractConfidentialityHandler.java:46)
	at io.undertow.servlet.handlers.security.ServletConfidentialityConstraintHandler.handleRequest(ServletConfidentialityConstraintHandler.java:64)
	at io.undertow.security.handlers.AuthenticationMechanismsHandler.handleRequest(AuthenticationMechanismsHandler.java:60)
	at io.undertow.servlet.handlers.security.CachedAuthenticatedSessionHandler.handleRequest(CachedAuthenticatedSessionHandler.java:77)
	at io.undertow.security.handlers.AbstractSecurityContextAssociationHandler.handleRequest(AbstractSecurityContextAssociationHandler.java:43)
	at io.undertow.server.handlers.PredicateHandler.handleRequest(PredicateHandler.java:43)
	at io.undertow.servlet.handlers.SendErrorPageHandler.handleRequest(SendErrorPageHandler.java:52)
	at io.undertow.server.handlers.PredicateHandler.handleRequest(PredicateHandler.java:43)
	at io.undertow.servlet.handlers.ServletInitialHandler.handleFirstRequest(ServletInitialHandler.java:275)
	at io.undertow.servlet.handlers.ServletInitialHandler.access$100(ServletInitialHandler.java:79)
	at io.undertow.servlet.handlers.ServletInitialHandler$2.call(ServletInitialHandler.java:134)
	at io.undertow.servlet.handlers.ServletInitialHandler$2.call(ServletInitialHandler.java:131)
	at io.undertow.servlet.core.ServletRequestContextThreadSetupAction$1.call(ServletRequestContextThreadSetupAction.java:48)
	at io.undertow.servlet.core.ContextClassLoaderSetupAction$1.call(ContextClassLoaderSetupAction.java:43)
	at io.undertow.servlet.handlers.ServletInitialHandler.dispatchRequest(ServletInitialHandler.java:255)
	at io.undertow.servlet.handlers.ServletInitialHandler.handleRequest(ServletInitialHandler.java:175)
	at org.jeecg.modules.monitor.actuator.undertow.CustomUndertowMetricsHandler.lambda$wrap$0(CustomUndertowMetricsHandler.java:87)
	at io.undertow.server.Connectors.executeRootHandler(Connectors.java:393)
	at io.undertow.server.HttpServerExchange$1.run(HttpServerExchange.java:852)
	at org.jboss.threads.ContextClassLoaderSavingRunnable.run(ContextClassLoaderSavingRunnable.java:35)
	at org.jboss.threads.EnhancedQueueExecutor.safeRun(EnhancedQueueExecutor.java:2019)
	at org.jboss.threads.EnhancedQueueExecutor$ThreadBody.doRunTask(EnhancedQueueExecutor.java:1558)
	at org.jboss.threads.EnhancedQueueExecutor$ThreadBody.run(EnhancedQueueExecutor.java:1449)
	at org.xnio.XnioWorker$WorkerThreadFactory$1$1.run(XnioWorker.java:1282)
	at java.base/java.lang.Thread.run(Thread.java:842)
', NULL, NULL, NULL, TO_DATE('2025-07-25 11:35:32', 'SYYYY-MM-DD HH24:MI:SS'), NULL, NULL, NULL, 'pc');
INSERT INTO "JEECGBOOTOS"."SYS_LOG" VALUES ('1948591060104732674', '1', '用户名: admin,登录成功！', NULL, 'admin', '管理员', '0:0:0:0:0:0:0:1', NULL, NULL, NULL, NULL, NULL, NULL, TO_DATE('2025-07-25 11:48:06', 'SYYYY-MM-DD HH24:MI:SS'), NULL, NULL, NULL, 'pc');
INSERT INTO "JEECGBOOTOS"."SYS_LOG" VALUES ('1948595457190780929', '4', 'org.springframework.http.converter.HttpMessageNotReadableException:JSON parse error: Unexpected character (''}'' (code 125)): was expecting double-quote to start field name; nested exception is com.fasterxml.jackson.core.JsonParseException: Unexpected character (''}'' (code 125)): was expecting double-quote to start field name
 at [Source: (org.springframework.util.StreamUtils$NonClosingInputStream); line: 5, column: 2]', NULL, NULL, NULL, '0:0:0:0:0:0:0:1', NULL, '/jeecg-boot/sys/login', 'org.springframework.http.converter.HttpMessageNotReadableException: JSON parse error: Unexpected character (''}'' (code 125)): was expecting double-quote to start field name; nested exception is com.fasterxml.jackson.core.JsonParseException: Unexpected character (''}'' (code 125)): was expecting double-quote to start field name
 at [Source: (org.springframework.util.StreamUtils$NonClosingInputStream); line: 5, column: 2]
	at org.springframework.http.converter.json.AbstractJackson2HttpMessageConverter.readJavaType(AbstractJackson2HttpMessageConverter.java:391)
	at org.springframework.http.converter.json.AbstractJackson2HttpMessageConverter.read(AbstractJackson2HttpMessageConverter.java:343)
	at org.springframework.web.servlet.mvc.method.annotation.AbstractMessageConverterMethodArgumentResolver.readWithMessageConverters(AbstractMessageConverterMethodArgumentResolver.java:185)
	at org.springframework.web.servlet.mvc.method.annotation.RequestResponseBodyMethodProcessor.readWithMessageConverters(RequestResponseBodyMethodProcessor.java:160)
	at org.springframework.web.servlet.mvc.method.annotation.RequestResponseBodyMethodProcessor.resolveArgument(RequestResponseBodyMethodProcessor.java:133)
	at org.springframework.web.method.support.HandlerMethodArgumentResolverComposite.resolveArgument(HandlerMethodArgumentResolverComposite.java:122)
	at org.springframework.web.method.support.InvocableHandlerMethod.getMethodArgumentValues(InvocableHandlerMethod.java:179)
	at org.springframework.web.method.support.InvocableHandlerMethod.invokeForRequest(InvocableHandlerMethod.java:146)
	at org.springframework.web.servlet.mvc.method.annotation.ServletInvocableHandlerMethod.invokeAndHandle(ServletInvocableHandlerMethod.java:117)
	at org.springframework.web.servlet.mvc.method.annotation.RequestMappingHandlerAdapter.invokeHandlerMethod(RequestMappingHandlerAdapter.java:895)
	at org.springframework.web.servlet.mvc.method.annotation.RequestMappingHandlerAdapter.handleInternal(RequestMappingHandlerAdapter.java:808)
	at org.springframework.web.servlet.mvc.method.AbstractHandlerMethodAdapter.handle(AbstractHandlerMethodAdapter.java:87)
	at org.springframework.web.servlet.DispatcherServlet.doDispatch(DispatcherServlet.java:1072)
	at org.springframework.web.servlet.DispatcherServlet.doService(DispatcherServlet.java:965)
	at org.springframework.web.servlet.FrameworkServlet.processRequest(FrameworkServlet.java:1006)
	at org.springframework.web.servlet.FrameworkServlet.doPost(FrameworkServlet.java:909)
	at javax.servlet.http.HttpServlet.service(HttpServlet.java:517)
	at org.springframework.web.servlet.FrameworkServlet.service(FrameworkServlet.java:883)
	at javax.servlet.http.HttpServlet.service(HttpServlet.java:584)
	at io.undertow.servlet.handlers.ServletHandler.handleRequest(ServletHandler.java:74)
	at io.undertow.servlet.handlers.FilterHandler$FilterChainImpl.doFilter(FilterHandler.java:129)
	at io.undertow.websockets.jsr.JsrWebSocketFilter.doFilter(JsrWebSocketFilter.java:173)
	at io.undertow.servlet.core.ManagedFilter.doFilter(ManagedFilter.java:67)
	at io.undertow.servlet.handlers.FilterHandler$FilterChainImpl.doFilter(FilterHandler.java:131)
	at org.springframework.web.filter.CorsFilter.doFilterInternal(CorsFilter.java:91)
	at org.springframework.web.filter.OncePerRequestFilter.doFilter(OncePerRequestFilter.java:117)
	at io.undertow.servlet.core.ManagedFilter.doFilter(ManagedFilter.java:67)
	at io.undertow.servlet.handlers.FilterHandler$FilterChainImpl.doFilter(FilterHandler.java:131)
	at com.alibaba.druid.support.http.WebStatFilter.doFilter(WebStatFilter.java:114)
	at io.undertow.servlet.core.ManagedFilter.doFilter(ManagedFilter.java:67)
	at io.undertow.servlet.handlers.FilterHandler$FilterChainImpl.doFilter(FilterHandler.java:131)
	at org.springframework.boot.actuate.web.trace.servlet.HttpTraceFilter.doFilterInternal(HttpTraceFilter.java:88)
	at org.springframework.web.filter.OncePerRequestFilter.doFilter(OncePerRequestFilter.java:117)
	at io.undertow.servlet.core.ManagedFilter.doFilter(ManagedFilter.java:67)
	at io.undertow.servlet.handlers.FilterHandler$FilterChainImpl.doFilter(FilterHandler.java:131)
	at org.apache.shiro.web.servlet.ProxiedFilterChain.doFilter(ProxiedFilterChain.java:61)
	at org.apache.shiro.web.servlet.AdviceFilter.executeChain(AdviceFilter.java:108)
	at org.apache.shiro.web.servlet.AdviceFilter.doFilterInternal(AdviceFilter.java:137)
	at org.apache.shiro.web.servlet.OncePerRequestFilter.doFilter(OncePerRequestFilter.java:154)
	at org.apache.shiro.web.servlet.ProxiedFilterChain.doFilter(ProxiedFilterChain.java:66)
	at org.apache.shiro.web.servlet.AdviceFilter.executeChain(AdviceFilter.java:108)
	at org.apache.shiro.web.servlet.AdviceFilter.doFilterInternal(AdviceFilter.java:137)
	at org.apache.shiro.web.servlet.OncePerRequestFilter.doFilter(OncePerRequestFilter.java:154)
	at org.apache.shiro.web.servlet.ProxiedFilterChain.doFilter(ProxiedFilterChain.java:66)
	at org.apache.shiro.web.servlet.AbstractShiroFilter.executeChain(AbstractShiroFilter.java:458)
	at org.apache.shiro.web.servlet.AbstractShiroFilter$1.call(AbstractShiroFilter.java:373)
	at org.apache.shiro.subject.support.SubjectCallable.doCall(SubjectCallable.java:90)
	at org.apache.shiro.subject.support.SubjectCallable.call(SubjectCallable.java:83)
	at org.apache.shiro.subject.support.DelegatingSubject.execute(DelegatingSubject.java:387)
	at org.apache.shiro.web.servlet.AbstractShiroFilter.doFilterInternal(AbstractShiroFilter.java:370)
	at org.apache.shiro.web.servlet.OncePerRequestFilter.doFilter(OncePerRequestFilter.java:154)
	at io.undertow.servlet.core.ManagedFilter.doFilter(ManagedFilter.java:67)
	at io.undertow.servlet.handlers.FilterHandler$FilterChainImpl.doFilter(FilterHandler.java:131)
	at org.springframework.web.filter.RequestContextFilter.doFilterInternal(RequestContextFilter.java:100)
	at org.springframework.web.filter.OncePerRequestFilter.doFilter(OncePerRequestFilter.java:117)
	at io.undertow.servlet.core.ManagedFilter.doFilter(ManagedFilter.java:67)
	at io.undertow.servlet.handlers.FilterHandler$FilterChainImpl.doFilter(FilterHandler.java:131)
	at org.springframework.web.filter.FormContentFilter.doFilterInternal(FormContentFilter.java:93)
	at org.springframework.web.filter.OncePerRequestFilter.doFilter(OncePerRequestFilter.java:117)
	at io.undertow.servlet.core.ManagedFilter.doFilter(ManagedFilter.java:67)
	at io.undertow.servlet.handlers.FilterHandler$FilterChainImpl.doFilter(FilterHandler.java:131)
	at org.springframework.boot.actuate.metrics.web.servlet.WebMvcMetricsFilter.doFilterInternal(WebMvcMetricsFilter.java:96)
	at org.springframework.web.filter.OncePerRequestFilter.doFilter(OncePerRequestFilter.java:117)
	at io.undertow.servlet.core.ManagedFilter.doFilter(ManagedFilter.java:67)
	at io.undertow.servlet.handlers.FilterHandler$FilterChainImpl.doFilter(FilterHandler.java:131)
	at org.springframework.web.filter.CharacterEncodingFilter.doFilterInternal(CharacterEncodingFilter.java:201)
	at org.springframework.web.filter.OncePerRequestFilter.doFilter(OncePerRequestFilter.java:117)
	at io.undertow.servlet.core.ManagedFilter.doFilter(ManagedFilter.java:67)
	at io.undertow.servlet.handlers.FilterHandler$FilterChainImpl.doFilter(FilterHandler.java:131)
	at io.undertow.servlet.handlers.FilterHandler.handleRequest(FilterHandler.java:84)
	at io.undertow.servlet.handlers.security.ServletSecurityRoleHandler.handleRequest(ServletSecurityRoleHandler.java:62)
	at io.undertow.servlet.handlers.ServletChain$1.handleRequest(ServletChain.java:68)
	at io.undertow.servlet.handlers.ServletDispatchingHandler.handleRequest(ServletDispatchingHandler.java:36)
	at io.undertow.servlet.handlers.RedirectDirHandler.handleRequest(RedirectDirHandler.java:68)
	at io.undertow.servlet.handlers.security.SSLInformationAssociationHandler.handleRequest(SSLInformationAssociationHandler.java:117)
	at io.undertow.servlet.handlers.security.ServletAuthenticationCallHandler.handleRequest(ServletAuthenticationCallHandler.java:57)
	at io.undertow.server.handlers.PredicateHandler.handleRequest(PredicateHandler.java:43)
	at io.undertow.security.handlers.AbstractConfidentialityHandler.handleRequest(AbstractConfidentialityHandler.java:46)
	at io.undertow.servlet.handlers.security.ServletConfidentialityConstraintHandler.handleRequest(ServletConfidentialityConstraintHandler.java:64)
	at io.undertow.security.handlers.AuthenticationMechanismsHandler.handleRequest(AuthenticationMechanismsHandler.java:60)
	at io.undertow.servlet.handlers.security.CachedAuthenticatedSessionHandler.handleRequest(CachedAuthenticatedSessionHandler.java:77)
	at io.undertow.security.handlers.AbstractSecurityContextAssociationHandler.handleRequest(AbstractSecurityContextAssociationHandler.java:43)
	at io.undertow.server.handlers.PredicateHandler.handleRequest(PredicateHandler.java:43)
	at io.undertow.servlet.handlers.SendErrorPageHandler.handleRequest(SendErrorPageHandler.java:52)
	at io.undertow.server.handlers.PredicateHandler.handleRequest(PredicateHandler.java:43)
	at io.undertow.servlet.handlers.ServletInitialHandler.handleFirstRequest(ServletInitialHandler.java:275)
	at io.undertow.servlet.handlers.ServletInitialHandler.access$100(ServletInitialHandler.java:79)
	at io.undertow.servlet.handlers.ServletInitialHandler$2.call(ServletInitialHandler.java:134)
	at io.undertow.servlet.handlers.ServletInitialHandler$2.call(ServletInitialHandler.java:131)
	at io.undertow.servlet.core.ServletRequestContextThreadSetupAction$1.call(ServletRequestContextThreadSetupAction.java:48)
	at io.undertow.servlet.core.ContextClassLoaderSetupAction$1.call(ContextClassLoaderSetupAction.java:43)
	at io.undertow.servlet.handlers.ServletInitialHandler.dispatchRequest(ServletInitialHandler.java:255)
	at io.undertow.servlet.handlers.ServletInitialHandler.handleRequest(ServletInitialHandler.java:175)
	at org.jeecg.modules.monitor.actuator.undertow.CustomUndertowMetricsHandler.lambda$wrap$0(CustomUndertowMetricsHandler.java:87)
	at io.undertow.server.Connectors.executeRootHandler(Connectors.java:393)
	at io.undertow.server.HttpServerExchange$1.run(HttpServerExchange.java:852)
	at org.jboss.threads.ContextClassLoaderSavingRunnable.run(ContextClassLoaderSavingRunnable.java:35)
	at org.jboss.threads.EnhancedQueueExecutor.safeRun(EnhancedQueueExecutor.java:2019)
	at org.jboss.threads.EnhancedQueueExecutor$ThreadBody.doRunTask(EnhancedQueueExecutor.java:1558)
	at org.jboss.threads.EnhancedQueueExecutor$ThreadBody.run(EnhancedQueueExecutor.java:1449)
	at org.xnio.XnioWorker$WorkerThreadFactory$1$1.run(XnioWorker.java:1282)
	at java.base/java.lang.Thread.run(Thread.java:842)
Caused by: com.fasterxml.jackson.core.JsonParseException: Unexpected character (''}'' (code 125)): was expecting double-quote to start field name
 at [Source: (org.springframework.util.StreamUtils$NonClosingInputStream); line: 5, column: 2]
	at com.fasterxml.jackson.core.JsonParser._constructError(JsonParser.java:2391)
	at com.fasterxml.jackson.core.base.ParserMinimalBase._reportError(ParserMinimalBase.java:735)
	at com.fasterxml.jackson.core.base.ParserMinimalBase._reportUnexpectedChar(ParserMinimalBase.java:659)
	at com.fasterxml.jackson.core.json.UTF8StreamJsonParser._handleOddName(UTF8StreamJsonParser.java:2096)
	at com.fasterxml.jackson.core.json.UTF8StreamJsonParser._parseName(UTF8StreamJsonParser.java:1746)
	at com.fasterxml.jackson.core.json.UTF8StreamJsonParser.nextFieldName(UTF8StreamJsonParser.java:1075)
	at com.fasterxml.jackson.databind.deser.BeanDeserializer.vanillaDeserialize(BeanDeserializer.java:321)
	at com.fasterxml.jackson.databind.deser.BeanDeserializer.deserialize(BeanDeserializer.java:177)
	at com.fasterxml.jackson.databind.deser.DefaultDeserializationContext.readRootValue(DefaultDeserializationContext.java:323)
	at com.fasterxml.jackson.databind.ObjectMapper._readMapAndClose(ObjectMapper.java:4674)
	at com.fasterxml.jackson.databind.ObjectMapper.readValue(ObjectMapper.java:3682)
	at org.springframework.http.converter.json.AbstractJackson2HttpMessageConverter.readJavaType(AbstractJackson2HttpMessageConverter.java:380)
	... 101 more
', NULL, NULL, NULL, TO_DATE('2025-07-25 12:05:35', 'SYYYY-MM-DD HH24:MI:SS'), NULL, NULL, NULL, 'pc');
INSERT INTO "JEECGBOOTOS"."SYS_LOG" VALUES ('1948595510504579074', '1', '用户名: admin,登录成功！', NULL, 'admin', '管理员', '0:0:0:0:0:0:0:1', NULL, NULL, NULL, NULL, NULL, NULL, TO_DATE('2025-07-25 12:05:48', 'SYYYY-MM-DD HH24:MI:SS'), NULL, NULL, NULL, 'pc');
INSERT INTO "JEECGBOOTOS"."SYS_LOG" VALUES ('1948595519039987713', '1', '用户名: admin,登录成功！', NULL, 'admin', '管理员', '0:0:0:0:0:0:0:1', NULL, NULL, NULL, NULL, NULL, NULL, TO_DATE('2025-07-25 12:05:50', 'SYYYY-MM-DD HH24:MI:SS'), NULL, NULL, NULL, 'pc');
INSERT INTO "JEECGBOOTOS"."SYS_LOG" VALUES ('1948611897717374977', '1', '用户名: admin,登录成功！', NULL, 'admin', '管理员', '0:0:0:0:0:0:0:1', NULL, NULL, NULL, NULL, NULL, NULL, TO_DATE('2025-07-25 13:10:55', 'SYYYY-MM-DD HH24:MI:SS'), NULL, NULL, NULL, 'pc');
INSERT INTO "JEECGBOOTOS"."SYS_LOG" VALUES ('1948612021831024641', '1', '用户名: admin,登录成功！', NULL, 'admin', '管理员', '0:0:0:0:0:0:0:1', NULL, NULL, NULL, NULL, NULL, NULL, TO_DATE('2025-07-25 13:11:24', 'SYYYY-MM-DD HH24:MI:SS'), NULL, NULL, NULL, 'pc');
INSERT INTO "JEECGBOOTOS"."SYS_LOG" VALUES ('1948612052399112193', '1', '用户登录失败，用户不存在！', NULL, NULL, NULL, '192.168.1.2', NULL, NULL, NULL, NULL, NULL, NULL, TO_DATE('2025-07-25 13:11:31', 'SYYYY-MM-DD HH24:MI:SS'), NULL, NULL, NULL, 'pc');
INSERT INTO "JEECGBOOTOS"."SYS_LOG" VALUES ('1948612337884426242', '1', '用户名: admin,登录成功！', NULL, 'admin', '管理员', '0:0:0:0:0:0:0:1', NULL, NULL, NULL, NULL, NULL, NULL, TO_DATE('2025-07-25 13:12:39', 'SYYYY-MM-DD HH24:MI:SS'), NULL, NULL, NULL, 'pc');
INSERT INTO "JEECGBOOTOS"."SYS_LOG" VALUES ('1948613127952883714', '1', '用户登录失败，用户不存在！', NULL, NULL, NULL, '0:0:0:0:0:0:0:1', NULL, NULL, NULL, NULL, NULL, NULL, TO_DATE('2025-07-25 13:15:48', 'SYYYY-MM-DD HH24:MI:SS'), NULL, NULL, NULL, 'pc');
INSERT INTO "JEECGBOOTOS"."SYS_LOG" VALUES ('1949745824040878081', '1', '用户名: admin,登录成功！', NULL, 'admin', '管理员', '0:0:0:0:0:0:0:1', NULL, NULL, NULL, NULL, NULL, NULL, TO_DATE('2025-07-28 16:16:44', 'SYYYY-MM-DD HH24:MI:SS'), NULL, NULL, NULL, 'pc');
INSERT INTO "JEECGBOOTOS"."SYS_LOG" VALUES ('1950043982499377153', '1', '用户名: admin,登录成功！', NULL, 'admin', '管理员', '0:0:0:0:0:0:0:1', NULL, NULL, NULL, NULL, NULL, NULL, TO_DATE('2025-07-29 12:01:30', 'SYYYY-MM-DD HH24:MI:SS'), NULL, NULL, NULL, 'pc');
INSERT INTO "JEECGBOOTOS"."SYS_LOG" VALUES ('1950044048144429057', '2', 'online列表加载,表名:test_note,操作成功', '1', 'admin', '管理员', '0:0:0:0:0:0:0:1', 'org.jeecg.modules.online.cgform.c.a.a()', NULL, NULL, NULL, '76', NULL, TO_DATE('2025-07-29 12:01:46', 'SYYYY-MM-DD HH24:MI:SS'), NULL, NULL, NULL, NULL);
INSERT INTO "JEECGBOOTOS"."SYS_LOG" VALUES ('1950044048203149314', '2', 'online表单加载,表名:test_note,操作成功', '1', 'admin', '管理员', '0:0:0:0:0:0:0:1', 'org.jeecg.modules.online.cgform.c.a.c()', NULL, NULL, NULL, '84', NULL, TO_DATE('2025-07-29 12:01:46', 'SYYYY-MM-DD HH24:MI:SS'), NULL, NULL, NULL, NULL);
INSERT INTO "JEECGBOOTOS"."SYS_LOG" VALUES ('1950044048203149315', '2', 'online表单加载,表名:test_note,操作成功', '1', 'admin', '管理员', '0:0:0:0:0:0:0:1', 'org.jeecg.modules.online.cgform.c.a.c()', NULL, NULL, NULL, '54', NULL, TO_DATE('2025-07-29 12:01:46', 'SYYYY-MM-DD HH24:MI:SS'), NULL, NULL, NULL, NULL);
INSERT INTO "JEECGBOOTOS"."SYS_LOG" VALUES ('1950044059880091649', '4', 'org.springframework.web.util.NestedServletException:Handler dispatch failed; nested exception is java.lang.NoSuchMethodError: ''net.sf.jsqlparser.statement.select.SelectBody net.sf.jsqlparser.statement.select.Select.getSelectBody()''', NULL, 'admin', '管理员', '0:0:0:0:0:0:0:1', '_t=1753761708490&pageNo=1&pageSize=10&onlRepUrlParamStr=', '/jeecg-boot/online/cgreport/api/getColumnsAndData/1260179852088135681', 'org.springframework.web.util.NestedServletException: Handler dispatch failed; nested exception is java.lang.NoSuchMethodError: ''net.sf.jsqlparser.statement.select.SelectBody net.sf.jsqlparser.statement.select.Select.getSelectBody()''
	at org.springframework.web.servlet.DispatcherServlet.doDispatch(DispatcherServlet.java:1087)
	at org.springframework.web.servlet.DispatcherServlet.doService(DispatcherServlet.java:965)
	at org.springframework.web.servlet.FrameworkServlet.processRequest(FrameworkServlet.java:1006)
	at org.springframework.web.servlet.FrameworkServlet.doGet(FrameworkServlet.java:898)
	at javax.servlet.http.HttpServlet.service(HttpServlet.java:497)
	at org.springframework.web.servlet.FrameworkServlet.service(FrameworkServlet.java:883)
	at javax.servlet.http.HttpServlet.service(HttpServlet.java:584)
	at io.undertow.servlet.handlers.ServletHandler.handleRequest(ServletHandler.java:74)
	at io.undertow.servlet.handlers.FilterHandler$FilterChainImpl.doFilter(FilterHandler.java:129)
	at io.undertow.websockets.jsr.JsrWebSocketFilter.doFilter(JsrWebSocketFilter.java:173)
	at io.undertow.servlet.core.ManagedFilter.doFilter(ManagedFilter.java:67)
	at io.undertow.servlet.handlers.FilterHandler$FilterChainImpl.doFilter(FilterHandler.java:131)
	at org.springframework.web.filter.CorsFilter.doFilterInternal(CorsFilter.java:91)
	at org.springframework.web.filter.OncePerRequestFilter.doFilter(OncePerRequestFilter.java:117)
	at io.undertow.servlet.core.ManagedFilter.doFilter(ManagedFilter.java:67)
	at io.undertow.servlet.handlers.FilterHandler$FilterChainImpl.doFilter(FilterHandler.java:131)
	at com.alibaba.druid.support.http.WebStatFilter.doFilter(WebStatFilter.java:114)
	at io.undertow.servlet.core.ManagedFilter.doFilter(ManagedFilter.java:67)
	at io.undertow.servlet.handlers.FilterHandler$FilterChainImpl.doFilter(FilterHandler.java:131)
	at org.springframework.boot.actuate.web.trace.servlet.HttpTraceFilter.doFilterInternal(HttpTraceFilter.java:88)
	at org.springframework.web.filter.OncePerRequestFilter.doFilter(OncePerRequestFilter.java:117)
	at io.undertow.servlet.core.ManagedFilter.doFilter(ManagedFilter.java:67)
	at io.undertow.servlet.handlers.FilterHandler$FilterChainImpl.doFilter(FilterHandler.java:131)
	at org.apache.shiro.web.servlet.ProxiedFilterChain.doFilter(ProxiedFilterChain.java:61)
	at org.apache.shiro.web.servlet.AdviceFilter.executeChain(AdviceFilter.java:108)
	at org.apache.shiro.web.servlet.AdviceFilter.doFilterInternal(AdviceFilter.java:137)
	at org.apache.shiro.web.servlet.OncePerRequestFilter.doFilter(OncePerRequestFilter.java:154)
	at org.apache.shiro.web.servlet.ProxiedFilterChain.doFilter(ProxiedFilterChain.java:66)
	at org.apache.shiro.web.servlet.AdviceFilter.executeChain(AdviceFilter.java:108)
	at org.apache.shiro.web.servlet.AdviceFilter.doFilterInternal(AdviceFilter.java:137)
	at org.apache.shiro.web.servlet.OncePerRequestFilter.doFilter(OncePerRequestFilter.java:154)
	at org.apache.shiro.web.servlet.ProxiedFilterChain.doFilter(ProxiedFilterChain.java:66)
	at org.apache.shiro.web.servlet.AbstractShiroFilter.executeChain(AbstractShiroFilter.java:458)
	at org.apache.shiro.web.servlet.AbstractShiroFilter$1.call(AbstractShiroFilter.java:373)
	at org.apache.shiro.subject.support.SubjectCallable.doCall(SubjectCallable.java:90)
	at org.apache.shiro.subject.support.SubjectCallable.call(SubjectCallable.java:83)
	at org.apache.shiro.subject.support.DelegatingSubject.execute(DelegatingSubject.java:387)
	at org.apache.shiro.web.servlet.AbstractShiroFilter.doFilterInternal(AbstractShiroFilter.java:370)
	at org.apache.shiro.web.servlet.OncePerRequestFilter.doFilter(OncePerRequestFilter.java:154)
	at io.undertow.servlet.core.ManagedFilter.doFilter(ManagedFilter.java:67)
	at io.undertow.servlet.handlers.FilterHandler$FilterChainImpl.doFilter(FilterHandler.java:131)
	at org.springframework.web.filter.RequestContextFilter.doFilterInternal(RequestContextFilter.java:100)
	at org.springframework.web.filter.OncePerRequestFilter.doFilter(OncePerRequestFilter.java:117)
	at io.undertow.servlet.core.ManagedFilter.doFilter(ManagedFilter.java:67)
	at io.undertow.servlet.handlers.FilterHandler$FilterChainImpl.doFilter(FilterHandler.java:131)
	at org.springframework.web.filter.FormContentFilter.doFilterInternal(FormContentFilter.java:93)
	at org.springframework.web.filter.OncePerRequestFilter.doFilter(OncePerRequestFilter.java:117)
	at io.undertow.servlet.core.ManagedFilter.doFilter(ManagedFilter.java:67)
	at io.undertow.servlet.handlers.FilterHandler$FilterChainImpl.doFilter(FilterHandler.java:131)
	at org.springframework.boot.actuate.metrics.web.servlet.WebMvcMetricsFilter.doFilterInternal(WebMvcMetricsFilter.java:96)
	at org.springframework.web.filter.OncePerRequestFilter.doFilter(OncePerRequestFilter.java:117)
	at io.undertow.servlet.core.ManagedFilter.doFilter(ManagedFilter.java:67)
	at io.undertow.servlet.handlers.FilterHandler$FilterChainImpl.doFilter(FilterHandler.java:131)
	at org.springframework.web.filter.CharacterEncodingFilter.doFilterInternal(CharacterEncodingFilter.java:201)
	at org.springframework.web.filter.OncePerRequestFilter.doFilter(OncePerRequestFilter.java:117)
	at io.undertow.servlet.core.ManagedFilter.doFilter(ManagedFilter.java:67)
	at io.undertow.servlet.handlers.FilterHandler$FilterChainImpl.doFilter(FilterHandler.java:131)
	at io.undertow.servlet.handlers.FilterHandler.handleRequest(FilterHandler.java:84)
	at io.undertow.servlet.handlers.security.ServletSecurityRoleHandler.handleRequest(ServletSecurityRoleHandler.java:62)
	at io.undertow.servlet.handlers.ServletChain$1.handleRequest(ServletChain.java:68)
	at io.undertow.servlet.handlers.ServletDispatchingHandler.handleRequest(ServletDispatchingHandler.java:36)
	at io.undertow.servlet.handlers.RedirectDirHandler.handleRequest(RedirectDirHandler.java:68)
	at io.undertow.servlet.handlers.security.SSLInformationAssociationHandler.handleRequest(SSLInformationAssociationHandler.java:117)
	at io.undertow.servlet.handlers.security.ServletAuthenticationCallHandler.handleRequest(ServletAuthenticationCallHandler.java:57)
	at io.undertow.server.handlers.PredicateHandler.handleRequest(PredicateHandler.java:43)
	at io.undertow.security.handlers.AbstractConfidentialityHandler.handleRequest(AbstractConfidentialityHandler.java:46)
	at io.undertow.servlet.handlers.security.ServletConfidentialityConstraintHandler.handleRequest(ServletConfidentialityConstraintHandler.java:64)
	at io.undertow.security.handlers.AuthenticationMechanismsHandler.handleRequest(AuthenticationMechanismsHandler.java:60)
	at io.undertow.servlet.handlers.security.CachedAuthenticatedSessionHandler.handleRequest(CachedAuthenticatedSessionHandler.java:77)
	at io.undertow.security.handlers.AbstractSecurityContextAssociationHandler.handleRequest(AbstractSecurityContextAssociationHandler.java:43)
	at io.undertow.server.handlers.PredicateHandler.handleRequest(PredicateHandler.java:43)
	at io.undertow.servlet.handlers.SendErrorPageHandler.handleRequest(SendErrorPageHandler.java:52)
	at io.undertow.server.handlers.PredicateHandler.handleRequest(PredicateHandler.java:43)
	at io.undertow.servlet.handlers.ServletInitialHandler.handleFirstRequest(ServletInitialHandler.java:275)
	at io.undertow.servlet.handlers.ServletInitialHandler.access$100(ServletInitialHandler.java:79)
	at io.undertow.servlet.handlers.ServletInitialHandler$2.call(ServletInitialHandler.java:134)
	at io.undertow.servlet.handlers.ServletInitialHandler$2.call(ServletInitialHandler.java:131)
	at io.undertow.servlet.core.ServletRequestContextThreadSetupAction$1.call(ServletRequestContextThreadSetupAction.java:48)
	at io.undertow.servlet.core.ContextClassLoaderSetupAction$1.call(ContextClassLoaderSetupAction.java:43)
	at io.undertow.servlet.handlers.ServletInitialHandler.dispatchRequest(ServletInitialHandler.java:255)
	at io.undertow.servlet.handlers.ServletInitialHandler.handleRequest(ServletInitialHandler.java:175)
	at org.jeecg.modules.monitor.actuator.undertow.CustomUndertowMetricsHandler.lambda$wrap$0(CustomUndertowMetricsHandler.java:87)
	at io.undertow.server.Connectors.executeRootHandler(Connectors.java:393)
	at io.undertow.server.HttpServerExchange$1.run(HttpServerExchange.java:852)
	at org.jboss.threads.ContextClassLoaderSavingRunnable.run(ContextClassLoaderSavingRunnable.java:35)
	at org.jboss.threads.EnhancedQueueExecutor.safeRun(EnhancedQueueExecutor.java:2019)
	at org.jboss.threads.EnhancedQueueExecutor$ThreadBody.doRunTask(EnhancedQueueExecutor.java:1558)
	at org.jboss.threads.EnhancedQueueExecutor$ThreadBody.run(EnhancedQueueExecutor.java:1449)
	at org.xnio.XnioWorker$WorkerThreadFactory$1$1.run(XnioWorker.java:1282)
	at java.base/java.lang.Thread.run(Thread.java:842)
Caused by: java.lang.NoSuchMethodError: ''net.sf.jsqlparser.statement.select.SelectBody net.sf.jsqlparser.statement.select.Select.getSelectBody()''
	at org.jeecg.modules.online.config.b.a.getQueryTableInfo(OnlReportQueryBlackListHandler.java:84)
	at org.jeecg.common.util.security.AbstractQueryBlackListHandler.isPass(AbstractQueryBlackListHandler.java:58)
	at org.jeecg.modules.online.cgreport.service.a.b.executeSelectSqlRoute(OnlCgreportAPIService.java:90)
	at org.jeecg.modules.online.cgreport.service.a.b.getData(OnlCgreportAPIService.java:80)
	at org.jeecg.modules.online.cgreport.service.a.b.getDataById(OnlCgreportAPIService.java:54)
	at org.jeecg.modules.online.cgreport.a.a.b(OnlCgreportAPI.java:214)
	at org.jeecg.modules.online.cgreport.a.a.a(OnlCgreportAPI.java:95)
	at org.jeecg.modules.online.cgreport.a.a$$FastClassBySpringCGLIB$$a976ee88.invoke(<generated>)
	at org.springframework.cglib.proxy.MethodProxy.invoke(MethodProxy.java:218)
	at org.springframework.aop.framework.CglibAopProxy$CglibMethodInvocation.invokeJoinpoint(CglibAopProxy.java:792)
	at org.springframework.aop.framework.ReflectiveMethodInvocation.proceed(ReflectiveMethodInvocation.java:163)
	at org.springframework.aop.framework.CglibAopProxy$CglibMethodInvocation.proceed(CglibAopProxy.java:762)
	at org.springframework.aop.aspectj.MethodInvocationProceedingJoinPoint.proceed(MethodInvocationProceedingJoinPoint.java:89)
	at org.jeecg.common.aspect.PermissionDataAspect.arround(PermissionDataAspect.java:82)
	at java.base/jdk.internal.reflect.NativeMethodAccessorImpl.invoke0(Native Method)
	at java.base/jdk.internal.reflect.NativeMethodAccessorImpl.invoke(NativeMethodAccessorImpl.java:77)
	at java.base/jdk.internal.reflect.DelegatingMethodAccessorImpl.invoke(DelegatingMethodAccessorImpl.java:43)
	at java.base/java.lang.reflect.Method.invoke(Method.java:568)
	at org.springframework.aop.aspectj.AbstractAspectJAdvice.invokeAdviceMethodWithGivenArgs(AbstractAspectJAdvice.java:634)
	at org.springframework.aop.aspectj.AbstractAspectJAdvice.invokeAdviceMethod(AbstractAspectJAdvice.java:624)
	at org.springframework.aop.aspectj.AspectJAroundAdvice.invoke(AspectJAroundAdvice.java:72)
	at org.springframework.aop.framework.ReflectiveMethodInvocation.proceed(ReflectiveMethodInvocation.java:175)
	at org.springframework.aop.framework.CglibAopProxy$CglibMethodInvocation.proceed(CglibAopProxy.java:762)
	at org.springframework.aop.aspectj.MethodInvocationProceedingJoinPoint.proceed(MethodInvocationProceedingJoinPoint.java:89)
	at org.jeecg.common.aspect.DictAspect.doAround(DictAspect.java:64)
	at jdk.internal.reflect.GeneratedMethodAccessor216.invoke(Unknown Source)
	at java.base/jdk.internal.reflect.DelegatingMethodAccessorImpl.invoke(DelegatingMethodAccessorImpl.java:43)
	at java.base/java.lang.reflect.Method.invoke(Method.java:568)
	at org.springframework.aop.aspectj.AbstractAspectJAdvice.invokeAdviceMethodWithGivenArgs(AbstractAspectJAdvice.java:634)
	at org.springframework.aop.aspectj.AbstractAspectJAdvice.invokeAdviceMethod(AbstractAspectJAdvice.java:624)
	at org.springframework.aop.aspectj.AspectJAroundAdvice.invoke(AspectJAroundAdvice.java:72)
	at org.springframework.aop.framework.ReflectiveMethodInvocation.proceed(ReflectiveMethodInvocation.java:175)
	at org.springframework.aop.framework.CglibAopProxy$CglibMethodInvocation.proceed(CglibAopProxy.java:762)
	at org.springframework.aop.interceptor.ExposeInvocationInterceptor.invoke(ExposeInvocationInterceptor.java:97)
	at org.springframework.aop.framework.ReflectiveMethodInvocation.proceed(ReflectiveMethodInvocation.java:186)
	at org.springframework.aop.framework.CglibAopProxy$CglibMethodInvocation.proceed(CglibAopProxy.java:762)
	at org.springframework.aop.framework.CglibAopProxy$DynamicAdvisedInterceptor.intercept(CglibAopProxy.java:707)
	at org.jeecg.modules.online.cgreport.a.a$$EnhancerBySpringCGLIB$$7d02b6cb.a(<generated>)
	at java.base/jdk.internal.reflect.NativeMethodAccessorImpl.invoke0(Native Method)
	at java.base/jdk.internal.reflect.NativeMethodAccessorImpl.invoke(NativeMethodAccessorImpl.java:77)
	at java.base/jdk.internal.reflect.DelegatingMethodAccessorImpl.invoke(DelegatingMethodAccessorImpl.java:43)
	at java.base/java.lang.reflect.Method.invoke(Method.java:568)
	at org.springframework.web.method.support.InvocableHandlerMethod.doInvoke(InvocableHandlerMethod.java:205)
	at org.springframework.web.method.support.InvocableHandlerMethod.invokeForRequest(InvocableHandlerMethod.java:150)
	at org.springframework.web.servlet.mvc.method.annotation.ServletInvocableHandlerMethod.invokeAndHandle(ServletInvocableHandlerMethod.java:117)
	at org.springframework.web.servlet.mvc.method.annotation.RequestMappingHandlerAdapter.invokeHandlerMethod(RequestMappingHandlerAdapter.java:895)
	at org.springframework.web.servlet.mvc.method.annotation.RequestMappingHandlerAdapter.handleInternal(RequestMappingHandlerAdapter.java:808)
	at org.springframework.web.servlet.mvc.method.AbstractHandlerMethodAdapter.handle(AbstractHandlerMethodAdapter.java:87)
	at org.springframework.web.servlet.DispatcherServlet.doDispatch(DispatcherServlet.java:1072)
	... 89 more
', NULL, NULL, NULL, TO_DATE('2025-07-29 12:01:49', 'SYYYY-MM-DD HH24:MI:SS'), NULL, NULL, NULL, 'pc');
INSERT INTO "JEECGBOOTOS"."SYS_LOG" VALUES ('1950072851029708802', '2', 'online表单加载,表名:test_note,操作成功', '1', 'admin', '管理员', '0:0:0:0:0:0:0:1', 'org.jeecg.modules.online.cgform.c.a.c()', NULL, NULL, NULL, '24', NULL, TO_DATE('2025-07-29 13:56:13', 'SYYYY-MM-DD HH24:MI:SS'), NULL, NULL, NULL, NULL);
INSERT INTO "JEECGBOOTOS"."SYS_LOG" VALUES ('1950072851029708803', '2', 'online表单加载,表名:test_note,操作成功', '1', 'admin', '管理员', '0:0:0:0:0:0:0:1', 'org.jeecg.modules.online.cgform.c.a.c()', NULL, NULL, NULL, '17', NULL, TO_DATE('2025-07-29 13:56:13', 'SYYYY-MM-DD HH24:MI:SS'), NULL, NULL, NULL, NULL);
INSERT INTO "JEECGBOOTOS"."SYS_LOG" VALUES ('1950072851260395521', '2', 'online列表加载,表名:test_note,操作成功', '1', 'admin', '管理员', '0:0:0:0:0:0:0:1', 'org.jeecg.modules.online.cgform.c.a.a()', NULL, NULL, NULL, '69', NULL, TO_DATE('2025-07-29 13:56:13', 'SYYYY-MM-DD HH24:MI:SS'), NULL, NULL, NULL, NULL);
INSERT INTO "JEECGBOOTOS"."SYS_LOG" VALUES ('1950072854829748226', '2', 'online表单加载,表名:test_note,操作成功', '1', 'admin', '管理员', '0:0:0:0:0:0:0:1', 'org.jeecg.modules.online.cgform.c.a.c()', NULL, NULL, NULL, '7', NULL, TO_DATE('2025-07-29 13:56:14', 'SYYYY-MM-DD HH24:MI:SS'), NULL, NULL, NULL, NULL);
INSERT INTO "JEECGBOOTOS"."SYS_LOG" VALUES ('1950480185115783169', '2', '填值规则-分页列表查询', '1', 'admin', '管理员', '0:0:0:0:0:0:0:1', 'org.jeecg.modules.system.controller.SysFillRuleController.queryPageList()', NULL, '  sysFillRule: SysFillRule(id=null, ruleName=null, ruleCode=null, ruleClass=null, ruleParams=null, updateBy=null, updateTime=null, createBy=null, createTime=null)  pageNo: 1  pageSize: 10  req: org.apache.shiro.web.servlet.ShiroHttpServletRequest@b67d40', NULL, '4', NULL, TO_DATE('2025-07-30 16:54:49', 'SYYYY-MM-DD HH24:MI:SS'), NULL, NULL, NULL, NULL);
INSERT INTO "JEECGBOOTOS"."SYS_LOG" VALUES ('1950480186747367425', '2', '编码校验规则-分页列表查询', '1', 'admin', '管理员', '0:0:0:0:0:0:0:1', 'org.jeecg.modules.system.controller.SysCheckRuleController.queryPageList()', NULL, '  sysCheckRule: SysCheckRule(id=null, ruleName=null, ruleCode=null, ruleJson=null, ruleDescription=null, updateBy=null, updateTime=null, createBy=null, createTime=null)  pageNo: 1  pageSize: 10  request: org.apache.shiro.web.servlet.ShiroHttpServletRequest@64b3d4a6', NULL, '4', NULL, TO_DATE('2025-07-30 16:54:49', 'SYYYY-MM-DD HH24:MI:SS'), NULL, NULL, NULL, NULL);
INSERT INTO "JEECGBOOTOS"."SYS_LOG" VALUES ('1950486712065175554', '2', '修改角色ID: 1501570619841810433 的权限配置，操作人： admin', '2', 'admin', '管理员', '0:0:0:0:0:0:0:1', NULL, NULL, NULL, NULL, NULL, NULL, TO_DATE('2025-07-30 17:20:45', 'SYYYY-MM-DD HH24:MI:SS'), NULL, NULL, NULL, 'pc');
INSERT INTO "JEECGBOOTOS"."SYS_LOG" VALUES ('1950486775667601410', '2', '职务表-分页列表查询', '1', 'admin', '管理员', '0:0:0:0:0:0:0:1', 'org.jeecg.modules.system.controller.SysPositionController.queryPageList()', NULL, '  sysPosition: SysPosition(id=null, code=null, name=null, postRank=null, companyId=null, createBy=null, createTime=null, updateBy=null, updateTime=null, sysOrgCode=null, tenantId=null)  pageNo: 1  pageSize: 99999  req: org.apache.shiro.web.servlet.ShiroHttpServletRequest@80e8d78', NULL, '23', NULL, TO_DATE('2025-07-30 17:21:00', 'SYYYY-MM-DD HH24:MI:SS'), NULL, NULL, NULL, NULL);
INSERT INTO "JEECGBOOTOS"."SYS_LOG" VALUES ('1950486792776167426', '2', '角色首页配置-分页列表查询', '1', 'admin', '管理员', '0:0:0:0:0:0:0:1', 'org.jeecg.modules.system.controller.SysRoleIndexController.queryPageList()', NULL, '  sysRoleIndex: SysRoleIndex(id=null, roleCode=null, url=null, component=null, route=null, priority=null, status=null, createBy=null, createTime=null, updateBy=null, updateTime=null, sysOrgCode=null, relationType=null)  pageNo: 1  pageSize: 10  req: org.apache.shiro.web.servlet.ShiroHttpServletRequest@54aa479c', NULL, '13', NULL, TO_DATE('2025-07-30 17:21:04', 'SYYYY-MM-DD HH24:MI:SS'), NULL, NULL, NULL, NULL);
INSERT INTO "JEECGBOOTOS"."SYS_LOG" VALUES ('1950486801349324801', '2', '角色首页配置-编辑', '3', 'admin', '管理员', '0:0:0:0:0:0:0:1', 'org.jeecg.modules.system.controller.SysRoleIndexController.edit()', NULL, '[{"component":"dashboard/Analysis","id":"1803082647166652418","priority":0,"relationType":"ROLE","roleCode":"DEF_INDEX_ALL","route":true,"status":"1","updateBy":"admin","updateTime":"2025-07-30 17:21:06","url":"/dashboard/analysis"},null]', NULL, '25', NULL, TO_DATE('2025-07-30 17:21:06', 'SYYYY-MM-DD HH24:MI:SS'), NULL, NULL, NULL, NULL);
INSERT INTO "JEECGBOOTOS"."SYS_LOG" VALUES ('1950486801542262785', '2', '角色首页配置-分页列表查询', '1', 'admin', '管理员', '0:0:0:0:0:0:0:1', 'org.jeecg.modules.system.controller.SysRoleIndexController.queryPageList()', NULL, '  sysRoleIndex: SysRoleIndex(id=null, roleCode=null, url=null, component=null, route=null, priority=null, status=null, createBy=null, createTime=null, updateBy=null, updateTime=null, sysOrgCode=null, relationType=null)  pageNo: 1  pageSize: 10  req: org.apache.shiro.web.servlet.ShiroHttpServletRequest@107602ea', NULL, '6', NULL, TO_DATE('2025-07-30 17:21:06', 'SYYYY-MM-DD HH24:MI:SS'), NULL, NULL, NULL, NULL);
INSERT INTO "JEECGBOOTOS"."SYS_LOG" VALUES ('1950486833096011778', '2', '角色首页配置-添加', '2', 'admin', '管理员', '0:0:0:0:0:0:0:1', 'org.jeecg.modules.system.controller.SysRoleIndexController.add()', NULL, '[{"component":"5","createBy":"admin","createTime":"2025-07-30 17:21:13","id":"1950486833033097217","relationType":"ROLE","roleCode":"dbadeveloper","route":true,"status":"1","sysOrgCode":"A01","url":"5"},null]', NULL, '27', NULL, TO_DATE('2025-07-30 17:21:14', 'SYYYY-MM-DD HH24:MI:SS'), NULL, NULL, NULL, NULL);
INSERT INTO "JEECGBOOTOS"."SYS_LOG" VALUES ('1950486833360252930', '2', '角色首页配置-分页列表查询', '1', 'admin', '管理员', '0:0:0:0:0:0:0:1', 'org.jeecg.modules.system.controller.SysRoleIndexController.queryPageList()', NULL, '  sysRoleIndex: SysRoleIndex(id=null, roleCode=null, url=null, component=null, route=null, priority=null, status=null, createBy=null, createTime=null, updateBy=null, updateTime=null, sysOrgCode=null, relationType=null)  pageNo: 1  pageSize: 10  req: org.apache.shiro.web.servlet.ShiroHttpServletRequest@35fba9d4', NULL, '5', NULL, TO_DATE('2025-07-30 17:21:14', 'SYYYY-MM-DD HH24:MI:SS'), NULL, NULL, NULL, NULL);
INSERT INTO "JEECGBOOTOS"."SYS_LOG" VALUES ('1951817891926163457', '2', '多数据源管理-分页列表查询', '1', 'admin', '管理员', '0:0:0:0:0:0:0:1', 'org.jeecg.modules.system.controller.SysDataSourceController.queryPageList()', NULL, '  sysDataSource: SysDataSource(id=null, code=null, name=null, remark=null, dbType=null, dbDriver=null, dbUrl=null, dbName=null, dbUsername=null, dbPassword=null, createBy=null, createTime=null, updateBy=null, updateTime=null, sysOrgCode=null, tenantId=null)  pageNo: 1  pageSize: 10  req: org.apache.shiro.web.servlet.ShiroHttpServletRequest@373e5af6', NULL, '140', NULL, TO_DATE('2025-08-03 09:30:23', 'SYYYY-MM-DD HH24:MI:SS'), NULL, NULL, NULL, NULL);
INSERT INTO "JEECGBOOTOS"."SYS_LOG" VALUES ('1951821503679045633', '2', 'online表单加载,表名:aaaa,操作成功', '1', 'admin', '管理员', '0:0:0:0:0:0:0:1', 'org.jeecg.modules.online.cgform.c.a.c()', NULL, NULL, NULL, '244', NULL, TO_DATE('2025-08-03 09:44:44', 'SYYYY-MM-DD HH24:MI:SS'), NULL, NULL, NULL, NULL);
INSERT INTO "JEECGBOOTOS"."SYS_LOG" VALUES ('1951821503708405762', '2', 'online列表加载,表名:aaaa,操作成功', '1', 'admin', '管理员', '0:0:0:0:0:0:0:1', 'org.jeecg.modules.online.cgform.c.a.a()', NULL, NULL, NULL, '250', NULL, TO_DATE('2025-08-03 09:44:44', 'SYYYY-MM-DD HH24:MI:SS'), NULL, NULL, NULL, NULL);
INSERT INTO "JEECGBOOTOS"."SYS_LOG" VALUES ('1951821523643932673', '2', 'online新增数据,表名:aaaa,添加成功!', '2', 'admin', '管理员', '0:0:0:0:0:0:0:1', 'org.jeecg.modules.online.cgform.c.a.a()', NULL, '["914ea7fc0c3045d6aad84d738adf6843",{"aaa":"ddd","create_by":"admin","create_time":"2025-08-03 09:44:48","sys_org_code":"A01","ddd":"ddd","id":"1951821522876375042"},null]', NULL, '151', NULL, TO_DATE('2025-08-03 09:44:48', 'SYYYY-MM-DD HH24:MI:SS'), NULL, NULL, NULL, NULL);
INSERT INTO "JEECGBOOTOS"."SYS_LOG" VALUES ('1951821535677390850', '2', 'online删除数据,表名:aaaa,删除成功!', '4', 'admin', '管理员', '0:0:0:0:0:0:0:1', 'org.jeecg.modules.online.cgform.c.a.h()', NULL, NULL, NULL, '134', NULL, TO_DATE('2025-08-03 09:44:51', 'SYYYY-MM-DD HH24:MI:SS'), NULL, NULL, NULL, NULL);
INSERT INTO "JEECGBOOTOS"."SYS_LOG" VALUES ('1951821577477824513', '2', 'online列表加载,Online表单不存在！', '1', 'admin', '管理员', '0:0:0:0:0:0:0:1', 'org.jeecg.modules.online.cgform.c.a.a()', NULL, NULL, NULL, '26', NULL, TO_DATE('2025-08-03 09:45:01', 'SYYYY-MM-DD HH24:MI:SS'), NULL, NULL, NULL, NULL);
INSERT INTO "JEECGBOOTOS"."SYS_LOG" VALUES ('1951821577511378946', '2', 'online表单加载,Online表单不存在！', '1', 'admin', '管理员', '0:0:0:0:0:0:0:1', 'org.jeecg.modules.online.cgform.c.a.c()', NULL, NULL, NULL, '34', NULL, TO_DATE('2025-08-03 09:45:01', 'SYYYY-MM-DD HH24:MI:SS'), NULL, NULL, NULL, NULL);
INSERT INTO "JEECGBOOTOS"."SYS_LOG" VALUES ('1950487094870913026', '2', '修改角色ID: 1501570619841810433 的权限配置，操作人： admin', '2', 'admin', '管理员', '0:0:0:0:0:0:0:1', NULL, NULL, NULL, NULL, NULL, NULL, TO_DATE('2025-07-30 17:22:16', 'SYYYY-MM-DD HH24:MI:SS'), NULL, NULL, NULL, 'pc');
INSERT INTO "JEECGBOOTOS"."SYS_LOG" VALUES ('1950487484072964097', '2', '修改角色ID: 1501570619841810433 的权限配置，操作人： admin', '2', 'admin', '管理员', '0:0:0:0:0:0:0:1', NULL, NULL, NULL, NULL, NULL, NULL, TO_DATE('2025-07-30 17:23:49', 'SYYYY-MM-DD HH24:MI:SS'), NULL, NULL, NULL, 'pc');
INSERT INTO "JEECGBOOTOS"."SYS_LOG" VALUES ('1950487545708261378', '2', '修改角色ID: 1501570619841810433 的权限配置，操作人： admin', '2', 'admin', '管理员', '0:0:0:0:0:0:0:1', NULL, NULL, NULL, NULL, NULL, NULL, TO_DATE('2025-07-30 17:24:04', 'SYYYY-MM-DD HH24:MI:SS'), NULL, NULL, NULL, 'pc');
INSERT INTO "JEECGBOOTOS"."SYS_LOG" VALUES ('1950487621990068226', '2', '角色首页配置-分页列表查询', '1', 'admin', '管理员', '0:0:0:0:0:0:0:1', 'org.jeecg.modules.system.controller.SysRoleIndexController.queryPageList()', NULL, '  sysRoleIndex: SysRoleIndex(id=null, roleCode=null, url=null, component=null, route=null, priority=null, status=null, createBy=null, createTime=null, updateBy=null, updateTime=null, sysOrgCode=null, relationType=null)  pageNo: 1  pageSize: 10  req: org.apache.shiro.web.servlet.ShiroHttpServletRequest@7af385a5', NULL, '5', NULL, TO_DATE('2025-07-30 17:24:22', 'SYYYY-MM-DD HH24:MI:SS'), NULL, NULL, NULL, NULL);
INSERT INTO "JEECGBOOTOS"."SYS_LOG" VALUES ('1950487632840732674', '2', '角色首页配置-通过id删除', '4', 'admin', '管理员', '0:0:0:0:0:0:0:1', 'org.jeecg.modules.system.controller.SysRoleIndexController.delete()', NULL, '  id: 1950486833033097217', NULL, '17', NULL, TO_DATE('2025-07-30 17:24:25', 'SYYYY-MM-DD HH24:MI:SS'), NULL, NULL, NULL, NULL);
INSERT INTO "JEECGBOOTOS"."SYS_LOG" VALUES ('1950487633025282050', '2', '角色首页配置-分页列表查询', '1', 'admin', '管理员', '0:0:0:0:0:0:0:1', 'org.jeecg.modules.system.controller.SysRoleIndexController.queryPageList()', NULL, '  sysRoleIndex: SysRoleIndex(id=null, roleCode=null, url=null, component=null, route=null, priority=null, status=null, createBy=null, createTime=null, updateBy=null, updateTime=null, sysOrgCode=null, relationType=null)  pageNo: 1  pageSize: 10  req: org.apache.shiro.web.servlet.ShiroHttpServletRequest@1aabb57f', NULL, '4', NULL, TO_DATE('2025-07-30 17:24:25', 'SYYYY-MM-DD HH24:MI:SS'), NULL, NULL, NULL, NULL);
INSERT INTO "JEECGBOOTOS"."SYS_LOG" VALUES ('1950488771246141442', '2', '角色首页配置-分页列表查询', '1', 'admin', '管理员', '0:0:0:0:0:0:0:1', 'org.jeecg.modules.system.controller.SysRoleIndexController.queryPageList()', NULL, '  sysRoleIndex: SysRoleIndex(id=null, roleCode=null, url=null, component=null, route=null, priority=null, status=null, createBy=null, createTime=null, updateBy=null, updateTime=null, sysOrgCode=null, relationType=null)  pageNo: 1  pageSize: 10  req: org.apache.shiro.web.servlet.ShiroHttpServletRequest@598a5004', NULL, '5', NULL, TO_DATE('2025-07-30 17:28:56', 'SYYYY-MM-DD HH24:MI:SS'), NULL, NULL, NULL, NULL);
INSERT INTO "JEECGBOOTOS"."SYS_LOG" VALUES ('1950490103017353217', '2', '职务表-分页列表查询', '1', 'admin', '管理员', '0:0:0:0:0:0:0:1', 'org.jeecg.modules.system.controller.SysPositionController.queryPageList()', NULL, '  sysPosition: SysPosition(id=null, code=null, name=null, postRank=null, companyId=null, createBy=null, createTime=null, updateBy=null, updateTime=null, sysOrgCode=null, tenantId=null)  pageNo: 1  pageSize: 99999  req: org.apache.shiro.web.servlet.ShiroHttpServletRequest@61d6ca2d', NULL, '5', NULL, TO_DATE('2025-07-30 17:34:14', 'SYYYY-MM-DD HH24:MI:SS'), NULL, NULL, NULL, NULL);
INSERT INTO "JEECGBOOTOS"."SYS_LOG" VALUES ('1950761025834029057', '1', '用户名: admin,登录成功！', NULL, 'admin', '管理员', '0:0:0:0:0:0:0:1', NULL, NULL, NULL, NULL, NULL, NULL, TO_DATE('2025-07-31 11:30:47', 'SYYYY-MM-DD HH24:MI:SS'), NULL, NULL, NULL, 'pc');
INSERT INTO "JEECGBOOTOS"."SYS_LOG" VALUES ('1950761127260688386', '2', '修改角色ID: 1501570619841810433 的权限配置，操作人： admin', '2', 'admin', '管理员', '0:0:0:0:0:0:0:1', NULL, NULL, NULL, NULL, NULL, NULL, TO_DATE('2025-07-31 11:31:11', 'SYYYY-MM-DD HH24:MI:SS'), NULL, NULL, NULL, 'pc');
INSERT INTO "JEECGBOOTOS"."SYS_LOG" VALUES ('1950761152497815556', '2', '修改角色ID: 1501570619841810433 的权限配置，操作人： admin', '2', 'admin', '管理员', '0:0:0:0:0:0:0:1', NULL, NULL, NULL, NULL, NULL, NULL, TO_DATE('2025-07-31 11:31:17', 'SYYYY-MM-DD HH24:MI:SS'), NULL, NULL, NULL, 'pc');
INSERT INTO "JEECGBOOTOS"."SYS_LOG" VALUES ('1950801649433997315', '2', 'online表单加载,表名:test_note,操作成功', '1', 'admin', '管理员', '0:0:0:0:0:0:0:1', 'org.jeecg.modules.online.cgform.c.a.c()', NULL, NULL, NULL, '61', NULL, TO_DATE('2025-07-31 14:12:12', 'SYYYY-MM-DD HH24:MI:SS'), NULL, NULL, NULL, NULL);
INSERT INTO "JEECGBOOTOS"."SYS_LOG" VALUES ('1950801649433997314', '2', 'online表单加载,表名:test_note,操作成功', '1', 'admin', '管理员', '0:0:0:0:0:0:0:1', 'org.jeecg.modules.online.cgform.c.a.c()', NULL, NULL, NULL, '53', NULL, TO_DATE('2025-07-31 14:12:12', 'SYYYY-MM-DD HH24:MI:SS'), NULL, NULL, NULL, NULL);
INSERT INTO "JEECGBOOTOS"."SYS_LOG" VALUES ('1950801649433997313', '2', 'online列表加载,表名:test_note,操作成功', '1', 'admin', '管理员', '0:0:0:0:0:0:0:1', 'org.jeecg.modules.online.cgform.c.a.a()', NULL, NULL, NULL, '56', NULL, TO_DATE('2025-07-31 14:12:12', 'SYYYY-MM-DD HH24:MI:SS'), NULL, NULL, NULL, NULL);
INSERT INTO "JEECGBOOTOS"."SYS_LOG" VALUES ('1950801666513203202', '2', 'online表单数据查询', '1', 'admin', '管理员', '0:0:0:0:0:0:0:1', 'org.jeecg.modules.online.cgform.c.a.c()', NULL, NULL, NULL, '17', NULL, TO_DATE('2025-07-31 14:12:16', 'SYYYY-MM-DD HH24:MI:SS'), NULL, NULL, NULL, NULL);
INSERT INTO "JEECGBOOTOS"."SYS_LOG" VALUES ('1950801666647420929', '2', 'online修改数据,修改失败，待编辑数据不存在', '3', 'admin', '管理员', '0:0:0:0:0:0:0:1', 'org.jeecg.modules.online.cgform.c.a.a()', NULL, '["05a3a30dada7411c9109306aa4117068",{}]', NULL, '26', NULL, TO_DATE('2025-07-31 14:12:16', 'SYYYY-MM-DD HH24:MI:SS'), NULL, NULL, NULL, NULL);
INSERT INTO "JEECGBOOTOS"."SYS_LOG" VALUES ('1950801684016033793', '2', 'online修改数据,表名:test_note,修改成功！', '3', 'admin', '管理员', '0:0:0:0:0:0:0:1', 'org.jeecg.modules.online.cgform.c.a.a()', NULL, '["05a3a30dada7411c9109306aa4117068",{"birthday":"2025-07-29 00:00:00","year":"","sex":"1","begin_time":"","sheng":"140311","update_time":"2025-07-31 14:12:20","jeecg_row_key":"1943500714139598850","month":"","contents":"<p>经过上述讨论, 我们不得不面对一个非常尴尬的事实, 那就是, 这样看来, 一般来讲, 我们都必须务必慎重的考虑考虑. 就我个人来说, 随机一段废话对我的意义, 不能不说非常重大.&nbsp;<br>每个人都不得不面对这些问题. 在面对这种问题时, 随机一段废话, 发生了会如何, 不发生又会如何. 总结的来说,&nbsp;<br>这种事实对本人来说意义重大, 相信对这个世界也是有一定意义的.所谓随机一段废话, 关键是x需要</p>","name":"admin","id":"1943500714139598850","update_by":"admin","age":1212}]', NULL, '61', NULL, TO_DATE('2025-07-31 14:12:20', 'SYYYY-MM-DD HH24:MI:SS'), NULL, NULL, NULL, NULL);
INSERT INTO "JEECGBOOTOS"."SYS_LOG" VALUES ('1950801691972628482', '2', 'online表单数据查询', '1', 'admin', '管理员', '0:0:0:0:0:0:0:1', 'org.jeecg.modules.online.cgform.c.a.c()', NULL, NULL, NULL, '6', NULL, TO_DATE('2025-07-31 14:12:22', 'SYYYY-MM-DD HH24:MI:SS'), NULL, NULL, NULL, NULL);
INSERT INTO "JEECGBOOTOS"."SYS_LOG" VALUES ('1950801716647718914', '2', 'online修改数据,表名:test_note,修改成功！', '3', 'admin', '管理员', '0:0:0:0:0:0:0:1', 'org.jeecg.modules.online.cgform.c.a.a()', NULL, '["05a3a30dada7411c9109306aa4117068",{"birthday":"","year":"","sex":"2","begin_time":"","sheng":"","update_time":"2025-07-31 14:12:28","jeecg_row_key":"1923203898831777793","month":"","contents":"","name":"jeecg","id":"1923203898831777793","update_by":"admin","age":10}]', NULL, '51', NULL, TO_DATE('2025-07-31 14:12:28', 'SYYYY-MM-DD HH24:MI:SS'), NULL, NULL, NULL, NULL);
INSERT INTO "JEECGBOOTOS"."SYS_LOG" VALUES ('1951821577502990337', '2', 'online表单加载,Online表单不存在！', '1', 'admin', '管理员', '0:0:0:0:0:0:0:1', 'org.jeecg.modules.online.cgform.c.a.c()', NULL, NULL, NULL, '31', NULL, TO_DATE('2025-08-03 09:45:01', 'SYYYY-MM-DD HH24:MI:SS'), NULL, NULL, NULL, NULL);
INSERT INTO "JEECGBOOTOS"."SYS_LOG" VALUES ('1951821503590965250', '2', 'online表单加载,表名:aaaa,操作成功', '1', 'admin', '管理员', '0:0:0:0:0:0:0:1', 'org.jeecg.modules.online.cgform.c.a.c()', NULL, NULL, NULL, '231', NULL, TO_DATE('2025-08-03 09:44:44', 'SYYYY-MM-DD HH24:MI:SS'), NULL, NULL, NULL, NULL);
INSERT INTO "JEECGBOOTOS"."SYS_LOG" VALUES ('1950375732366774273', '2', 'online列表加载,表名:test_order_main,操作成功', '1', 'admin', '管理员', '0:0:0:0:0:0:0:1', 'org.jeecg.modules.online.cgform.c.a.d()', NULL, NULL, NULL, '72', NULL, TO_DATE('2025-07-30 09:59:45', 'SYYYY-MM-DD HH24:MI:SS'), NULL, NULL, NULL, NULL);
INSERT INTO "JEECGBOOTOS"."SYS_LOG" VALUES ('1950375732500992001', '2', 'online表单加载,表名:test_order_main,操作成功', '1', 'admin', '管理员', '0:0:0:0:0:0:0:1', 'org.jeecg.modules.online.cgform.c.a.c()', NULL, NULL, NULL, '84', NULL, TO_DATE('2025-07-30 09:59:46', 'SYYYY-MM-DD HH24:MI:SS'), NULL, NULL, NULL, NULL);
INSERT INTO "JEECGBOOTOS"."SYS_LOG" VALUES ('1950375732500992002', '2', 'online表单加载,表名:test_order_main,操作成功', '1', 'admin', '管理员', '0:0:0:0:0:0:0:1', 'org.jeecg.modules.online.cgform.c.a.c()', NULL, NULL, NULL, '79', NULL, TO_DATE('2025-07-30 09:59:46', 'SYYYY-MM-DD HH24:MI:SS'), NULL, NULL, NULL, NULL);
INSERT INTO "JEECGBOOTOS"."SYS_LOG" VALUES ('1950375732886867970', '2', 'online表单加载,表名:test_order_customer,操作成功', '1', 'admin', '管理员', '0:0:0:0:0:0:0:1', 'org.jeecg.modules.online.cgform.c.a.c()', NULL, NULL, NULL, '27', NULL, TO_DATE('2025-07-30 09:59:46', 'SYYYY-MM-DD HH24:MI:SS'), NULL, NULL, NULL, NULL);
INSERT INTO "JEECGBOOTOS"."SYS_LOG" VALUES ('1950375732886867971', '2', 'online表单加载,表名:test_order_product,操作成功', '1', 'admin', '管理员', '0:0:0:0:0:0:0:1', 'org.jeecg.modules.online.cgform.c.a.c()', NULL, NULL, NULL, '31', NULL, TO_DATE('2025-07-30 09:59:46', 'SYYYY-MM-DD HH24:MI:SS'), NULL, NULL, NULL, NULL);
INSERT INTO "JEECGBOOTOS"."SYS_LOG" VALUES ('1950375732949782530', '2', 'online表单加载,表名:test_order_product,操作成功', '1', 'admin', '管理员', '0:0:0:0:0:0:0:1', 'org.jeecg.modules.online.cgform.c.a.c()', NULL, NULL, NULL, '37', NULL, TO_DATE('2025-07-30 09:59:46', 'SYYYY-MM-DD HH24:MI:SS'), NULL, NULL, NULL, NULL);
INSERT INTO "JEECGBOOTOS"."SYS_LOG" VALUES ('1950375732949782531', '2', 'online表单加载,表名:test_order_customer,操作成功', '1', 'admin', '管理员', '0:0:0:0:0:0:0:1', 'org.jeecg.modules.online.cgform.c.a.c()', NULL, NULL, NULL, '33', NULL, TO_DATE('2025-07-30 09:59:46', 'SYYYY-MM-DD HH24:MI:SS'), NULL, NULL, NULL, NULL);
INSERT INTO "JEECGBOOTOS"."SYS_LOG" VALUES ('1950375748888137729', '2', 'online表单数据查询', '1', 'admin', '管理员', '0:0:0:0:0:0:0:1', 'org.jeecg.modules.online.cgform.c.a.c()', NULL, NULL, NULL, '9', NULL, TO_DATE('2025-07-30 09:59:49', 'SYYYY-MM-DD HH24:MI:SS'), NULL, NULL, NULL, NULL);
INSERT INTO "JEECGBOOTOS"."SYS_LOG" VALUES ('1950375805024702466', '2', 'online修改数据,表名:test_order_product,修改成功！', '3', 'admin', '管理员', '0:0:0:0:0:0:0:1', 'org.jeecg.modules.online.cgform.c.a.a()', NULL, '["deea5a8ec619460c9245ba85dbc59e80",{"descc":"","update_time":"2025-07-30 10:00:02","price":3000,"order_fk_id":"1683074969561157634","num":10,"pro_type":"1","id":"1732300515406647298","update_by":"admin","product_name":"苹果手机"}]', NULL, '70', NULL, TO_DATE('2025-07-30 10:00:03', 'SYYYY-MM-DD HH24:MI:SS'), NULL, NULL, NULL, NULL);
INSERT INTO "JEECGBOOTOS"."SYS_LOG" VALUES ('1950375840416239618', '2', 'online删除数据,表名:test_order_customer,删除成功!', '4', 'admin', '管理员', '0:0:0:0:0:0:0:1', 'org.jeecg.modules.online.cgform.c.a.h()', NULL, NULL, NULL, '48', NULL, TO_DATE('2025-07-30 10:00:11', 'SYYYY-MM-DD HH24:MI:SS'), NULL, NULL, NULL, NULL);
INSERT INTO "JEECGBOOTOS"."SYS_LOG" VALUES ('1950375846292459522', '2', 'online表单加载,表名:test_note,操作成功', '1', 'admin', '管理员', '0:0:0:0:0:0:0:1', 'org.jeecg.modules.online.cgform.c.a.c()', NULL, NULL, NULL, '9', NULL, TO_DATE('2025-07-30 10:00:13', 'SYYYY-MM-DD HH24:MI:SS'), NULL, NULL, NULL, NULL);
INSERT INTO "JEECGBOOTOS"."SYS_LOG" VALUES ('1950375846292459523', '2', 'online表单加载,表名:test_note,操作成功', '1', 'admin', '管理员', '0:0:0:0:0:0:0:1', 'org.jeecg.modules.online.cgform.c.a.c()', NULL, NULL, NULL, '9', NULL, TO_DATE('2025-07-30 10:00:13', 'SYYYY-MM-DD HH24:MI:SS'), NULL, NULL, NULL, NULL);
INSERT INTO "JEECGBOOTOS"."SYS_LOG" VALUES ('1950375846292459524', '2', 'online列表加载,表名:test_note,操作成功', '1', 'admin', '管理员', '0:0:0:0:0:0:0:1', 'org.jeecg.modules.online.cgform.c.a.a()', NULL, NULL, NULL, '17', NULL, TO_DATE('2025-07-30 10:00:13', 'SYYYY-MM-DD HH24:MI:SS'), NULL, NULL, NULL, NULL);
INSERT INTO "JEECGBOOTOS"."SYS_LOG" VALUES ('1950435316687654913', '1', '用户名: admin,登录成功！', NULL, 'admin', '管理员', '0:0:0:0:0:0:0:1', NULL, NULL, NULL, NULL, NULL, NULL, TO_DATE('2025-07-30 13:56:31', 'SYYYY-MM-DD HH24:MI:SS'), NULL, NULL, NULL, 'pc');
INSERT INTO "JEECGBOOTOS"."SYS_LOG" VALUES ('1950435317539098625', '4', 'org.springframework.jdbc.BadSqlGrammarException:
### Error querying database.  Cause: java.sql.SQLSyntaxErrorException: Unknown column ''relation_type'' in ''field list''
### The error may exist in org/jeecg/modules/system/mapper/SysRoleIndexMapper.java (best guess)
### The error may involve defaultParameterMap
### The error occurred while setting parameters
### SQL: SELECT id, role_code, url, component, is_route AS route, priority, status, create_by, create_time, update_by, update_time, sys_org_code, relation_type FROM sys_role_index WHERE (status = ? AND relation_type = ? AND role_code = ?) ORDER BY priority ASC
### Cause: java.sql.SQLSyntaxErrorException: Unknown column ''relation_type'' in ''field list''
; bad SQL grammar []; nested exception is java.sql.SQLSyntaxErrorException: Unknown column ''relation_type'' in ''field list''', NULL, 'admin', '管理员', '0:0:0:0:0:0:0:1', '_t=1753854991522', '/jeecg-boot/sys/user/getUserInfo', 'org.springframework.jdbc.BadSqlGrammarException: 
### Error querying database.  Cause: java.sql.SQLSyntaxErrorException: Unknown column ''relation_type'' in ''field list''
### The error may exist in org/jeecg/modules/system/mapper/SysRoleIndexMapper.java (best guess)
### The error may involve defaultParameterMap
### The error occurred while setting parameters
### SQL: SELECT id, role_code, url, component, is_route AS route, priority, status, create_by, create_time, update_by, update_time, sys_org_code, relation_type FROM sys_role_index WHERE (status = ? AND relation_type = ? AND role_code = ?) ORDER BY priority ASC
### Cause: java.sql.SQLSyntaxErrorException: Unknown column ''relation_type'' in ''field list''
; bad SQL grammar []; nested exception is java.sql.SQLSyntaxErrorException: Unknown column ''relation_type'' in ''field list''
	at org.springframework.jdbc.support.SQLErrorCodeSQLExceptionTranslator.doTranslate(SQLErrorCodeSQLExceptionTranslator.java:236)
	at org.springframework.jdbc.support.AbstractFallbackSQLExceptionTranslator.translate(AbstractFallbackSQLExceptionTranslator.java:73)
	at org.mybatis.spring.MyBatisExceptionTranslator.translateExceptionIfPossible(MyBatisExceptionTranslator.java:92)
	at org.mybatis.spring.SqlSessionTemplate$SqlSessionInterceptor.invoke(SqlSessionTemplate.java:439)
	at jdk.proxy2/jdk.proxy2.$Proxy175.selectList(Unknown Source)
	at org.mybatis.spring.SqlSessionTemplate.selectList(SqlSessionTemplate.java:224)
	at com.baomidou.mybatisplus.core.override.MybatisMapperMethod.executeForMany(MybatisMapperMethod.java:166)
	at com.baomidou.mybatisplus.core.override.MybatisMapperMethod.execute(MybatisMapperMethod.java:77)
	at com.baomidou.mybatisplus.core.override.MybatisMapperProxy$PlainMethodInvoker.invoke(MybatisMapperProxy.java:148)
	at com.baomidou.mybatisplus.core.override.MybatisMapperProxy.invoke(MybatisMapperProxy.java:89)
	at jdk.proxy2/jdk.proxy2.$Proxy220.selectList(Unknown Source)
	at com.baomidou.mybatisplus.extension.service.IService.list(IService.java:406)
	at com.baomidou.mybatisplus.extension.service.IService$$FastClassBySpringCGLIB$$f8525d18.invoke(<generated>)
	at org.springframework.cglib.proxy.MethodProxy.invoke(MethodProxy.java:218)
	at org.springframework.aop.framework.CglibAopProxy.invokeMethod(CglibAopProxy.java:386)
	at org.springframework.aop.framework.CglibAopProxy.access$000(CglibAopProxy.java:85)
	at org.springframework.aop.framework.CglibAopProxy$DynamicAdvisedInterceptor.intercept(CglibAopProxy.java:703)
	at org.jeecg.modules.system.service.impl.SysRoleIndexServiceImpl$$EnhancerBySpringCGLIB$$16d67d82.list(<generated>)
	at org.jeecg.modules.system.service.impl.SysUserServiceImpl.getDynamicIndexByUserRole(SysUserServiceImpl.java:370)
	at org.jeecg.modules.system.service.impl.SysUserServiceImpl$$FastClassBySpringCGLIB$$5195d464.invoke(<generated>)
	at org.springframework.cglib.proxy.MethodProxy.invoke(MethodProxy.java:218)
	at org.springframework.aop.framework.CglibAopProxy$CglibMethodInvocation.invokeJoinpoint(CglibAopProxy.java:792)
	at org.springframework.aop.framework.ReflectiveMethodInvocation.proceed(ReflectiveMethodInvocation.java:163)
	at org.springframework.aop.framework.CglibAopProxy$CglibMethodInvocation.proceed(CglibAopProxy.java:762)
	at org.springframework.aop.interceptor.ExposeInvocationInterceptor.invoke(ExposeInvocationInterceptor.java:97)
	at org.springframework.aop.framework.ReflectiveMethodInvocation.proceed(ReflectiveMethodInvocation.java:186)
	at org.springframework.aop.framework.CglibAopProxy$CglibMethodInvocation.proceed(CglibAopProxy.java:762)
	at org.springframework.aop.framework.CglibAopProxy$DynamicAdvisedInterceptor.intercept(CglibAopProxy.java:707)
	at org.jeecg.modules.system.service.impl.SysUserServiceImpl$$EnhancerBySpringCGLIB$$62f902c2.getDynamicIndexByUserRole(<generated>)
	at org.jeecg.modules.system.controller.LoginController.getUserInfo(LoginController.java:155)
	at org.jeecg.modules.system.controller.LoginController$$FastClassBySpringCGLIB$$b307ab61.invoke(<generated>)
	at org.springframework.cglib.proxy.MethodProxy.invoke(MethodProxy.java:218)
	at org.springframework.aop.framework.CglibAopProxy$CglibMethodInvocation.invokeJoinpoint(CglibAopProxy.java:792)
	at org.springframework.aop.framework.ReflectiveMethodInvocation.proceed(ReflectiveMethodInvocation.java:163)
	at org.springframework.aop.framework.CglibAopProxy$CglibMethodInvocation.proceed(CglibAopProxy.java:762)
	at org.springframework.aop.aspectj.MethodInvocationProceedingJoinPoint.proceed(MethodInvocationProceedingJoinPoint.java:89)
	at org.jeecg.common.aspect.DictAspect.doAround(DictAspect.java:64)
	at java.base/jdk.internal.reflect.NativeMethodAccessorImpl.invoke0(Native Method)
	at java.base/jdk.internal.reflect.NativeMethodAccessorImpl.invoke(NativeMethodAccessorImpl.java:77)
	at java.base/jdk.internal.reflect.DelegatingMethodAccessorImpl.invoke(DelegatingMethodAccessorImpl.java:43)
	at java.base/java.lang.reflect.Method.invoke(Method.java:568)
	at org.springframework.aop.aspectj.AbstractAspectJAdvice.invokeAdviceMethodWithGivenArgs(AbstractAspectJAdvice.java:634)
	at org.springframework.aop.aspectj.AbstractAspectJAdvice.invokeAdviceMethod(AbstractAspectJAdvice.java:624)
	at org.springframework.aop.aspectj.AspectJAroundAdvice.invoke(AspectJAroundAdvice.java:72)
	at org.springframework.aop.framework.ReflectiveMethodInvocation.proceed(ReflectiveMethodInvocation.java:175)
	at org.springframework.aop.framework.CglibAopProxy$CglibMethodInvocation.proceed(CglibAopProxy.java:762)
	at org.springframework.aop.interceptor.ExposeInvocationInterceptor.invoke(ExposeInvocationInterceptor.java:97)
	at org.springframework.aop.framework.ReflectiveMethodInvocation.proceed(ReflectiveMethodInvocation.java:186)
	at org.springframework.aop.framework.CglibAopProxy$CglibMethodInvocation.proceed(CglibAopProxy.java:762)
	at org.springframework.aop.framework.CglibAopProxy$DynamicAdvisedInterceptor.intercept(CglibAopProxy.java:707)
	at org.jeecg.modules.system.controller.LoginController$$EnhancerBySpringCGLIB$$531403f8.getUserInfo(<generated>)
	at java.base/jdk.internal.reflect.NativeMethodAccessorImpl.invoke0(Native Method)
	at java.base/jdk.internal.reflect.NativeMethodAccessorImpl.invoke(NativeMethodAccessorImpl.java:77)
	at java.base/jdk.internal.reflect.DelegatingMethodAccessorImpl.invoke(DelegatingMethodAccessorImpl.java:43)
	at java.base/java.lang.reflect.Method.invoke(Method.java:568)
	at org.springframework.web.method.support.InvocableHandlerMethod.doInvoke(InvocableHandlerMethod.java:205)
	at org.springframework.web.method.support.InvocableHandlerMethod.invokeForRequest(InvocableHandlerMethod.java:150)
	at org.springframework.web.servlet.mvc.method.annotation.ServletInvocableHandlerMethod.invokeAndHandle(ServletInvocableHandlerMethod.java:117)
	at org.springframework.web.servlet.mvc.method.annotation.RequestMappingHandlerAdapter.invokeHandlerMethod(RequestMappingHandlerAdapter.java:895)
	at org.springframework.web.servlet.mvc.method.annotation.RequestMappingHandlerAdapter.handleInternal(RequestMappingHandlerAdapter.java:808)
	at org.springframework.web.servlet.mvc.method.AbstractHandlerMethodAdapter.handle(AbstractHandlerMethodAdapter.java:87)
	at org.springframework.web.servlet.DispatcherServlet.doDispatch(DispatcherServlet.java:1072)
	at org.springframework.web.servlet.DispatcherServlet.doService(DispatcherServlet.java:965)
	at org.springframework.web.servlet.FrameworkServlet.processRequest(FrameworkServlet.java:1006)
	at org.springframework.web.servlet.FrameworkServlet.doGet(FrameworkServlet.java:898)
	at javax.servlet.http.HttpServlet.service(HttpServlet.java:497)
	at org.springframework.web.servlet.FrameworkServlet.service(FrameworkServlet.java:883)
	at javax.servlet.http.HttpServlet.service(HttpServlet.java:584)
	at io.undertow.servlet.handlers.ServletHandler.handleRequest(ServletHandler.java:74)
	at io.undertow.servlet.handlers.FilterHandler$FilterChainImpl.doFilter(FilterHandler.java:129)
	at io.undertow.websockets.jsr.JsrWebSocketFilter.doFilter(JsrWebSocketFilter.java:173)
	at io.undertow.servlet.core.ManagedFilter.doFilter(ManagedFilter.java:67)
	at io.undertow.servlet.handlers.FilterHandler$FilterChainImpl.doFilter(FilterHandler.java:131)
	at org.springframework.web.filter.CorsFilter.doFilterInternal(CorsFilter.java:91)
	at org.springframework.web.filter.OncePerRequestFilter.doFilter(OncePerRequestFilter.java:117)
	at io.undertow.servlet.core.ManagedFilter.doFilter(ManagedFilter.java:67)
	at io.undertow.servlet.handlers.FilterHandler$FilterChainImpl.doFilter(FilterHandler.java:131)
	at com.alibaba.druid.support.http.WebStatFilter.doFilter(WebStatFilter.java:114)
	at io.undertow.servlet.core.ManagedFilter.doFilter(ManagedFilter.java:67)
	at io.undertow.servlet.handlers.FilterHandler$FilterChainImpl.doFilter(FilterHandler.java:131)
	at org.springframework.boot.actuate.web.trace.servlet.HttpTraceFilter.doFilterInternal(HttpTraceFilter.java:88)
	at org.springframework.web.filter.OncePerRequestFilter.doFilter(OncePerRequestFilter.java:117)
	at io.undertow.servlet.core.ManagedFilter.doFilter(ManagedFilter.java:67)
	at io.undertow.servlet.handlers.FilterHandler$FilterChainImpl.doFilter(FilterHandler.java:131)
	at org.apache.shiro.web.servlet.ProxiedFilterChain.doFilter(ProxiedFilterChain.java:61)
	at org.apache.shiro.web.servlet.AdviceFilter.executeChain(AdviceFilter.java:108)
	at org.apache.shiro.web.servlet.AdviceFilter.doFilterInternal(AdviceFilter.java:137)
	at org.apache.shiro.web.servlet.OncePerRequestFilter.doFilter(OncePerRequestFilter.java:154)
	at org.apache.shiro.web.servlet.ProxiedFilterChain.doFilter(ProxiedFilterChain.java:66)
	at org.apache.shiro.web.servlet.AdviceFilter.executeChain(AdviceFilter.java:108)
	at org.apache.shiro.web.servlet.AdviceFilter.doFilterInternal(AdviceFilter.java:137)
	at org.apache.shiro.web.servlet.OncePerRequestFilter.doFilter(OncePerRequestFilter.java:154)
	at org.apache.shiro.web.servlet.ProxiedFilterChain.doFilter(ProxiedFilterChain.java:66)
	at org.apache.shiro.web.servlet.AbstractShiroFilter.executeChain(AbstractShiroFilter.java:458)
	at org.apache.shiro.web.servlet.AbstractShiroFilter$1.call(AbstractShiroFilter.java:373)
	at org.apache.shiro.subject.support.SubjectCallable.doCall(SubjectCallable.java:90)
	at org.apache.shiro.subject.support.SubjectCallable.call(SubjectCallable.java:83)
	at org.apache.shiro.subject.support.DelegatingSubject.execute(DelegatingSubject.java:387)
	at org.apache.shiro.web.servlet.AbstractShiroFilter.doFilterInternal(AbstractShiroFilter.java:370)
	at org.apache.shiro.web.servlet.OncePerRequestFilter.doFilter(OncePerRequestFilter.java:154)
	at io.undertow.servlet.core.ManagedFilter.doFilter(ManagedFilter.java:67)
	at io.undertow.servlet.handlers.FilterHandler$FilterChainImpl.doFilter(FilterHandler.java:131)
	at org.springframework.web.filter.RequestContextFilter.doFilterInternal(RequestContextFilter.java:100)
	at org.springframework.web.filter.OncePerRequestFilter.doFilter(OncePerRequestFilter.java:117)
	at io.undertow.servlet.core.ManagedFilter.doFilter(ManagedFilter.java:67)
	at io.undertow.servlet.handlers.FilterHandler$FilterChainImpl.doFilter(FilterHandler.java:131)
	at org.springframework.web.filter.FormContentFilter.doFilterInternal(FormContentFilter.java:93)
	at org.springframework.web.filter.OncePerRequestFilter.doFilter(OncePerRequestFilter.java:117)
	at io.undertow.servlet.core.ManagedFilter.doFilter(ManagedFilter.java:67)
	at io.undertow.servlet.handlers.FilterHandler$FilterChainImpl.doFilter(FilterHandler.java:131)
	at org.springframework.boot.actuate.metrics.web.servlet.WebMvcMetricsFilter.doFilterInternal(WebMvcMetricsFilter.java:96)
	at org.springframework.web.filter.OncePerRequestFilter.doFilter(OncePerRequestFilter.java:117)
	at io.undertow.servlet.core.ManagedFilter.doFilter(ManagedFilter.java:67)
	at io.undertow.servlet.handlers.FilterHandler$FilterChainImpl.doFilter(FilterHandler.java:131)
	at org.springframework.web.filter.CharacterEncodingFilter.doFilterInternal(CharacterEncodingFilter.java:201)
	at org.springframework.web.filter.OncePerRequestFilter.doFilter(OncePerRequestFilter.java:117)
	at io.undertow.servlet.core.ManagedFilter.doFilter(ManagedFilter.java:67)
	at io.undertow.servlet.handlers.FilterHandler$FilterChainImpl.doFilter(FilterHandler.java:131)
	at io.undertow.servlet.handlers.FilterHandler.handleRequest(FilterHandler.java:84)
	at io.undertow.servlet.handlers.security.ServletSecurityRoleHandler.handleRequest(ServletSecurityRoleHandler.java:62)
	at io.undertow.servlet.handlers.ServletChain$1.handleRequest(ServletChain.java:68)
	at io.undertow.servlet.handlers.ServletDispatchingHandler.handleRequest(ServletDispatchingHandler.java:36)
	at io.undertow.servlet.handlers.RedirectDirHandler.handleRequest(RedirectDirHandler.java:68)
	at io.undertow.servlet.handlers.security.SSLInformationAssociationHandler.handleRequest(SSLInformationAssociationHandler.java:117)
	at io.undertow.servlet.handlers.security.ServletAuthenticationCallHandler.handleRequest(ServletAuthenticationCallHandler.java:57)
	at io.undertow.server.handlers.PredicateHandler.handleRequest(PredicateHandler.java:43)
	at io.undertow.security.handlers.AbstractConfidentialityHandler.handleRequest(AbstractConfidentialityHandler.java:46)
	at io.undertow.servlet.handlers.security.ServletConfidentialityConstraintHandler.handleRequest(ServletConfidentialityConstraintHandler.java:64)
	at io.undertow.security.handlers.AuthenticationMechanismsHandler.handleRequest(AuthenticationMechanismsHandler.java:60)
	at io.undertow.servlet.handlers.security.CachedAuthenticatedSessionHandler.handleRequest(CachedAuthenticatedSessionHandler.java:77)
	at io.undertow.security.handlers.AbstractSecurityContextAssociationHandler.handleRequest(AbstractSecurityContextAssociationHandler.java:43)
	at io.undertow.server.handlers.PredicateHandler.handleRequest(PredicateHandler.java:43)
	at io.undertow.servlet.handlers.SendErrorPageHandler.handleRequest(SendErrorPageHandler.java:52)
	at io.undertow.server.handlers.PredicateHandler.handleRequest(PredicateHandler.java:43)
	at io.undertow.servlet.handlers.ServletInitialHandler.handleFirstRequest(ServletInitialHandler.java:275)
	at io.undertow.servlet.handlers.ServletInitialHandler.access$100(ServletInitialHandler.java:79)
	at io.undertow.servlet.handlers.ServletInitialHandler$2.call(ServletInitialHandler.java:134)
	at io.undertow.servlet.handlers.ServletInitialHandler$2.call(ServletInitialHandler.java:131)
	at io.undertow.servlet.core.ServletRequestContextThreadSetupAction$1.call(ServletRequestContextThreadSetupAction.java:48)
	at io.undertow.servlet.core.ContextClassLoaderSetupAction$1.call(ContextClassLoaderSetupAction.java:43)
	at io.undertow.servlet.handlers.ServletInitialHandler.dispatchRequest(ServletInitialHandler.java:255)
	at io.undertow.servlet.handlers.ServletInitialHandler.handleRequest(ServletInitialHandler.java:175)
	at org.jeecg.modules.monitor.actuator.undertow.CustomUndertowMetricsHandler.lambda$wrap$0(CustomUndertowMetricsHandler.java:87)
	at io.undertow.server.Connectors.executeRootHandler(Connectors.java:393)
	at io.undertow.server.HttpServerExchange$1.run(HttpServerExchange.java:852)
	at org.jboss.threads.ContextClassLoaderSavingRunnable.run(ContextClassLoaderSavingRunnable.java:35)
	at org.jboss.threads.EnhancedQueueExecutor.safeRun(EnhancedQueueExecutor.java:2019)
	at org.jboss.threads.EnhancedQueueExecutor$ThreadBody.doRunTask(EnhancedQueueExecutor.java:1558)
	at org.jboss.threads.EnhancedQueueExecutor$ThreadBody.run(EnhancedQueueExecutor.java:1449)
	at org.xnio.XnioWorker$WorkerThreadFactory$1$1.run(XnioWorker.java:1282)
	at java.base/java.lang.Thread.run(Thread.java:842)
Caused by: java.sql.SQLSyntaxErrorException: Unknown column ''relation_type'' in ''field list''
	at com.mysql.cj.jdbc.exceptions.SQLError.createSQLException(SQLError.java:120)
	at com.mysql.cj.jdbc.exceptions.SQLExceptionsMapping.translateException(SQLExceptionsMapping.java:122)
	at com.mysql.cj.jdbc.ClientPreparedStatement.executeInternal(ClientPreparedStatement.java:953)
	at com.mysql.cj.jdbc.ClientPreparedStatement.execute(ClientPreparedStatement.java:371)
	at com.alibaba.druid.filter.FilterChainImpl.preparedStatement_execute(FilterChainImpl.java:3462)
	at com.alibaba.druid.filter.FilterEventAdapter.preparedStatement_execute(FilterEventAdapter.java:434)
	at com.alibaba.druid.filter.FilterChainImpl.preparedStatement_execute(FilterChainImpl.java:3460)
	at com.alibaba.druid.wall.WallFilter.preparedStatement_execute(WallFilter.java:688)
	at com.alibaba.druid.filter.FilterChainImpl.preparedStatement_execute(FilterChainImpl.java:3460)
	at com.alibaba.druid.filter.FilterEventAdapter.preparedStatement_execute(FilterEventAdapter.java:434)
	at com.alibaba.druid.filter.FilterChainImpl.preparedStatement_execute(FilterChainImpl.java:3460)
	at com.alibaba.druid.proxy.jdbc.PreparedStatementProxyImpl.execute(PreparedStatementProxyImpl.java:158)
	at com.alibaba.druid.pool.DruidPooledPreparedStatement.execute(DruidPooledPreparedStatement.java:483)
	at org.apache.ibatis.executor.statement.PreparedStatementHandler.query(PreparedStatementHandler.java:65)
	at org.apache.ibatis.executor.statement.RoutingStatementHandler.query(RoutingStatementHandler.java:80)
	at java.base/jdk.internal.reflect.NativeMethodAccessorImpl.invoke0(Native Method)
	at java.base/jdk.internal.reflect.NativeMethodAccessorImpl.invoke(NativeMethodAccessorImpl.java:77)
	at java.base/jdk.internal.reflect.DelegatingMethodAccessorImpl.invoke(DelegatingMethodAccessorImpl.java:43)
	at java.base/java.lang.reflect.Method.invoke(Method.java:568)
	at org.apache.ibatis.plugin.Plugin.invoke(Plugin.java:61)
	at jdk.proxy2/jdk.proxy2.$Proxy464.query(Unknown Source)
	at org.apache.ibatis.executor.SimpleExecutor.doQuery(SimpleExecutor.java:65)
	at org.apache.ibatis.executor.BaseExecutor.queryFromDatabase(BaseExecutor.java:333)
	at org.apache.ibatis.executor.BaseExecutor.query(BaseExecutor.java:158)
	at org.apache.ibatis.executor.CachingExecutor.query(CachingExecutor.java:110)
	at java.base/jdk.internal.reflect.NativeMethodAccessorImpl.invoke0(Native Method)
	at java.base/jdk.internal.reflect.NativeMethodAccessorImpl.invoke(NativeMethodAccessorImpl.java:77)
	at java.base/jdk.internal.reflect.DelegatingMethodAccessorImpl.invoke(DelegatingMethodAccessorImpl.java:43)
	at java.base/java.lang.reflect.Method.invoke(Method.java:568)
	at org.apache.ibatis.plugin.Plugin.invoke(Plugin.java:61)
	at jdk.proxy2/jdk.proxy2.$Proxy463.query(Unknown Source)
	at com.baomidou.mybatisplus.extension.plugins.MybatisPlusInterceptor.intercept(MybatisPlusInterceptor.java:81)
	at org.apache.ibatis.plugin.Plugin.invoke(Plugin.java:59)
	at jdk.proxy2/jdk.proxy2.$Proxy463.query(Unknown Source)
	at org.apache.ibatis.session.defaults.DefaultSqlSession.selectList(DefaultSqlSession.java:154)
	at org.apache.ibatis.session.defaults.DefaultSqlSession.selectList(DefaultSqlSession.java:147)
	at org.apache.ibatis.session.defaults.DefaultSqlSession.selectList(DefaultSqlSession.java:142)
	at java.base/jdk.internal.reflect.NativeMethodAccessorImpl.invoke0(Native Method)
	at java.base/jdk.internal.reflect.NativeMethodAccessorImpl.invoke(NativeMethodAccessorImpl.java:77)
	at java.base/jdk.internal.reflect.DelegatingMethodAccessorImpl.invoke(DelegatingMethodAccessorImpl.java:43)
	at java.base/java.lang.reflect.Method.invoke(Method.java:568)
	at org.mybatis.spring.SqlSessionTemplate$SqlSessionInterceptor.invoke(SqlSessionTemplate.java:425)
	... 147 more
', NULL, NULL, NULL, TO_DATE('2025-07-30 13:56:32', 'SYYYY-MM-DD HH24:MI:SS'), NULL, NULL, NULL, 'pc');
INSERT INTO "JEECGBOOTOS"."SYS_LOG" VALUES ('1950438485442326529', '2', '修改角色ID: 1501570619841810433 的权限配置，操作人： admin', '2', 'admin', '管理员', '0:0:0:0:0:0:0:1', NULL, NULL, NULL, NULL, NULL, NULL, TO_DATE('2025-07-30 14:09:07', 'SYYYY-MM-DD HH24:MI:SS'), NULL, NULL, NULL, 'pc');
INSERT INTO "JEECGBOOTOS"."SYS_LOG" VALUES ('1950455763189788674', '2', '职务表-分页列表查询', '1', 'admin', '管理员', '0:0:0:0:0:0:0:1', 'org.jeecg.modules.system.controller.SysPositionController.queryPageList()', NULL, '  sysPosition: SysPosition(id=null, code=null, name=null, postRank=null, companyId=null, createBy=null, createTime=null, updateBy=null, updateTime=null, sysOrgCode=null, tenantId=null)  pageNo: 1  pageSize: 10  req: org.apache.shiro.web.servlet.ShiroHttpServletRequest@445d6e82', NULL, '31', NULL, TO_DATE('2025-07-30 15:17:46', 'SYYYY-MM-DD HH24:MI:SS'), NULL, NULL, NULL, NULL);
INSERT INTO "JEECGBOOTOS"."SYS_LOG" VALUES ('1950455813743734786', '2', '职务表-分页列表查询', '1', 'admin', '管理员', '0:0:0:0:0:0:0:1', 'org.jeecg.modules.system.controller.SysPositionController.queryPageList()', NULL, '  sysPosition: SysPosition(id=null, code=null, name=null, postRank=null, companyId=null, createBy=null, createTime=null, updateBy=null, updateTime=null, sysOrgCode=null, tenantId=null)  pageNo: 1  pageSize: 99999  req: org.apache.shiro.web.servlet.ShiroHttpServletRequest@63c16987', NULL, '6', NULL, TO_DATE('2025-07-30 15:17:58', 'SYYYY-MM-DD HH24:MI:SS'), NULL, NULL, NULL, NULL);
INSERT INTO "JEECGBOOTOS"."SYS_LOG" VALUES ('1950456958566428674', '2', '编辑用户，username： admin', '2', 'admin', '管理员', '0:0:0:0:0:0:0:1', NULL, NULL, NULL, NULL, NULL, NULL, TO_DATE('2025-07-30 15:22:31', 'SYYYY-MM-DD HH24:MI:SS'), NULL, NULL, NULL, 'pc');
INSERT INTO "JEECGBOOTOS"."SYS_LOG" VALUES ('1950457002786975745', '2', '编辑用户，username： admin', '2', 'admin', '管理员', '0:0:0:0:0:0:0:1', NULL, NULL, NULL, NULL, NULL, NULL, TO_DATE('2025-07-30 15:22:42', 'SYYYY-MM-DD HH24:MI:SS'), NULL, NULL, NULL, 'pc');
INSERT INTO "JEECGBOOTOS"."SYS_LOG" VALUES ('1950471941748137985', '1', '用户名: admin,登录成功！', NULL, 'admin', '管理员', '0:0:0:0:0:0:0:1', NULL, NULL, NULL, NULL, NULL, NULL, TO_DATE('2025-07-30 16:22:04', 'SYYYY-MM-DD HH24:MI:SS'), NULL, NULL, NULL, 'pc');
INSERT INTO "JEECGBOOTOS"."SYS_LOG" VALUES ('1950472019166601217', '2', 'online表单加载,表名:test_note,操作成功', '1', 'admin', '管理员', '0:0:0:0:0:0:0:1', 'org.jeecg.modules.online.cgform.c.a.c()', NULL, NULL, NULL, '68', NULL, TO_DATE('2025-07-30 16:22:22', 'SYYYY-MM-DD HH24:MI:SS'), NULL, NULL, NULL, NULL);
INSERT INTO "JEECGBOOTOS"."SYS_LOG" VALUES ('1950472019174989826', '2', 'online表单加载,表名:test_note,操作成功', '1', 'admin', '管理员', '0:0:0:0:0:0:0:1', 'org.jeecg.modules.online.cgform.c.a.c()', NULL, NULL, NULL, '72', NULL, TO_DATE('2025-07-30 16:22:22', 'SYYYY-MM-DD HH24:MI:SS'), NULL, NULL, NULL, NULL);
INSERT INTO "JEECGBOOTOS"."SYS_LOG" VALUES ('1950472019174989827', '2', 'online列表加载,表名:test_note,操作成功', '1', 'admin', '管理员', '0:0:0:0:0:0:0:1', 'org.jeecg.modules.online.cgform.c.a.a()', NULL, NULL, NULL, '67', NULL, TO_DATE('2025-07-30 16:22:22', 'SYYYY-MM-DD HH24:MI:SS'), NULL, NULL, NULL, NULL);
INSERT INTO "JEECGBOOTOS"."SYS_LOG" VALUES ('1950472237262020609', '2', '编码校验规则-分页列表查询', '1', 'admin', '管理员', '0:0:0:0:0:0:0:1', 'org.jeecg.modules.system.controller.SysCheckRuleController.queryPageList()', NULL, '  sysCheckRule: SysCheckRule(id=null, ruleName=null, ruleCode=null, ruleJson=null, ruleDescription=null, updateBy=null, updateTime=null, createBy=null, createTime=null)  pageNo: 1  pageSize: 10  request: org.apache.shiro.web.servlet.ShiroHttpServletRequest@595412a3', NULL, '16', NULL, TO_DATE('2025-07-30 16:23:14', 'SYYYY-MM-DD HH24:MI:SS'), NULL, NULL, NULL, NULL);
INSERT INTO "JEECGBOOTOS"."SYS_LOG" VALUES ('1950472266450182146', '2', '编码校验规则-分页列表查询', '1', 'admin', '管理员', '0:0:0:0:0:0:0:1', 'org.jeecg.modules.system.controller.SysCheckRuleController.queryPageList()', NULL, '  sysCheckRule: SysCheckRule(id=null, ruleName=null, ruleCode=null, ruleJson=null, ruleDescription=null, updateBy=null, updateTime=null, createBy=null, createTime=null)  pageNo: 1  pageSize: 10  request: org.apache.shiro.web.servlet.ShiroHttpServletRequest@41a5af12', NULL, '4', NULL, TO_DATE('2025-07-30 16:23:21', 'SYYYY-MM-DD HH24:MI:SS'), NULL, NULL, NULL, NULL);
INSERT INTO "JEECGBOOTOS"."SYS_LOG" VALUES ('1950480061362843650', '2', '编码校验规则-分页列表查询', '1', 'admin', '管理员', '0:0:0:0:0:0:0:1', 'org.jeecg.modules.system.controller.SysCheckRuleController.queryPageList()', NULL, '  sysCheckRule: SysCheckRule(id=null, ruleName=null, ruleCode=null, ruleJson=null, ruleDescription=null, updateBy=null, updateTime=null, createBy=null, createTime=null)  pageNo: 1  pageSize: 10  request: org.apache.shiro.web.servlet.ShiroHttpServletRequest@69203563', NULL, '86', NULL, TO_DATE('2025-07-30 16:54:19', 'SYYYY-MM-DD HH24:MI:SS'), NULL, NULL, NULL, NULL);
INSERT INTO "JEECGBOOTOS"."SYS_LOG" VALUES ('1950480166677622785', '2', '填值规则-分页列表查询', '1', 'admin', '管理员', '0:0:0:0:0:0:0:1', 'org.jeecg.modules.system.controller.SysFillRuleController.queryPageList()', NULL, '  sysFillRule: SysFillRule(id=null, ruleName=null, ruleCode=null, ruleClass=null, ruleParams=null, updateBy=null, updateTime=null, createBy=null, createTime=null)  pageNo: 1  pageSize: 10  req: org.apache.shiro.web.servlet.ShiroHttpServletRequest@688cceb5', NULL, '31', NULL, TO_DATE('2025-07-30 16:54:45', 'SYYYY-MM-DD HH24:MI:SS'), NULL, NULL, NULL, NULL);

-- ----------------------------
